-- Table structure for table `review_status`
--

CREATE TABLE `review_status` (
  `status_id` smallint(5) UNSIGNED NOT NULL COMMENT 'Status id',
  `status_code` varchar(32) NOT NULL COMMENT 'Status code'
) ENGINE=InnoDB DEFAULT CHARSET=utf8 COMMENT='Review statuses';

--
-- Dumping data for table `review_status`
--

INSERT INTO `review_status` (`status_id`, `status_code`) VALUES
(1, 'Approved'),
(2, 'Pending'),
(3, 'Not Approved');

-- --------------------------------------------------------

--
-- Table structure for table `review_store`
--

CREATE TABLE `review_store` (
  `review_id` bigint(20) UNSIGNED NOT NULL COMMENT 'Review Id',
  `store_id` smallint(5) UNSIGNED NOT NULL COMMENT 'Store Id'
) ENGINE=InnoDB DEFAULT CHARSET=utf8 COMMENT='Review Store';

--
-- Dumping data for table `review_store`
--

INSERT INTO `review_store` (`review_id`, `store_id`) VALUES
(1, 0),
(2, 0),
(3, 0),
(4, 0),
(5, 0),
(6, 0),
(7, 0),
(8, 0),
(9, 0),
(10, 0),
(11, 0),
(12, 0),
(13, 0),
(14, 0),
(15, 0),
(16, 0),
(17, 0),
(18, 0),
(19, 0),
(20, 0),
(21, 0),
(22, 0),
(23, 0),
(24, 0),
(25, 0),
(26, 0),
(27, 0),
(28, 0),
(29, 0),
(30, 0),
(31, 0),
(32, 0),
(33, 0),
(34, 0),
(35, 0),
(36, 0),
(37, 0),
(38, 0),
(39, 0),
(40, 0),
(41, 0),
(42, 0),
(43, 0),
(44, 0),
(45, 0),
(46, 0),
(47, 0),
(48, 0),
(49, 0),
(50, 0),
(51, 0),
(52, 0),
(53, 0),
(54, 0),
(55, 0),
(56, 0),
(57, 0),
(58, 0),
(59, 0),
(60, 0),
(61, 0),
(62, 0),
(63, 0),
(64, 0),
(65, 0),
(66, 0),
(67, 0),
(68, 0),
(69, 0),
(70, 0),
(71, 0),
(72, 0),
(73, 0),
(74, 0),
(75, 0),
(76, 0),
(77, 0),
(78, 0),
(79, 0),
(80, 0),
(81, 0),
(82, 0),
(83, 0),
(84, 0),
(85, 0),
(86, 0),
(87, 0),
(88, 0),
(89, 0),
(90, 0),
(91, 0),
(92, 0),
(93, 0),
(94, 0),
(95, 0),
(96, 0),
(97, 0),
(98, 0),
(99, 0),
(100, 0),
(101, 0),
(102, 0),
(103, 0),
(104, 0),
(105, 0),
(106, 0),
(107, 0),
(108, 0),
(109, 0),
(110, 0),
(111, 0),
(112, 0),
(113, 0),
(114, 0),
(115, 0),
(116, 0),
(117, 0),
(118, 0),
(119, 0),
(120, 0),
(121, 0),
(122, 0),
(123, 0),
(124, 0),
(125, 0),
(126, 0),
(127, 0),
(128, 0),
(129, 0),
(130, 0),
(131, 0),
(132, 0),
(133, 0),
(134, 0),
(135, 0),
(136, 0),
(137, 0),
(138, 0),
(139, 0),
(140, 0),
(141, 0),
(142, 0),
(143, 0),
(144, 0),
(145, 0),
(146, 0),
(147, 0),
(148, 0),
(149, 0),
(150, 0),
(151, 0),
(152, 0),
(153, 0),
(154, 0),
(155, 0),
(156, 0),
(157, 0),
(158, 0),
(159, 0),
(160, 0),
(161, 0),
(162, 0),
(163, 0),
(164, 0),
(165, 0),
(166, 0),
(167, 0),
(168, 0),
(169, 0),
(170, 0),
(171, 0),
(172, 0),
(173, 0),
(174, 0),
(175, 0),
(176, 0),
(177, 0),
(178, 0),
(179, 0),
(180, 0),
(181, 0),
(182, 0),
(183, 0),
(184, 0),
(185, 0),
(186, 0),
(187, 0),
(188, 0),
(189, 0),
(190, 0),
(191, 0),
(192, 0),
(193, 0),
(194, 0),
(195, 0),
(196, 0),
(197, 0),
(198, 0),
(199, 0),
(200, 0),
(201, 0),
(202, 0),
(203, 0),
(204, 0),
(205, 0),
(206, 0),
(207, 0),
(208, 0),
(209, 0),
(210, 0),
(211, 0),
(212, 0),
(213, 0),
(214, 0),
(215, 0),
(216, 0),
(217, 0),
(218, 0),
(219, 0),
(220, 0),
(221, 0),
(222, 0),
(223, 0),
(224, 0),
(225, 0),
(226, 0),
(227, 0),
(228, 0),
(229, 0),
(230, 0),
(231, 0),
(232, 0),
(233, 0),
(234, 0),
(235, 0),
(236, 0),
(237, 0),
(238, 0),
(239, 0),
(240, 0),
(241, 0),
(242, 0),
(243, 0),
(244, 0),
(245, 0),
(246, 0),
(247, 0),
(248, 0),
(249, 0),
(250, 0),
(251, 0),
(252, 0),
(253, 0),
(254, 0),
(255, 0),
(256, 0),
(257, 0),
(258, 0),
(259, 0),
(260, 0),
(261, 0),
(262, 0),
(263, 0),
(264, 0),
(265, 0),
(266, 0),
(267, 0),
(268, 0),
(269, 0),
(270, 0),
(271, 0),
(272, 0),
(273, 0),
(274, 0),
(275, 0),
(276, 0),
(277, 0),
(278, 0),
(279, 0),
(280, 0),
(281, 0),
(282, 0),
(283, 0),
(284, 0),
(285, 0),
(286, 0),
(287, 0),
(288, 0),
(289, 0),
(290, 0),
(291, 0),
(292, 0),
(293, 0),
(294, 0),
(295, 0),
(296, 0),
(297, 0),
(298, 0),
(299, 0),
(300, 0),
(301, 0),
(302, 0),
(303, 0),
(304, 0),
(305, 0),
(306, 0),
(307, 0),
(308, 0),
(309, 0),
(310, 0),
(311, 0),
(312, 0),
(313, 0),
(314, 0),
(315, 0),
(316, 0),
(317, 0),
(318, 0),
(319, 0),
(320, 0),
(321, 0),
(322, 0),
(323, 0),
(324, 0),
(325, 0),
(326, 0),
(327, 0),
(328, 0),
(329, 0),
(330, 0),
(331, 0),
(332, 0),
(333, 0),
(334, 0),
(335, 0),
(336, 0),
(337, 0),
(338, 0),
(339, 0),
(340, 0),
(341, 0),
(342, 0),
(343, 0),
(344, 0),
(345, 0),
(346, 0),
(1, 1),
(2, 1),
(3, 1),
(4, 1),
(5, 1),
(6, 1),
(7, 1),
(8, 1),
(9, 1),
(10, 1),
(11, 1),
(12, 1),
(13, 1),
(14, 1),
(15, 1),
(16, 1),
(17, 1),
(18, 1),
(19, 1),
(20, 1),
(21, 1),
(22, 1),
(23, 1),
(24, 1),
(25, 1),
(26, 1),
(27, 1),
(28, 1),
(29, 1),
(30, 1),
(31, 1),
(32, 1),
(33, 1),
(34, 1),
(35, 1),
(36, 1),
(37, 1),
(38, 1),
(39, 1),
(40, 1),
(41, 1),
(42, 1),
(43, 1),
(44, 1),
(45, 1),
(46, 1),
(47, 1),
(48, 1),
(49, 1),
(50, 1),
(51, 1),
(52, 1),
(53, 1),
(54, 1),
(55, 1),
(56, 1),
(57, 1),
(58, 1),
(59, 1),
(60, 1),
(61, 1),
(62, 1),
(63, 1),
(64, 1),
(65, 1),
(66, 1),
(67, 1),
(68, 1),
(69, 1),
(70, 1),
(71, 1),
(72, 1),
(73, 1),
(74, 1),
(75, 1),
(76, 1),
(77, 1),
(78, 1),
(79, 1),
(80, 1),
(81, 1),
(82, 1),
(83, 1),
(84, 1),
(85, 1),
(86, 1),
(87, 1),
(88, 1),
(89, 1),
(90, 1),
(91, 1),
(92, 1),
(93, 1),
(94, 1),
(95, 1),
(96, 1),
(97, 1),
(98, 1),
(99, 1),
(100, 1),
(101, 1),
(102, 1),
(103, 1),
(104, 1),
(105, 1),
(106, 1),
(107, 1),
(108, 1),
(109, 1),
(110, 1),
(111, 1),
(112, 1),
(113, 1),
(114, 1),
(115, 1),
(116, 1),
(117, 1),
(118, 1),
(119, 1),
(120, 1),
(121, 1),
(122, 1),
(123, 1),
(124, 1),
(125, 1),
(126, 1),
(127, 1),
(128, 1),
(129, 1),
(130, 1),
(131, 1),
(132, 1),
(133, 1),
(134, 1),
(135, 1),
(136, 1),
(137, 1),
(138, 1),
(139, 1),
(140, 1),
(141, 1),
(142, 1),
(143, 1),
(144, 1),
(145, 1),
(146, 1),
(147, 1),
(148, 1),
(149, 1),
(150, 1),
(151, 1),
(152, 1),
(153, 1),
(154, 1),
(155, 1),
(156, 1),
(157, 1),
(158, 1),
(159, 1),
(160, 1),
(161, 1),
(162, 1),
(163, 1),
(164, 1),
(165, 1),
(166, 1),
(167, 1),
(168, 1),
(169, 1),
(170, 1),
(171, 1),
(172, 1),
(173, 1),
(174, 1),
(175, 1),
(176, 1),
(177, 1),
(178, 1),
(179, 1),
(180, 1),
(181, 1),
(182, 1),
(183, 1),
(184, 1),
(185, 1),
(186, 1),
(187, 1),
(188, 1),
(189, 1),
(190, 1),
(191, 1),
(192, 1),
(193, 1),
(194, 1),
(195, 1),
(196, 1),
(197, 1),
(198, 1),
(199, 1),
(200, 1),
(201, 1),
(202, 1),
(203, 1),
(204, 1),
(205, 1),
(206, 1),
(207, 1),
(208, 1),
(209, 1),
(210, 1),
(211, 1),
(212, 1),
(213, 1),
(214, 1),
(215, 1),
(216, 1),
(217, 1),
(218, 1),
(219, 1),
(220, 1),
(221, 1),
(222, 1),
(223, 1),
(224, 1),
(225, 1),
(226, 1),
(227, 1),
(228, 1),
(229, 1),
(230, 1),
(231, 1),
(232, 1),
(233, 1),
(234, 1),
(235, 1),
(236, 1),
(237, 1),
(238, 1),
(239, 1),
(240, 1),
(241, 1),
(242, 1),
(243, 1),
(244, 1),
(245, 1),
(246, 1),
(247, 1),
(248, 1),
(249, 1),
(250, 1),
(251, 1),
(252, 1),
(253, 1),
(254, 1),
(255, 1),
(256, 1),
(257, 1),
(258, 1),
(259, 1),
(260, 1),
(261, 1),
(262, 1),
(263, 1),
(264, 1),
(265, 1),
(266, 1),
(267, 1),
(268, 1),
(269, 1),
(270, 1),
(271, 1),
(272, 1),
(273, 1),
(274, 1),
(275, 1),
(276, 1),
(277, 1),
(278, 1),
(279, 1),
(280, 1),
(281, 1),
(282, 1),
(283, 1),
(284, 1),
(285, 1),
(286, 1),
(287, 1),
(288, 1),
(289, 1),
(290, 1),
(291, 1),
(292, 1),
(293, 1),
(294, 1),
(295, 1),
(296, 1),
(297, 1),
(298, 1),
(299, 1),
(300, 1),
(301, 1),
(302, 1),
(303, 1),
(304, 1),
(305, 1),
(306, 1),
(307, 1),
(308, 1),
(309, 1),
(310, 1),
(311, 1),
(312, 1),
(313, 1),
(314, 1),
(315, 1),
(316, 1),
(317, 1),
(318, 1),
(319, 1),
(320, 1),
(321, 1),
(322, 1),
(323, 1),
(324, 1),
(325, 1),
(326, 1),
(327, 1),
(328, 1),
(329, 1),
(330, 1),
(331, 1),
(332, 1),
(333, 1),
(334, 1),
(335, 1),
(336, 1),
(337, 1),
(338, 1),
(339, 1),
(340, 1),
(341, 1),
(342, 1),
(343, 1),
(344, 1),
(345, 1),
(346, 1);

-- --------------------------------------------------------

--
-- Table structure for table `salesrule`
--

CREATE TABLE `salesrule` (
  `rule_id` int(10) UNSIGNED NOT NULL COMMENT 'Rule Id',
  `name` varchar(255) DEFAULT NULL COMMENT 'Name',
  `description` text COMMENT 'Description',
  `from_date` date DEFAULT NULL COMMENT 'From',
  `to_date` date DEFAULT NULL COMMENT 'To',
  `uses_per_customer` int(11) NOT NULL DEFAULT '0' COMMENT 'Uses Per Customer',
  `is_active` smallint(6) NOT NULL DEFAULT '0' COMMENT 'Is Active',
  `conditions_serialized` mediumtext COMMENT 'Conditions Serialized',
  `actions_serialized` mediumtext COMMENT 'Actions Serialized',
  `stop_rules_processing` smallint(6) NOT NULL DEFAULT '1' COMMENT 'Stop Rules Processing',
  `is_advanced` smallint(5) UNSIGNED NOT NULL DEFAULT '1' COMMENT 'Is Advanced',
  `product_ids` text COMMENT 'Product Ids',
  `sort_order` int(10) UNSIGNED NOT NULL DEFAULT '0' COMMENT 'Sort Order',
  `simple_action` varchar(32) DEFAULT NULL COMMENT 'Simple Action',
  `discount_amount` decimal(12,4) NOT NULL DEFAULT '0.0000' COMMENT 'Discount Amount',
  `discount_qty` decimal(12,4) DEFAULT NULL COMMENT 'Discount Qty',
  `discount_step` int(10) UNSIGNED NOT NULL DEFAULT '0' COMMENT 'Discount Step',
  `apply_to_shipping` smallint(5) UNSIGNED NOT NULL DEFAULT '0' COMMENT 'Apply To Shipping',
  `times_used` int(10) UNSIGNED NOT NULL DEFAULT '0' COMMENT 'Times Used',
  `is_rss` smallint(6) NOT NULL DEFAULT '0' COMMENT 'Is Rss',
  `coupon_type` smallint(5) UNSIGNED NOT NULL DEFAULT '1' COMMENT 'Coupon Type',
  `use_auto_generation` smallint(6) NOT NULL DEFAULT '0' COMMENT 'Use Auto Generation',
  `uses_per_coupon` int(11) NOT NULL DEFAULT '0' COMMENT 'User Per Coupon',
  `simple_free_shipping` smallint(6) DEFAULT NULL
) ENGINE=InnoDB DEFAULT CHARSET=utf8 COMMENT='Salesrule';

--
-- Dumping data for table `salesrule`
--

INSERT INTO `salesrule` (`rule_id`, `name`, `description`, `from_date`, `to_date`, `uses_per_customer`, `is_active`, `conditions_serialized`, `actions_serialized`, `stop_rules_processing`, `is_advanced`, `product_ids`, `sort_order`, `simple_action`, `discount_amount`, `discount_qty`, `discount_step`, `apply_to_shipping`, `times_used`, `is_rss`, `coupon_type`, `use_auto_generation`, `uses_per_coupon`, `simple_free_shipping`) VALUES
(1, 'Buy 3 tee shirts and get the 4th free', 'Buy 3 tee shirts and get the 4th free', NULL, NULL, 0, 1, 'a:7:{s:4:\"type\";s:46:\"Magento\\SalesRule\\Model\\Rule\\Condition\\Combine\";s:9:\"attribute\";N;s:8:\"operator\";N;s:5:\"value\";s:1:\"1\";s:18:\"is_value_processed\";N;s:10:\"aggregator\";s:3:\"all\";s:10:\"conditions\";a:1:{i:0;a:7:{s:4:\"type\";s:52:\"Magento\\SalesRule\\Model\\Rule\\Condition\\Product\\Found\";s:9:\"attribute\";N;s:8:\"operator\";N;s:5:\"value\";s:1:\"1\";s:18:\"is_value_processed\";N;s:10:\"aggregator\";s:3:\"all\";s:10:\"conditions\";a:1:{i:0;a:5:{s:4:\"type\";s:46:\"Magento\\SalesRule\\Model\\Rule\\Condition\\Product\";s:9:\"attribute\";s:12:\"category_ids\";s:8:\"operator\";s:2:\"()\";s:5:\"value\";s:5:\"25,16\";s:18:\"is_value_processed\";b:0;}}}}}', 'a:6:{s:4:\"type\";s:54:\"Magento\\SalesRule\\Model\\Rule\\Condition\\Product\\Combine\";s:9:\"attribute\";N;s:8:\"operator\";N;s:5:\"value\";s:1:\"1\";s:18:\"is_value_processed\";N;s:10:\"aggregator\";s:3:\"all\";}', 0, 1, NULL, 0, 'buy_x_get_y', '1.0000', NULL, 3, 0, 0, 1, 1, 0, 0, 0),
(2, 'Spend $50 or more - shipping is free!', 'Free shipping on any purchase over $50', NULL, NULL, 0, 1, 'a:7:{s:4:\"type\";s:46:\"Magento\\SalesRule\\Model\\Rule\\Condition\\Combine\";s:9:\"attribute\";N;s:8:\"operator\";N;s:5:\"value\";s:1:\"1\";s:18:\"is_value_processed\";N;s:10:\"aggregator\";s:3:\"all\";s:10:\"conditions\";a:1:{i:0;a:5:{s:4:\"type\";s:46:\"Magento\\SalesRule\\Model\\Rule\\Condition\\Address\";s:9:\"attribute\";s:13:\"base_subtotal\";s:8:\"operator\";s:2:\">=\";s:5:\"value\";s:2:\"50\";s:18:\"is_value_processed\";b:0;}}}', 'a:6:{s:4:\"type\";s:54:\"Magento\\SalesRule\\Model\\Rule\\Condition\\Product\\Combine\";s:9:\"attribute\";N;s:8:\"operator\";N;s:5:\"value\";s:1:\"1\";s:18:\"is_value_processed\";N;s:10:\"aggregator\";s:3:\"all\";}', 0, 1, NULL, 0, 'by_percent', '0.0000', NULL, 0, 0, 0, 1, 1, 0, 0, 2),
(3, '20% OFF Ever $200-plus purchase!*', 'Shopping cart price rule for the cart over $200. Does not applied on other sales items', NULL, NULL, 0, 1, 'a:7:{s:4:\"type\";s:46:\"Magento\\SalesRule\\Model\\Rule\\Condition\\Combine\";s:9:\"attribute\";N;s:8:\"operator\";N;s:5:\"value\";s:1:\"1\";s:18:\"is_value_processed\";N;s:10:\"aggregator\";s:3:\"all\";s:10:\"conditions\";a:1:{i:0;a:5:{s:4:\"type\";s:46:\"Magento\\SalesRule\\Model\\Rule\\Condition\\Address\";s:9:\"attribute\";s:13:\"base_subtotal\";s:8:\"operator\";s:2:\">=\";s:5:\"value\";s:3:\"200\";s:18:\"is_value_processed\";b:0;}}}', 'a:7:{s:4:\"type\";s:54:\"Magento\\SalesRule\\Model\\Rule\\Condition\\Product\\Combine\";s:9:\"attribute\";N;s:8:\"operator\";N;s:5:\"value\";s:1:\"1\";s:18:\"is_value_processed\";N;s:10:\"aggregator\";s:3:\"all\";s:10:\"conditions\";a:1:{i:0;a:7:{s:4:\"type\";s:54:\"Magento\\SalesRule\\Model\\Rule\\Condition\\Product\\Combine\";s:9:\"attribute\";N;s:8:\"operator\";N;s:5:\"value\";s:1:\"0\";s:18:\"is_value_processed\";N;s:10:\"aggregator\";s:3:\"all\";s:10:\"conditions\";a:2:{i:0;a:5:{s:4:\"type\";s:46:\"Magento\\SalesRule\\Model\\Rule\\Condition\\Product\";s:9:\"attribute\";s:12:\"category_ids\";s:8:\"operator\";s:2:\"==\";s:5:\"value\";s:1:\"6\";s:18:\"is_value_processed\";b:0;}i:1;a:5:{s:4:\"type\";s:46:\"Magento\\SalesRule\\Model\\Rule\\Condition\\Product\";s:9:\"attribute\";s:4:\"sale\";s:8:\"operator\";s:2:\"==\";s:5:\"value\";s:1:\"1\";s:18:\"is_value_processed\";b:0;}}}}}', 0, 1, NULL, 0, 'by_percent', '20.0000', NULL, 0, 0, 0, 1, 1, 0, 0, 0),
(4, '$4 Luma water bottle (save 70%)', 'Use promo code H20 at checkout', NULL, NULL, 1, 1, 'a:7:{s:4:\"type\";s:46:\"Magento\\SalesRule\\Model\\Rule\\Condition\\Combine\";s:9:\"attribute\";N;s:8:\"operator\";N;s:5:\"value\";s:1:\"1\";s:18:\"is_value_processed\";N;s:10:\"aggregator\";s:3:\"all\";s:10:\"conditions\";a:1:{i:0;a:6:{s:4:\"type\";s:52:\"Magento\\SalesRule\\Model\\Rule\\Condition\\Product\\Found\";s:9:\"attribute\";N;s:8:\"operator\";N;s:5:\"value\";s:1:\"1\";s:18:\"is_value_processed\";N;s:10:\"aggregator\";s:3:\"all\";}}}', 'a:7:{s:4:\"type\";s:54:\"Magento\\SalesRule\\Model\\Rule\\Condition\\Product\\Combine\";s:9:\"attribute\";N;s:8:\"operator\";N;s:5:\"value\";s:1:\"1\";s:18:\"is_value_processed\";N;s:10:\"aggregator\";s:3:\"all\";s:10:\"conditions\";a:1:{i:0;a:5:{s:4:\"type\";s:46:\"Magento\\SalesRule\\Model\\Rule\\Condition\\Product\";s:9:\"attribute\";s:3:\"sku\";s:8:\"operator\";s:2:\"==\";s:5:\"value\";s:7:\"24-UG06\";s:18:\"is_value_processed\";b:0;}}}', 0, 1, NULL, 0, 'by_percent', '70.0000', NULL, 0, 0, 0, 1, 2, 0, 0, 0);

-- --------------------------------------------------------

--
-- Table structure for table `salesrule_coupon`
--

CREATE TABLE `salesrule_coupon` (
  `coupon_id` int(10) UNSIGNED NOT NULL COMMENT 'Coupon Id',
  `rule_id` int(10) UNSIGNED NOT NULL COMMENT 'Rule Id',
  `code` varchar(255) DEFAULT NULL COMMENT 'Code',
  `usage_limit` int(10) UNSIGNED DEFAULT NULL COMMENT 'Usage Limit',
  `usage_per_customer` int(10) UNSIGNED DEFAULT NULL COMMENT 'Usage Per Customer',
  `times_used` int(10) UNSIGNED NOT NULL DEFAULT '0' COMMENT 'Times Used',
  `expiration_date` timestamp NULL DEFAULT NULL COMMENT 'Expiration Date',
  `is_primary` smallint(5) UNSIGNED DEFAULT NULL COMMENT 'Is Primary',
  `created_at` timestamp NULL DEFAULT NULL COMMENT 'Coupon Code Creation Date',
  `type` smallint(6) DEFAULT '0' COMMENT 'Coupon Code Type'
) ENGINE=InnoDB DEFAULT CHARSET=utf8 COMMENT='Salesrule Coupon';

--
-- Dumping data for table `salesrule_coupon`
--

INSERT INTO `salesrule_coupon` (`coupon_id`, `rule_id`, `code`, `usage_limit`, `usage_per_customer`, `times_used`, `expiration_date`, `is_primary`, `created_at`, `type`) VALUES
(1, 4, 'H20', NULL, 1, 0, NULL, 1, NULL, 0);

-- --------------------------------------------------------

--
-- Table structure for table `salesrule_coupon_aggregated`
--

CREATE TABLE `salesrule_coupon_aggregated` (
  `id` int(10) UNSIGNED NOT NULL COMMENT 'Id',
  `period` date NOT NULL COMMENT 'Period',
  `store_id` smallint(5) UNSIGNED DEFAULT NULL COMMENT 'Store Id',
  `order_status` varchar(50) DEFAULT NULL COMMENT 'Order Status',
  `coupon_code` varchar(50) DEFAULT NULL COMMENT 'Coupon Code',
  `coupon_uses` int(11) NOT NULL DEFAULT '0' COMMENT 'Coupon Uses',
  `subtotal_amount` decimal(12,4) NOT NULL DEFAULT '0.0000' COMMENT 'Subtotal Amount',
  `discount_amount` decimal(12,4) NOT NULL DEFAULT '0.0000' COMMENT 'Discount Amount',
  `total_amount` decimal(12,4) NOT NULL DEFAULT '0.0000' COMMENT 'Total Amount',
  `subtotal_amount_actual` decimal(12,4) NOT NULL DEFAULT '0.0000' COMMENT 'Subtotal Amount Actual',
  `discount_amount_actual` decimal(12,4) NOT NULL DEFAULT '0.0000' COMMENT 'Discount Amount Actual',
  `total_amount_actual` decimal(12,4) NOT NULL DEFAULT '0.0000' COMMENT 'Total Amount Actual',
  `rule_name` varchar(255) DEFAULT NULL COMMENT 'Rule Name'
) ENGINE=InnoDB DEFAULT CHARSET=utf8 COMMENT='Coupon Aggregated';

-- --------------------------------------------------------

--
-- Table structure for table `salesrule_coupon_aggregated_order`
--

CREATE TABLE `salesrule_coupon_aggregated_order` (
  `id` int(10) UNSIGNED NOT NULL COMMENT 'Id',
  `period` date NOT NULL COMMENT 'Period',
  `store_id` smallint(5) UNSIGNED DEFAULT NULL COMMENT 'Store Id',
  `order_status` varchar(50) DEFAULT NULL COMMENT 'Order Status',
  `coupon_code` varchar(50) DEFAULT NULL COMMENT 'Coupon Code',
  `coupon_uses` int(11) NOT NULL DEFAULT '0' COMMENT 'Coupon Uses',
  `subtotal_amount` decimal(12,4) NOT NULL DEFAULT '0.0000' COMMENT 'Subtotal Amount',
  `discount_amount` decimal(12,4) NOT NULL DEFAULT '0.0000' COMMENT 'Discount Amount',
  `total_amount` decimal(12,4) NOT NULL DEFAULT '0.0000' COMMENT 'Total Amount',
  `rule_name` varchar(255) DEFAULT NULL COMMENT 'Rule Name'
) ENGINE=InnoDB DEFAULT CHARSET=utf8 COMMENT='Coupon Aggregated Order';

-- --------------------------------------------------------

--
-- Table structure for table `salesrule_coupon_aggregated_updated`
--

CREATE TABLE `salesrule_coupon_aggregated_updated` (
  `id` int(10) UNSIGNED NOT NULL COMMENT 'Id',
  `period` date NOT NULL COMMENT 'Period',
  `store_id` smallint(5) UNSIGNED DEFAULT NULL COMMENT 'Store Id',
  `order_status` varchar(50) DEFAULT NULL COMMENT 'Order Status',
  `coupon_code` varchar(50) DEFAULT NULL COMMENT 'Coupon Code',
  `coupon_uses` int(11) NOT NULL DEFAULT '0' COMMENT 'Coupon Uses',
  `subtotal_amount` decimal(12,4) NOT NULL DEFAULT '0.0000' COMMENT 'Subtotal Amount',
  `discount_amount` decimal(12,4) NOT NULL DEFAULT '0.0000' COMMENT 'Discount Amount',
  `total_amount` decimal(12,4) NOT NULL DEFAULT '0.0000' COMMENT 'Total Amount',
  `subtotal_amount_actual` decimal(12,4) NOT NULL DEFAULT '0.0000' COMMENT 'Subtotal Amount Actual',
  `discount_amount_actual` decimal(12,4) NOT NULL DEFAULT '0.0000' COMMENT 'Discount Amount Actual',
  `total_amount_actual` decimal(12,4) NOT NULL DEFAULT '0.0000' COMMENT 'Total Amount Actual',
  `rule_name` varchar(255) DEFAULT NULL COMMENT 'Rule Name'
) ENGINE=InnoDB DEFAULT CHARSET=utf8 COMMENT='Salesrule Coupon Aggregated Updated';

-- --------------------------------------------------------

--
-- Table structure for table `salesrule_coupon_usage`
--

CREATE TABLE `salesrule_coupon_usage` (
  `coupon_id` int(10) UNSIGNED NOT NULL COMMENT 'Coupon Id',
  `customer_id` int(10) UNSIGNED NOT NULL COMMENT 'Customer Id',
  `times_used` int(10) UNSIGNED NOT NULL DEFAULT '0' COMMENT 'Times Used'
) ENGINE=InnoDB DEFAULT CHARSET=utf8 COMMENT='Salesrule Coupon Usage';

-- --------------------------------------------------------

--
-- Table structure for table `salesrule_customer`
--

CREATE TABLE `salesrule_customer` (
  `rule_customer_id` int(10) UNSIGNED NOT NULL COMMENT 'Rule Customer Id',
  `rule_id` int(10) UNSIGNED NOT NULL DEFAULT '0' COMMENT 'Rule Id',
  `customer_id` int(10) UNSIGNED NOT NULL DEFAULT '0' COMMENT 'Customer Id',
  `times_used` smallint(5) UNSIGNED NOT NULL DEFAULT '0' COMMENT 'Times Used'
) ENGINE=InnoDB DEFAULT CHARSET=utf8 COMMENT='Salesrule Customer';

-- --------------------------------------------------------

--
-- Table structure for table `salesrule_customer_group`
--

CREATE TABLE `salesrule_customer_group` (
  `rule_id` int(10) UNSIGNED NOT NULL COMMENT 'Rule Id',
  `customer_group_id` smallint(5) UNSIGNED NOT NULL COMMENT 'Customer Group Id'
) ENGINE=InnoDB DEFAULT CHARSET=utf8 COMMENT='Sales Rules To Customer Groups Relations';

--
-- Dumping data for table `salesrule_customer_group`
--

INSERT INTO `salesrule_customer_group` (`rule_id`, `customer_group_id`) VALUES
(1, 0),
(2, 0),
(3, 0),
(4, 0),
(1, 1),
(2, 1),
(3, 1),
(4, 1),
(1, 2),
(2, 2),
(3, 2),
(4, 2),
(1, 3),
(2, 3),
(3, 3),
(4, 3);

-- --------------------------------------------------------

--
-- Table structure for table `salesrule_label`
--

CREATE TABLE `salesrule_label` (
  `label_id` int(10) UNSIGNED NOT NULL COMMENT 'Label Id',
  `rule_id` int(10) UNSIGNED NOT NULL COMMENT 'Rule Id',
  `store_id` smallint(5) UNSIGNED NOT NULL COMMENT 'Store Id',
  `label` varchar(255) DEFAULT NULL COMMENT 'Label'
) ENGINE=InnoDB DEFAULT CHARSET=utf8 COMMENT='Salesrule Label';

-- --------------------------------------------------------

--
-- Table structure for table `salesrule_product_attribute`
--

CREATE TABLE `salesrule_product_attribute` (
  `rule_id` int(10) UNSIGNED NOT NULL COMMENT 'Rule Id',
  `website_id` smallint(5) UNSIGNED NOT NULL COMMENT 'Website Id',
  `customer_group_id` smallint(5) UNSIGNED NOT NULL COMMENT 'Customer Group Id',
  `attribute_id` smallint(5) UNSIGNED NOT NULL COMMENT 'Attribute Id'
) ENGINE=InnoDB DEFAULT CHARSET=utf8 COMMENT='Salesrule Product Attribute';

-- --------------------------------------------------------

--
-- Table structure for table `salesrule_website`
--

CREATE TABLE `salesrule_website` (
  `rule_id` int(10) UNSIGNED NOT NULL COMMENT 'Rule Id',
  `website_id` smallint(5) UNSIGNED NOT NULL COMMENT 'Website Id'
) ENGINE=InnoDB DEFAULT CHARSET=utf8 COMMENT='Sales Rules To Websites Relations';

--
-- Dumping data for table `salesrule_website`
--

INSERT INTO `salesrule_website` (`rule_id`, `website_id`) VALUES
(1, 1),
(2, 1),
(3, 1),
(4, 1);

-- --------------------------------------------------------

--
-- Table structure for table `sales_bestsellers_aggregated_daily`
--

CREATE TABLE `sales_bestsellers_aggregated_daily` (
  `id` int(10) UNSIGNED NOT NULL COMMENT 'Id',
  `period` date DEFAULT NULL COMMENT 'Period',
  `store_id` smallint(5) UNSIGNED DEFAULT NULL COMMENT 'Store Id',
  `product_id` int(10) UNSIGNED DEFAULT NULL COMMENT 'Product Id',
  `product_name` varchar(255) DEFAULT NULL COMMENT 'Product Name',
  `product_price` decimal(12,4) NOT NULL DEFAULT '0.0000' COMMENT 'Product Price',
  `qty_ordered` decimal(12,4) NOT NULL DEFAULT '0.0000' COMMENT 'Qty Ordered',
  `rating_pos` smallint(5) UNSIGNED NOT NULL DEFAULT '0' COMMENT 'Rating Pos'
) ENGINE=InnoDB DEFAULT CHARSET=utf8 COMMENT='Sales Bestsellers Aggregated Daily';

-- --------------------------------------------------------

--
-- Table structure for table `sales_bestsellers_aggregated_monthly`
--

CREATE TABLE `sales_bestsellers_aggregated_monthly` (
  `id` int(10) UNSIGNED NOT NULL COMMENT 'Id',
  `period` date DEFAULT NULL COMMENT 'Period',
  `store_id` smallint(5) UNSIGNED DEFAULT NULL COMMENT 'Store Id',
  `product_id` int(10) UNSIGNED DEFAULT NULL COMMENT 'Product Id',
  `product_name` varchar(255) DEFAULT NULL COMMENT 'Product Name',
  `product_price` decimal(12,4) NOT NULL DEFAULT '0.0000' COMMENT 'Product Price',
  `qty_ordered` decimal(12,4) NOT NULL DEFAULT '0.0000' COMMENT 'Qty Ordered',
  `rating_pos` smallint(5) UNSIGNED NOT NULL DEFAULT '0' COMMENT 'Rating Pos'
) ENGINE=InnoDB DEFAULT CHARSET=utf8 COMMENT='Sales Bestsellers Aggregated Monthly';

-- --------------------------------------------------------

--
-- Table structure for table `sales_bestsellers_aggregated_yearly`
--

CREATE TABLE `sales_bestsellers_aggregated_yearly` (
  `id` int(10) UNSIGNED NOT NULL COMMENT 'Id',
  `period` date DEFAULT NULL COMMENT 'Period',
  `store_id` smallint(5) UNSIGNED DEFAULT NULL COMMENT 'Store Id',
  `product_id` int(10) UNSIGNED DEFAULT NULL COMMENT 'Product Id',
  `product_name` varchar(255) DEFAULT NULL COMMENT 'Product Name',
  `product_price` decimal(12,4) NOT NULL DEFAULT '0.0000' COMMENT 'Product Price',
  `qty_ordered` decimal(12,4) NOT NULL DEFAULT '0.0000' COMMENT 'Qty Ordered',
  `rating_pos` smallint(5) UNSIGNED NOT NULL DEFAULT '0' COMMENT 'Rating Pos'
) ENGINE=InnoDB DEFAULT CHARSET=utf8 COMMENT='Sales Bestsellers Aggregated Yearly';

-- --------------------------------------------------------

--
-- Table structure for table `sales_creditmemo`
--

CREATE TABLE `sales_creditmemo` (
  `entity_id` int(10) UNSIGNED NOT NULL COMMENT 'Entity Id',
  `store_id` smallint(5) UNSIGNED DEFAULT NULL COMMENT 'Store Id',
  `adjustment_positive` decimal(12,4) DEFAULT NULL COMMENT 'Adjustment Positive',
  `base_shipping_tax_amount` decimal(12,4) DEFAULT NULL COMMENT 'Base Shipping Tax Amount',
  `store_to_order_rate` decimal(12,4) DEFAULT NULL COMMENT 'Store To Order Rate',
  `base_discount_amount` decimal(12,4) DEFAULT NULL COMMENT 'Base Discount Amount',
  `base_to_order_rate` decimal(12,4) DEFAULT NULL COMMENT 'Base To Order Rate',
  `grand_total` decimal(12,4) DEFAULT NULL COMMENT 'Grand Total',
  `base_adjustment_negative` decimal(12,4) DEFAULT NULL COMMENT 'Base Adjustment Negative',
  `base_subtotal_incl_tax` decimal(12,4) DEFAULT NULL COMMENT 'Base Subtotal Incl Tax',
  `shipping_amount` decimal(12,4) DEFAULT NULL COMMENT 'Shipping Amount',
  `subtotal_incl_tax` decimal(12,4) DEFAULT NULL COMMENT 'Subtotal Incl Tax',
  `adjustment_negative` decimal(12,4) DEFAULT NULL COMMENT 'Adjustment Negative',
  `base_shipping_amount` decimal(12,4) DEFAULT NULL COMMENT 'Base Shipping Amount',
  `store_to_base_rate` decimal(12,4) DEFAULT NULL COMMENT 'Store To Base Rate',
  `base_to_global_rate` decimal(12,4) DEFAULT NULL COMMENT 'Base To Global Rate',
  `base_adjustment` decimal(12,4) DEFAULT NULL COMMENT 'Base Adjustment',
  `base_subtotal` decimal(12,4) DEFAULT NULL COMMENT 'Base Subtotal',
  `discount_amount` decimal(12,4) DEFAULT NULL COMMENT 'Discount Amount',
  `subtotal` decimal(12,4) DEFAULT NULL COMMENT 'Subtotal',
  `adjustment` decimal(12,4) DEFAULT NULL COMMENT 'Adjustment',
  `base_grand_total` decimal(12,4) DEFAULT NULL COMMENT 'Base Grand Total',
  `base_adjustment_positive` decimal(12,4) DEFAULT NULL COMMENT 'Base Adjustment Positive',
  `base_tax_amount` decimal(12,4) DEFAULT NULL COMMENT 'Base Tax Amount',
  `shipping_tax_amount` decimal(12,4) DEFAULT NULL COMMENT 'Shipping Tax Amount',
  `tax_amount` decimal(12,4) DEFAULT NULL COMMENT 'Tax Amount',
  `order_id` int(10) UNSIGNED NOT NULL COMMENT 'Order Id',
  `email_sent` smallint(5) UNSIGNED DEFAULT NULL COMMENT 'Email Sent',
  `send_email` smallint(5) UNSIGNED DEFAULT NULL COMMENT 'Send Email',
  `creditmemo_status` int(11) DEFAULT NULL COMMENT 'Creditmemo Status',
  `state` int(11) DEFAULT NULL COMMENT 'State',
  `shipping_address_id` int(11) DEFAULT NULL COMMENT 'Shipping Address Id',
  `billing_address_id` int(11) DEFAULT NULL COMMENT 'Billing Address Id',
  `invoice_id` int(11) DEFAULT NULL COMMENT 'Invoice Id',
  `store_currency_code` varchar(3) DEFAULT NULL COMMENT 'Store Currency Code',
  `order_currency_code` varchar(3) DEFAULT NULL COMMENT 'Order Currency Code',
  `base_currency_code` varchar(3) DEFAULT NULL COMMENT 'Base Currency Code',
  `global_currency_code` varchar(3) DEFAULT NULL COMMENT 'Global Currency Code',
  `transaction_id` varchar(255) DEFAULT NULL COMMENT 'Transaction Id',
  `increment_id` varchar(50) DEFAULT NULL COMMENT 'Increment Id',
  `created_at` timestamp NOT NULL DEFAULT CURRENT_TIMESTAMP COMMENT 'Created At',
  `updated_at` timestamp NOT NULL DEFAULT CURRENT_TIMESTAMP ON UPDATE CURRENT_TIMESTAMP COMMENT 'Updated At',
  `discount_tax_compensation_amount` decimal(12,4) DEFAULT NULL COMMENT 'Discount Tax Compensation Amount',
  `base_discount_tax_compensation_amount` decimal(12,4) DEFAULT NULL COMMENT 'Base Discount Tax Compensation Amount',
  `shipping_discount_tax_compensation_amount` decimal(12,4) DEFAULT NULL COMMENT 'Shipping Discount Tax Compensation Amount',
  `base_shipping_discount_tax_compensation_amnt` decimal(12,4) DEFAULT NULL COMMENT 'Base Shipping Discount Tax Compensation Amount',
  `shipping_incl_tax` decimal(12,4) DEFAULT NULL COMMENT 'Shipping Incl Tax',
  `base_shipping_incl_tax` decimal(12,4) DEFAULT NULL COMMENT 'Base Shipping Incl Tax',
  `discount_description` varchar(255) DEFAULT NULL COMMENT 'Discount Description',
  `customer_note` text COMMENT 'Customer Note',
  `customer_note_notify` smallint(5) UNSIGNED DEFAULT NULL COMMENT 'Customer Note Notify'
) ENGINE=InnoDB DEFAULT CHARSET=utf8 COMMENT='Sales Flat Creditmemo';

--
-- Dumping data for table `sales_creditmemo`
--

INSERT INTO `sales_creditmemo` (`entity_id`, `store_id`, `adjustment_positive`, `base_shipping_tax_amount`, `store_to_order_rate`, `base_discount_amount`, `base_to_order_rate`, `grand_total`, `base_adjustment_negative`, `base_subtotal_incl_tax`, `shipping_amount`, `subtotal_incl_tax`, `adjustment_negative`, `base_shipping_amount`, `store_to_base_rate`, `base_to_global_rate`, `base_adjustment`, `base_subtotal`, `discount_amount`, `subtotal`, `adjustment`, `base_grand_total`, `base_adjustment_positive`, `base_tax_amount`, `shipping_tax_amount`, `tax_amount`, `order_id`, `email_sent`, `send_email`, `creditmemo_status`, `state`, `shipping_address_id`, `billing_address_id`, `invoice_id`, `store_currency_code`, `order_currency_code`, `base_currency_code`, `global_currency_code`, `transaction_id`, `increment_id`, `created_at`, `updated_at`, `discount_tax_compensation_amount`, `base_discount_tax_compensation_amount`, `shipping_discount_tax_compensation_amount`, `base_shipping_discount_tax_compensation_amnt`, `shipping_incl_tax`, `base_shipping_incl_tax`, `discount_description`, `customer_note`, `customer_note_notify`) VALUES
(1, 1, NULL, '0.0000', '0.0000', '0.0000', '1.0000', '7.6400', NULL, '0.0000', '5.0000', '0.0000', NULL, '5.0000', '0.0000', '1.0000', '0.0000', '0.0000', '0.0000', '0.0000', '0.0000', '7.6400', NULL, '2.6400', '0.0000', '2.6400', 2, NULL, NULL, NULL, 2, 3, 4, NULL, 'USD', 'USD', 'USD', 'USD', NULL, '000000001', '2017-10-21 08:25:51', '2017-10-21 08:25:51', '0.0000', '0.0000', NULL, NULL, '5.0000', '5.0000', NULL, NULL, NULL);

-- --------------------------------------------------------

--
-- Table structure for table `sales_creditmemo_comment`
--

CREATE TABLE `sales_creditmemo_comment` (
  `entity_id` int(10) UNSIGNED NOT NULL COMMENT 'Entity Id',
  `parent_id` int(10) UNSIGNED NOT NULL COMMENT 'Parent Id',
  `is_customer_notified` int(11) DEFAULT NULL COMMENT 'Is Customer Notified',
  `is_visible_on_front` smallint(5) UNSIGNED NOT NULL DEFAULT '0' COMMENT 'Is Visible On Front',
  `comment` text COMMENT 'Comment',
  `created_at` timestamp NOT NULL DEFAULT CURRENT_TIMESTAMP COMMENT 'Created At'
) ENGINE=InnoDB DEFAULT CHARSET=utf8 COMMENT='Sales Flat Creditmemo Comment';

-- --------------------------------------------------------

--
-- Table structure for table `sales_creditmemo_grid`
--

CREATE TABLE `sales_creditmemo_grid` (
  `entity_id` int(10) UNSIGNED NOT NULL COMMENT 'Entity Id',
  `increment_id` varchar(50) DEFAULT NULL COMMENT 'Increment Id',
  `created_at` timestamp NULL DEFAULT NULL COMMENT 'Created At',
  `updated_at` timestamp NULL DEFAULT NULL COMMENT 'Updated At',
  `order_id` int(10) UNSIGNED NOT NULL COMMENT 'Order Id',
  `order_increment_id` varchar(50) DEFAULT NULL COMMENT 'Order Increment Id',
  `order_created_at` timestamp NULL DEFAULT NULL COMMENT 'Order Created At',
  `billing_name` varchar(255) DEFAULT NULL COMMENT 'Billing Name',
  `state` int(11) DEFAULT NULL COMMENT 'Status',
  `base_grand_total` decimal(12,4) DEFAULT NULL COMMENT 'Base Grand Total',
  `order_status` varchar(32) DEFAULT NULL COMMENT 'Order Status',
  `store_id` smallint(5) UNSIGNED DEFAULT NULL COMMENT 'Store Id',
  `billing_address` varchar(255) DEFAULT NULL COMMENT 'Billing Address',
  `shipping_address` varchar(255) DEFAULT NULL COMMENT 'Shipping Address',
  `customer_name` varchar(128) NOT NULL COMMENT 'Customer Name',
  `customer_email` varchar(128) DEFAULT NULL COMMENT 'Customer Email',
  `customer_group_id` smallint(6) DEFAULT NULL COMMENT 'Customer Group Id',
  `payment_method` varchar(32) DEFAULT NULL COMMENT 'Payment Method',
  `shipping_information` varchar(255) DEFAULT NULL COMMENT 'Shipping Method Name',
  `subtotal` decimal(12,4) DEFAULT NULL COMMENT 'Subtotal',
  `shipping_and_handling` decimal(12,4) DEFAULT NULL COMMENT 'Shipping and handling amount',
  `adjustment_positive` decimal(12,4) DEFAULT NULL COMMENT 'Adjustment Positive',
  `adjustment_negative` decimal(12,4) DEFAULT NULL COMMENT 'Adjustment Negative',
  `order_base_grand_total` decimal(12,4) DEFAULT NULL COMMENT 'Order Grand Total'
) ENGINE=InnoDB DEFAULT CHARSET=utf8 COMMENT='Sales Flat Creditmemo Grid';

--
-- Dumping data for table `sales_creditmemo_grid`
--

INSERT INTO `sales_creditmemo_grid` (`entity_id`, `increment_id`, `created_at`, `updated_at`, `order_id`, `order_increment_id`, `order_created_at`, `billing_name`, `state`, `base_grand_total`, `order_status`, `store_id`, `billing_address`, `shipping_address`, `customer_name`, `customer_email`, `customer_group_id`, `payment_method`, `shipping_information`, `subtotal`, `shipping_and_handling`, `adjustment_positive`, `adjustment_negative`, `order_base_grand_total`) VALUES
(1, '000000001', '2017-10-21 08:25:51', '2017-10-21 08:25:51', 2, '000000002', '2017-10-21 08:25:49', 'Veronica Costello', 2, '7.6400', 'complete', 1, '6146 Honey Bluff Parkway Calder Michigan 49628-7978', '6146 Honey Bluff Parkway Calder Michigan 49628-7978', 'Veronica Costello', 'roni_cost@example.com', 1, 'checkmo', 'Flat Rate - Fixed', '0.0000', '5.0000', NULL, NULL, '39.6400');

-- --------------------------------------------------------

--
-- Table structure for table `sales_creditmemo_item`
--

CREATE TABLE `sales_creditmemo_item` (
  `entity_id` int(10) UNSIGNED NOT NULL COMMENT 'Entity Id',
  `parent_id` int(10) UNSIGNED NOT NULL COMMENT 'Parent Id',
  `base_price` decimal(12,4) DEFAULT NULL COMMENT 'Base Price',
  `tax_amount` decimal(12,4) DEFAULT NULL COMMENT 'Tax Amount',
  `base_row_total` decimal(12,4) DEFAULT NULL COMMENT 'Base Row Total',
  `discount_amount` decimal(12,4) DEFAULT NULL COMMENT 'Discount Amount',
  `row_total` decimal(12,4) DEFAULT NULL COMMENT 'Row Total',
  `base_discount_amount` decimal(12,4) DEFAULT NULL COMMENT 'Base Discount Amount',
  `price_incl_tax` decimal(12,4) DEFAULT NULL COMMENT 'Price Incl Tax',
  `base_tax_amount` decimal(12,4) DEFAULT NULL COMMENT 'Base Tax Amount',
  `base_price_incl_tax` decimal(12,4) DEFAULT NULL COMMENT 'Base Price Incl Tax',
  `qty` decimal(12,4) DEFAULT NULL COMMENT 'Qty',
  `base_cost` decimal(12,4) DEFAULT NULL COMMENT 'Base Cost',
  `price` decimal(12,4) DEFAULT NULL COMMENT 'Price',
  `base_row_total_incl_tax` decimal(12,4) DEFAULT NULL COMMENT 'Base Row Total Incl Tax',
  `row_total_incl_tax` decimal(12,4) DEFAULT NULL COMMENT 'Row Total Incl Tax',
  `product_id` int(11) DEFAULT NULL COMMENT 'Product Id',
  `order_item_id` int(11) DEFAULT NULL COMMENT 'Order Item Id',
  `additional_data` text COMMENT 'Additional Data',
  `description` text COMMENT 'Description',
  `sku` varchar(255) DEFAULT NULL COMMENT 'Sku',
  `name` varchar(255) DEFAULT NULL COMMENT 'Name',
  `discount_tax_compensation_amount` decimal(12,4) DEFAULT NULL COMMENT 'Discount Tax Compensation Amount',
  `base_discount_tax_compensation_amount` decimal(12,4) DEFAULT NULL COMMENT 'Base Discount Tax Compensation Amount',
  `tax_ratio` text COMMENT 'Ratio of tax in the creditmemo item over tax of the order item',
  `weee_tax_applied` text COMMENT 'Weee Tax Applied',
  `weee_tax_applied_amount` decimal(12,4) DEFAULT NULL COMMENT 'Weee Tax Applied Amount',
  `weee_tax_applied_row_amount` decimal(12,4) DEFAULT NULL COMMENT 'Weee Tax Applied Row Amount',
  `weee_tax_disposition` decimal(12,4) DEFAULT NULL COMMENT 'Weee Tax Disposition',
  `weee_tax_row_disposition` decimal(12,4) DEFAULT NULL COMMENT 'Weee Tax Row Disposition',
  `base_weee_tax_applied_amount` decimal(12,4) DEFAULT NULL COMMENT 'Base Weee Tax Applied Amount',
  `base_weee_tax_applied_row_amnt` decimal(12,4) DEFAULT NULL COMMENT 'Base Weee Tax Applied Row Amnt',
  `base_weee_tax_disposition` decimal(12,4) DEFAULT NULL COMMENT 'Base Weee Tax Disposition',
  `base_weee_tax_row_disposition` decimal(12,4) DEFAULT NULL COMMENT 'Base Weee Tax Row Disposition'
) ENGINE=InnoDB DEFAULT CHARSET=utf8 COMMENT='Sales Flat Creditmemo Item';

--
-- Dumping data for table `sales_creditmemo_item`
--

INSERT INTO `sales_creditmemo_item` (`entity_id`, `parent_id`, `base_price`, `tax_amount`, `base_row_total`, `discount_amount`, `row_total`, `base_discount_amount`, `price_incl_tax`, `base_tax_amount`, `base_price_incl_tax`, `qty`, `base_cost`, `price`, `base_row_total_incl_tax`, `row_total_incl_tax`, `product_id`, `order_item_id`, `additional_data`, `description`, `sku`, `name`, `discount_tax_compensation_amount`, `base_discount_tax_compensation_amount`, `tax_ratio`, `weee_tax_applied`, `weee_tax_applied_amount`, `weee_tax_applied_row_amount`, `weee_tax_disposition`, `weee_tax_row_disposition`, `base_weee_tax_applied_amount`, `base_weee_tax_applied_row_amnt`, `base_weee_tax_disposition`, `base_weee_tax_row_disposition`) VALUES
(1, 1, '0.0000', NULL, '0.0000', NULL, '0.0000', NULL, NULL, NULL, NULL, '1.0000', NULL, '0.0000', NULL, NULL, 1483, 2, NULL, NULL, 'WS08-XS-Blue', 'Minerva LumaTech&trade; V-Tee-XS-Blue', NULL, NULL, NULL, '[]', NULL, '0.0000', NULL, '0.0000', NULL, NULL, NULL, '0.0000');

-- --------------------------------------------------------

--
-- Table structure for table `sales_invoice`
--

CREATE TABLE `sales_invoice` (
  `entity_id` int(10) UNSIGNED NOT NULL COMMENT 'Entity Id',
  `store_id` smallint(5) UNSIGNED DEFAULT NULL COMMENT 'Store Id',
  `base_grand_total` decimal(12,4) DEFAULT NULL COMMENT 'Base Grand Total',
  `shipping_tax_amount` decimal(12,4) DEFAULT NULL COMMENT 'Shipping Tax Amount',
  `tax_amount` decimal(12,4) DEFAULT NULL COMMENT 'Tax Amount',
  `base_tax_amount` decimal(12,4) DEFAULT NULL COMMENT 'Base Tax Amount',
  `store_to_order_rate` decimal(12,4) DEFAULT NULL COMMENT 'Store To Order Rate',
  `base_shipping_tax_amount` decimal(12,4) DEFAULT NULL COMMENT 'Base Shipping Tax Amount',
  `base_discount_amount` decimal(12,4) DEFAULT NULL COMMENT 'Base Discount Amount',
  `base_to_order_rate` decimal(12,4) DEFAULT NULL COMMENT 'Base To Order Rate',
  `grand_total` decimal(12,4) DEFAULT NULL COMMENT 'Grand Total',
  `shipping_amount` decimal(12,4) DEFAULT NULL COMMENT 'Shipping Amount',
  `subtotal_incl_tax` decimal(12,4) DEFAULT NULL COMMENT 'Subtotal Incl Tax',
  `base_subtotal_incl_tax` decimal(12,4) DEFAULT NULL COMMENT 'Base Subtotal Incl Tax',
  `store_to_base_rate` decimal(12,4) DEFAULT NULL COMMENT 'Store To Base Rate',
  `base_shipping_amount` decimal(12,4) DEFAULT NULL COMMENT 'Base Shipping Amount',
  `total_qty` decimal(12,4) DEFAULT NULL COMMENT 'Total Qty',
  `base_to_global_rate` decimal(12,4) DEFAULT NULL COMMENT 'Base To Global Rate',
  `subtotal` decimal(12,4) DEFAULT NULL COMMENT 'Subtotal',
  `base_subtotal` decimal(12,4) DEFAULT NULL COMMENT 'Base Subtotal',
  `discount_amount` decimal(12,4) DEFAULT NULL COMMENT 'Discount Amount',
  `billing_address_id` int(11) DEFAULT NULL COMMENT 'Billing Address Id',
  `is_used_for_refund` smallint(5) UNSIGNED DEFAULT NULL COMMENT 'Is Used For Refund',
  `order_id` int(10) UNSIGNED NOT NULL COMMENT 'Order Id',
  `email_sent` smallint(5) UNSIGNED DEFAULT NULL COMMENT 'Email Sent',
  `send_email` smallint(5) UNSIGNED DEFAULT NULL COMMENT 'Send Email',
  `can_void_flag` smallint(5) UNSIGNED DEFAULT NULL COMMENT 'Can Void Flag',
  `state` int(11) DEFAULT NULL COMMENT 'State',
  `shipping_address_id` int(11) DEFAULT NULL COMMENT 'Shipping Address Id',
  `store_currency_code` varchar(3) DEFAULT NULL COMMENT 'Store Currency Code',
  `transaction_id` varchar(255) DEFAULT NULL COMMENT 'Transaction Id',
  `order_currency_code` varchar(3) DEFAULT NULL COMMENT 'Order Currency Code',
  `base_currency_code` varchar(3) DEFAULT NULL COMMENT 'Base Currency Code',
  `global_currency_code` varchar(3) DEFAULT NULL COMMENT 'Global Currency Code',
  `increment_id` varchar(50) DEFAULT NULL COMMENT 'Increment Id',
  `created_at` timestamp NOT NULL DEFAULT CURRENT_TIMESTAMP COMMENT 'Created At',
  `updated_at` timestamp NOT NULL DEFAULT CURRENT_TIMESTAMP ON UPDATE CURRENT_TIMESTAMP COMMENT 'Updated At',
  `discount_tax_compensation_amount` decimal(12,4) DEFAULT NULL COMMENT 'Discount Tax Compensation Amount',
  `base_discount_tax_compensation_amount` decimal(12,4) DEFAULT NULL COMMENT 'Base Discount Tax Compensation Amount',
  `shipping_discount_tax_compensation_amount` decimal(12,4) DEFAULT NULL COMMENT 'Shipping Discount Tax Compensation Amount',
  `base_shipping_discount_tax_compensation_amnt` decimal(12,4) DEFAULT NULL COMMENT 'Base Shipping Discount Tax Compensation Amount',
  `shipping_incl_tax` decimal(12,4) DEFAULT NULL COMMENT 'Shipping Incl Tax',
  `base_shipping_incl_tax` decimal(12,4) DEFAULT NULL COMMENT 'Base Shipping Incl Tax',
  `base_total_refunded` decimal(12,4) DEFAULT NULL COMMENT 'Base Total Refunded',
  `discount_description` varchar(255) DEFAULT NULL COMMENT 'Discount Description',
  `customer_note` text COMMENT 'Customer Note',
  `customer_note_notify` smallint(5) UNSIGNED DEFAULT NULL COMMENT 'Customer Note Notify'
) ENGINE=InnoDB DEFAULT CHARSET=utf8 COMMENT='Sales Flat Invoice';

--
-- Dumping data for table `sales_invoice`
--

INSERT INTO `sales_invoice` (`entity_id`, `store_id`, `base_grand_total`, `shipping_tax_amount`, `tax_amount`, `base_tax_amount`, `store_to_order_rate`, `base_shipping_tax_amount`, `base_discount_amount`, `base_to_order_rate`, `grand_total`, `shipping_amount`, `subtotal_incl_tax`, `base_subtotal_incl_tax`, `store_to_base_rate`, `base_shipping_amount`, `total_qty`, `base_to_global_rate`, `subtotal`, `base_subtotal`, `discount_amount`, `billing_address_id`, `is_used_for_refund`, `order_id`, `email_sent`, `send_email`, `can_void_flag`, `state`, `shipping_address_id`, `store_currency_code`, `transaction_id`, `order_currency_code`, `base_currency_code`, `global_currency_code`, `increment_id`, `created_at`, `updated_at`, `discount_tax_compensation_amount`, `base_discount_tax_compensation_amount`, `shipping_discount_tax_compensation_amount`, `base_shipping_discount_tax_compensation_amnt`, `shipping_incl_tax`, `base_shipping_incl_tax`, `base_total_refunded`, `discount_description`, `customer_note`, `customer_note_notify`) VALUES
(1, 1, '36.3900', '0.0000', '2.3900', '2.3900', '0.0000', '0.0000', '0.0000', '1.0000', '36.3900', '5.0000', '0.0000', '0.0000', '0.0000', '5.0000', '1.0000', '1.0000', '29.0000', '29.0000', '0.0000', 2, NULL, 1, NULL, NULL, 0, 2, 1, 'USD', NULL, 'USD', 'USD', 'USD', '000000001', '2017-10-21 08:25:47', '2017-10-21 08:25:47', '0.0000', '0.0000', '0.0000', NULL, '5.0000', '5.0000', NULL, NULL, NULL, NULL),
(2, 1, '39.6400', '0.0000', '2.6400', '2.6400', '0.0000', '0.0000', '0.0000', '1.0000', '39.6400', '5.0000', '0.0000', '0.0000', '0.0000', '5.0000', '1.0000', '1.0000', '32.0000', '32.0000', '0.0000', 4, NULL, 2, NULL, NULL, 0, 2, 3, 'USD', NULL, 'USD', 'USD', 'USD', '000000002', '2017-10-21 08:25:50', '2017-10-21 08:25:50', '0.0000', '0.0000', '0.0000', NULL, '5.0000', '5.0000', NULL, NULL, NULL, NULL),
(3, 1, '23.9500', '0.0000', '0.0000', '0.0000', '0.0000', '0.0000', '0.0000', '1.0000', '23.9500', '0.0000', '23.9500', '23.9500', '0.0000', '0.0000', '2.0000', '1.0000', '23.9500', '23.9500', '0.0000', 15, NULL, 9, NULL, NULL, 0, 2, NULL, 'USD', NULL, 'USD', 'USD', 'USD', '000000003', '2018-01-09 11:38:33', '2018-01-09 11:38:33', '0.0000', '0.0000', '0.0000', NULL, '0.0000', '0.0000', NULL, NULL, NULL, NULL);

-- --------------------------------------------------------

--
-- Table structure for table `sales_invoiced_aggregated`
--

CREATE TABLE `sales_invoiced_aggregated` (
  `id` int(10) UNSIGNED NOT NULL COMMENT 'Id',
  `period` date DEFAULT NULL COMMENT 'Period',
  `store_id` smallint(5) UNSIGNED DEFAULT NULL COMMENT 'Store Id',
  `order_status` varchar(50) DEFAULT NULL COMMENT 'Order Status',
  `orders_count` int(11) NOT NULL DEFAULT '0' COMMENT 'Orders Count',
  `orders_invoiced` decimal(12,4) DEFAULT NULL COMMENT 'Orders Invoiced',
  `invoiced` decimal(12,4) DEFAULT NULL COMMENT 'Invoiced',
  `invoiced_captured` decimal(12,4) DEFAULT NULL COMMENT 'Invoiced Captured',
  `invoiced_not_captured` decimal(12,4) DEFAULT NULL COMMENT 'Invoiced Not Captured'
) ENGINE=InnoDB DEFAULT CHARSET=utf8 COMMENT='Sales Invoiced Aggregated';

-- --------------------------------------------------------

--
-- Table structure for table `sales_invoiced_aggregated_order`
--

CREATE TABLE `sales_invoiced_aggregated_order` (
  `id` int(10) UNSIGNED NOT NULL COMMENT 'Id',
  `period` date DEFAULT NULL COMMENT 'Period',
  `store_id` smallint(5) UNSIGNED DEFAULT NULL COMMENT 'Store Id',
  `order_status` varchar(50) NOT NULL COMMENT 'Order Status',
  `orders_count` int(11) NOT NULL DEFAULT '0' COMMENT 'Orders Count',
  `orders_invoiced` decimal(12,4) DEFAULT NULL COMMENT 'Orders Invoiced',
  `invoiced` decimal(12,4) DEFAULT NULL COMMENT 'Invoiced',
  `invoiced_captured` decimal(12,4) DEFAULT NULL COMMENT 'Invoiced Captured',
  `invoiced_not_captured` decimal(12,4) DEFAULT NULL COMMENT 'Invoiced Not Captured'
) ENGINE=InnoDB DEFAULT CHARSET=utf8 COMMENT='Sales Invoiced Aggregated Order';

-- --------------------------------------------------------

--
-- Table structure for table `sales_invoice_comment`
--

CREATE TABLE `sales_invoice_comment` (
  `entity_id` int(10) UNSIGNED NOT NULL COMMENT 'Entity Id',
  `parent_id` int(10) UNSIGNED NOT NULL COMMENT 'Parent Id',
  `is_customer_notified` smallint(5) UNSIGNED DEFAULT NULL COMMENT 'Is Customer Notified',
  `is_visible_on_front` smallint(5) UNSIGNED NOT NULL DEFAULT '0' COMMENT 'Is Visible On Front',
  `comment` text COMMENT 'Comment',
  `created_at` timestamp NOT NULL DEFAULT CURRENT_TIMESTAMP COMMENT 'Created At'
) ENGINE=InnoDB DEFAULT CHARSET=utf8 COMMENT='Sales Flat Invoice Comment';

-- --------------------------------------------------------

--
-- Table structure for table `sales_invoice_grid`
--

CREATE TABLE `sales_invoice_grid` (
  `entity_id` int(10) UNSIGNED NOT NULL COMMENT 'Entity Id',
  `increment_id` varchar(50) DEFAULT NULL COMMENT 'Increment Id',
  `state` int(11) DEFAULT NULL COMMENT 'State',
  `store_id` smallint(5) UNSIGNED DEFAULT NULL COMMENT 'Store Id',
  `store_name` varchar(255) DEFAULT NULL COMMENT 'Store Name',
  `order_id` int(10) UNSIGNED NOT NULL COMMENT 'Order Id',
  `order_increment_id` varchar(50) DEFAULT NULL COMMENT 'Order Increment Id',
  `order_created_at` timestamp NULL DEFAULT NULL COMMENT 'Order Created At',
  `customer_name` varchar(255) DEFAULT NULL COMMENT 'Customer Name',
  `customer_email` varchar(255) DEFAULT NULL COMMENT 'Customer Email',
  `customer_group_id` smallint(6) DEFAULT NULL COMMENT 'Customer Group Id',
  `payment_method` varchar(128) DEFAULT NULL COMMENT 'Payment Method',
  `store_currency_code` varchar(3) DEFAULT NULL COMMENT 'Store Currency Code',
  `order_currency_code` varchar(3) DEFAULT NULL COMMENT 'Order Currency Code',
  `base_currency_code` varchar(3) DEFAULT NULL COMMENT 'Base Currency Code',
  `global_currency_code` varchar(3) DEFAULT NULL COMMENT 'Global Currency Code',
  `billing_name` varchar(255) DEFAULT NULL COMMENT 'Billing Name',
  `billing_address` varchar(255) DEFAULT NULL COMMENT 'Billing Address',
  `shipping_address` varchar(255) DEFAULT NULL COMMENT 'Shipping Address',
  `shipping_information` varchar(255) DEFAULT NULL COMMENT 'Shipping Method Name',
  `subtotal` decimal(12,4) DEFAULT NULL COMMENT 'Subtotal',
  `shipping_and_handling` decimal(12,4) DEFAULT NULL COMMENT 'Shipping and handling amount',
  `grand_total` decimal(12,4) DEFAULT NULL COMMENT 'Grand Total',
  `base_grand_total` decimal(12,4) DEFAULT NULL COMMENT 'Base Grand Total',
  `created_at` timestamp NULL DEFAULT NULL COMMENT 'Created At',
  `updated_at` timestamp NULL DEFAULT NULL COMMENT 'Updated At'
) ENGINE=InnoDB DEFAULT CHARSET=utf8 COMMENT='Sales Flat Invoice Grid';

--
-- Dumping data for table `sales_invoice_grid`
--

INSERT INTO `sales_invoice_grid` (`entity_id`, `increment_id`, `state`, `store_id`, `store_name`, `order_id`, `order_increment_id`, `order_created_at`, `customer_name`, `customer_email`, `customer_group_id`, `payment_method`, `store_currency_code`, `order_currency_code`, `base_currency_code`, `global_currency_code`, `billing_name`, `billing_address`, `shipping_address`, `shipping_information`, `subtotal`, `shipping_and_handling`, `grand_total`, `base_grand_total`, `created_at`, `updated_at`) VALUES
(1, '000000001', 2, 1, 'Main Website\nMain Website Store\n', 1, '000000001', '2017-10-21 08:25:46', 'Veronica Costello', 'roni_cost@example.com', 1, 'checkmo', 'USD', 'USD', 'USD', 'USD', 'Veronica Costello', '6146 Honey Bluff Parkway Calder Michigan 49628-7978', '6146 Honey Bluff Parkway Calder Michigan 49628-7978', 'Flat Rate - Fixed', '29.0000', '5.0000', '36.3900', '36.3900', '2017-10-21 08:25:47', '2017-10-21 08:25:47'),
(2, '000000002', 2, 1, 'Main Website\nMain Website Store\n', 2, '000000002', '2017-10-21 08:25:49', 'Veronica Costello', 'roni_cost@example.com', 1, 'checkmo', 'USD', 'USD', 'USD', 'USD', 'Veronica Costello', '6146 Honey Bluff Parkway Calder Michigan 49628-7978', '6146 Honey Bluff Parkway Calder Michigan 49628-7978', 'Flat Rate - Fixed', '32.0000', '5.0000', '39.6400', '39.6400', '2017-10-21 08:25:50', '2017-10-21 08:25:50'),
(3, '000000003', 2, 1, 'Main Website\nMain Website Store\n', 9, '000000009', '2018-01-09 10:25:39', '', 'test@i95dev.com', 0, 'checkmo', 'USD', 'USD', 'USD', 'USD', 'test test', 'test address Florida Florida 12346', '', NULL, '23.9500', '0.0000', '23.9500', '23.9500', '2018-01-09 11:38:33', '2018-01-09 11:38:33');

-- --------------------------------------------------------

--
-- Table structure for table `sales_invoice_item`
--

CREATE TABLE `sales_invoice_item` (
  `entity_id` int(10) UNSIGNED NOT NULL COMMENT 'Entity Id',
  `parent_id` int(10) UNSIGNED NOT NULL COMMENT 'Parent Id',
  `base_price` decimal(12,4) DEFAULT NULL COMMENT 'Base Price',
  `tax_amount` decimal(12,4) DEFAULT NULL COMMENT 'Tax Amount',
  `base_row_total` decimal(12,4) DEFAULT NULL COMMENT 'Base Row Total',
  `discount_amount` decimal(12,4) DEFAULT NULL COMMENT 'Discount Amount',
  `row_total` decimal(12,4) DEFAULT NULL COMMENT 'Row Total',
  `base_discount_amount` decimal(12,4) DEFAULT NULL COMMENT 'Base Discount Amount',
  `price_incl_tax` decimal(12,4) DEFAULT NULL COMMENT 'Price Incl Tax',
  `base_tax_amount` decimal(12,4) DEFAULT NULL COMMENT 'Base Tax Amount',
  `base_price_incl_tax` decimal(12,4) DEFAULT NULL COMMENT 'Base Price Incl Tax',
  `qty` decimal(12,4) DEFAULT NULL COMMENT 'Qty',
  `base_cost` decimal(12,4) DEFAULT NULL COMMENT 'Base Cost',
  `price` decimal(12,4) DEFAULT NULL COMMENT 'Price',
  `base_row_total_incl_tax` decimal(12,4) DEFAULT NULL COMMENT 'Base Row Total Incl Tax',
  `row_total_incl_tax` decimal(12,4) DEFAULT NULL COMMENT 'Row Total Incl Tax',
  `product_id` int(11) DEFAULT NULL COMMENT 'Product Id',
  `order_item_id` int(11) DEFAULT NULL COMMENT 'Order Item Id',
  `additional_data` text COMMENT 'Additional Data',
  `description` text COMMENT 'Description',
  `sku` varchar(255) DEFAULT NULL COMMENT 'Sku',
  `name` varchar(255) DEFAULT NULL COMMENT 'Name',
  `discount_tax_compensation_amount` decimal(12,4) DEFAULT NULL COMMENT 'Discount Tax Compensation Amount',
  `base_discount_tax_compensation_amount` decimal(12,4) DEFAULT NULL COMMENT 'Base Discount Tax Compensation Amount',
  `tax_ratio` text COMMENT 'Ratio of tax invoiced over tax of the order item',
  `weee_tax_applied` text COMMENT 'Weee Tax Applied',
  `weee_tax_applied_amount` decimal(12,4) DEFAULT NULL COMMENT 'Weee Tax Applied Amount',
  `weee_tax_applied_row_amount` decimal(12,4) DEFAULT NULL COMMENT 'Weee Tax Applied Row Amount',
  `weee_tax_disposition` decimal(12,4) DEFAULT NULL COMMENT 'Weee Tax Disposition',
  `weee_tax_row_disposition` decimal(12,4) DEFAULT NULL COMMENT 'Weee Tax Row Disposition',
  `base_weee_tax_applied_amount` decimal(12,4) DEFAULT NULL COMMENT 'Base Weee Tax Applied Amount',
  `base_weee_tax_applied_row_amnt` decimal(12,4) DEFAULT NULL COMMENT 'Base Weee Tax Applied Row Amnt',
  `base_weee_tax_disposition` decimal(12,4) DEFAULT NULL COMMENT 'Base Weee Tax Disposition',
  `base_weee_tax_row_disposition` decimal(12,4) DEFAULT NULL COMMENT 'Base Weee Tax Row Disposition'
) ENGINE=InnoDB DEFAULT CHARSET=utf8 COMMENT='Sales Flat Invoice Item';

--
-- Dumping data for table `sales_invoice_item`
--

INSERT INTO `sales_invoice_item` (`entity_id`, `parent_id`, `base_price`, `tax_amount`, `base_row_total`, `discount_amount`, `row_total`, `base_discount_amount`, `price_incl_tax`, `base_tax_amount`, `base_price_incl_tax`, `qty`, `base_cost`, `price`, `base_row_total_incl_tax`, `row_total_incl_tax`, `product_id`, `order_item_id`, `additional_data`, `description`, `sku`, `name`, `discount_tax_compensation_amount`, `base_discount_tax_compensation_amount`, `tax_ratio`, `weee_tax_applied`, `weee_tax_applied_amount`, `weee_tax_applied_row_amount`, `weee_tax_disposition`, `weee_tax_row_disposition`, `base_weee_tax_applied_amount`, `base_weee_tax_applied_row_amnt`, `base_weee_tax_disposition`, `base_weee_tax_row_disposition`) VALUES
(1, 1, '0.0000', NULL, '0.0000', NULL, '0.0000', NULL, NULL, NULL, NULL, '1.0000', NULL, '0.0000', NULL, NULL, 1420, 1, NULL, NULL, 'WS03-XS-Red', 'Iris Workout Top-XS-Red', NULL, NULL, NULL, '[]', NULL, '0.0000', NULL, '0.0000', NULL, NULL, NULL, '0.0000'),
(2, 2, '0.0000', NULL, '0.0000', NULL, '0.0000', NULL, NULL, NULL, NULL, '1.0000', NULL, '0.0000', NULL, NULL, 1483, 2, NULL, NULL, 'WS08-XS-Blue', 'Minerva LumaTech&trade; V-Tee-XS-Blue', NULL, NULL, NULL, '[]', NULL, '0.0000', NULL, '0.0000', NULL, NULL, NULL, '0.0000'),
(3, 3, '23.9500', '0.0000', '23.9500', NULL, '23.9500', NULL, '23.9500', '0.0000', '23.9500', '1.0000', NULL, '23.9500', '23.9500', '23.9500', 2071, 14, NULL, NULL, 'PSB19-L', 'CLOSEOUT - Pentagon Side Panel Style ProSoft Basketball Shirt', '0.0000', '0.0000', NULL, '[]', NULL, '0.0000', NULL, '0.0000', NULL, NULL, NULL, '0.0000'),
(4, 3, '0.0000', NULL, NULL, NULL, NULL, NULL, NULL, NULL, NULL, '1.0000', NULL, '0.0000', NULL, NULL, 2069, 15, NULL, NULL, 'PSB19-L', 'PSB19-L', NULL, NULL, NULL, NULL, NULL, NULL, NULL, NULL, NULL, NULL, NULL, NULL);

-- --------------------------------------------------------

--
-- Table structure for table `sales_order`
--

CREATE TABLE `sales_order` (
  `entity_id` int(10) UNSIGNED NOT NULL COMMENT 'Entity Id',
  `state` varchar(32) DEFAULT NULL COMMENT 'State',
  `status` varchar(32) DEFAULT NULL COMMENT 'Status',
  `coupon_code` varchar(255) DEFAULT NULL COMMENT 'Coupon Code',
  `protect_code` varchar(255) DEFAULT NULL COMMENT 'Protect Code',
  `shipping_description` varchar(255) DEFAULT NULL COMMENT 'Shipping Description',
  `is_virtual` smallint(5) UNSIGNED DEFAULT NULL COMMENT 'Is Virtual',
  `store_id` smallint(5) UNSIGNED DEFAULT NULL COMMENT 'Store Id',
  `customer_id` int(10) UNSIGNED DEFAULT NULL COMMENT 'Customer Id',
  `base_discount_amount` decimal(12,4) DEFAULT NULL COMMENT 'Base Discount Amount',
  `base_discount_canceled` decimal(12,4) DEFAULT NULL COMMENT 'Base Discount Canceled',
  `base_discount_invoiced` decimal(12,4) DEFAULT NULL COMMENT 'Base Discount Invoiced',
  `base_discount_refunded` decimal(12,4) DEFAULT NULL COMMENT 'Base Discount Refunded',
  `base_grand_total` decimal(12,4) DEFAULT NULL COMMENT 'Base Grand Total',
  `base_shipping_amount` decimal(12,4) DEFAULT NULL COMMENT 'Base Shipping Amount',
  `base_shipping_canceled` decimal(12,4) DEFAULT NULL COMMENT 'Base Shipping Canceled',
  `base_shipping_invoiced` decimal(12,4) DEFAULT NULL COMMENT 'Base Shipping Invoiced',
  `base_shipping_refunded` decimal(12,4) DEFAULT NULL COMMENT 'Base Shipping Refunded',
  `base_shipping_tax_amount` decimal(12,4) DEFAULT NULL COMMENT 'Base Shipping Tax Amount',
  `base_shipping_tax_refunded` decimal(12,4) DEFAULT NULL COMMENT 'Base Shipping Tax Refunded',
  `base_subtotal` decimal(12,4) DEFAULT NULL COMMENT 'Base Subtotal',
  `base_subtotal_canceled` decimal(12,4) DEFAULT NULL COMMENT 'Base Subtotal Canceled',
  `base_subtotal_invoiced` decimal(12,4) DEFAULT NULL COMMENT 'Base Subtotal Invoiced',
  `base_subtotal_refunded` decimal(12,4) DEFAULT NULL COMMENT 'Base Subtotal Refunded',
  `base_tax_amount` decimal(12,4) DEFAULT NULL COMMENT 'Base Tax Amount',
  `base_tax_canceled` decimal(12,4) DEFAULT NULL COMMENT 'Base Tax Canceled',
  `base_tax_invoiced` decimal(12,4) DEFAULT NULL COMMENT 'Base Tax Invoiced',
  `base_tax_refunded` decimal(12,4) DEFAULT NULL COMMENT 'Base Tax Refunded',
  `base_to_global_rate` decimal(12,4) DEFAULT NULL COMMENT 'Base To Global Rate',
  `base_to_order_rate` decimal(12,4) DEFAULT NULL COMMENT 'Base To Order Rate',
  `base_total_canceled` decimal(12,4) DEFAULT NULL COMMENT 'Base Total Canceled',
  `base_total_invoiced` decimal(12,4) DEFAULT NULL COMMENT 'Base Total Invoiced',
  `base_total_invoiced_cost` decimal(12,4) DEFAULT NULL COMMENT 'Base Total Invoiced Cost',
  `base_total_offline_refunded` decimal(12,4) DEFAULT NULL COMMENT 'Base Total Offline Refunded',
  `base_total_online_refunded` decimal(12,4) DEFAULT NULL COMMENT 'Base Total Online Refunded',
  `base_total_paid` decimal(12,4) DEFAULT NULL COMMENT 'Base Total Paid',
  `base_total_qty_ordered` decimal(12,4) DEFAULT NULL COMMENT 'Base Total Qty Ordered',
  `base_total_refunded` decimal(12,4) DEFAULT NULL COMMENT 'Base Total Refunded',
  `discount_amount` decimal(12,4) DEFAULT NULL COMMENT 'Discount Amount',
  `discount_canceled` decimal(12,4) DEFAULT NULL COMMENT 'Discount Canceled',
  `discount_invoiced` decimal(12,4) DEFAULT NULL COMMENT 'Discount Invoiced',
  `discount_refunded` decimal(12,4) DEFAULT NULL COMMENT 'Discount Refunded',
  `grand_total` decimal(12,4) DEFAULT NULL COMMENT 'Grand Total',
  `shipping_amount` decimal(12,4) DEFAULT NULL COMMENT 'Shipping Amount',
  `shipping_canceled` decimal(12,4) DEFAULT NULL COMMENT 'Shipping Canceled',
  `shipping_invoiced` decimal(12,4) DEFAULT NULL COMMENT 'Shipping Invoiced',
  `shipping_refunded` decimal(12,4) DEFAULT NULL COMMENT 'Shipping Refunded',
  `shipping_tax_amount` decimal(12,4) DEFAULT NULL COMMENT 'Shipping Tax Amount',
  `shipping_tax_refunded` decimal(12,4) DEFAULT NULL COMMENT 'Shipping Tax Refunded',
  `store_to_base_rate` decimal(12,4) DEFAULT NULL COMMENT 'Store To Base Rate',
  `store_to_order_rate` decimal(12,4) DEFAULT NULL COMMENT 'Store To Order Rate',
  `subtotal` decimal(12,4) DEFAULT NULL COMMENT 'Subtotal',
  `subtotal_canceled` decimal(12,4) DEFAULT NULL COMMENT 'Subtotal Canceled',
  `subtotal_invoiced` decimal(12,4) DEFAULT NULL COMMENT 'Subtotal Invoiced',
  `subtotal_refunded` decimal(12,4) DEFAULT NULL COMMENT 'Subtotal Refunded',
  `tax_amount` decimal(12,4) DEFAULT NULL COMMENT 'Tax Amount',
  `tax_canceled` decimal(12,4) DEFAULT NULL COMMENT 'Tax Canceled',
  `tax_invoiced` decimal(12,4) DEFAULT NULL COMMENT 'Tax Invoiced',
  `tax_refunded` decimal(12,4) DEFAULT NULL COMMENT 'Tax Refunded',
  `total_canceled` decimal(12,4) DEFAULT NULL COMMENT 'Total Canceled',
  `total_invoiced` decimal(12,4) DEFAULT NULL COMMENT 'Total Invoiced',
  `total_offline_refunded` decimal(12,4) DEFAULT NULL COMMENT 'Total Offline Refunded',
  `total_online_refunded` decimal(12,4) DEFAULT NULL COMMENT 'Total Online Refunded',
  `total_paid` decimal(12,4) DEFAULT NULL COMMENT 'Total Paid',
  `total_qty_ordered` decimal(12,4) DEFAULT NULL COMMENT 'Total Qty Ordered',
  `total_refunded` decimal(12,4) DEFAULT NULL COMMENT 'Total Refunded',
  `can_ship_partially` smallint(5) UNSIGNED DEFAULT NULL COMMENT 'Can Ship Partially',
  `can_ship_partially_item` smallint(5) UNSIGNED DEFAULT NULL COMMENT 'Can Ship Partially Item',
  `customer_is_guest` smallint(5) UNSIGNED DEFAULT NULL COMMENT 'Customer Is Guest',
  `customer_note_notify` smallint(5) UNSIGNED DEFAULT NULL COMMENT 'Customer Note Notify',
  `billing_address_id` int(11) DEFAULT NULL COMMENT 'Billing Address Id',
  `customer_group_id` smallint(6) DEFAULT NULL COMMENT 'Customer Group Id',
  `edit_increment` int(11) DEFAULT NULL COMMENT 'Edit Increment',
  `email_sent` smallint(5) UNSIGNED DEFAULT NULL COMMENT 'Email Sent',
  `send_email` smallint(5) UNSIGNED DEFAULT NULL COMMENT 'Send Email',
  `forced_shipment_with_invoice` smallint(5) UNSIGNED DEFAULT NULL COMMENT 'Forced Do Shipment With Invoice',
  `payment_auth_expiration` int(11) DEFAULT NULL COMMENT 'Payment Authorization Expiration',
  `quote_address_id` int(11) DEFAULT NULL COMMENT 'Quote Address Id',
  `quote_id` int(11) DEFAULT NULL COMMENT 'Quote Id',
  `shipping_address_id` int(11) DEFAULT NULL COMMENT 'Shipping Address Id',
  `adjustment_negative` decimal(12,4) DEFAULT NULL COMMENT 'Adjustment Negative',
  `adjustment_positive` decimal(12,4) DEFAULT NULL COMMENT 'Adjustment Positive',
  `base_adjustment_negative` decimal(12,4) DEFAULT NULL COMMENT 'Base Adjustment Negative',
  `base_adjustment_positive` decimal(12,4) DEFAULT NULL COMMENT 'Base Adjustment Positive',
  `base_shipping_discount_amount` decimal(12,4) DEFAULT NULL COMMENT 'Base Shipping Discount Amount',
  `base_subtotal_incl_tax` decimal(12,4) DEFAULT NULL COMMENT 'Base Subtotal Incl Tax',
  `base_total_due` decimal(12,4) DEFAULT NULL COMMENT 'Base Total Due',
  `payment_authorization_amount` decimal(12,4) DEFAULT NULL COMMENT 'Payment Authorization Amount',
  `shipping_discount_amount` decimal(12,4) DEFAULT NULL COMMENT 'Shipping Discount Amount',
  `subtotal_incl_tax` decimal(12,4) DEFAULT NULL COMMENT 'Subtotal Incl Tax',
  `total_due` decimal(12,4) DEFAULT NULL COMMENT 'Total Due',
  `weight` decimal(12,4) DEFAULT NULL COMMENT 'Weight',
  `customer_dob` datetime DEFAULT NULL COMMENT 'Customer Dob',
  `increment_id` varchar(32) DEFAULT NULL COMMENT 'Increment Id',
  `applied_rule_ids` varchar(128) DEFAULT NULL COMMENT 'Applied Rule Ids',
  `base_currency_code` varchar(3) DEFAULT NULL COMMENT 'Base Currency Code',
  `customer_email` varchar(128) DEFAULT NULL COMMENT 'Customer Email',
  `customer_firstname` varchar(128) DEFAULT NULL COMMENT 'Customer Firstname',
  `customer_lastname` varchar(128) DEFAULT NULL COMMENT 'Customer Lastname',
  `customer_middlename` varchar(128) DEFAULT NULL COMMENT 'Customer Middlename',
  `customer_prefix` varchar(32) DEFAULT NULL COMMENT 'Customer Prefix',
  `customer_suffix` varchar(32) DEFAULT NULL COMMENT 'Customer Suffix',
  `customer_taxvat` varchar(32) DEFAULT NULL COMMENT 'Customer Taxvat',
  `discount_description` varchar(255) DEFAULT NULL COMMENT 'Discount Description',
  `ext_customer_id` varchar(32) DEFAULT NULL COMMENT 'Ext Customer Id',
  `ext_order_id` varchar(32) DEFAULT NULL COMMENT 'Ext Order Id',
  `global_currency_code` varchar(3) DEFAULT NULL COMMENT 'Global Currency Code',
  `hold_before_state` varchar(32) DEFAULT NULL COMMENT 'Hold Before State',
  `hold_before_status` varchar(32) DEFAULT NULL COMMENT 'Hold Before Status',
  `order_currency_code` varchar(3) DEFAULT NULL COMMENT 'Order Currency Code',
  `original_increment_id` varchar(32) DEFAULT NULL COMMENT 'Original Increment Id',
  `relation_child_id` varchar(32) DEFAULT NULL COMMENT 'Relation Child Id',
  `relation_child_real_id` varchar(32) DEFAULT NULL COMMENT 'Relation Child Real Id',
  `relation_parent_id` varchar(32) DEFAULT NULL COMMENT 'Relation Parent Id',
  `relation_parent_real_id` varchar(32) DEFAULT NULL COMMENT 'Relation Parent Real Id',
  `remote_ip` varchar(32) DEFAULT NULL COMMENT 'Remote Ip',
  `shipping_method` varchar(32) DEFAULT NULL COMMENT 'Shipping Method',
  `store_currency_code` varchar(3) DEFAULT NULL COMMENT 'Store Currency Code',
  `store_name` varchar(32) DEFAULT NULL COMMENT 'Store Name',
  `x_forwarded_for` varchar(32) DEFAULT NULL COMMENT 'X Forwarded For',
  `customer_note` text COMMENT 'Customer Note',
  `created_at` timestamp NOT NULL DEFAULT CURRENT_TIMESTAMP COMMENT 'Created At',
  `updated_at` timestamp NOT NULL DEFAULT CURRENT_TIMESTAMP ON UPDATE CURRENT_TIMESTAMP COMMENT 'Updated At',
  `total_item_count` smallint(5) UNSIGNED NOT NULL DEFAULT '0' COMMENT 'Total Item Count',
  `customer_gender` int(11) DEFAULT NULL COMMENT 'Customer Gender',
  `discount_tax_compensation_amount` decimal(12,4) DEFAULT NULL COMMENT 'Discount Tax Compensation Amount',
  `base_discount_tax_compensation_amount` decimal(12,4) DEFAULT NULL COMMENT 'Base Discount Tax Compensation Amount',
  `shipping_discount_tax_compensation_amount` decimal(12,4) DEFAULT NULL COMMENT 'Shipping Discount Tax Compensation Amount',
  `base_shipping_discount_tax_compensation_amnt` decimal(12,4) DEFAULT NULL COMMENT 'Base Shipping Discount Tax Compensation Amount',
  `discount_tax_compensation_invoiced` decimal(12,4) DEFAULT NULL COMMENT 'Discount Tax Compensation Invoiced',
  `base_discount_tax_compensation_invoiced` decimal(12,4) DEFAULT NULL COMMENT 'Base Discount Tax Compensation Invoiced',
  `discount_tax_compensation_refunded` decimal(12,4) DEFAULT NULL COMMENT 'Discount Tax Compensation Refunded',
  `base_discount_tax_compensation_refunded` decimal(12,4) DEFAULT NULL COMMENT 'Base Discount Tax Compensation Refunded',
  `shipping_incl_tax` decimal(12,4) DEFAULT NULL COMMENT 'Shipping Incl Tax',
  `base_shipping_incl_tax` decimal(12,4) DEFAULT NULL COMMENT 'Base Shipping Incl Tax',
  `coupon_rule_name` varchar(255) DEFAULT NULL COMMENT 'Coupon Sales Rule Name',
  `gift_message_id` int(11) DEFAULT NULL COMMENT 'Gift Message Id',
  `paypal_ipn_customer_notified` int(11) DEFAULT '0' COMMENT 'Paypal Ipn Customer Notified'
) ENGINE=InnoDB DEFAULT CHARSET=utf8 COMMENT='Sales Flat Order';

--
-- Dumping data for table `sales_order`
--

INSERT INTO `sales_order` (`entity_id`, `state`, `status`, `coupon_code`, `protect_code`, `shipping_description`, `is_virtual`, `store_id`, `customer_id`, `base_discount_amount`, `base_discount_canceled`, `base_discount_invoiced`, `base_discount_refunded`, `base_grand_total`, `base_shipping_amount`, `base_shipping_canceled`, `base_shipping_invoiced`, `base_shipping_refunded`, `base_shipping_tax_amount`, `base_shipping_tax_refunded`, `base_subtotal`, `base_subtotal_canceled`, `base_subtotal_invoiced`, `base_subtotal_refunded`, `base_tax_amount`, `base_tax_canceled`, `base_tax_invoiced`, `base_tax_refunded`, `base_to_global_rate`, `base_to_order_rate`, `base_total_canceled`, `base_total_invoiced`, `base_total_invoiced_cost`, `base_total_offline_refunded`, `base_total_online_refunded`, `base_total_paid`, `base_total_qty_ordered`, `base_total_refunded`, `discount_amount`, `discount_canceled`, `discount_invoiced`, `discount_refunded`, `grand_total`, `shipping_amount`, `shipping_canceled`, `shipping_invoiced`, `shipping_refunded`, `shipping_tax_amount`, `shipping_tax_refunded`, `store_to_base_rate`, `store_to_order_rate`, `subtotal`, `subtotal_canceled`, `subtotal_invoiced`, `subtotal_refunded`, `tax_amount`, `tax_canceled`, `tax_invoiced`, `tax_refunded`, `total_canceled`, `total_invoiced`, `total_offline_refunded`, `total_online_refunded`, `total_paid`, `total_qty_ordered`, `total_refunded`, `can_ship_partially`, `can_ship_partially_item`, `customer_is_guest`, `customer_note_notify`, `billing_address_id`, `customer_group_id`, `edit_increment`, `email_sent`, `send_email`, `forced_shipment_with_invoice`, `payment_auth_expiration`, `quote_address_id`, `quote_id`, `shipping_address_id`, `adjustment_negative`, `adjustment_positive`, `base_adjustment_negative`, `base_adjustment_positive`, `base_shipping_discount_amount`, `base_subtotal_incl_tax`, `base_total_due`, `payment_authorization_amount`, `shipping_discount_amount`, `subtotal_incl_tax`, `total_due`, `weight`, `customer_dob`, `increment_id`, `applied_rule_ids`, `base_currency_code`, `customer_email`, `customer_firstname`, `customer_lastname`, `customer_middlename`, `customer_prefix`, `customer_suffix`, `customer_taxvat`, `discount_description`, `ext_customer_id`, `ext_order_id`, `global_currency_code`, `hold_before_state`, `hold_before_status`, `order_currency_code`, `original_increment_id`, `relation_child_id`, `relation_child_real_id`, `relation_parent_id`, `relation_parent_real_id`, `remote_ip`, `shipping_method`, `store_currency_code`, `store_name`, `x_forwarded_for`, `customer_note`, `created_at`, `updated_at`, `total_item_count`, `customer_gender`, `discount_tax_compensation_amount`, `base_discount_tax_compensation_amount`, `shipping_discount_tax_compensation_amount`, `base_shipping_discount_tax_compensation_amnt`, `discount_tax_compensation_invoiced`, `base_discount_tax_compensation_invoiced`, `discount_tax_compensation_refunded`, `base_discount_tax_compensation_refunded`, `shipping_incl_tax`, `base_shipping_incl_tax`, `coupon_rule_name`, `gift_message_id`, `paypal_ipn_customer_notified`) VALUES
(1, 'processing', 'processing', NULL, '2e2423202bc744de7013cb8dde0179cd', 'Flat Rate - Fixed', 0, 1, 1, '0.0000', NULL, '0.0000', NULL, '36.3900', '5.0000', NULL, '5.0000', NULL, '0.0000', NULL, '29.0000', NULL, '29.0000', NULL, '2.3900', NULL, '2.3900', NULL, '1.0000', '1.0000', NULL, '36.3900', '0.0000', NULL, NULL, '36.3900', NULL, NULL, '0.0000', NULL, '0.0000', NULL, '36.3900', '5.0000', NULL, '5.0000', NULL, '0.0000', NULL, '0.0000', '0.0000', '29.0000', NULL, '29.0000', NULL, '2.3900', NULL, '2.3900', NULL, NULL, '36.3900', NULL, NULL, '36.3900', '1.0000', NULL, NULL, NULL, 0, 1, 2, 1, NULL, NULL, NULL, NULL, NULL, NULL, 1, 1, NULL, NULL, NULL, NULL, '0.0000', '31.3900', '36.3900', NULL, '0.0000', '31.3900', '36.3900', '1.0000', '1973-12-15 00:00:00', '000000001', '1', 'USD', 'roni_cost@example.com', 'Veronica', 'Costello', NULL, NULL, NULL, NULL, NULL, NULL, NULL, 'USD', NULL, NULL, 'USD', NULL, NULL, NULL, NULL, NULL, NULL, 'flatrate_flatrate', 'USD', 'Main Website\nMain Website Store\n', NULL, NULL, '2017-10-21 08:25:46', '2017-10-21 08:25:48', 1, 2, '0.0000', '0.0000', '0.0000', NULL, '0.0000', '0.0000', NULL, NULL, '5.0000', '5.0000', NULL, NULL, 0),
(2, 'complete', 'complete', NULL, 'e16e5c2b76ba84aa81bd440f9d6fc92c', 'Flat Rate - Fixed', 0, 1, 1, '0.0000', NULL, '0.0000', '0.0000', '39.6400', '5.0000', NULL, '5.0000', '5.0000', '0.0000', '0.0000', '32.0000', NULL, '32.0000', '0.0000', '2.6400', NULL, '2.6400', '2.6400', '1.0000', '1.0000', NULL, '39.6400', '0.0000', '7.6400', NULL, '39.6400', NULL, '7.6400', '0.0000', NULL, '0.0000', '0.0000', '39.6400', '5.0000', NULL, '5.0000', '5.0000', '0.0000', '0.0000', '0.0000', '0.0000', '32.0000', NULL, '32.0000', '0.0000', '2.6400', NULL, '2.6400', '2.6400', NULL, '39.6400', '7.6400', NULL, '39.6400', '1.0000', '7.6400', NULL, NULL, 0, 1, 4, 1, NULL, NULL, NULL, NULL, NULL, NULL, 2, 3, '0.0000', '0.0000', '0.0000', '0.0000', '0.0000', '34.6400', '0.0000', NULL, '0.0000', '34.6400', '0.0000', '1.0000', '1973-12-15 00:00:00', '000000002', '1', 'USD', 'roni_cost@example.com', 'Veronica', 'Costello', NULL, NULL, NULL, NULL, NULL, NULL, NULL, 'USD', NULL, NULL, 'USD', NULL, NULL, NULL, NULL, NULL, NULL, 'flatrate_flatrate', 'USD', 'Main Website\nMain Website Store\n', NULL, NULL, '2017-10-21 08:25:49', '2017-10-21 08:25:51', 1, 2, '0.0000', '0.0000', '0.0000', NULL, '0.0000', '0.0000', '0.0000', '0.0000', '5.0000', '5.0000', NULL, NULL, 0),
(3, 'new', 'pending', NULL, '981f96483377d9f76cb440c334bdc005', NULL, 1, 1, 2, '0.0000', NULL, NULL, NULL, '11.9500', '0.0000', NULL, NULL, NULL, '0.0000', NULL, '11.9500', NULL, NULL, NULL, '0.0000', NULL, NULL, NULL, '1.0000', '1.0000', NULL, NULL, NULL, NULL, NULL, NULL, NULL, NULL, '0.0000', NULL, NULL, NULL, '11.9500', '0.0000', NULL, NULL, NULL, '0.0000', NULL, '0.0000', '0.0000', '11.9500', NULL, NULL, NULL, '0.0000', NULL, NULL, NULL, NULL, NULL, NULL, NULL, NULL, '1.0000', NULL, NULL, NULL, 1, 1, 5, 0, NULL, 1, 1, NULL, NULL, NULL, 5, NULL, NULL, NULL, NULL, NULL, '0.0000', '11.9500', '11.9500', NULL, '0.0000', '11.9500', '11.9500', '0.0000', NULL, '000000003', NULL, 'USD', 'test@test.com', NULL, NULL, NULL, NULL, NULL, NULL, NULL, NULL, NULL, 'USD', NULL, NULL, 'USD', NULL, NULL, NULL, NULL, NULL, '171.49.196.167', NULL, 'USD', 'Main Website\nMain Website Store\n', NULL, NULL, '2017-11-29 18:03:27', '2017-11-29 18:03:42', 1, NULL, '0.0000', '0.0000', '0.0000', NULL, NULL, NULL, NULL, NULL, '0.0000', '0.0000', NULL, NULL, 0),
(4, 'new', 'pending', NULL, '2b17183ceefbf929dd9d97ea286b054e', 'Best Way - Table Rate', 0, 1, 5, '0.0000', NULL, NULL, NULL, '29.0000', '15.0000', NULL, NULL, NULL, '0.0000', NULL, '14.0000', NULL, NULL, NULL, '0.0000', NULL, NULL, NULL, '1.0000', '1.0000', NULL, NULL, NULL, NULL, NULL, NULL, NULL, NULL, '0.0000', NULL, NULL, NULL, '29.0000', '15.0000', NULL, NULL, NULL, '0.0000', NULL, '0.0000', '0.0000', '14.0000', NULL, NULL, NULL, '0.0000', NULL, NULL, NULL, NULL, NULL, NULL, NULL, NULL, '2.0000', NULL, NULL, NULL, 0, 1, 7, 1, NULL, 1, 1, NULL, NULL, NULL, 12, 6, NULL, NULL, NULL, NULL, '0.0000', '14.0000', '29.0000', NULL, '0.0000', '14.0000', '29.0000', '0.0000', NULL, '000000004', NULL, 'USD', 'vinoth.baskar@inkrefuge.com', 'vino', 'boss', NULL, NULL, NULL, NULL, NULL, NULL, NULL, 'USD', NULL, NULL, 'USD', NULL, NULL, NULL, NULL, NULL, '103.92.200.146', 'tablerate_bestway', 'USD', 'Main Website\nMain Website Store\n', NULL, NULL, '2017-12-04 08:45:32', '2017-12-04 08:45:33', 1, NULL, '0.0000', '0.0000', '0.0000', NULL, NULL, NULL, NULL, NULL, '15.0000', '15.0000', NULL, NULL, 0),
(5, 'new', 'pending', NULL, 'c5ef2d2b772a3bf3971337252506ea5b', 'Flat Rate - Fixed', 0, 1, 5, '0.0000', NULL, NULL, NULL, '41.0000', '10.0000', NULL, NULL, NULL, '0.0000', NULL, '31.0000', NULL, NULL, NULL, '0.0000', NULL, NULL, NULL, '1.0000', '1.0000', NULL, NULL, NULL, NULL, NULL, NULL, NULL, NULL, '0.0000', NULL, NULL, NULL, '41.0000', '10.0000', NULL, NULL, NULL, '0.0000', NULL, '0.0000', '0.0000', '31.0000', NULL, NULL, NULL, '0.0000', NULL, NULL, NULL, NULL, NULL, NULL, NULL, NULL, '2.0000', NULL, NULL, NULL, 0, 1, 8, 1, NULL, 1, 1, NULL, NULL, NULL, 13, 9, NULL, NULL, NULL, NULL, '0.0000', '31.0000', NULL, NULL, '0.0000', '31.0000', NULL, '0.0000', NULL, '000000005', NULL, 'USD', 'vinoth.baskar@inkrefuge.com', 'vino', 'boss', NULL, NULL, NULL, NULL, NULL, NULL, NULL, 'USD', NULL, NULL, 'USD', NULL, NULL, NULL, NULL, NULL, '103.66.79.104', 'flatrate_flatrate', 'USD', 'Main Website\nMain Website Store\n', NULL, NULL, '2017-12-04 10:51:46', '2017-12-04 10:51:46', 2, NULL, '0.0000', '0.0000', '0.0000', NULL, NULL, NULL, NULL, NULL, '10.0000', '10.0000', NULL, NULL, 0),
(6, 'new', 'pending', NULL, '36a3401b0f92814250ce9037ffdea88b', 'Flat Rate - Fixed', 0, 1, 5, '0.0000', NULL, NULL, NULL, '53.0000', '15.0000', NULL, NULL, NULL, '0.0000', NULL, '38.0000', NULL, NULL, NULL, '0.0000', NULL, NULL, NULL, '1.0000', '1.0000', NULL, NULL, NULL, NULL, NULL, NULL, NULL, NULL, '0.0000', NULL, NULL, NULL, '53.0000', '15.0000', NULL, NULL, NULL, '0.0000', NULL, '0.0000', '0.0000', '38.0000', NULL, NULL, NULL, '0.0000', NULL, NULL, NULL, NULL, NULL, NULL, NULL, NULL, '5.0000', NULL, NULL, NULL, 0, 1, 10, 1, NULL, 1, 1, NULL, NULL, NULL, 20, 11, NULL, NULL, NULL, NULL, '0.0000', '38.0000', NULL, NULL, '0.0000', '38.0000', NULL, '0.0000', NULL, '000000006', NULL, 'USD', 'vinoth.baskar@inkrefuge.com', 'vino', 'boss', NULL, NULL, NULL, NULL, NULL, NULL, NULL, 'USD', NULL, NULL, 'USD', NULL, NULL, NULL, NULL, NULL, '103.92.200.146', 'flatrate_flatrate', 'USD', 'Main Website\nMain Website Store\n', NULL, NULL, '2017-12-04 11:16:04', '2017-12-04 11:16:04', 3, NULL, '0.0000', '0.0000', '0.0000', NULL, NULL, NULL, NULL, NULL, '15.0000', '15.0000', NULL, NULL, 0),
(7, 'new', 'pending', NULL, '49c795789c51c74961695d23973de511', NULL, 1, 1, 5, '0.0000', NULL, NULL, NULL, '23.9000', '0.0000', NULL, NULL, NULL, '0.0000', NULL, '23.9000', NULL, NULL, NULL, '0.0000', NULL, NULL, NULL, '1.0000', '1.0000', NULL, NULL, NULL, NULL, NULL, NULL, NULL, NULL, '0.0000', NULL, NULL, NULL, '23.9000', '0.0000', NULL, NULL, NULL, '0.0000', NULL, '0.0000', '0.0000', '23.9000', NULL, NULL, NULL, '0.0000', NULL, NULL, NULL, NULL, NULL, NULL, NULL, NULL, '5.0000', NULL, NULL, NULL, 0, 1, 12, 1, NULL, 1, 1, NULL, NULL, NULL, 20, NULL, NULL, NULL, NULL, NULL, '0.0000', '23.9000', NULL, NULL, '0.0000', '23.9000', NULL, '0.0000', NULL, '000000007', NULL, 'USD', 'vinoth.baskar@inkrefuge.com', 'vino', 'boss', NULL, NULL, NULL, NULL, NULL, NULL, NULL, 'USD', NULL, NULL, 'USD', NULL, NULL, NULL, NULL, NULL, '103.92.200.146', NULL, 'USD', 'Main Website\nMain Website Store\n', NULL, NULL, '2017-12-04 11:16:05', '2017-12-04 11:16:05', 1, NULL, '0.0000', '0.0000', '0.0000', NULL, NULL, NULL, NULL, NULL, '0.0000', '0.0000', NULL, NULL, 0),
(8, 'new', 'pending', NULL, '7e7a7982b23f2a8ce7f371882bdb8a66', 'Flat Rate - Fixed', 0, 1, 5, '0.0000', NULL, NULL, NULL, '24.0000', '10.0000', NULL, NULL, NULL, '0.0000', NULL, '14.0000', NULL, NULL, NULL, '0.0000', NULL, NULL, NULL, '1.0000', '1.0000', NULL, NULL, NULL, NULL, NULL, NULL, NULL, NULL, '0.0000', NULL, NULL, NULL, '24.0000', '10.0000', NULL, NULL, NULL, '0.0000', NULL, '0.0000', '0.0000', '14.0000', NULL, NULL, NULL, '0.0000', NULL, NULL, NULL, NULL, NULL, NULL, NULL, NULL, '2.0000', NULL, NULL, NULL, 0, 1, 13, 1, NULL, 1, 1, NULL, NULL, NULL, 26, 14, NULL, NULL, NULL, NULL, '0.0000', '14.0000', NULL, NULL, '0.0000', '14.0000', NULL, '0.0000', NULL, '000000008', NULL, 'USD', 'vinoth.baskar@inkrefuge.com', 'vino', 'boss', NULL, NULL, NULL, NULL, NULL, NULL, NULL, 'USD', NULL, NULL, 'USD', NULL, NULL, NULL, NULL, NULL, '103.92.200.146', 'flatrate_flatrate', 'USD', 'Main Website\nMain Website Store\n', NULL, NULL, '2017-12-06 11:58:09', '2017-12-06 11:58:09', 1, NULL, '0.0000', '0.0000', '0.0000', NULL, NULL, NULL, NULL, NULL, '10.0000', '10.0000', NULL, NULL, 0),
(9, 'complete', 'complete', NULL, '14647a25fefdeae2d2ddd3c1c58f014b', NULL, 1, 1, NULL, '0.0000', NULL, '0.0000', NULL, '23.9500', '0.0000', NULL, '0.0000', NULL, '0.0000', NULL, '23.9500', NULL, '23.9500', NULL, '0.0000', NULL, '0.0000', NULL, '1.0000', '1.0000', NULL, '23.9500', '0.0000', NULL, NULL, '23.9500', NULL, NULL, '0.0000', NULL, '0.0000', NULL, '23.9500', '0.0000', NULL, '0.0000', NULL, '0.0000', NULL, '0.0000', '0.0000', '23.9500', NULL, '23.9500', NULL, '0.0000', NULL, '0.0000', NULL, NULL, '23.9500', NULL, NULL, '23.9500', '1.0000', NULL, NULL, NULL, 1, 0, 15, 0, NULL, 1, 1, NULL, NULL, NULL, 34, NULL, NULL, NULL, NULL, NULL, '0.0000', '23.9500', '0.0000', NULL, '0.0000', '23.9500', '0.0000', '0.0000', NULL, '000000009', NULL, 'USD', 'test@i95dev.com', NULL, NULL, NULL, NULL, NULL, NULL, NULL, NULL, NULL, 'USD', NULL, NULL, 'USD', NULL, NULL, NULL, NULL, NULL, '103.44.1.131', NULL, 'USD', 'Main Website\nMain Website Store\n', NULL, NULL, '2018-01-09 10:25:39', '2018-01-09 11:38:33', 1, NULL, '0.0000', '0.0000', '0.0000', NULL, '0.0000', '0.0000', NULL, NULL, '0.0000', '0.0000', NULL, NULL, 0),
(10, 'new', 'pending', NULL, '2ba527dc5e23dd30ddd6beadd70f9b06', NULL, 1, 1, NULL, '0.0000', NULL, NULL, NULL, '23.9500', '0.0000', NULL, NULL, NULL, '0.0000', NULL, '23.9500', NULL, NULL, NULL, '0.0000', NULL, NULL, NULL, '1.0000', '1.0000', NULL, NULL, NULL, NULL, NULL, NULL, NULL, NULL, '0.0000', NULL, NULL, NULL, '23.9500', '0.0000', NULL, NULL, NULL, '0.0000', NULL, '0.0000', '0.0000', '23.9500', NULL, NULL, NULL, '0.0000', NULL, NULL, NULL, NULL, NULL, NULL, NULL, NULL, '1.0000', NULL, NULL, NULL, 1, 1, 16, 0, NULL, 1, 1, NULL, NULL, NULL, 45, NULL, NULL, NULL, NULL, NULL, '0.0000', '23.9500', '23.9500', NULL, '0.0000', '23.9500', '23.9500', '0.0000', NULL, '000000010', NULL, 'USD', 'balaji@inkrefuge.com', NULL, NULL, NULL, NULL, NULL, NULL, NULL, NULL, NULL, 'USD', NULL, NULL, 'USD', NULL, NULL, NULL, NULL, NULL, '45.251.34.234', NULL, 'USD', 'Main Website\nMain Website Store\n', NULL, NULL, '2018-01-17 06:11:37', '2018-01-17 06:11:37', 1, NULL, '0.0000', '0.0000', '0.0000', NULL, NULL, NULL, NULL, NULL, '0.0000', '0.0000', NULL, NULL, 0),
(11, 'new', 'pending', NULL, '02c460aa7a615187cc3cab8d2f90b7fc', NULL, 1, 1, NULL, '0.0000', NULL, NULL, NULL, '23.9500', '0.0000', NULL, NULL, NULL, '0.0000', NULL, '23.9500', NULL, NULL, NULL, '0.0000', NULL, NULL, NULL, '1.0000', '1.0000', NULL, NULL, NULL, NULL, NULL, NULL, NULL, NULL, '0.0000', NULL, NULL, NULL, '23.9500', '0.0000', NULL, NULL, NULL, '0.0000', NULL, '0.0000', '0.0000', '23.9500', NULL, NULL, NULL, '0.0000', NULL, NULL, NULL, NULL, NULL, NULL, NULL, NULL, '1.0000', NULL, NULL, NULL, 1, 1, 17, 0, NULL, 1, 1, NULL, NULL, NULL, 46, NULL, NULL, NULL, NULL, NULL, '0.0000', '23.9500', '23.9500', NULL, '0.0000', '23.9500', '23.9500', '0.0000', NULL, '000000011', NULL, 'USD', 'ben@inkrefuge.com', NULL, NULL, NULL, NULL, NULL, NULL, NULL, NULL, NULL, 'USD', NULL, NULL, 'USD', NULL, NULL, NULL, NULL, NULL, '68.228.88.59', NULL, 'USD', 'Main Website\nMain Website Store\n', NULL, NULL, '2018-01-17 06:25:35', '2018-01-17 06:25:36', 1, NULL, '0.0000', '0.0000', '0.0000', NULL, NULL, NULL, NULL, NULL, '0.0000', '0.0000', NULL, NULL, 0),
(12, 'new', 'pending', NULL, 'c6b5b73b6318f9e40dc43d2ae542e84d', 'Best Way - Table Rate', 0, 1, NULL, '0.0000', NULL, NULL, NULL, '22.0000', '15.0000', NULL, NULL, NULL, '0.0000', NULL, '7.0000', NULL, NULL, NULL, '0.0000', NULL, NULL, NULL, '1.0000', '1.0000', NULL, NULL, NULL, NULL, NULL, NULL, NULL, NULL, '0.0000', NULL, NULL, NULL, '22.0000', '15.0000', NULL, NULL, NULL, '0.0000', NULL, '0.0000', '0.0000', '7.0000', NULL, NULL, NULL, '0.0000', NULL, NULL, NULL, NULL, NULL, NULL, NULL, NULL, '1.0000', NULL, NULL, NULL, 1, 1, 19, 0, NULL, 1, 1, NULL, NULL, NULL, 47, 18, NULL, NULL, NULL, NULL, '0.0000', '7.0000', '22.0000', NULL, '0.0000', '7.0000', '22.0000', '0.0000', NULL, '000000012', NULL, 'USD', 'ram.shankar@inkrefuge.com', NULL, NULL, NULL, NULL, NULL, NULL, NULL, NULL, NULL, 'USD', NULL, NULL, 'USD', NULL, NULL, NULL, NULL, NULL, '157.50.22.23', 'tablerate_bestway', 'USD', 'Main Website\nMain Website Store\n', NULL, NULL, '2018-01-17 06:38:08', '2018-01-17 06:38:08', 1, NULL, '0.0000', '0.0000', '0.0000', NULL, NULL, NULL, NULL, NULL, '15.0000', '15.0000', NULL, NULL, 0),
(13, 'new', 'pending', NULL, 'a949f854279316874104db895a0f00db', NULL, 1, 1, NULL, '0.0000', NULL, NULL, NULL, '23.9000', '0.0000', NULL, NULL, NULL, '0.0000', NULL, '23.9000', NULL, NULL, NULL, '0.0000', NULL, NULL, NULL, '1.0000', '1.0000', NULL, NULL, NULL, NULL, NULL, NULL, NULL, NULL, '0.0000', NULL, NULL, NULL, '23.9000', '0.0000', NULL, NULL, NULL, '0.0000', NULL, '0.0000', '0.0000', '23.9000', NULL, NULL, NULL, '0.0000', NULL, NULL, NULL, NULL, NULL, NULL, NULL, NULL, '2.0000', NULL, NULL, NULL, 1, 1, 20, 0, NULL, 1, 1, NULL, NULL, NULL, 57, NULL, NULL, NULL, NULL, NULL, '0.0000', '23.9000', '23.9000', NULL, '0.0000', '23.9000', '23.9000', '0.0000', NULL, '000000013', NULL, 'USD', 'balaji@inkrefuge.com', NULL, NULL, NULL, NULL, NULL, NULL, NULL, NULL, NULL, 'USD', NULL, NULL, 'USD', NULL, NULL, NULL, NULL, NULL, '45.251.34.234', NULL, 'USD', 'Main Website\nMain Website Store\n', NULL, NULL, '2018-01-17 12:07:26', '2018-01-17 12:07:27', 1, NULL, '0.0000', '0.0000', '0.0000', NULL, NULL, NULL, NULL, NULL, '0.0000', '0.0000', NULL, NULL, 0),
(14, 'new', 'pending', NULL, '61fd26060e7dd69a05508f0cc79963e9', NULL, 1, 1, 9, '0.0000', NULL, NULL, NULL, '11.9500', '0.0000', NULL, NULL, NULL, '0.0000', NULL, '11.9500', NULL, NULL, NULL, '0.0000', NULL, NULL, NULL, '1.0000', '1.0000', NULL, NULL, NULL, NULL, NULL, NULL, NULL, NULL, '0.0000', NULL, NULL, NULL, '11.9500', '0.0000', NULL, NULL, NULL, '0.0000', NULL, '0.0000', '0.0000', '11.9500', NULL, NULL, NULL, '0.0000', NULL, NULL, NULL, NULL, NULL, NULL, NULL, NULL, '1.0000', NULL, NULL, NULL, 1, 1, 21, 0, NULL, 1, 1, NULL, NULL, NULL, 59, NULL, NULL, NULL, NULL, NULL, '0.0000', '11.9500', '11.9500', NULL, '0.0000', '11.9500', '11.9500', '0.0000', NULL, '000000014', NULL, 'USD', 'balaji@inkrefuge.com', NULL, NULL, NULL, NULL, NULL, NULL, NULL, NULL, NULL, 'USD', NULL, NULL, 'USD', NULL, NULL, NULL, NULL, NULL, '171.49.207.0', NULL, 'USD', 'Main Website\nMain Website Store\n', NULL, NULL, '2018-01-17 13:41:09', '2018-01-17 13:41:22', 1, NULL, '0.0000', '0.0000', '0.0000', NULL, NULL, NULL, NULL, NULL, '0.0000', '0.0000', NULL, NULL, 0);

-- --------------------------------------------------------

--
-- Table structure for table `sales_order_address`
--

CREATE TABLE `sales_order_address` (
  `entity_id` int(10) UNSIGNED NOT NULL COMMENT 'Entity Id',
  `parent_id` int(10) UNSIGNED DEFAULT NULL COMMENT 'Parent Id',
  `customer_address_id` int(11) DEFAULT NULL COMMENT 'Customer Address Id',
  `quote_address_id` int(11) DEFAULT NULL COMMENT 'Quote Address Id',
  `region_id` int(11) DEFAULT NULL COMMENT 'Region Id',
  `customer_id` int(11) DEFAULT NULL COMMENT 'Customer Id',
  `fax` varchar(255) DEFAULT NULL COMMENT 'Fax',
  `region` varchar(255) DEFAULT NULL COMMENT 'Region',
  `postcode` varchar(255) DEFAULT NULL COMMENT 'Postcode',
  `lastname` varchar(255) DEFAULT NULL COMMENT 'Lastname',
  `street` varchar(255) DEFAULT NULL COMMENT 'Street',
  `city` varchar(255) DEFAULT NULL COMMENT 'City',
  `email` varchar(255) DEFAULT NULL COMMENT 'Email',
  `telephone` varchar(255) DEFAULT NULL COMMENT 'Phone Number',
  `country_id` varchar(2) DEFAULT NULL COMMENT 'Country Id',
  `firstname` varchar(255) DEFAULT NULL COMMENT 'Firstname',
  `address_type` varchar(255) DEFAULT NULL COMMENT 'Address Type',
  `prefix` varchar(255) DEFAULT NULL COMMENT 'Prefix',
  `middlename` varchar(255) DEFAULT NULL COMMENT 'Middlename',
  `suffix` varchar(255) DEFAULT NULL COMMENT 'Suffix',
  `company` varchar(255) DEFAULT NULL COMMENT 'Company',
  `vat_id` text COMMENT 'Vat Id',
  `vat_is_valid` smallint(6) DEFAULT NULL COMMENT 'Vat Is Valid',
  `vat_request_id` text COMMENT 'Vat Request Id',
  `vat_request_date` text COMMENT 'Vat Request Date',
  `vat_request_success` smallint(6) DEFAULT NULL COMMENT 'Vat Request Success'
) ENGINE=InnoDB DEFAULT CHARSET=utf8 COMMENT='Sales Flat Order Address';

--
-- Dumping data for table `sales_order_address`
--

INSERT INTO `sales_order_address` (`entity_id`, `parent_id`, `customer_address_id`, `quote_address_id`, `region_id`, `customer_id`, `fax`, `region`, `postcode`, `lastname`, `street`, `city`, `email`, `telephone`, `country_id`, `firstname`, `address_type`, `prefix`, `middlename`, `suffix`, `company`, `vat_id`, `vat_is_valid`, `vat_request_id`, `vat_request_date`, `vat_request_success`) VALUES
(1, 1, 1, NULL, 33, NULL, NULL, 'Michigan', '49628-7978', 'Costello', '6146 Honey Bluff Parkway', 'Calder', 'roni_cost@example.com', '(555) 229-3326', 'US', 'Veronica', 'shipping', NULL, NULL, NULL, NULL, NULL, NULL, NULL, NULL, NULL),
(2, 1, 1, NULL, 33, NULL, NULL, 'Michigan', '49628-7978', 'Costello', '6146 Honey Bluff Parkway', 'Calder', 'roni_cost@example.com', '(555) 229-3326', 'US', 'Veronica', 'billing', NULL, NULL, NULL, NULL, NULL, NULL, NULL, NULL, NULL),
(3, 2, 1, NULL, 33, NULL, NULL, 'Michigan', '49628-7978', 'Costello', '6146 Honey Bluff Parkway', 'Calder', 'roni_cost@example.com', '(555) 229-3326', 'US', 'Veronica', 'shipping', NULL, NULL, NULL, NULL, NULL, NULL, NULL, NULL, NULL),
(4, 2, 1, NULL, 33, NULL, NULL, 'Michigan', '49628-7978', 'Costello', '6146 Honey Bluff Parkway', 'Calder', 'roni_cost@example.com', '(555) 229-3326', 'US', 'Veronica', 'billing', NULL, NULL, NULL, NULL, NULL, NULL, NULL, NULL, NULL),
(5, 3, NULL, NULL, 12, NULL, NULL, 'California', 'sdfdf', 's', 'sdfsdf', 'sdfsdf', 'test@test.com', 'scsd', 'US', 's', 'billing', NULL, NULL, NULL, NULL, NULL, NULL, NULL, NULL, NULL),
(6, 4, 3, NULL, 19, NULL, NULL, 'Georgia', '999-645', 'boss', 'test', 'usa', 'vinoth.baskar@inkrefuge.com', '123456789', 'US', 'vino', 'shipping', NULL, NULL, NULL, NULL, NULL, NULL, NULL, NULL, NULL),
(7, 4, NULL, NULL, 19, NULL, NULL, 'Georgia', '999-645', 'boss', 'test', 'usa', 'vinoth.baskar@inkrefuge.com', '123456789', 'US', 'vino', 'billing', NULL, NULL, NULL, NULL, NULL, NULL, NULL, NULL, NULL),
(8, 5, 3, NULL, 19, NULL, NULL, 'Georgia', '999-645', 'boss', 'test', 'usa', 'vinoth.baskar@inkrefuge.com', '123456789', 'US', 'vino', 'billing', NULL, NULL, NULL, NULL, NULL, NULL, NULL, NULL, NULL),
(9, 5, NULL, NULL, 19, NULL, NULL, 'Georgia', '999-645', 'boss', 'test', 'usa', 'vinoth.baskar@inkrefuge.com', '123456789', 'US', 'vino', 'shipping', NULL, NULL, NULL, NULL, NULL, NULL, NULL, NULL, NULL),
(10, 6, 3, NULL, 19, NULL, NULL, 'Georgia', '999-645', 'boss', 'test', 'usa', 'vinoth.baskar@inkrefuge.com', '123456789', 'US', 'vino', 'billing', NULL, NULL, NULL, NULL, NULL, NULL, NULL, NULL, NULL),
(11, 6, NULL, NULL, 19, NULL, NULL, 'Georgia', '999-645', 'boss', 'test', 'usa', 'vinoth.baskar@inkrefuge.com', '123456789', 'US', 'vino', 'shipping', NULL, NULL, NULL, NULL, NULL, NULL, NULL, NULL, NULL),
(12, 7, 3, NULL, 19, NULL, NULL, 'Georgia', '999-645', 'boss', 'test', 'usa', 'vinoth.baskar@inkrefuge.com', '123456789', 'US', 'vino', 'billing', NULL, NULL, NULL, NULL, NULL, NULL, NULL, NULL, NULL),
(13, 8, 3, NULL, 19, NULL, NULL, 'Georgia', '999-645', 'boss', 'test', 'usa', 'vinoth.baskar@inkrefuge.com', '123456789', 'US', 'vino', 'billing', NULL, NULL, NULL, NULL, NULL, NULL, NULL, NULL, NULL),
(14, 8, NULL, NULL, 19, NULL, NULL, 'Georgia', '999-645', 'boss', 'test', 'usa', 'vinoth.baskar@inkrefuge.com', '123456789', 'US', 'vino', 'shipping', NULL, NULL, NULL, NULL, NULL, NULL, NULL, NULL, NULL),
(15, 9, NULL, NULL, 18, NULL, NULL, 'Florida', '12346', 'test', 'test address', 'Florida', 'test@i95dev.com', '123456789', 'US', 'test', 'billing', NULL, NULL, NULL, NULL, NULL, NULL, NULL, NULL, NULL),
(16, 10, NULL, NULL, 12, NULL, NULL, 'California', '92704', 'Nallathambi', 'Irvine', 'Irvine', 'balaji@inkrefuge.com', '123456789', 'US', 'Balaji', 'billing', NULL, NULL, NULL, 'Ink Refuge', NULL, NULL, NULL, NULL, NULL),
(17, 11, NULL, NULL, 12, NULL, NULL, 'California', '92691', 'Froehlich', '24581 Artemia Ave.', 'Mission Viejo', 'ben@inkrefuge.com', '9492907757', 'US', 'Benjamin', 'billing', NULL, NULL, NULL, NULL, NULL, NULL, NULL, NULL, NULL),
(18, 12, NULL, NULL, 12, NULL, NULL, 'California', '92701', 'zxcczc', 'Madurai', 'California', 'ram.shankar@inkrefuge.com', '0987654345678', 'US', 'Ram', 'shipping', NULL, NULL, NULL, NULL, NULL, NULL, NULL, NULL, NULL),
(19, 12, NULL, NULL, 12, NULL, NULL, 'California', '92701', 'zxcczc', 'Madurai', 'California', 'ram.shankar@inkrefuge.com', '0987654345678', 'US', 'Ram', 'billing', NULL, NULL, NULL, NULL, NULL, NULL, NULL, NULL, NULL),
(20, 13, NULL, NULL, 12, NULL, NULL, 'California', '92704', 'Nallathambi', 'Test', 'Irvine', 'balaji@inkrefuge.com', '12345678', 'US', 'Balaji', 'billing', NULL, NULL, NULL, 'InkRefuge', NULL, NULL, NULL, NULL, NULL),
(21, 14, NULL, NULL, 12, NULL, NULL, 'California', '92704', 'Nallathambi', 'C 28, 4th Floor, Thillai Nagar west, 4th Floor', 'Irvine', 'balaji@inkrefuge.com', '9884287584', 'US', 'Balaji', 'billing', NULL, NULL, NULL, NULL, NULL, NULL, NULL, NULL, NULL);

-- --------------------------------------------------------

--
-- Table structure for table `sales_order_aggregated_created`
--

CREATE TABLE `sales_order_aggregated_created` (
  `id` int(10) UNSIGNED NOT NULL COMMENT 'Id',
  `period` date DEFAULT NULL COMMENT 'Period',
  `store_id` smallint(5) UNSIGNED DEFAULT NULL COMMENT 'Store Id',
  `order_status` varchar(50) NOT NULL COMMENT 'Order Status',
  `orders_count` int(11) NOT NULL DEFAULT '0' COMMENT 'Orders Count',
  `total_qty_ordered` decimal(12,4) NOT NULL DEFAULT '0.0000' COMMENT 'Total Qty Ordered',
  `total_qty_invoiced` decimal(12,4) NOT NULL DEFAULT '0.0000' COMMENT 'Total Qty Invoiced',
  `total_income_amount` decimal(12,4) NOT NULL DEFAULT '0.0000' COMMENT 'Total Income Amount',
  `total_revenue_amount` decimal(12,4) NOT NULL DEFAULT '0.0000' COMMENT 'Total Revenue Amount',
  `total_profit_amount` decimal(12,4) NOT NULL DEFAULT '0.0000' COMMENT 'Total Profit Amount',
  `total_invoiced_amount` decimal(12,4) NOT NULL DEFAULT '0.0000' COMMENT 'Total Invoiced Amount',
  `total_canceled_amount` decimal(12,4) NOT NULL DEFAULT '0.0000' COMMENT 'Total Canceled Amount',
  `total_paid_amount` decimal(12,4) NOT NULL DEFAULT '0.0000' COMMENT 'Total Paid Amount',
  `total_refunded_amount` decimal(12,4) NOT NULL DEFAULT '0.0000' COMMENT 'Total Refunded Amount',
  `total_tax_amount` decimal(12,4) NOT NULL DEFAULT '0.0000' COMMENT 'Total Tax Amount',
  `total_tax_amount_actual` decimal(12,4) NOT NULL DEFAULT '0.0000' COMMENT 'Total Tax Amount Actual',
  `total_shipping_amount` decimal(12,4) NOT NULL DEFAULT '0.0000' COMMENT 'Total Shipping Amount',
  `total_shipping_amount_actual` decimal(12,4) NOT NULL DEFAULT '0.0000' COMMENT 'Total Shipping Amount Actual',
  `total_discount_amount` decimal(12,4) NOT NULL DEFAULT '0.0000' COMMENT 'Total Discount Amount',
  `total_discount_amount_actual` decimal(12,4) NOT NULL DEFAULT '0.0000' COMMENT 'Total Discount Amount Actual'
) ENGINE=InnoDB DEFAULT CHARSET=utf8 COMMENT='Sales Order Aggregated Created';

-- --------------------------------------------------------

--
-- Table structure for table `sales_order_aggregated_updated`
--

CREATE TABLE `sales_order_aggregated_updated` (
  `id` int(10) UNSIGNED NOT NULL COMMENT 'Id',
  `period` date DEFAULT NULL COMMENT 'Period',
  `store_id` smallint(5) UNSIGNED DEFAULT NULL COMMENT 'Store Id',
  `order_status` varchar(50) NOT NULL COMMENT 'Order Status',
  `orders_count` int(11) NOT NULL DEFAULT '0' COMMENT 'Orders Count',
  `total_qty_ordered` decimal(12,4) NOT NULL DEFAULT '0.0000' COMMENT 'Total Qty Ordered',
  `total_qty_invoiced` decimal(12,4) NOT NULL DEFAULT '0.0000' COMMENT 'Total Qty Invoiced',
  `total_income_amount` decimal(12,4) NOT NULL DEFAULT '0.0000' COMMENT 'Total Income Amount',
  `total_revenue_amount` decimal(12,4) NOT NULL DEFAULT '0.0000' COMMENT 'Total Revenue Amount',
  `total_profit_amount` decimal(12,4) NOT NULL DEFAULT '0.0000' COMMENT 'Total Profit Amount',
  `total_invoiced_amount` decimal(12,4) NOT NULL DEFAULT '0.0000' COMMENT 'Total Invoiced Amount',
  `total_canceled_amount` decimal(12,4) NOT NULL DEFAULT '0.0000' COMMENT 'Total Canceled Amount',
  `total_paid_amount` decimal(12,4) NOT NULL DEFAULT '0.0000' COMMENT 'Total Paid Amount',
  `total_refunded_amount` decimal(12,4) NOT NULL DEFAULT '0.0000' COMMENT 'Total Refunded Amount',
  `total_tax_amount` decimal(12,4) NOT NULL DEFAULT '0.0000' COMMENT 'Total Tax Amount',
  `total_tax_amount_actual` decimal(12,4) NOT NULL DEFAULT '0.0000' COMMENT 'Total Tax Amount Actual',
  `total_shipping_amount` decimal(12,4) NOT NULL DEFAULT '0.0000' COMMENT 'Total Shipping Amount',
  `total_shipping_amount_actual` decimal(12,4) NOT NULL DEFAULT '0.0000' COMMENT 'Total Shipping Amount Actual',
  `total_discount_amount` decimal(12,4) NOT NULL DEFAULT '0.0000' COMMENT 'Total Discount Amount',
  `total_discount_amount_actual` decimal(12,4) NOT NULL DEFAULT '0.0000' COMMENT 'Total Discount Amount Actual'
) ENGINE=InnoDB DEFAULT CHARSET=utf8 COMMENT='Sales Order Aggregated Updated';

-- --------------------------------------------------------

--
-- Table structure for table `sales_order_grid`
--

CREATE TABLE `sales_order_grid` (
  `entity_id` int(10) UNSIGNED NOT NULL COMMENT 'Entity Id',
  `status` varchar(32) DEFAULT NULL COMMENT 'Status',
  `store_id` smallint(5) UNSIGNED DEFAULT NULL COMMENT 'Store Id',
  `store_name` varchar(255) DEFAULT NULL COMMENT 'Store Name',
  `customer_id` int(10) UNSIGNED DEFAULT NULL COMMENT 'Customer Id',
  `base_grand_total` decimal(12,4) DEFAULT NULL COMMENT 'Base Grand Total',
  `base_total_paid` decimal(12,4) DEFAULT NULL COMMENT 'Base Total Paid',
  `grand_total` decimal(12,4) DEFAULT NULL COMMENT 'Grand Total',
  `total_paid` decimal(12,4) DEFAULT NULL COMMENT 'Total Paid',
  `increment_id` varchar(50) DEFAULT NULL COMMENT 'Increment Id',
  `base_currency_code` varchar(3) DEFAULT NULL COMMENT 'Base Currency Code',
  `order_currency_code` varchar(255) DEFAULT NULL COMMENT 'Order Currency Code',
  `shipping_name` varchar(255) DEFAULT NULL COMMENT 'Shipping Name',
  `billing_name` varchar(255) DEFAULT NULL COMMENT 'Billing Name',
  `created_at` timestamp NULL DEFAULT NULL COMMENT 'Created At',
  `updated_at` timestamp NULL DEFAULT NULL COMMENT 'Updated At',
  `billing_address` varchar(255) DEFAULT NULL COMMENT 'Billing Address',
  `shipping_address` varchar(255) DEFAULT NULL COMMENT 'Shipping Address',
  `shipping_information` varchar(255) DEFAULT NULL COMMENT 'Shipping Method Name',
  `customer_email` varchar(255) DEFAULT NULL COMMENT 'Customer Email',
  `customer_group` varchar(255) DEFAULT NULL COMMENT 'Customer Group',
  `subtotal` decimal(12,4) DEFAULT NULL COMMENT 'Subtotal',
  `shipping_and_handling` decimal(12,4) DEFAULT NULL COMMENT 'Shipping and handling amount',
  `customer_name` varchar(255) DEFAULT NULL COMMENT 'Customer Name',
  `payment_method` varchar(255) DEFAULT NULL COMMENT 'Payment Method',
  `total_refunded` decimal(12,4) DEFAULT NULL COMMENT 'Total Refunded'
) ENGINE=InnoDB DEFAULT CHARSET=utf8 COMMENT='Sales Flat Order Grid';

--
-- Dumping data for table `sales_order_grid`
--

INSERT INTO `sales_order_grid` (`entity_id`, `status`, `store_id`, `store_name`, `customer_id`, `base_grand_total`, `base_total_paid`, `grand_total`, `total_paid`, `increment_id`, `base_currency_code`, `order_currency_code`, `shipping_name`, `billing_name`, `created_at`, `updated_at`, `billing_address`, `shipping_address`, `shipping_information`, `customer_email`, `customer_group`, `subtotal`, `shipping_and_handling`, `customer_name`, `payment_method`, `total_refunded`) VALUES
(1, 'processing', 1, 'Main Website\nMain Website Store\n', 1, '36.3900', '36.3900', '36.3900', '36.3900', '000000001', 'USD', 'USD', 'Veronica Costello', 'Veronica Costello', '2017-10-21 08:25:46', '2017-10-21 08:25:48', '6146 Honey Bluff Parkway Calder Michigan 49628-7978', '6146 Honey Bluff Parkway Calder Michigan 49628-7978', 'Flat Rate - Fixed', 'roni_cost@example.com', '1', '29.0000', '5.0000', 'Veronica Costello', 'checkmo', NULL),
(2, 'complete', 1, 'Main Website\nMain Website Store\n', 1, '39.6400', '39.6400', '39.6400', '39.6400', '000000002', 'USD', 'USD', 'Veronica Costello', 'Veronica Costello', '2017-10-21 08:25:49', '2017-10-21 08:25:51', '6146 Honey Bluff Parkway Calder Michigan 49628-7978', '6146 Honey Bluff Parkway Calder Michigan 49628-7978', 'Flat Rate - Fixed', 'roni_cost@example.com', '1', '32.0000', '5.0000', 'Veronica Costello', 'checkmo', '7.6400'),
(3, 'pending', 1, 'Main Website\nMain Website Store\n', 2, '11.9500', NULL, '11.9500', NULL, '000000003', 'USD', 'USD', '', 's s', '2017-11-29 18:03:27', '2017-11-29 18:03:42', 'sdfsdf sdfsdf California sdfdf', '', NULL, 'test@test.com', '0', '11.9500', '0.0000', '', 'checkmo', NULL),
(4, 'pending', 1, 'Main Website\nMain Website Store\n', 5, '29.0000', NULL, '29.0000', NULL, '000000004', 'USD', 'USD', 'vino boss', 'vino boss', '2017-12-04 08:45:32', '2017-12-04 08:45:32', 'test usa Georgia 999-645', 'test usa Georgia 999-645', 'Best Way - Table Rate', 'vinoth.baskar@inkrefuge.com', '1', '14.0000', '15.0000', 'vino boss', 'checkmo', NULL),
(5, 'pending', 1, 'Main Website\nMain Website Store\n', 5, '41.0000', NULL, '41.0000', NULL, '000000005', 'USD', 'USD', 'vino boss', 'vino boss', '2017-12-04 10:51:46', '2017-12-04 10:51:46', 'test usa Georgia 999-645', 'test usa Georgia 999-645', 'Flat Rate - Fixed', 'vinoth.baskar@inkrefuge.com', '1', '31.0000', '10.0000', 'vino boss', 'checkmo', NULL),
(6, 'pending', 1, 'Main Website\nMain Website Store\n', 5, '53.0000', NULL, '53.0000', NULL, '000000006', 'USD', 'USD', 'vino boss', 'vino boss', '2017-12-04 11:16:04', '2017-12-04 11:16:04', 'test usa Georgia 999-645', 'test usa Georgia 999-645', 'Flat Rate - Fixed', 'vinoth.baskar@inkrefuge.com', '1', '38.0000', '15.0000', 'vino boss', 'checkmo', NULL),
(7, 'pending', 1, 'Main Website\nMain Website Store\n', 5, '23.9000', NULL, '23.9000', NULL, '000000007', 'USD', 'USD', '', 'vino boss', '2017-12-04 11:16:05', '2017-12-04 11:16:05', 'test usa Georgia 999-645', '', NULL, 'vinoth.baskar@inkrefuge.com', '1', '23.9000', '0.0000', 'vino boss', 'checkmo', NULL),
(8, 'pending', 1, 'Main Website\nMain Website Store\n', 5, '24.0000', NULL, '24.0000', NULL, '000000008', 'USD', 'USD', 'vino boss', 'vino boss', '2017-12-06 11:58:09', '2017-12-06 11:58:09', 'test usa Georgia 999-645', 'test usa Georgia 999-645', 'Flat Rate - Fixed', 'vinoth.baskar@inkrefuge.com', '1', '14.0000', '10.0000', 'vino boss', 'checkmo', NULL),
(9, 'complete', 1, 'Main Website\nMain Website Store\n', NULL, '23.9500', '23.9500', '23.9500', '23.9500', '000000009', 'USD', 'USD', '', 'test test', '2018-01-09 10:25:39', '2018-01-09 11:38:33', 'test address Florida Florida 12346', '', NULL, 'test@i95dev.com', '0', '23.9500', '0.0000', '', 'checkmo', NULL),
(10, 'pending', 1, 'Main Website\nMain Website Store\n', NULL, '23.9500', NULL, '23.9500', NULL, '000000010', 'USD', 'USD', '', 'Balaji Nallathambi', '2018-01-17 06:11:37', '2018-01-17 06:11:37', 'Irvine Irvine California 92704', '', NULL, 'balaji@inkrefuge.com', '0', '23.9500', '0.0000', '', 'checkmo', NULL),
(11, 'pending', 1, 'Main Website\nMain Website Store\n', NULL, '23.9500', NULL, '23.9500', NULL, '000000011', 'USD', 'USD', '', 'Benjamin Froehlich', '2018-01-17 06:25:35', '2018-01-17 06:25:35', '24581 Artemia Ave. Mission Viejo California 92691', '', NULL, 'ben@inkrefuge.com', '0', '23.9500', '0.0000', '', 'checkmo', NULL),
(12, 'pending', 1, 'Main Website\nMain Website Store\n', NULL, '22.0000', NULL, '22.0000', NULL, '000000012', 'USD', 'USD', 'Ram zxcczc', 'Ram zxcczc', '2018-01-17 06:38:08', '2018-01-17 06:38:08', 'Madurai California California 92701', 'Madurai California California 92701', 'Best Way - Table Rate', 'ram.shankar@inkrefuge.com', '0', '7.0000', '15.0000', '', 'checkmo', NULL),
(13, 'pending', 1, 'Main Website\nMain Website Store\n', NULL, '23.9000', NULL, '23.9000', NULL, '000000013', 'USD', 'USD', '', 'Balaji Nallathambi', '2018-01-17 12:07:26', '2018-01-17 12:07:26', 'Test Irvine California 92704', '', NULL, 'balaji@inkrefuge.com', '0', '23.9000', '0.0000', '', 'checkmo', NULL),
(14, 'pending', 1, 'Main Website\nMain Website Store\n', 9, '11.9500', NULL, '11.9500', NULL, '000000014', 'USD', 'USD', '', 'Balaji Nallathambi', '2018-01-17 13:41:09', '2018-01-17 13:41:22', 'C 28, 4th Floor, Thillai Nagar west, 4th Floor Irvine California 92704', '', NULL, 'balaji@inkrefuge.com', '0', '11.9500', '0.0000', '', 'checkmo', NULL);

-- --------------------------------------------------------

--
-- Table structure for table `sales_order_item`
--

CREATE TABLE `sales_order_item` (
  `item_id` int(10) UNSIGNED NOT NULL COMMENT 'Item Id',
  `order_id` int(10) UNSIGNED NOT NULL DEFAULT '0' COMMENT 'Order Id',
  `parent_item_id` int(10) UNSIGNED DEFAULT NULL COMMENT 'Parent Item Id',
  `quote_item_id` int(10) UNSIGNED DEFAULT NULL COMMENT 'Quote Item Id',
  `store_id` smallint(5) UNSIGNED DEFAULT NULL COMMENT 'Store Id',
  `created_at` timestamp NOT NULL DEFAULT CURRENT_TIMESTAMP COMMENT 'Created At',
  `updated_at` timestamp NOT NULL DEFAULT CURRENT_TIMESTAMP ON UPDATE CURRENT_TIMESTAMP COMMENT 'Updated At',
  `product_id` int(10) UNSIGNED DEFAULT NULL COMMENT 'Product Id',
  `product_type` varchar(255) DEFAULT NULL COMMENT 'Product Type',
  `product_options` text COMMENT 'Product Options',
  `weight` decimal(12,4) DEFAULT '0.0000' COMMENT 'Weight',
  `is_virtual` smallint(5) UNSIGNED DEFAULT NULL COMMENT 'Is Virtual',
  `sku` varchar(255) DEFAULT NULL COMMENT 'Sku',
  `name` varchar(255) DEFAULT NULL COMMENT 'Name',
  `description` text COMMENT 'Description',
  `applied_rule_ids` text COMMENT 'Applied Rule Ids',
  `additional_data` text COMMENT 'Additional Data',
  `is_qty_decimal` smallint(5) UNSIGNED DEFAULT NULL COMMENT 'Is Qty Decimal',
  `no_discount` smallint(5) UNSIGNED NOT NULL DEFAULT '0' COMMENT 'No Discount',
  `qty_backordered` decimal(12,4) DEFAULT '0.0000' COMMENT 'Qty Backordered',
  `qty_canceled` decimal(12,4) DEFAULT '0.0000' COMMENT 'Qty Canceled',
  `qty_invoiced` decimal(12,4) DEFAULT '0.0000' COMMENT 'Qty Invoiced',
  `qty_ordered` decimal(12,4) DEFAULT '0.0000' COMMENT 'Qty Ordered',
  `qty_refunded` decimal(12,4) DEFAULT '0.0000' COMMENT 'Qty Refunded',
  `qty_shipped` decimal(12,4) DEFAULT '0.0000' COMMENT 'Qty Shipped',
  `base_cost` decimal(12,4) DEFAULT '0.0000' COMMENT 'Base Cost',
  `price` decimal(12,4) NOT NULL DEFAULT '0.0000' COMMENT 'Price',
  `base_price` decimal(12,4) NOT NULL DEFAULT '0.0000' COMMENT 'Base Price',
  `original_price` decimal(12,4) DEFAULT NULL COMMENT 'Original Price',
  `base_original_price` decimal(12,4) DEFAULT NULL COMMENT 'Base Original Price',
  `tax_percent` decimal(12,4) DEFAULT '0.0000' COMMENT 'Tax Percent',
  `tax_amount` decimal(12,4) DEFAULT '0.0000' COMMENT 'Tax Amount',
  `base_tax_amount` decimal(12,4) DEFAULT '0.0000' COMMENT 'Base Tax Amount',
  `tax_invoiced` decimal(12,4) DEFAULT '0.0000' COMMENT 'Tax Invoiced',
  `base_tax_invoiced` decimal(12,4) DEFAULT '0.0000' COMMENT 'Base Tax Invoiced',
  `discount_percent` decimal(12,4) DEFAULT '0.0000' COMMENT 'Discount Percent',
  `discount_amount` decimal(12,4) DEFAULT '0.0000' COMMENT 'Discount Amount',
  `base_discount_amount` decimal(12,4) DEFAULT '0.0000' COMMENT 'Base Discount Amount',
  `discount_invoiced` decimal(12,4) DEFAULT '0.0000' COMMENT 'Discount Invoiced',
  `base_discount_invoiced` decimal(12,4) DEFAULT '0.0000' COMMENT 'Base Discount Invoiced',
  `amount_refunded` decimal(12,4) DEFAULT '0.0000' COMMENT 'Amount Refunded',
  `base_amount_refunded` decimal(12,4) DEFAULT '0.0000' COMMENT 'Base Amount Refunded',
  `row_total` decimal(12,4) NOT NULL DEFAULT '0.0000' COMMENT 'Row Total',
  `base_row_total` decimal(12,4) NOT NULL DEFAULT '0.0000' COMMENT 'Base Row Total',
  `row_invoiced` decimal(12,4) NOT NULL DEFAULT '0.0000' COMMENT 'Row Invoiced',
  `base_row_invoiced` decimal(12,4) NOT NULL DEFAULT '0.0000' COMMENT 'Base Row Invoiced',
  `row_weight` decimal(12,4) DEFAULT '0.0000' COMMENT 'Row Weight',
  `base_tax_before_discount` decimal(12,4) DEFAULT NULL COMMENT 'Base Tax Before Discount',
  `tax_before_discount` decimal(12,4) DEFAULT NULL COMMENT 'Tax Before Discount',
  `ext_order_item_id` varchar(255) DEFAULT NULL COMMENT 'Ext Order Item Id',
  `locked_do_invoice` smallint(5) UNSIGNED DEFAULT NULL COMMENT 'Locked Do Invoice',
  `locked_do_ship` smallint(5) UNSIGNED DEFAULT NULL COMMENT 'Locked Do Ship',
  `price_incl_tax` decimal(12,4) DEFAULT NULL COMMENT 'Price Incl Tax',
  `base_price_incl_tax` decimal(12,4) DEFAULT NULL COMMENT 'Base Price Incl Tax',
  `row_total_incl_tax` decimal(12,4) DEFAULT NULL COMMENT 'Row Total Incl Tax',
  `base_row_total_incl_tax` decimal(12,4) DEFAULT NULL COMMENT 'Base Row Total Incl Tax',
  `discount_tax_compensation_amount` decimal(12,4) DEFAULT NULL COMMENT 'Discount Tax Compensation Amount',
  `base_discount_tax_compensation_amount` decimal(12,4) DEFAULT NULL COMMENT 'Base Discount Tax Compensation Amount',
  `discount_tax_compensation_invoiced` decimal(12,4) DEFAULT NULL COMMENT 'Discount Tax Compensation Invoiced',
  `base_discount_tax_compensation_invoiced` decimal(12,4) DEFAULT NULL COMMENT 'Base Discount Tax Compensation Invoiced',
  `discount_tax_compensation_refunded` decimal(12,4) DEFAULT NULL COMMENT 'Discount Tax Compensation Refunded',
  `base_discount_tax_compensation_refunded` decimal(12,4) DEFAULT NULL COMMENT 'Base Discount Tax Compensation Refunded',
  `tax_canceled` decimal(12,4) DEFAULT NULL COMMENT 'Tax Canceled',
  `discount_tax_compensation_canceled` decimal(12,4) DEFAULT NULL COMMENT 'Discount Tax Compensation Canceled',
  `tax_refunded` decimal(12,4) DEFAULT NULL COMMENT 'Tax Refunded',
  `base_tax_refunded` decimal(12,4) DEFAULT NULL COMMENT 'Base Tax Refunded',
  `discount_refunded` decimal(12,4) DEFAULT NULL COMMENT 'Discount Refunded',
  `base_discount_refunded` decimal(12,4) DEFAULT NULL COMMENT 'Base Discount Refunded',
  `free_shipping` smallint(6) DEFAULT NULL,
  `gift_message_id` int(11) DEFAULT NULL COMMENT 'Gift Message Id',
  `gift_message_available` int(11) DEFAULT NULL COMMENT 'Gift Message Available',
  `weee_tax_applied` text COMMENT 'Weee Tax Applied',
  `weee_tax_applied_amount` decimal(12,4) DEFAULT NULL COMMENT 'Weee Tax Applied Amount',
  `weee_tax_applied_row_amount` decimal(12,4) DEFAULT NULL COMMENT 'Weee Tax Applied Row Amount',
  `weee_tax_disposition` decimal(12,4) DEFAULT NULL COMMENT 'Weee Tax Disposition',
  `weee_tax_row_disposition` decimal(12,4) DEFAULT NULL COMMENT 'Weee Tax Row Disposition',
  `base_weee_tax_applied_amount` decimal(12,4) DEFAULT NULL COMMENT 'Base Weee Tax Applied Amount',
  `base_weee_tax_applied_row_amnt` decimal(12,4) DEFAULT NULL COMMENT 'Base Weee Tax Applied Row Amnt',
  `base_weee_tax_disposition` decimal(12,4) DEFAULT NULL COMMENT 'Base Weee Tax Disposition',
  `base_weee_tax_row_disposition` decimal(12,4) DEFAULT NULL COMMENT 'Base Weee Tax Row Disposition'
) ENGINE=InnoDB DEFAULT CHARSET=utf8 COMMENT='Sales Flat Order Item';

--
-- Dumping data for table `sales_order_item`
--

INSERT INTO `sales_order_item` (`item_id`, `order_id`, `parent_item_id`, `quote_item_id`, `store_id`, `created_at`, `updated_at`, `product_id`, `product_type`, `product_options`, `weight`, `is_virtual`, `sku`, `name`, `description`, `applied_rule_ids`, `additional_data`, `is_qty_decimal`, `no_discount`, `qty_backordered`, `qty_canceled`, `qty_invoiced`, `qty_ordered`, `qty_refunded`, `qty_shipped`, `base_cost`, `price`, `base_price`, `original_price`, `base_original_price`, `tax_percent`, `tax_amount`, `base_tax_amount`, `tax_invoiced`, `base_tax_invoiced`, `discount_percent`, `discount_amount`, `base_discount_amount`, `discount_invoiced`, `base_discount_invoiced`, `amount_refunded`, `base_amount_refunded`, `row_total`, `base_row_total`, `row_invoiced`, `base_row_invoiced`, `row_weight`, `base_tax_before_discount`, `tax_before_discount`, `ext_order_item_id`, `locked_do_invoice`, `locked_do_ship`, `price_incl_tax`, `base_price_incl_tax`, `row_total_incl_tax`, `base_row_total_incl_tax`, `discount_tax_compensation_amount`, `base_discount_tax_compensation_amount`, `discount_tax_compensation_invoiced`, `base_discount_tax_compensation_invoiced`, `discount_tax_compensation_refunded`, `base_discount_tax_compensation_refunded`, `tax_canceled`, `discount_tax_compensation_canceled`, `tax_refunded`, `base_tax_refunded`, `discount_refunded`, `base_discount_refunded`, `free_shipping`, `gift_message_id`, `gift_message_available`, `weee_tax_applied`, `weee_tax_applied_amount`, `weee_tax_applied_row_amount`, `weee_tax_disposition`, `weee_tax_row_disposition`, `base_weee_tax_applied_amount`, `base_weee_tax_applied_row_amnt`, `base_weee_tax_disposition`, `base_weee_tax_row_disposition`) VALUES
(1, 1, NULL, NULL, 1, '2017-10-21 08:25:46', '2017-10-21 08:25:48', 1420, 'simple', 'a:1:{s:15:\"info_buyRequest\";a:3:{s:3:\"qty\";i:1;s:15:\"super_attribute\";a:2:{i:141;s:3:\"167\";i:93;s:2:\"58\";}s:7:\"options\";a:0:{}}}', '1.0000', NULL, 'WS03-XS-Red', 'Iris Workout Top-XS-Red', NULL, NULL, NULL, 0, 0, NULL, '0.0000', '1.0000', '1.0000', '0.0000', '1.0000', NULL, '0.0000', '0.0000', '0.0000', NULL, NULL, NULL, NULL, '0.0000', '0.0000', NULL, NULL, NULL, '0.0000', '0.0000', '0.0000', '0.0000', '0.0000', '0.0000', '0.0000', '0.0000', NULL, NULL, NULL, NULL, NULL, NULL, NULL, NULL, NULL, NULL, NULL, NULL, '0.0000', '0.0000', NULL, NULL, NULL, NULL, NULL, NULL, NULL, NULL, 0, NULL, NULL, NULL, NULL, NULL, NULL, NULL, NULL, NULL, NULL, NULL),
(2, 2, NULL, NULL, 1, '2017-10-21 08:25:49', '2017-10-21 08:25:51', 1483, 'simple', 'a:1:{s:15:\"info_buyRequest\";a:3:{s:3:\"qty\";i:1;s:15:\"super_attribute\";a:2:{i:141;s:3:\"167\";i:93;s:2:\"50\";}s:7:\"options\";a:0:{}}}', '1.0000', NULL, 'WS08-XS-Blue', 'Minerva LumaTech&trade; V-Tee-XS-Blue', NULL, NULL, NULL, 0, 0, NULL, '0.0000', '1.0000', '1.0000', '1.0000', '1.0000', NULL, '0.0000', '0.0000', '0.0000', NULL, NULL, NULL, NULL, '0.0000', '0.0000', NULL, NULL, NULL, '0.0000', '0.0000', '0.0000', '0.0000', '0.0000', '0.0000', '0.0000', '0.0000', NULL, NULL, NULL, NULL, NULL, NULL, NULL, NULL, NULL, NULL, NULL, NULL, '0.0000', '0.0000', '0.0000', '0.0000', NULL, NULL, '0.0000', '0.0000', '0.0000', '0.0000', 0, NULL, NULL, '[]', NULL, NULL, NULL, NULL, NULL, NULL, NULL, NULL),
(3, 3, NULL, 7, 1, '2017-11-29 18:03:27', '2017-11-29 18:03:27', 2068, 'configurable', 'a:6:{s:15:\"info_buyRequest\";a:6:{s:4:\"uenc\";s:84:\"aHR0cDovL2hvbmlncy5pbmtyZWZ1Z2UuY29tL3Byby1tZXNoLWJhc2ViYWxsLTgtc3RpdGNoLWhhdC5odG1s\";s:7:\"product\";s:4:\"2068\";s:28:\"selected_configurable_option\";s:0:\"\";s:15:\"related_product\";s:0:\"\";s:15:\"super_attribute\";a:2:{i:93;s:2:\"49\";i:161;s:3:\"218\";}s:3:\"qty\";s:1:\"1\";}s:15:\"attributes_info\";a:2:{i:0;a:4:{s:5:\"label\";s:5:\"Color\";s:5:\"value\";s:5:\"Black\";s:9:\"option_id\";i:93;s:12:\"option_value\";s:2:\"49\";}i:1;a:4:{s:5:\"label\";s:4:\"Size\";s:5:\"value\";s:5:\"6 7/8\";s:9:\"option_id\";i:161;s:12:\"option_value\";s:3:\"218\";}}s:11:\"simple_name\";s:17:\"kpm2l-Black-6 7/8\";s:10:\"simple_sku\";s:17:\"kpm2l-Black-6 7/8\";s:20:\"product_calculations\";i:1;s:13:\"shipment_type\";i:0;}', NULL, 1, 'kpm2l-Black-6 7/8', 'Pro Mesh Baseball 8 Stitch Hat', NULL, NULL, NULL, 0, 0, NULL, '0.0000', '0.0000', '1.0000', '0.0000', '0.0000', NULL, '11.9500', '11.9500', '11.9500', '11.9500', '0.0000', '0.0000', '0.0000', '0.0000', '0.0000', '0.0000', '0.0000', '0.0000', '0.0000', '0.0000', '0.0000', '0.0000', '11.9500', '11.9500', '0.0000', '0.0000', '0.0000', NULL, NULL, NULL, NULL, NULL, '11.9500', '11.9500', '11.9500', '11.9500', '0.0000', '0.0000', NULL, NULL, NULL, NULL, NULL, NULL, NULL, NULL, NULL, NULL, 0, NULL, NULL, NULL, NULL, NULL, NULL, NULL, NULL, NULL, NULL, NULL),
(4, 3, 3, 8, 1, '2017-11-29 18:03:27', '2017-11-29 18:03:27', 2051, 'virtual', 'a:1:{s:15:\"info_buyRequest\";a:6:{s:4:\"uenc\";s:84:\"aHR0cDovL2hvbmlncy5pbmtyZWZ1Z2UuY29tL3Byby1tZXNoLWJhc2ViYWxsLTgtc3RpdGNoLWhhdC5odG1s\";s:7:\"product\";s:4:\"2068\";s:28:\"selected_configurable_option\";s:0:\"\";s:15:\"related_product\";s:0:\"\";s:15:\"super_attribute\";a:2:{i:93;s:2:\"49\";i:161;s:3:\"218\";}s:3:\"qty\";s:1:\"1\";}}', NULL, 1, 'kpm2l-Black-6 7/8', 'kpm2l-Black-6 7/8', NULL, NULL, NULL, 0, 0, NULL, '0.0000', '0.0000', '1.0000', '0.0000', '0.0000', NULL, '0.0000', '0.0000', '0.0000', NULL, '0.0000', '0.0000', '0.0000', '0.0000', '0.0000', '0.0000', '0.0000', '0.0000', '0.0000', '0.0000', '0.0000', '0.0000', '0.0000', '0.0000', '0.0000', '0.0000', '0.0000', NULL, NULL, NULL, NULL, NULL, NULL, NULL, NULL, NULL, NULL, NULL, NULL, NULL, NULL, NULL, NULL, NULL, NULL, NULL, NULL, NULL, 0, NULL, 0, NULL, NULL, NULL, NULL, NULL, NULL, NULL, NULL, NULL),
(5, 4, NULL, 20, 1, '2017-12-04 08:45:32', '2017-12-04 08:45:32', 15, 'simple', 'a:1:{s:15:\"info_buyRequest\";a:5:{s:4:\"uenc\";s:72:\"aHR0cDovL2hvbmlncy5pbmtyZWZ1Z2UuY29tL2FmZmlybS13YXRlci1ib3R0bGUuaHRtbA,,\";s:7:\"product\";s:2:\"15\";s:28:\"selected_configurable_option\";s:0:\"\";s:15:\"related_product\";s:0:\"\";s:3:\"qty\";s:1:\"1\";}}', NULL, 0, '24-UG06', 'Affirm Water Bottle ', NULL, NULL, NULL, 0, 0, NULL, '0.0000', '0.0000', '2.0000', '0.0000', '0.0000', NULL, '7.0000', '7.0000', '7.0000', '7.0000', '0.0000', '0.0000', '0.0000', '0.0000', '0.0000', '0.0000', '0.0000', '0.0000', '0.0000', '0.0000', '0.0000', '0.0000', '14.0000', '14.0000', '0.0000', '0.0000', '0.0000', NULL, NULL, NULL, NULL, NULL, '7.0000', '7.0000', '14.0000', '14.0000', '0.0000', '0.0000', NULL, NULL, NULL, NULL, NULL, NULL, NULL, NULL, NULL, NULL, 0, NULL, 0, NULL, NULL, NULL, NULL, NULL, NULL, NULL, NULL, NULL),
(6, 5, NULL, 3, NULL, '2017-12-04 10:51:46', '2017-12-04 10:51:46', 19, 'simple', 'a:1:{s:15:\"info_buyRequest\";a:5:{s:4:\"uenc\";s:72:\"aHR0cDovL2hvbmlncy5pbmtyZWZ1Z2UuY29tL2dvLWdldC1yLXB1c2h1cC1ncmlwcy5odG1s\";s:7:\"product\";s:2:\"19\";s:28:\"selected_configurable_option\";s:0:\"\";s:15:\"related_product\";s:0:\"\";s:3:\"qty\";s:1:\"1\";}}', NULL, NULL, '24-UG05', 'Go-Get\'r Pushup Grips', NULL, NULL, NULL, NULL, 0, NULL, '0.0000', '0.0000', '1.0000', '0.0000', '0.0000', NULL, '19.0000', '19.0000', '19.0000', '19.0000', '0.0000', '0.0000', '0.0000', '0.0000', '0.0000', '0.0000', '0.0000', '0.0000', '0.0000', '0.0000', '0.0000', '0.0000', '19.0000', '19.0000', '0.0000', '0.0000', '0.0000', NULL, NULL, NULL, NULL, NULL, '19.0000', '19.0000', '19.0000', '19.0000', '0.0000', '0.0000', NULL, NULL, NULL, NULL, NULL, NULL, NULL, NULL, NULL, NULL, 0, NULL, 0, NULL, NULL, NULL, NULL, NULL, NULL, NULL, NULL, NULL),
(7, 5, NULL, 4, NULL, '2017-12-04 10:51:46', '2017-12-04 10:51:46', 17, 'simple', 'a:1:{s:15:\"info_buyRequest\";a:3:{s:4:\"uenc\";s:40:\"aHR0cDovL2hvbmlncy5pbmtyZWZ1Z2UuY29tLw,,\";s:7:\"product\";s:2:\"17\";s:3:\"qty\";d:1;}}', NULL, NULL, '24-UG04', 'Zing Jump Rope', NULL, NULL, NULL, NULL, 0, NULL, '0.0000', '0.0000', '1.0000', '0.0000', '0.0000', NULL, '12.0000', '12.0000', '12.0000', '12.0000', '0.0000', '0.0000', '0.0000', '0.0000', '0.0000', '0.0000', '0.0000', '0.0000', '0.0000', '0.0000', '0.0000', '0.0000', '12.0000', '12.0000', '0.0000', '0.0000', '0.0000', NULL, NULL, NULL, NULL, NULL, '12.0000', '12.0000', '12.0000', '12.0000', '0.0000', '0.0000', NULL, NULL, NULL, NULL, NULL, NULL, NULL, NULL, NULL, NULL, 0, NULL, 0, NULL, NULL, NULL, NULL, NULL, NULL, NULL, NULL, NULL),
(8, 6, NULL, 10, NULL, '2017-12-04 11:16:04', '2017-12-04 11:16:04', 19, 'simple', 'a:1:{s:15:\"info_buyRequest\";a:3:{s:4:\"uenc\";s:52:\"aHR0cDovL2hvbmlncy5pbmtyZWZ1Z2UuY29tL2hvbmlncy5odG1s\";s:7:\"product\";s:2:\"19\";s:3:\"qty\";d:1;}}', NULL, NULL, '24-UG05', 'Go-Get\'r Pushup Grips', NULL, NULL, NULL, NULL, 0, NULL, '0.0000', '0.0000', '1.0000', '0.0000', '0.0000', NULL, '19.0000', '19.0000', '19.0000', '19.0000', '0.0000', '0.0000', '0.0000', '0.0000', '0.0000', '0.0000', '0.0000', '0.0000', '0.0000', '0.0000', '0.0000', '0.0000', '19.0000', '19.0000', '0.0000', '0.0000', '0.0000', NULL, NULL, NULL, NULL, NULL, '19.0000', '19.0000', '19.0000', '19.0000', '0.0000', '0.0000', NULL, NULL, NULL, NULL, NULL, NULL, NULL, NULL, NULL, NULL, 0, NULL, 0, NULL, NULL, NULL, NULL, NULL, NULL, NULL, NULL, NULL),
(9, 6, NULL, 11, NULL, '2017-12-04 11:16:04', '2017-12-04 11:16:04', 15, 'simple', 'a:1:{s:15:\"info_buyRequest\";a:5:{s:4:\"uenc\";s:72:\"aHR0cDovL2hvbmlncy5pbmtyZWZ1Z2UuY29tL2FmZmlybS13YXRlci1ib3R0bGUuaHRtbA,,\";s:7:\"product\";s:2:\"15\";s:28:\"selected_configurable_option\";s:0:\"\";s:15:\"related_product\";s:0:\"\";s:3:\"qty\";s:1:\"1\";}}', NULL, NULL, '24-UG06', 'Affirm Water Bottle ', NULL, NULL, NULL, NULL, 0, NULL, '0.0000', '0.0000', '1.0000', '0.0000', '0.0000', NULL, '7.0000', '7.0000', '7.0000', '7.0000', '0.0000', '0.0000', '0.0000', '0.0000', '0.0000', '0.0000', '0.0000', '0.0000', '0.0000', '0.0000', '0.0000', '0.0000', '7.0000', '7.0000', '0.0000', '0.0000', '0.0000', NULL, NULL, NULL, NULL, NULL, '7.0000', '7.0000', '7.0000', '7.0000', '0.0000', '0.0000', NULL, NULL, NULL, NULL, NULL, NULL, NULL, NULL, NULL, NULL, 0, NULL, 0, NULL, NULL, NULL, NULL, NULL, NULL, NULL, NULL, NULL),
(10, 6, NULL, 12, NULL, '2017-12-04 11:16:04', '2017-12-04 11:16:04', 17, 'simple', 'a:1:{s:15:\"info_buyRequest\";a:5:{s:4:\"uenc\";s:64:\"aHR0cDovL2hvbmlncy5pbmtyZWZ1Z2UuY29tL3ppbmctanVtcC1yb3BlLmh0bWw,\";s:7:\"product\";s:2:\"17\";s:28:\"selected_configurable_option\";s:0:\"\";s:15:\"related_product\";s:0:\"\";s:3:\"qty\";s:1:\"1\";}}', NULL, NULL, '24-UG04', 'Zing Jump Rope', NULL, NULL, NULL, NULL, 0, NULL, '0.0000', '0.0000', '1.0000', '0.0000', '0.0000', NULL, '12.0000', '12.0000', '12.0000', '12.0000', '0.0000', '0.0000', '0.0000', '0.0000', '0.0000', '0.0000', '0.0000', '0.0000', '0.0000', '0.0000', '0.0000', '0.0000', '12.0000', '12.0000', '0.0000', '0.0000', '0.0000', NULL, NULL, NULL, NULL, NULL, '12.0000', '12.0000', '12.0000', '12.0000', '0.0000', '0.0000', NULL, NULL, NULL, NULL, NULL, NULL, NULL, NULL, NULL, NULL, 0, NULL, 0, NULL, NULL, NULL, NULL, NULL, NULL, NULL, NULL, NULL),
(11, 7, NULL, 13, NULL, '2017-12-04 11:16:05', '2017-12-04 11:16:05', 2068, 'configurable', 'a:6:{s:15:\"info_buyRequest\";a:6:{s:4:\"uenc\";s:84:\"aHR0cDovL2hvbmlncy5pbmtyZWZ1Z2UuY29tL3Byby1tZXNoLWJhc2ViYWxsLTgtc3RpdGNoLWhhdC5odG1s\";s:7:\"product\";s:4:\"2068\";s:28:\"selected_configurable_option\";s:0:\"\";s:15:\"related_product\";s:0:\"\";s:15:\"super_attribute\";a:2:{i:93;s:2:\"49\";i:161;s:3:\"219\";}s:3:\"qty\";s:1:\"1\";}s:15:\"attributes_info\";a:2:{i:0;a:4:{s:5:\"label\";s:5:\"Color\";s:5:\"value\";s:5:\"Black\";s:9:\"option_id\";i:93;s:12:\"option_value\";s:2:\"49\";}i:1;a:4:{s:5:\"label\";s:4:\"Size\";s:5:\"value\";s:1:\"7\";s:9:\"option_id\";i:161;s:12:\"option_value\";s:3:\"219\";}}s:11:\"simple_name\";s:13:\"kpm2l-Black-7\";s:10:\"simple_sku\";s:13:\"kpm2l-Black-7\";s:20:\"product_calculations\";i:1;s:13:\"shipment_type\";i:0;}', NULL, NULL, 'kpm2l-Black-7', 'Pro Mesh Baseball 8 Stitch Hat', NULL, NULL, NULL, NULL, 0, NULL, '0.0000', '0.0000', '2.0000', '0.0000', '0.0000', NULL, '11.9500', '11.9500', '11.9500', '11.9500', '0.0000', '0.0000', '0.0000', '0.0000', '0.0000', '0.0000', '0.0000', '0.0000', '0.0000', '0.0000', '0.0000', '0.0000', '23.9000', '23.9000', '0.0000', '0.0000', '0.0000', NULL, NULL, NULL, NULL, NULL, '11.9500', '11.9500', '23.9000', '23.9000', '0.0000', '0.0000', NULL, NULL, NULL, NULL, NULL, NULL, NULL, NULL, NULL, NULL, 0, NULL, 0, NULL, NULL, NULL, NULL, NULL, NULL, NULL, NULL, NULL),
(12, 7, 11, 14, NULL, '2017-12-04 11:16:05', '2017-12-04 11:16:05', 2052, 'virtual', 'a:1:{s:15:\"info_buyRequest\";a:6:{s:4:\"uenc\";s:84:\"aHR0cDovL2hvbmlncy5pbmtyZWZ1Z2UuY29tL3Byby1tZXNoLWJhc2ViYWxsLTgtc3RpdGNoLWhhdC5odG1s\";s:7:\"product\";s:4:\"2068\";s:28:\"selected_configurable_option\";s:0:\"\";s:15:\"related_product\";s:0:\"\";s:15:\"super_attribute\";a:2:{i:93;s:2:\"49\";i:161;s:3:\"219\";}s:3:\"qty\";s:1:\"1\";}}', NULL, NULL, 'kpm2l-Black-7', 'kpm2l-Black-7', NULL, NULL, NULL, NULL, 0, NULL, '0.0000', '0.0000', '2.0000', '0.0000', '0.0000', NULL, '0.0000', '0.0000', '0.0000', NULL, NULL, '0.0000', '0.0000', '0.0000', '0.0000', NULL, '0.0000', '0.0000', '0.0000', '0.0000', '0.0000', '0.0000', '0.0000', '0.0000', '0.0000', '0.0000', '0.0000', NULL, NULL, NULL, NULL, NULL, NULL, NULL, NULL, NULL, NULL, NULL, NULL, NULL, NULL, NULL, NULL, NULL, NULL, NULL, NULL, NULL, 0, NULL, 0, NULL, NULL, NULL, NULL, NULL, NULL, NULL, NULL, NULL),
(13, 8, NULL, 17, NULL, '2017-12-06 11:58:09', '2017-12-06 11:58:09', 15, 'simple', 'a:1:{s:15:\"info_buyRequest\";a:5:{s:4:\"uenc\";s:72:\"aHR0cDovL2hvbmlncy5pbmtyZWZ1Z2UuY29tL2FmZmlybS13YXRlci1ib3R0bGUuaHRtbA,,\";s:7:\"product\";s:2:\"15\";s:28:\"selected_configurable_option\";s:0:\"\";s:15:\"related_product\";s:0:\"\";s:3:\"qty\";s:6:\"2.0000\";}}', NULL, NULL, '24-UG06', 'Affirm Water Bottle ', NULL, NULL, NULL, NULL, 0, NULL, '0.0000', '0.0000', '2.0000', '0.0000', '0.0000', NULL, '7.0000', '7.0000', '7.0000', '7.0000', '0.0000', '0.0000', '0.0000', '0.0000', '0.0000', '0.0000', '0.0000', '0.0000', '0.0000', '0.0000', '0.0000', '0.0000', '14.0000', '14.0000', '0.0000', '0.0000', '0.0000', NULL, NULL, NULL, NULL, NULL, '7.0000', '7.0000', '14.0000', '14.0000', '0.0000', '0.0000', NULL, NULL, NULL, NULL, NULL, NULL, NULL, NULL, NULL, NULL, 0, NULL, 0, NULL, NULL, NULL, NULL, NULL, NULL, NULL, NULL, NULL),
(14, 9, NULL, 64, 1, '2018-01-09 10:25:39', '2018-01-09 11:38:33', 2071, 'configurable', 'a:6:{s:15:\"info_buyRequest\";a:6:{s:4:\"uenc\";s:140:\"aHR0cDovL2hvbmlncy5pbmtyZWZ1Z2UuY29tL2Nsb3Nlb3V0LXBlbnRhZ29uLXNpZGUtcGFuZWwtc3R5bGUtcHJvc29mdC1iYXNrZXRiYWxsLXNoaXJ0Lmh0bWw_b3B0aW9ucz1jYXJ0\";s:7:\"product\";s:4:\"2071\";s:28:\"selected_configurable_option\";s:4:\"2069\";s:15:\"related_product\";s:0:\"\";s:15:\"super_attribute\";a:1:{i:162;s:3:\"227\";}s:3:\"qty\";s:1:\"1\";}s:15:\"attributes_info\";a:1:{i:0;a:4:{s:5:\"label\";s:4:\"Size\";s:5:\"value\";s:1:\"L\";s:9:\"option_id\";i:162;s:12:\"option_value\";s:3:\"227\";}}s:11:\"simple_name\";s:7:\"PSB19-L\";s:10:\"simple_sku\";s:7:\"PSB19-L\";s:20:\"product_calculations\";i:1;s:13:\"shipment_type\";i:0;}', NULL, 1, 'PSB19-L', 'CLOSEOUT - Pentagon Side Panel Style ProSoft Basketball Shirt', NULL, NULL, NULL, 0, 0, NULL, '0.0000', '1.0000', '1.0000', '0.0000', '0.0000', NULL, '23.9500', '23.9500', '23.9500', '23.9500', '0.0000', '0.0000', '0.0000', '0.0000', '0.0000', '0.0000', '0.0000', '0.0000', '0.0000', '0.0000', '0.0000', '0.0000', '23.9500', '23.9500', '23.9500', '23.9500', '0.0000', NULL, NULL, NULL, NULL, NULL, '23.9500', '23.9500', '23.9500', '23.9500', '0.0000', '0.0000', '0.0000', '0.0000', NULL, NULL, NULL, NULL, NULL, NULL, NULL, NULL, 0, NULL, 0, '[]', NULL, NULL, NULL, NULL, NULL, NULL, NULL, NULL),
(15, 9, 14, 65, 1, '2018-01-09 10:25:39', '2018-01-09 11:38:33', 2069, 'virtual', 'a:1:{s:15:\"info_buyRequest\";a:6:{s:4:\"uenc\";s:140:\"aHR0cDovL2hvbmlncy5pbmtyZWZ1Z2UuY29tL2Nsb3Nlb3V0LXBlbnRhZ29uLXNpZGUtcGFuZWwtc3R5bGUtcHJvc29mdC1iYXNrZXRiYWxsLXNoaXJ0Lmh0bWw_b3B0aW9ucz1jYXJ0\";s:7:\"product\";s:4:\"2071\";s:28:\"selected_configurable_option\";s:4:\"2069\";s:15:\"related_product\";s:0:\"\";s:15:\"super_attribute\";a:1:{i:162;s:3:\"227\";}s:3:\"qty\";s:1:\"1\";}}', NULL, 1, 'PSB19-L', 'PSB19-L', NULL, NULL, NULL, 0, 0, NULL, '0.0000', '1.0000', '1.0000', '0.0000', '0.0000', NULL, '0.0000', '0.0000', '0.0000', NULL, '0.0000', '0.0000', '0.0000', '0.0000', '0.0000', '0.0000', '0.0000', '0.0000', '0.0000', '0.0000', '0.0000', '0.0000', '0.0000', '0.0000', '0.0000', '0.0000', '0.0000', NULL, NULL, NULL, NULL, NULL, NULL, NULL, NULL, NULL, NULL, NULL, '0.0000', '0.0000', NULL, NULL, NULL, NULL, NULL, NULL, NULL, NULL, 0, NULL, 0, NULL, NULL, NULL, NULL, NULL, NULL, NULL, NULL, NULL),
(16, 10, NULL, 86, 1, '2018-01-17 06:11:37', '2018-01-17 06:11:37', 2071, 'configurable', 'a:6:{s:15:\"info_buyRequest\";a:6:{s:4:\"uenc\";s:124:\"aHR0cDovL2hvbmlncy5pbmtyZWZ1Z2UuY29tL2Nsb3Nlb3V0LXBlbnRhZ29uLXNpZGUtcGFuZWwtc3R5bGUtcHJvc29mdC1iYXNrZXRiYWxsLXNoaXJ0Lmh0bWw,\";s:7:\"product\";s:4:\"2071\";s:28:\"selected_configurable_option\";s:4:\"2069\";s:15:\"related_product\";s:0:\"\";s:15:\"super_attribute\";a:1:{i:162;s:3:\"227\";}s:3:\"qty\";s:1:\"1\";}s:15:\"attributes_info\";a:1:{i:0;a:4:{s:5:\"label\";s:4:\"Size\";s:5:\"value\";s:1:\"L\";s:9:\"option_id\";i:162;s:12:\"option_value\";s:3:\"227\";}}s:11:\"simple_name\";s:7:\"PSB19-L\";s:10:\"simple_sku\";s:7:\"PSB19-L\";s:20:\"product_calculations\";i:1;s:13:\"shipment_type\";i:0;}', NULL, 1, 'PSB19-L', 'CLOSEOUT - Pentagon Side Panel Style ProSoft Basketball Shirt', NULL, NULL, NULL, 0, 0, NULL, '0.0000', '0.0000', '1.0000', '0.0000', '0.0000', NULL, '23.9500', '23.9500', '23.9500', '23.9500', '0.0000', '0.0000', '0.0000', '0.0000', '0.0000', '0.0000', '0.0000', '0.0000', '0.0000', '0.0000', '0.0000', '0.0000', '23.9500', '23.9500', '0.0000', '0.0000', '0.0000', NULL, NULL, NULL, NULL, NULL, '23.9500', '23.9500', '23.9500', '23.9500', '0.0000', '0.0000', NULL, NULL, NULL, NULL, NULL, NULL, NULL, NULL, NULL, NULL, 0, NULL, 0, NULL, NULL, NULL, NULL, NULL, NULL, NULL, NULL, NULL),
(17, 10, 16, 87, 1, '2018-01-17 06:11:37', '2018-01-17 06:11:37', 2069, 'virtual', 'a:1:{s:15:\"info_buyRequest\";a:6:{s:4:\"uenc\";s:124:\"aHR0cDovL2hvbmlncy5pbmtyZWZ1Z2UuY29tL2Nsb3Nlb3V0LXBlbnRhZ29uLXNpZGUtcGFuZWwtc3R5bGUtcHJvc29mdC1iYXNrZXRiYWxsLXNoaXJ0Lmh0bWw,\";s:7:\"product\";s:4:\"2071\";s:28:\"selected_configurable_option\";s:4:\"2069\";s:15:\"related_product\";s:0:\"\";s:15:\"super_attribute\";a:1:{i:162;s:3:\"227\";}s:3:\"qty\";s:1:\"1\";}}', NULL, 1, 'PSB19-L', 'PSB19-L', NULL, NULL, NULL, 0, 0, NULL, '0.0000', '0.0000', '1.0000', '0.0000', '0.0000', NULL, '0.0000', '0.0000', '0.0000', NULL, '0.0000', '0.0000', '0.0000', '0.0000', '0.0000', '0.0000', '0.0000', '0.0000', '0.0000', '0.0000', '0.0000', '0.0000', '0.0000', '0.0000', '0.0000', '0.0000', '0.0000', NULL, NULL, NULL, NULL, NULL, NULL, NULL, NULL, NULL, NULL, NULL, NULL, NULL, NULL, NULL, NULL, NULL, NULL, NULL, NULL, NULL, 0, NULL, 0, NULL, NULL, NULL, NULL, NULL, NULL, NULL, NULL, NULL),
(18, 11, NULL, 88, 1, '2018-01-17 06:25:35', '2018-01-17 06:25:35', 2071, 'configurable', 'a:6:{s:15:\"info_buyRequest\";a:6:{s:4:\"uenc\";s:124:\"aHR0cDovL2hvbmlncy5pbmtyZWZ1Z2UuY29tL2Nsb3Nlb3V0LXBlbnRhZ29uLXNpZGUtcGFuZWwtc3R5bGUtcHJvc29mdC1iYXNrZXRiYWxsLXNoaXJ0Lmh0bWw,\";s:7:\"product\";s:4:\"2071\";s:28:\"selected_configurable_option\";s:4:\"2070\";s:15:\"related_product\";s:0:\"\";s:15:\"super_attribute\";a:1:{i:162;s:3:\"228\";}s:3:\"qty\";s:1:\"1\";}s:15:\"attributes_info\";a:1:{i:0;a:4:{s:5:\"label\";s:4:\"Size\";s:5:\"value\";s:2:\"XL\";s:9:\"option_id\";i:162;s:12:\"option_value\";s:3:\"228\";}}s:11:\"simple_name\";s:8:\"PSB19-XL\";s:10:\"simple_sku\";s:8:\"PSB19-XL\";s:20:\"product_calculations\";i:1;s:13:\"shipment_type\";i:0;}', NULL, 1, 'PSB19-XL', 'CLOSEOUT - Pentagon Side Panel Style ProSoft Basketball Shirt', NULL, NULL, NULL, 0, 0, NULL, '0.0000', '0.0000', '1.0000', '0.0000', '0.0000', NULL, '23.9500', '23.9500', '23.9500', '23.9500', '0.0000', '0.0000', '0.0000', '0.0000', '0.0000', '0.0000', '0.0000', '0.0000', '0.0000', '0.0000', '0.0000', '0.0000', '23.9500', '23.9500', '0.0000', '0.0000', '0.0000', NULL, NULL, NULL, NULL, NULL, '23.9500', '23.9500', '23.9500', '23.9500', '0.0000', '0.0000', NULL, NULL, NULL, NULL, NULL, NULL, NULL, NULL, NULL, NULL, 0, NULL, 0, NULL, NULL, NULL, NULL, NULL, NULL, NULL, NULL, NULL),
(19, 11, 18, 89, 1, '2018-01-17 06:25:35', '2018-01-17 06:25:35', 2070, 'virtual', 'a:1:{s:15:\"info_buyRequest\";a:6:{s:4:\"uenc\";s:124:\"aHR0cDovL2hvbmlncy5pbmtyZWZ1Z2UuY29tL2Nsb3Nlb3V0LXBlbnRhZ29uLXNpZGUtcGFuZWwtc3R5bGUtcHJvc29mdC1iYXNrZXRiYWxsLXNoaXJ0Lmh0bWw,\";s:7:\"product\";s:4:\"2071\";s:28:\"selected_configurable_option\";s:4:\"2070\";s:15:\"related_product\";s:0:\"\";s:15:\"super_attribute\";a:1:{i:162;s:3:\"228\";}s:3:\"qty\";s:1:\"1\";}}', NULL, 1, 'PSB19-XL', 'PSB19-XL', NULL, NULL, NULL, 0, 0, NULL, '0.0000', '0.0000', '1.0000', '0.0000', '0.0000', NULL, '0.0000', '0.0000', '0.0000', NULL, '0.0000', '0.0000', '0.0000', '0.0000', '0.0000', '0.0000', '0.0000', '0.0000', '0.0000', '0.0000', '0.0000', '0.0000', '0.0000', '0.0000', '0.0000', '0.0000', '0.0000', NULL, NULL, NULL, NULL, NULL, NULL, NULL, NULL, NULL, NULL, NULL, NULL, NULL, NULL, NULL, NULL, NULL, NULL, NULL, NULL, NULL, 0, NULL, 0, NULL, NULL, NULL, NULL, NULL, NULL, NULL, NULL, NULL),
(20, 12, NULL, 90, 1, '2018-01-17 06:38:08', '2018-01-17 06:38:08', 15, 'simple', 'a:1:{s:15:\"info_buyRequest\";a:3:{s:4:\"uenc\";s:52:\"aHR0cDovL2hvbmlncy5pbmtyZWZ1Z2UuY29tL3Nwb3J0cy5odG1s\";s:7:\"product\";s:2:\"15\";s:3:\"qty\";d:1;}}', NULL, 0, '24-UG06', 'Affirm Water Bottle ', NULL, NULL, NULL, 0, 0, NULL, '0.0000', '0.0000', '1.0000', '0.0000', '0.0000', NULL, '7.0000', '7.0000', '7.0000', '7.0000', '0.0000', '0.0000', '0.0000', '0.0000', '0.0000', '0.0000', '0.0000', '0.0000', '0.0000', '0.0000', '0.0000', '0.0000', '7.0000', '7.0000', '0.0000', '0.0000', '0.0000', NULL, NULL, NULL, NULL, NULL, '7.0000', '7.0000', '7.0000', '7.0000', '0.0000', '0.0000', NULL, NULL, NULL, NULL, NULL, NULL, NULL, NULL, NULL, NULL, 0, NULL, 0, NULL, NULL, NULL, NULL, NULL, NULL, NULL, NULL, NULL),
(21, 13, NULL, 114, 1, '2018-01-17 12:07:26', '2018-01-17 12:07:26', 2068, 'configurable', 'a:6:{s:15:\"info_buyRequest\";a:6:{s:4:\"uenc\";s:84:\"aHR0cDovL2hvbmlncy5pbmtyZWZ1Z2UuY29tL3Byby1tZXNoLWJhc2ViYWxsLTgtc3RpdGNoLWhhdC5odG1s\";s:7:\"product\";s:4:\"2068\";s:28:\"selected_configurable_option\";s:0:\"\";s:15:\"related_product\";s:0:\"\";s:15:\"super_attribute\";a:2:{i:93;s:3:\"226\";i:161;s:3:\"219\";}s:3:\"qty\";s:1:\"1\";}s:15:\"attributes_info\";a:2:{i:0;a:4:{s:5:\"label\";s:5:\"Color\";s:5:\"value\";s:4:\"Navy\";s:9:\"option_id\";i:93;s:12:\"option_value\";s:3:\"226\";}i:1;a:4:{s:5:\"label\";s:4:\"Size\";s:5:\"value\";s:1:\"7\";s:9:\"option_id\";i:161;s:12:\"option_value\";s:3:\"219\";}}s:11:\"simple_name\";s:12:\"kpm2l-Navy-7\";s:10:\"simple_sku\";s:12:\"kpm2l-Navy-7\";s:20:\"product_calculations\";i:1;s:13:\"shipment_type\";i:0;}', NULL, 1, 'kpm2l-Navy-7', 'Pro Mesh Baseball 8 Stitch Hat', NULL, NULL, NULL, 0, 0, NULL, '0.0000', '0.0000', '2.0000', '0.0000', '0.0000', NULL, '11.9500', '11.9500', '11.9500', '11.9500', '0.0000', '0.0000', '0.0000', '0.0000', '0.0000', '0.0000', '0.0000', '0.0000', '0.0000', '0.0000', '0.0000', '0.0000', '23.9000', '23.9000', '0.0000', '0.0000', '0.0000', NULL, NULL, NULL, NULL, NULL, '11.9500', '11.9500', '23.9000', '23.9000', '0.0000', '0.0000', NULL, NULL, NULL, NULL, NULL, NULL, NULL, NULL, NULL, NULL, 0, NULL, 0, NULL, NULL, NULL, NULL, NULL, NULL, NULL, NULL, NULL),
(22, 13, 21, 115, 1, '2018-01-17 12:07:26', '2018-01-17 12:07:26', 2061, 'virtual', 'a:1:{s:15:\"info_buyRequest\";a:6:{s:4:\"uenc\";s:84:\"aHR0cDovL2hvbmlncy5pbmtyZWZ1Z2UuY29tL3Byby1tZXNoLWJhc2ViYWxsLTgtc3RpdGNoLWhhdC5odG1s\";s:7:\"product\";s:4:\"2068\";s:28:\"selected_configurable_option\";s:0:\"\";s:15:\"related_product\";s:0:\"\";s:15:\"super_attribute\";a:2:{i:93;s:3:\"226\";i:161;s:3:\"219\";}s:3:\"qty\";s:1:\"1\";}}', NULL, 1, 'kpm2l-Navy-7', 'kpm2l-Navy-7', NULL, NULL, NULL, 0, 0, NULL, '0.0000', '0.0000', '2.0000', '0.0000', '0.0000', NULL, '0.0000', '0.0000', '0.0000', NULL, '0.0000', '0.0000', '0.0000', '0.0000', '0.0000', '0.0000', '0.0000', '0.0000', '0.0000', '0.0000', '0.0000', '0.0000', '0.0000', '0.0000', '0.0000', '0.0000', '0.0000', NULL, NULL, NULL, NULL, NULL, NULL, NULL, NULL, NULL, NULL, NULL, NULL, NULL, NULL, NULL, NULL, NULL, NULL, NULL, NULL, NULL, 0, NULL, 0, NULL, NULL, NULL, NULL, NULL, NULL, NULL, NULL, NULL),
(23, 14, NULL, 118, 1, '2018-01-17 13:41:09', '2018-01-17 13:41:09', 2068, 'configurable', 'a:6:{s:15:\"info_buyRequest\";a:6:{s:4:\"uenc\";s:104:\"aHR0cDovL2hvbmlncy5pbmtyZWZ1Z2UuY29tL3Byby1tZXNoLWJhc2ViYWxsLTgtc3RpdGNoLWhhdC5odG1sP29wdGlvbnM9Y2FydA,,\";s:7:\"product\";s:4:\"2068\";s:28:\"selected_configurable_option\";s:0:\"\";s:15:\"related_product\";s:0:\"\";s:15:\"super_attribute\";a:2:{i:93;s:2:\"49\";i:161;s:3:\"222\";}s:3:\"qty\";s:1:\"1\";}s:15:\"attributes_info\";a:2:{i:0;a:4:{s:5:\"label\";s:5:\"Color\";s:5:\"value\";s:5:\"Black\";s:9:\"option_id\";i:93;s:12:\"option_value\";s:2:\"49\";}i:1;a:4:{s:5:\"label\";s:4:\"Size\";s:5:\"value\";s:5:\"7 3/8\";s:9:\"option_id\";i:161;s:12:\"option_value\";s:3:\"222\";}}s:11:\"simple_name\";s:17:\"kpm2l-Black-7 3/8\";s:10:\"simple_sku\";s:17:\"kpm2l-Black-7 3/8\";s:20:\"product_calculations\";i:1;s:13:\"shipment_type\";i:0;}', NULL, 1, 'kpm2l-Black-7 3/8', 'Pro Mesh Baseball 8 Stitch Hat', NULL, NULL, NULL, 0, 0, NULL, '0.0000', '0.0000', '1.0000', '0.0000', '0.0000', NULL, '11.9500', '11.9500', '11.9500', '11.9500', '0.0000', '0.0000', '0.0000', '0.0000', '0.0000', '0.0000', '0.0000', '0.0000', '0.0000', '0.0000', '0.0000', '0.0000', '11.9500', '11.9500', '0.0000', '0.0000', '0.0000', NULL, NULL, NULL, NULL, NULL, '11.9500', '11.9500', '11.9500', '11.9500', '0.0000', '0.0000', NULL, NULL, NULL, NULL, NULL, NULL, NULL, NULL, NULL, NULL, 0, NULL, 0, NULL, NULL, NULL, NULL, NULL, NULL, NULL, NULL, NULL),
(24, 14, 23, 119, 1, '2018-01-17 13:41:09', '2018-01-17 13:41:09', 2055, 'virtual', 'a:1:{s:15:\"info_buyRequest\";a:6:{s:4:\"uenc\";s:104:\"aHR0cDovL2hvbmlncy5pbmtyZWZ1Z2UuY29tL3Byby1tZXNoLWJhc2ViYWxsLTgtc3RpdGNoLWhhdC5odG1sP29wdGlvbnM9Y2FydA,,\";s:7:\"product\";s:4:\"2068\";s:28:\"selected_configurable_option\";s:0:\"\";s:15:\"related_product\";s:0:\"\";s:15:\"super_attribute\";a:2:{i:93;s:2:\"49\";i:161;s:3:\"222\";}s:3:\"qty\";s:1:\"1\";}}', NULL, 1, 'kpm2l-Black-7 3/8', 'kpm2l-Black-7 3/8', NULL, NULL, NULL, 0, 0, NULL, '0.0000', '0.0000', '1.0000', '0.0000', '0.0000', NULL, '0.0000', '0.0000', '0.0000', NULL, '0.0000', '0.0000', '0.0000', '0.0000', '0.0000', '0.0000', '0.0000', '0.0000', '0.0000', '0.0000', '0.0000', '0.0000', '0.0000', '0.0000', '0.0000', '0.0000', '0.0000', NULL, NULL, NULL, NULL, NULL, NULL, NULL, NULL, NULL, NULL, NULL, NULL, NULL, NULL, NULL, NULL, NULL, NULL, NULL, NULL, NULL, 0, NULL, 0, NULL, NULL, NULL, NULL, NULL, NULL, NULL, NULL, NULL);

-- --------------------------------------------------------

--
-- Table structure for table `sales_order_payment`
--

CREATE TABLE `sales_order_payment` (
  `entity_id` int(10) UNSIGNED NOT NULL COMMENT 'Entity Id',
  `parent_id` int(10) UNSIGNED NOT NULL COMMENT 'Parent Id',
  `base_shipping_captured` decimal(12,4) DEFAULT NULL COMMENT 'Base Shipping Captured',
  `shipping_captured` decimal(12,4) DEFAULT NULL COMMENT 'Shipping Captured',
  `amount_refunded` decimal(12,4) DEFAULT NULL COMMENT 'Amount Refunded',
  `base_amount_paid` decimal(12,4) DEFAULT NULL COMMENT 'Base Amount Paid',
  `amount_canceled` decimal(12,4) DEFAULT NULL COMMENT 'Amount Canceled',
  `base_amount_authorized` decimal(12,4) DEFAULT NULL COMMENT 'Base Amount Authorized',
  `base_amount_paid_online` decimal(12,4) DEFAULT NULL COMMENT 'Base Amount Paid Online',
  `base_amount_refunded_online` decimal(12,4) DEFAULT NULL COMMENT 'Base Amount Refunded Online',
  `base_shipping_amount` decimal(12,4) DEFAULT NULL COMMENT 'Base Shipping Amount',
  `shipping_amount` decimal(12,4) DEFAULT NULL COMMENT 'Shipping Amount',
  `amount_paid` decimal(12,4) DEFAULT NULL COMMENT 'Amount Paid',
  `amount_authorized` decimal(12,4) DEFAULT NULL COMMENT 'Amount Authorized',
  `base_amount_ordered` decimal(12,4) DEFAULT NULL COMMENT 'Base Amount Ordered',
  `base_shipping_refunded` decimal(12,4) DEFAULT NULL COMMENT 'Base Shipping Refunded',
  `shipping_refunded` decimal(12,4) DEFAULT NULL COMMENT 'Shipping Refunded',
  `base_amount_refunded` decimal(12,4) DEFAULT NULL COMMENT 'Base Amount Refunded',
  `amount_ordered` decimal(12,4) DEFAULT NULL COMMENT 'Amount Ordered',
  `base_amount_canceled` decimal(12,4) DEFAULT NULL COMMENT 'Base Amount Canceled',
  `quote_payment_id` int(11) DEFAULT NULL COMMENT 'Quote Payment Id',
  `additional_data` text COMMENT 'Additional Data',
  `cc_exp_month` varchar(12) DEFAULT NULL COMMENT 'Cc Exp Month',
  `cc_ss_start_year` varchar(12) DEFAULT NULL COMMENT 'Cc Ss Start Year',
  `echeck_bank_name` varchar(128) DEFAULT NULL COMMENT 'Echeck Bank Name',
  `method` varchar(128) DEFAULT NULL COMMENT 'Method',
  `cc_debug_request_body` varchar(32) DEFAULT NULL COMMENT 'Cc Debug Request Body',
  `cc_secure_verify` varchar(32) DEFAULT NULL COMMENT 'Cc Secure Verify',
  `protection_eligibility` varchar(32) DEFAULT NULL COMMENT 'Protection Eligibility',
  `cc_approval` varchar(32) DEFAULT NULL COMMENT 'Cc Approval',
  `cc_last_4` varchar(100) DEFAULT NULL COMMENT 'Cc Last 4',
  `cc_status_description` varchar(32) DEFAULT NULL COMMENT 'Cc Status Description',
  `echeck_type` varchar(32) DEFAULT NULL COMMENT 'Echeck Type',
  `cc_debug_response_serialized` varchar(32) DEFAULT NULL COMMENT 'Cc Debug Response Serialized',
  `cc_ss_start_month` varchar(128) DEFAULT NULL COMMENT 'Cc Ss Start Month',
  `echeck_account_type` varchar(255) DEFAULT NULL COMMENT 'Echeck Account Type',
  `last_trans_id` varchar(32) DEFAULT NULL COMMENT 'Last Trans Id',
  `cc_cid_status` varchar(32) DEFAULT NULL COMMENT 'Cc Cid Status',
  `cc_owner` varchar(128) DEFAULT NULL COMMENT 'Cc Owner',
  `cc_type` varchar(32) DEFAULT NULL COMMENT 'Cc Type',
  `po_number` varchar(32) DEFAULT NULL COMMENT 'Po Number',
  `cc_exp_year` varchar(4) DEFAULT NULL COMMENT 'Cc Exp Year',
  `cc_status` varchar(4) DEFAULT NULL COMMENT 'Cc Status',
  `echeck_routing_number` varchar(32) DEFAULT NULL COMMENT 'Echeck Routing Number',
  `account_status` varchar(32) DEFAULT NULL COMMENT 'Account Status',
  `anet_trans_method` varchar(32) DEFAULT NULL COMMENT 'Anet Trans Method',
  `cc_debug_response_body` varchar(32) DEFAULT NULL COMMENT 'Cc Debug Response Body',
  `cc_ss_issue` varchar(32) DEFAULT NULL COMMENT 'Cc Ss Issue',
  `echeck_account_name` varchar(32) DEFAULT NULL COMMENT 'Echeck Account Name',
  `cc_avs_status` varchar(32) DEFAULT NULL COMMENT 'Cc Avs Status',
  `cc_number_enc` varchar(32) DEFAULT NULL COMMENT 'Cc Number Enc',
  `cc_trans_id` varchar(32) DEFAULT NULL COMMENT 'Cc Trans Id',
  `address_status` varchar(32) DEFAULT NULL COMMENT 'Address Status',
  `additional_information` text COMMENT 'Additional Information'
) ENGINE=InnoDB DEFAULT CHARSET=utf8 COMMENT='Sales Flat Order Payment';

--
-- Dumping data for table `sales_order_payment`
--

INSERT INTO `sales_order_payment` (`entity_id`, `parent_id`, `base_shipping_captured`, `shipping_captured`, `amount_refunded`, `base_amount_paid`, `amount_canceled`, `base_amount_authorized`, `base_amount_paid_online`, `base_amount_refunded_online`, `base_shipping_amount`, `shipping_amount`, `amount_paid`, `amount_authorized`, `base_amount_ordered`, `base_shipping_refunded`, `shipping_refunded`, `base_amount_refunded`, `amount_ordered`, `base_amount_canceled`, `quote_payment_id`, `additional_data`, `cc_exp_month`, `cc_ss_start_year`, `echeck_bank_name`, `method`, `cc_debug_request_body`, `cc_secure_verify`, `protection_eligibility`, `cc_approval`, `cc_last_4`, `cc_status_description`, `echeck_type`, `cc_debug_response_serialized`, `cc_ss_start_month`, `echeck_account_type`, `last_trans_id`, `cc_cid_status`, `cc_owner`, `cc_type`, `po_number`, `cc_exp_year`, `cc_status`, `echeck_routing_number`, `account_status`, `anet_trans_method`, `cc_debug_response_body`, `cc_ss_issue`, `echeck_account_name`, `cc_avs_status`, `cc_number_enc`, `cc_trans_id`, `address_status`, `additional_information`) VALUES
(1, 1, '5.0000', '5.0000', NULL, '36.3900', NULL, NULL, NULL, NULL, '5.0000', '5.0000', '36.3900', NULL, '36.3900', NULL, NULL, NULL, '36.3900', NULL, NULL, NULL, NULL, NULL, NULL, 'checkmo', NULL, NULL, NULL, NULL, NULL, NULL, NULL, NULL, NULL, NULL, NULL, NULL, NULL, NULL, NULL, NULL, NULL, NULL, NULL, NULL, NULL, NULL, NULL, NULL, NULL, NULL, NULL, 'a:3:{s:12:\"method_title\";s:19:\"Check / Money order\";s:10:\"payable_to\";N;s:15:\"mailing_address\";N;}'),
(2, 2, '5.0000', '5.0000', '7.6400', '39.6400', NULL, NULL, NULL, NULL, '5.0000', '5.0000', '39.6400', NULL, '39.6400', '5.0000', '5.0000', '7.6400', '39.6400', NULL, NULL, NULL, NULL, NULL, NULL, 'checkmo', NULL, NULL, NULL, NULL, NULL, NULL, NULL, NULL, NULL, NULL, NULL, NULL, NULL, NULL, NULL, NULL, NULL, NULL, NULL, NULL, NULL, NULL, NULL, NULL, NULL, NULL, NULL, 'a:3:{s:12:\"method_title\";s:19:\"Check / Money order\";s:10:\"payable_to\";N;s:15:\"mailing_address\";N;}'),
(3, 3, NULL, NULL, NULL, NULL, NULL, NULL, NULL, NULL, '0.0000', '0.0000', NULL, NULL, '11.9500', NULL, NULL, NULL, '11.9500', NULL, NULL, NULL, NULL, NULL, NULL, 'checkmo', NULL, NULL, NULL, NULL, NULL, NULL, NULL, NULL, NULL, NULL, NULL, NULL, NULL, NULL, NULL, NULL, NULL, NULL, NULL, NULL, NULL, NULL, NULL, NULL, NULL, NULL, NULL, 'a:3:{s:12:\"method_title\";s:19:\"Check / Money order\";s:10:\"payable_to\";N;s:15:\"mailing_address\";N;}'),
(4, 4, NULL, NULL, NULL, NULL, NULL, NULL, NULL, NULL, '15.0000', '15.0000', NULL, NULL, '29.0000', NULL, NULL, NULL, '29.0000', NULL, NULL, NULL, NULL, NULL, NULL, 'checkmo', NULL, NULL, NULL, NULL, NULL, NULL, NULL, NULL, NULL, NULL, NULL, NULL, NULL, NULL, NULL, NULL, NULL, NULL, NULL, NULL, NULL, NULL, NULL, NULL, NULL, NULL, NULL, 'a:3:{s:12:\"method_title\";s:19:\"Check / Money order\";s:10:\"payable_to\";N;s:15:\"mailing_address\";N;}'),
(5, 5, NULL, NULL, NULL, NULL, NULL, NULL, NULL, NULL, '10.0000', '10.0000', NULL, NULL, '41.0000', NULL, NULL, NULL, '41.0000', NULL, NULL, NULL, NULL, '0', NULL, 'checkmo', NULL, NULL, NULL, NULL, NULL, NULL, NULL, NULL, '0', NULL, NULL, NULL, NULL, NULL, NULL, '0', NULL, NULL, NULL, NULL, NULL, NULL, NULL, NULL, NULL, NULL, NULL, 'a:3:{s:12:\"method_title\";s:19:\"Check / Money order\";s:10:\"payable_to\";N;s:15:\"mailing_address\";N;}'),
(6, 6, NULL, NULL, NULL, NULL, NULL, NULL, NULL, NULL, '15.0000', '15.0000', NULL, NULL, '53.0000', NULL, NULL, NULL, '53.0000', NULL, NULL, NULL, NULL, '0', NULL, 'checkmo', NULL, NULL, NULL, NULL, NULL, NULL, NULL, NULL, '0', NULL, NULL, NULL, NULL, NULL, NULL, '0', NULL, NULL, NULL, NULL, NULL, NULL, NULL, NULL, NULL, NULL, NULL, 'a:3:{s:12:\"method_title\";s:19:\"Check / Money order\";s:10:\"payable_to\";N;s:15:\"mailing_address\";N;}'),
(7, 7, NULL, NULL, NULL, NULL, NULL, NULL, NULL, NULL, '0.0000', '0.0000', NULL, NULL, '23.9000', NULL, NULL, NULL, '23.9000', NULL, NULL, NULL, NULL, '0', NULL, 'checkmo', NULL, NULL, NULL, NULL, NULL, NULL, NULL, NULL, '0', NULL, NULL, NULL, NULL, NULL, NULL, '0', NULL, NULL, NULL, NULL, NULL, NULL, NULL, NULL, NULL, NULL, NULL, 'a:3:{s:12:\"method_title\";s:19:\"Check / Money order\";s:10:\"payable_to\";N;s:15:\"mailing_address\";N;}'),
(8, 8, NULL, NULL, NULL, NULL, NULL, NULL, NULL, NULL, '10.0000', '10.0000', NULL, NULL, '24.0000', NULL, NULL, NULL, '24.0000', NULL, NULL, NULL, NULL, '0', NULL, 'checkmo', NULL, NULL, NULL, NULL, NULL, NULL, NULL, NULL, '0', NULL, NULL, NULL, NULL, NULL, NULL, '0', NULL, NULL, NULL, NULL, NULL, NULL, NULL, NULL, NULL, NULL, NULL, 'a:3:{s:12:\"method_title\";s:19:\"Check / Money order\";s:10:\"payable_to\";N;s:15:\"mailing_address\";N;}'),
(9, 9, '0.0000', '0.0000', NULL, '23.9500', NULL, NULL, NULL, NULL, '0.0000', '0.0000', '23.9500', NULL, '23.9500', NULL, NULL, NULL, '23.9500', NULL, NULL, NULL, NULL, NULL, NULL, 'checkmo', NULL, NULL, NULL, NULL, NULL, NULL, NULL, NULL, NULL, NULL, NULL, NULL, NULL, NULL, NULL, NULL, NULL, NULL, NULL, NULL, NULL, NULL, NULL, NULL, NULL, NULL, NULL, 'a:3:{s:12:\"method_title\";s:19:\"Check / Money order\";s:10:\"payable_to\";N;s:15:\"mailing_address\";N;}'),
(10, 10, NULL, NULL, NULL, NULL, NULL, NULL, NULL, NULL, '0.0000', '0.0000', NULL, NULL, '23.9500', NULL, NULL, NULL, '23.9500', NULL, NULL, NULL, NULL, NULL, NULL, 'checkmo', NULL, NULL, NULL, NULL, NULL, NULL, NULL, NULL, NULL, NULL, NULL, NULL, NULL, NULL, NULL, NULL, NULL, NULL, NULL, NULL, NULL, NULL, NULL, NULL, NULL, NULL, NULL, 'a:3:{s:12:\"method_title\";s:19:\"Check / Money order\";s:10:\"payable_to\";N;s:15:\"mailing_address\";N;}'),
(11, 11, NULL, NULL, NULL, NULL, NULL, NULL, NULL, NULL, '0.0000', '0.0000', NULL, NULL, '23.9500', NULL, NULL, NULL, '23.9500', NULL, NULL, NULL, NULL, NULL, NULL, 'checkmo', NULL, NULL, NULL, NULL, NULL, NULL, NULL, NULL, NULL, NULL, NULL, NULL, NULL, NULL, NULL, NULL, NULL, NULL, NULL, NULL, NULL, NULL, NULL, NULL, NULL, NULL, NULL, 'a:3:{s:12:\"method_title\";s:19:\"Check / Money order\";s:10:\"payable_to\";N;s:15:\"mailing_address\";N;}'),
(12, 12, NULL, NULL, NULL, NULL, NULL, NULL, NULL, NULL, '15.0000', '15.0000', NULL, NULL, '22.0000', NULL, NULL, NULL, '22.0000', NULL, NULL, NULL, NULL, NULL, NULL, 'checkmo', NULL, NULL, NULL, NULL, NULL, NULL, NULL, NULL, NULL, NULL, NULL, NULL, NULL, NULL, NULL, NULL, NULL, NULL, NULL, NULL, NULL, NULL, NULL, NULL, NULL, NULL, NULL, 'a:3:{s:12:\"method_title\";s:19:\"Check / Money order\";s:10:\"payable_to\";N;s:15:\"mailing_address\";N;}'),
(13, 13, NULL, NULL, NULL, NULL, NULL, NULL, NULL, NULL, '0.0000', '0.0000', NULL, NULL, '23.9000', NULL, NULL, NULL, '23.9000', NULL, NULL, NULL, NULL, NULL, NULL, 'checkmo', NULL, NULL, NULL, NULL, NULL, NULL, NULL, NULL, NULL, NULL, NULL, NULL, NULL, NULL, NULL, NULL, NULL, NULL, NULL, NULL, NULL, NULL, NULL, NULL, NULL, NULL, NULL, 'a:3:{s:12:\"method_title\";s:19:\"Check / Money order\";s:10:\"payable_to\";N;s:15:\"mailing_address\";N;}'),
(14, 14, NULL, NULL, NULL, NULL, NULL, NULL, NULL, NULL, '0.0000', '0.0000', NULL, NULL, '11.9500', NULL, NULL, NULL, '11.9500', NULL, NULL, NULL, NULL, NULL, NULL, 'checkmo', NULL, NULL, NULL, NULL, NULL, NULL, NULL, NULL, NULL, NULL, NULL, NULL, NULL, NULL, NULL, NULL, NULL, NULL, NULL, NULL, NULL, NULL, NULL, NULL, NULL, NULL, NULL, 'a:3:{s:12:\"method_title\";s:19:\"Check / Money order\";s:10:\"payable_to\";N;s:15:\"mailing_address\";N;}');

-- --------------------------------------------------------

--
-- Table structure for table `sales_order_status`
--

CREATE TABLE `sales_order_status` (
  `status` varchar(32) NOT NULL COMMENT 'Status',
  `label` varchar(128) NOT NULL COMMENT 'Label'
) ENGINE=InnoDB DEFAULT CHARSET=utf8 COMMENT='Sales Order Status Table';

--
-- Dumping data for table `sales_order_status`
--

INSERT INTO `sales_order_status` (`status`, `label`) VALUES
('canceled', 'Canceled'),
('closed', 'Closed'),
('complete', 'Complete'),
('fraud', 'Suspected Fraud'),
('holded', 'On Hold'),
('payment_review', 'Payment Review'),
('paypal_canceled_reversal', 'PayPal Canceled Reversal'),
('paypal_reversed', 'PayPal Reversed'),
('pending', 'Pending'),
('pending_payment', 'Pending Payment'),
('pending_paypal', 'Pending PayPal'),
('processing', 'Processing');

-- --------------------------------------------------------

--
-- Table structure for table `sales_order_status_history`
--

CREATE TABLE `sales_order_status_history` (
  `entity_id` int(10) UNSIGNED NOT NULL COMMENT 'Entity Id',
  `parent_id` int(10) UNSIGNED NOT NULL COMMENT 'Parent Id',
  `is_customer_notified` int(11) DEFAULT NULL COMMENT 'Is Customer Notified',
  `is_visible_on_front` smallint(5) UNSIGNED NOT NULL DEFAULT '0' COMMENT 'Is Visible On Front',
  `comment` text COMMENT 'Comment',
  `status` varchar(32) DEFAULT NULL COMMENT 'Status',
  `created_at` timestamp NOT NULL DEFAULT CURRENT_TIMESTAMP COMMENT 'Created At',
  `entity_name` varchar(32) DEFAULT NULL COMMENT 'Shows what entity history is bind to.'
) ENGINE=InnoDB DEFAULT CHARSET=utf8 COMMENT='Sales Flat Order Status History';

--
-- Dumping data for table `sales_order_status_history`
--

INSERT INTO `sales_order_status_history` (`entity_id`, `parent_id`, `is_customer_notified`, `is_visible_on_front`, `comment`, `status`, `created_at`, `entity_name`) VALUES
(1, 2, NULL, 0, 'We refunded $7.64 offline.', 'processing', '2017-10-21 08:25:51', 'creditmemo');

-- --------------------------------------------------------

--
-- Table structure for table `sales_order_status_label`
--

CREATE TABLE `sales_order_status_label` (
  `status` varchar(32) NOT NULL COMMENT 'Status',
  `store_id` smallint(5) UNSIGNED NOT NULL COMMENT 'Store Id',
  `label` varchar(128) NOT NULL COMMENT 'Label'
) ENGINE=InnoDB DEFAULT CHARSET=utf8 COMMENT='Sales Order Status Label Table';

-- --------------------------------------------------------

--
-- Table structure for table `sales_order_status_state`
--

CREATE TABLE `sales_order_status_state` (
  `status` varchar(32) NOT NULL COMMENT 'Status',
  `state` varchar(32) NOT NULL COMMENT 'Label',
  `is_default` smallint(5) UNSIGNED NOT NULL DEFAULT '0' COMMENT 'Is Default',
  `visible_on_front` smallint(5) UNSIGNED NOT NULL DEFAULT '0' COMMENT 'Visible on front'
) ENGINE=InnoDB DEFAULT CHARSET=utf8 COMMENT='Sales Order Status Table';

--
-- Dumping data for table `sales_order_status_state`
--

INSERT INTO `sales_order_status_state` (`status`, `state`, `is_default`, `visible_on_front`) VALUES
('canceled', 'canceled', 1, 1),
('closed', 'closed', 1, 1),
('complete', 'complete', 1, 1),
('fraud', 'payment_review', 0, 1),
('fraud', 'processing', 0, 1),
('holded', 'holded', 1, 1),
('payment_review', 'payment_review', 1, 1),
('pending', 'new', 1, 1),
('pending_payment', 'pending_payment', 1, 0),
('processing', 'processing', 1, 1);

-- --------------------------------------------------------

--
-- Table structure for table `sales_order_tax`
--

CREATE TABLE `sales_order_tax` (
  `tax_id` int(10) UNSIGNED NOT NULL COMMENT 'Tax Id',
  `order_id` int(10) UNSIGNED NOT NULL COMMENT 'Order Id',
  `code` varchar(255) DEFAULT NULL COMMENT 'Code',
  `title` varchar(255) DEFAULT NULL COMMENT 'Title',
  `percent` decimal(12,4) DEFAULT NULL COMMENT 'Percent',
  `amount` decimal(12,4) DEFAULT NULL COMMENT 'Amount',
  `priority` int(11) NOT NULL COMMENT 'Priority',
  `position` int(11) NOT NULL COMMENT 'Position',
  `base_amount` decimal(12,4) DEFAULT NULL COMMENT 'Base Amount',
  `process` smallint(6) NOT NULL COMMENT 'Process',
  `base_real_amount` decimal(12,4) DEFAULT NULL COMMENT 'Base Real Amount'
) ENGINE=InnoDB DEFAULT CHARSET=utf8 COMMENT='Sales Order Tax Table';

--
-- Dumping data for table `sales_order_tax`
--

INSERT INTO `sales_order_tax` (`tax_id`, `order_id`, `code`, `title`, `percent`, `amount`, `priority`, `position`, `base_amount`, `process`, `base_real_amount`) VALUES
(1, 1, 'US-MI-*-Rate 1', 'US-MI-*-Rate 1', '8.2500', '2.3900', 0, 0, '2.3900', 0, '2.3900'),
(2, 2, 'US-MI-*-Rate 1', 'US-MI-*-Rate 1', '8.2500', '2.6400', 0, 0, '2.6400', 0, '2.6400');

-- --------------------------------------------------------

--
-- Table structure for table `sales_order_tax_item`
--

CREATE TABLE `sales_order_tax_item` (
  `tax_item_id` int(10) UNSIGNED NOT NULL COMMENT 'Tax Item Id',
  `tax_id` int(10) UNSIGNED NOT NULL COMMENT 'Tax Id',
  `item_id` int(10) UNSIGNED DEFAULT NULL COMMENT 'Item Id',
  `tax_percent` decimal(12,4) NOT NULL COMMENT 'Real Tax Percent For Item',
  `amount` decimal(12,4) NOT NULL COMMENT 'Tax amount for the item and tax rate',
  `base_amount` decimal(12,4) NOT NULL COMMENT 'Base tax amount for the item and tax rate',
  `real_amount` decimal(12,4) NOT NULL COMMENT 'Real tax amount for the item and tax rate',
  `real_base_amount` decimal(12,4) NOT NULL COMMENT 'Real base tax amount for the item and tax rate',
  `associated_item_id` int(10) UNSIGNED DEFAULT NULL COMMENT 'Id of the associated item',
  `taxable_item_type` varchar(32) NOT NULL COMMENT 'Type of the taxable item'
) ENGINE=InnoDB DEFAULT CHARSET=utf8 COMMENT='Sales Order Tax Item';

--
-- Dumping data for table `sales_order_tax_item`
--

INSERT INTO `sales_order_tax_item` (`tax_item_id`, `tax_id`, `item_id`, `tax_percent`, `amount`, `base_amount`, `real_amount`, `real_base_amount`, `associated_item_id`, `taxable_item_type`) VALUES
(1, 1, NULL, '8.2500', '2.3900', '2.3900', '2.3900', '2.3900', NULL, 'product'),
(2, 2, NULL, '8.2500', '2.6400', '2.6400', '2.6400', '2.6400', NULL, 'product');

-- --------------------------------------------------------

--
-- Table structure for table `sales_payment_transaction`
--

CREATE TABLE `sales_payment_transaction` (
  `transaction_id` int(10) UNSIGNED NOT NULL COMMENT 'Transaction Id',
  `parent_id` int(10) UNSIGNED DEFAULT NULL COMMENT 'Parent Id',
  `order_id` int(10) UNSIGNED NOT NULL DEFAULT '0' COMMENT 'Order Id',
  `payment_id` int(10) UNSIGNED NOT NULL DEFAULT '0' COMMENT 'Payment Id',
  `txn_id` varchar(100) DEFAULT NULL COMMENT 'Txn Id',
  `parent_txn_id` varchar(100) DEFAULT NULL COMMENT 'Parent Txn Id',
  `txn_type` varchar(15) DEFAULT NULL COMMENT 'Txn Type',
  `is_closed` smallint(5) UNSIGNED NOT NULL DEFAULT '1' COMMENT 'Is Closed',
  `additional_information` blob COMMENT 'Additional Information',
  `created_at` timestamp NOT NULL DEFAULT CURRENT_TIMESTAMP COMMENT 'Created At'
) ENGINE=InnoDB DEFAULT CHARSET=utf8 COMMENT='Sales Payment Transaction';

-- --------------------------------------------------------

--
-- Table structure for table `sales_refunded_aggregated`
--

CREATE TABLE `sales_refunded_aggregated` (
  `id` int(10) UNSIGNED NOT NULL COMMENT 'Id',
  `period` date DEFAULT NULL COMMENT 'Period',
  `store_id` smallint(5) UNSIGNED DEFAULT NULL COMMENT 'Store Id',
  `order_status` varchar(50) NOT NULL COMMENT 'Order Status',
  `orders_count` int(11) NOT NULL DEFAULT '0' COMMENT 'Orders Count',
  `refunded` decimal(12,4) DEFAULT NULL COMMENT 'Refunded',
  `online_refunded` decimal(12,4) DEFAULT NULL COMMENT 'Online Refunded',
  `offline_refunded` decimal(12,4) DEFAULT NULL COMMENT 'Offline Refunded'
) ENGINE=InnoDB DEFAULT CHARSET=utf8 COMMENT='Sales Refunded Aggregated';

-- --------------------------------------------------------

--
-- Table structure for table `sales_refunded_aggregated_order`
--

CREATE TABLE `sales_refunded_aggregated_order` (
  `id` int(10) UNSIGNED NOT NULL COMMENT 'Id',
  `period` date DEFAULT NULL COMMENT 'Period',
  `store_id` smallint(5) UNSIGNED DEFAULT NULL COMMENT 'Store Id',
  `order_status` varchar(50) DEFAULT NULL COMMENT 'Order Status',
  `orders_count` int(11) NOT NULL DEFAULT '0' COMMENT 'Orders Count',
  `refunded` decimal(12,4) DEFAULT NULL COMMENT 'Refunded',
  `online_refunded` decimal(12,4) DEFAULT NULL COMMENT 'Online Refunded',
  `offline_refunded` decimal(12,4) DEFAULT NULL COMMENT 'Offline Refunded'
) ENGINE=InnoDB DEFAULT CHARSET=utf8 COMMENT='Sales Refunded Aggregated Order';

-- --------------------------------------------------------

--
-- Table structure for table `sales_sequence_meta`
--

CREATE TABLE `sales_sequence_meta` (
  `meta_id` int(10) UNSIGNED NOT NULL COMMENT 'Id',
  `entity_type` varchar(32) NOT NULL COMMENT 'Prefix',
  `store_id` smallint(5) UNSIGNED NOT NULL COMMENT 'Store Id',
  `sequence_table` varchar(32) NOT NULL COMMENT 'table for sequence'
) ENGINE=InnoDB DEFAULT CHARSET=utf8 COMMENT='sales_sequence_meta';

--
-- Dumping data for table `sales_sequence_meta`
--

INSERT INTO `sales_sequence_meta` (`meta_id`, `entity_type`, `store_id`, `sequence_table`) VALUES
(1, 'order', 0, 'sequence_order_0'),
(2, 'invoice', 0, 'sequence_invoice_0'),
(3, 'creditmemo', 0, 'sequence_creditmemo_0'),
(4, 'shipment', 0, 'sequence_shipment_0'),
(5, 'order', 1, 'sequence_order_1'),
(6, 'invoice', 1, 'sequence_invoice_1'),
(7, 'creditmemo', 1, 'sequence_creditmemo_1'),
(8, 'shipment', 1, 'sequence_shipment_1');

-- --------------------------------------------------------

--
-- Table structure for table `sales_sequence_profile`
--

CREATE TABLE `sales_sequence_profile` (
  `profile_id` int(10) UNSIGNED NOT NULL COMMENT 'Id',
  `meta_id` int(10) UNSIGNED NOT NULL COMMENT 'Meta_id',
  `prefix` varchar(32) DEFAULT NULL COMMENT 'Prefix',
  `suffix` varchar(32) DEFAULT NULL COMMENT 'Suffix',
  `start_value` int(10) UNSIGNED NOT NULL DEFAULT '1' COMMENT 'Start value for sequence',
  `step` int(10) UNSIGNED NOT NULL DEFAULT '1' COMMENT 'Step for sequence',
  `max_value` int(10) UNSIGNED NOT NULL COMMENT 'MaxValue for sequence',
  `warning_value` int(10) UNSIGNED NOT NULL COMMENT 'WarningValue for sequence',
  `is_active` tinyint(1) NOT NULL DEFAULT '0' COMMENT 'isActive flag'
) ENGINE=InnoDB DEFAULT CHARSET=utf8 COMMENT='sales_sequence_profile';

--
-- Dumping data for table `sales_sequence_profile`
--

INSERT INTO `sales_sequence_profile` (`profile_id`, `meta_id`, `prefix`, `suffix`, `start_value`, `step`, `max_value`, `warning_value`, `is_active`) VALUES
(1, 1, NULL, NULL, 1, 1, 4294967295, 4294966295, 1),
(2, 2, NULL, NULL, 1, 1, 4294967295, 4294966295, 1),
(3, 3, NULL, NULL, 1, 1, 4294967295, 4294966295, 1),
(4, 4, NULL, NULL, 1, 1, 4294967295, 4294966295, 1),
(5, 5, NULL, NULL, 1, 1, 4294967295, 4294966295, 1),
(6, 6, NULL, NULL, 1, 1, 4294967295, 4294966295, 1),
(7, 7, NULL, NULL, 1, 1, 4294967295, 4294966295, 1),
(8, 8, NULL, NULL, 1, 1, 4294967295, 4294966295, 1);

-- --------------------------------------------------------

--
-- Table structure for table `sales_shipment`
--

CREATE TABLE `sales_shipment` (
  `entity_id` int(10) UNSIGNED NOT NULL COMMENT 'Entity Id',
  `store_id` smallint(5) UNSIGNED DEFAULT NULL COMMENT 'Store Id',
  `total_weight` decimal(12,4) DEFAULT NULL COMMENT 'Total Weight',
  `total_qty` decimal(12,4) DEFAULT NULL COMMENT 'Total Qty',
  `email_sent` smallint(5) UNSIGNED DEFAULT NULL COMMENT 'Email Sent',
  `send_email` smallint(5) UNSIGNED DEFAULT NULL COMMENT 'Send Email',
  `order_id` int(10) UNSIGNED NOT NULL COMMENT 'Order Id',
  `customer_id` int(11) DEFAULT NULL COMMENT 'Customer Id',
  `shipping_address_id` int(11) DEFAULT NULL COMMENT 'Shipping Address Id',
  `billing_address_id` int(11) DEFAULT NULL COMMENT 'Billing Address Id',
  `shipment_status` int(11) DEFAULT NULL COMMENT 'Shipment Status',
  `increment_id` varchar(50) DEFAULT NULL COMMENT 'Increment Id',
  `created_at` timestamp NOT NULL DEFAULT CURRENT_TIMESTAMP COMMENT 'Created At',
  `updated_at` timestamp NOT NULL DEFAULT CURRENT_TIMESTAMP ON UPDATE CURRENT_TIMESTAMP COMMENT 'Updated At',
  `packages` text COMMENT 'Packed Products in Packages',
  `shipping_label` mediumblob COMMENT 'Shipping Label Content',
  `customer_note` text COMMENT 'Customer Note',
  `customer_note_notify` smallint(5) UNSIGNED DEFAULT NULL COMMENT 'Customer Note Notify'
) ENGINE=InnoDB DEFAULT CHARSET=utf8 COMMENT='Sales Flat Shipment';

--
-- Dumping data for table `sales_shipment`
--

INSERT INTO `sales_shipment` (`entity_id`, `store_id`, `total_weight`, `total_qty`, `email_sent`, `send_email`, `order_id`, `customer_id`, `shipping_address_id`, `billing_address_id`, `shipment_status`, `increment_id`, `created_at`, `updated_at`, `packages`, `shipping_label`, `customer_note`, `customer_note_notify`) VALUES
(1, 1, NULL, '1.0000', NULL, NULL, 1, 1, 1, 2, NULL, '000000001', '2017-10-21 08:25:48', '2017-10-21 08:25:48', 'a:0:{}', NULL, NULL, NULL),
(2, 1, NULL, '1.0000', NULL, NULL, 2, 1, 3, 4, NULL, '000000002', '2017-10-21 08:25:50', '2017-10-21 08:25:50', 'a:0:{}', NULL, NULL, NULL);

-- --------------------------------------------------------

--
-- Table structure for table `sales_shipment_comment`
--

CREATE TABLE `sales_shipment_comment` (
  `entity_id` int(10) UNSIGNED NOT NULL COMMENT 'Entity Id',
  `parent_id` int(10) UNSIGNED NOT NULL COMMENT 'Parent Id',
  `is_customer_notified` int(11) DEFAULT NULL COMMENT 'Is Customer Notified',
  `is_visible_on_front` smallint(5) UNSIGNED NOT NULL DEFAULT '0' COMMENT 'Is Visible On Front',
  `comment` text COMMENT 'Comment',
  `created_at` timestamp NOT NULL DEFAULT CURRENT_TIMESTAMP COMMENT 'Created At'
) ENGINE=InnoDB DEFAULT CHARSET=utf8 COMMENT='Sales Flat Shipment Comment';

-- --------------------------------------------------------

--
-- Table structure for table `sales_shipment_grid`
--

CREATE TABLE `sales_shipment_grid` (
  `entity_id` int(10) UNSIGNED NOT NULL COMMENT 'Entity Id',
  `increment_id` varchar(50) DEFAULT NULL COMMENT 'Increment Id',
  `store_id` smallint(5) UNSIGNED DEFAULT NULL COMMENT 'Store Id',
  `order_increment_id` varchar(32) NOT NULL COMMENT 'Order Increment Id',
  `order_id` int(10) UNSIGNED NOT NULL COMMENT 'Order Id',
  `order_created_at` timestamp NOT NULL DEFAULT CURRENT_TIMESTAMP ON UPDATE CURRENT_TIMESTAMP COMMENT 'Order Increment Id',
  `customer_name` varchar(128) NOT NULL COMMENT 'Customer Name',
  `total_qty` decimal(12,4) DEFAULT NULL COMMENT 'Total Qty',
  `shipment_status` int(11) DEFAULT NULL COMMENT 'Shipment Status',
  `order_status` varchar(32) DEFAULT NULL COMMENT 'Order',
  `billing_address` varchar(255) DEFAULT NULL COMMENT 'Billing Address',
  `shipping_address` varchar(255) DEFAULT NULL COMMENT 'Shipping Address',
  `billing_name` varchar(128) DEFAULT NULL COMMENT 'Billing Name',
  `shipping_name` varchar(128) DEFAULT NULL COMMENT 'Shipping Name',
  `customer_email` varchar(128) DEFAULT NULL COMMENT 'Customer Email',
  `customer_group_id` smallint(6) DEFAULT NULL COMMENT 'Customer Group Id',
  `payment_method` varchar(32) DEFAULT NULL COMMENT 'Payment Method',
  `shipping_information` varchar(255) DEFAULT NULL COMMENT 'Shipping Method Name',
  `created_at` timestamp NULL DEFAULT NULL COMMENT 'Created At',
  `updated_at` timestamp NULL DEFAULT NULL COMMENT 'Updated At'
) ENGINE=InnoDB DEFAULT CHARSET=utf8 COMMENT='Sales Flat Shipment Grid';

--
-- Dumping data for table `sales_shipment_grid`
--

INSERT INTO `sales_shipment_grid` (`entity_id`, `increment_id`, `store_id`, `order_increment_id`, `order_id`, `order_created_at`, `customer_name`, `total_qty`, `shipment_status`, `order_status`, `billing_address`, `shipping_address`, `billing_name`, `shipping_name`, `customer_email`, `customer_group_id`, `payment_method`, `shipping_information`, `created_at`, `updated_at`) VALUES
(1, '000000001', 1, '000000001', 1, '2017-10-21 08:25:46', 'Veronica Costello', '1.0000', NULL, 'processing', '6146 Honey Bluff Parkway Calder Michigan 49628-7978', '6146 Honey Bluff Parkway Calder Michigan 49628-7978', 'Veronica Costello', 'Veronica Costello', 'roni_cost@example.com', 1, 'checkmo', 'Flat Rate - Fixed', '2017-10-21 08:25:48', '2017-10-21 08:25:48'),
(2, '000000002', 1, '000000002', 2, '2017-10-21 08:25:49', 'Veronica Costello', '1.0000', NULL, 'processing', '6146 Honey Bluff Parkway Calder Michigan 49628-7978', '6146 Honey Bluff Parkway Calder Michigan 49628-7978', 'Veronica Costello', 'Veronica Costello', 'roni_cost@example.com', 1, 'checkmo', 'Flat Rate - Fixed', '2017-10-21 08:25:50', '2017-10-21 08:25:50');

-- --------------------------------------------------------

--
-- Table structure for table `sales_shipment_item`
--

CREATE TABLE `sales_shipment_item` (
  `entity_id` int(10) UNSIGNED NOT NULL COMMENT 'Entity Id',
  `parent_id` int(10) UNSIGNED NOT NULL COMMENT 'Parent Id',
  `row_total` decimal(12,4) DEFAULT NULL COMMENT 'Row Total',
  `price` decimal(12,4) DEFAULT NULL COMMENT 'Price',
  `weight` decimal(12,4) DEFAULT NULL COMMENT 'Weight',
  `qty` decimal(12,4) DEFAULT NULL COMMENT 'Qty',
  `product_id` int(11) DEFAULT NULL COMMENT 'Product Id',
  `order_item_id` int(11) DEFAULT NULL COMMENT 'Order Item Id',
  `additional_data` text COMMENT 'Additional Data',
  `description` text COMMENT 'Description',
  `name` varchar(255) DEFAULT NULL COMMENT 'Name',
  `sku` varchar(255) DEFAULT NULL COMMENT 'Sku'
) ENGINE=InnoDB DEFAULT CHARSET=utf8 COMMENT='Sales Flat Shipment Item';

--
-- Dumping data for table `sales_shipment_item`
--

INSERT INTO `sales_shipment_item` (`entity_id`, `parent_id`, `row_total`, `price`, `weight`, `qty`, `product_id`, `order_item_id`, `additional_data`, `description`, `name`, `sku`) VALUES
(1, 1, NULL, '0.0000', '1.0000', '1.0000', 1420, 1, NULL, NULL, 'Iris Workout Top-XS-Red', 'WS03-XS-Red'),
(2, 2, NULL, '0.0000', '1.0000', '1.0000', 1483, 2, NULL, NULL, 'Minerva LumaTech&trade; V-Tee-XS-Blue', 'WS08-XS-Blue');

-- --------------------------------------------------------

--
-- Table structure for table `sales_shipment_track`
--

CREATE TABLE `sales_shipment_track` (
  `entity_id` int(10) UNSIGNED NOT NULL COMMENT 'Entity Id',
  `parent_id` int(10) UNSIGNED NOT NULL COMMENT 'Parent Id',
  `weight` decimal(12,4) DEFAULT NULL COMMENT 'Weight',
  `qty` decimal(12,4) DEFAULT NULL COMMENT 'Qty',
  `order_id` int(10) UNSIGNED NOT NULL COMMENT 'Order Id',
  `track_number` text COMMENT 'Number',
  `description` text COMMENT 'Description',
  `title` varchar(255) DEFAULT NULL COMMENT 'Title',
  `carrier_code` varchar(32) DEFAULT NULL COMMENT 'Carrier Code',
  `created_at` timestamp NOT NULL DEFAULT CURRENT_TIMESTAMP COMMENT 'Created At',
  `updated_at` timestamp NOT NULL DEFAULT CURRENT_TIMESTAMP ON UPDATE CURRENT_TIMESTAMP COMMENT 'Updated At'
) ENGINE=InnoDB DEFAULT CHARSET=utf8 COMMENT='Sales Flat Shipment Track';

-- --------------------------------------------------------

--
-- Table structure for table `sales_shipping_aggregated`
--

CREATE TABLE `sales_shipping_aggregated` (
  `id` int(10) UNSIGNED NOT NULL COMMENT 'Id',
  `period` date DEFAULT NULL COMMENT 'Period',
  `store_id` smallint(5) UNSIGNED DEFAULT NULL COMMENT 'Store Id',
  `order_status` varchar(50) DEFAULT NULL COMMENT 'Order Status',
  `shipping_description` varchar(255) DEFAULT NULL COMMENT 'Shipping Description',
  `orders_count` int(11) NOT NULL DEFAULT '0' COMMENT 'Orders Count',
  `total_shipping` decimal(12,4) DEFAULT NULL COMMENT 'Total Shipping',
  `total_shipping_actual` decimal(12,4) DEFAULT NULL COMMENT 'Total Shipping Actual'
) ENGINE=InnoDB DEFAULT CHARSET=utf8 COMMENT='Sales Shipping Aggregated';

-- --------------------------------------------------------

--
-- Table structure for table `sales_shipping_aggregated_order`
--

CREATE TABLE `sales_shipping_aggregated_order` (
  `id` int(10) UNSIGNED NOT NULL COMMENT 'Id',
  `period` date DEFAULT NULL COMMENT 'Period',
  `store_id` smallint(5) UNSIGNED DEFAULT NULL COMMENT 'Store Id',
  `order_status` varchar(50) DEFAULT NULL COMMENT 'Order Status',
  `shipping_description` varchar(255) DEFAULT NULL COMMENT 'Shipping Description',
  `orders_count` int(11) NOT NULL DEFAULT '0' COMMENT 'Orders Count',
  `total_shipping` decimal(12,4) DEFAULT NULL COMMENT 'Total Shipping',
  `total_shipping_actual` decimal(12,4) DEFAULT NULL COMMENT 'Total Shipping Actual'
) ENGINE=InnoDB DEFAULT CHARSET=utf8 COMMENT='Sales Shipping Aggregated Order';

-- --------------------------------------------------------

--
-- Table structure for table `search_query`
--

CREATE TABLE `search_query` (
  `query_id` int(10) UNSIGNED NOT NULL COMMENT 'Query ID',
  `query_text` varchar(255) DEFAULT NULL COMMENT 'Query text',
  `num_results` int(10) UNSIGNED NOT NULL DEFAULT '0' COMMENT 'Num results',
  `popularity` int(10) UNSIGNED NOT NULL DEFAULT '0' COMMENT 'Popularity',
  `redirect` varchar(255) DEFAULT NULL COMMENT 'Redirect',
  `store_id` smallint(5) UNSIGNED NOT NULL DEFAULT '0' COMMENT 'Store ID',
  `display_in_terms` smallint(6) NOT NULL DEFAULT '1' COMMENT 'Display in terms',
  `is_active` smallint(6) DEFAULT '1' COMMENT 'Active status',
  `is_processed` smallint(6) DEFAULT '0' COMMENT 'Processed status',
  `updated_at` timestamp NOT NULL DEFAULT CURRENT_TIMESTAMP ON UPDATE CURRENT_TIMESTAMP COMMENT 'Updated at'
) ENGINE=InnoDB DEFAULT CHARSET=utf8 COMMENT='Search query table';

--
-- Dumping data for table `search_query`
--

INSERT INTO `search_query` (`query_id`, `query_text`, `num_results`, `popularity`, `redirect`, `store_id`, `display_in_terms`, `is_active`, `is_processed`, `updated_at`) VALUES
(1, 'Teton Pullover Hoodie-XL-Purple', 59, 1, NULL, 1, 1, 1, 0, '2017-10-21 12:51:07'),
(2, 'Hats', 0, 1, NULL, 1, 1, 1, 0, '2017-11-17 05:47:03'),
(4, 'kpm2l', 1, 55, NULL, 1, 1, 1, 0, '2018-01-03 12:13:54'),
(98, 'PSB19', 1, 1, NULL, 1, 1, 1, 0, '2017-11-18 05:52:49'),
(102, 'v2', 0, 2, NULL, 1, 1, 1, 0, '2017-11-18 06:22:00'),
(106, 'cornerstone', 0, 1, NULL, 1, 1, 1, 0, '2017-11-18 06:22:27'),
(108, 'basketball_shirt', 0, 1, NULL, 1, 1, 1, 0, '2017-11-18 06:30:49'),
(110, 'basketball', 1, 5, NULL, 1, 1, 1, 0, '2018-01-12 21:28:11'),
(120, 'hat', 1, 1, NULL, 1, 1, 1, 0, '2017-11-20 05:14:07'),
(136, 'side', 31, 5, NULL, 1, 1, 1, 0, '2018-01-12 21:28:54'),
(146, 'shirt', 6, 2, NULL, 1, 1, 1, 0, '2018-01-12 21:29:04');

-- --------------------------------------------------------

--
-- Table structure for table `search_synonyms`
--

CREATE TABLE `search_synonyms` (
  `group_id` bigint(20) UNSIGNED NOT NULL COMMENT 'Synonyms Group Id',
  `synonyms` text NOT NULL COMMENT 'list of synonyms making up this group',
  `store_id` smallint(5) UNSIGNED NOT NULL DEFAULT '0' COMMENT 'Store Id - identifies the store view these synonyms belong to',
  `website_id` smallint(5) UNSIGNED NOT NULL DEFAULT '0' COMMENT 'Website Id - identifies the website id these synonyms belong to'
) ENGINE=InnoDB DEFAULT CHARSET=utf8 COMMENT='table storing various synonyms groups';

-- --------------------------------------------------------

--
-- Table structure for table `sendfriend_log`
--

CREATE TABLE `sendfriend_log` (
  `log_id` int(10) UNSIGNED NOT NULL COMMENT 'Log ID',
  `ip` bigint(20) UNSIGNED NOT NULL DEFAULT '0' COMMENT 'Customer IP address',
  `time` int(10) UNSIGNED NOT NULL DEFAULT '0' COMMENT 'Log time',
  `website_id` smallint(5) UNSIGNED NOT NULL DEFAULT '0' COMMENT 'Website ID'
) ENGINE=InnoDB DEFAULT CHARSET=utf8 COMMENT='Send to friend function log storage table';

-- --------------------------------------------------------

--
-- Table structure for table `sequence_creditmemo_0`
--

CREATE TABLE `sequence_creditmemo_0` (
  `sequence_value` int(10) UNSIGNED NOT NULL
) ENGINE=MyISAM DEFAULT CHARSET=latin1;

-- --------------------------------------------------------

--
-- Table structure for table `sequence_creditmemo_1`
--

CREATE TABLE `sequence_creditmemo_1` (
  `sequence_value` int(10) UNSIGNED NOT NULL
) ENGINE=MyISAM DEFAULT CHARSET=latin1;

--
-- Dumping data for table `sequence_creditmemo_1`
--

INSERT INTO `sequence_creditmemo_1` (`sequence_value`) VALUES
(1);

-- --------------------------------------------------------

--
-- Table structure for table `sequence_invoice_0`
--

CREATE TABLE `sequence_invoice_0` (
  `sequence_value` int(10) UNSIGNED NOT NULL
) ENGINE=MyISAM DEFAULT CHARSET=latin1;

-- --------------------------------------------------------

--
-- Table structure for table `sequence_invoice_1`
--

CREATE TABLE `sequence_invoice_1` (
  `sequence_value` int(10) UNSIGNED NOT NULL
) ENGINE=MyISAM DEFAULT CHARSET=latin1;

--
-- Dumping data for table `sequence_invoice_1`
--

INSERT INTO `sequence_invoice_1` (`sequence_value`) VALUES
(1),
(2),
(3);

-- --------------------------------------------------------

--
-- Table structure for table `sequence_order_0`
--

CREATE TABLE `sequence_order_0` (
  `sequence_value` int(10) UNSIGNED NOT NULL
) ENGINE=MyISAM DEFAULT CHARSET=latin1;

-- --------------------------------------------------------

--
-- Table structure for table `sequence_order_1`
--

CREATE TABLE `sequence_order_1` (
  `sequence_value` int(10) UNSIGNED NOT NULL
) ENGINE=MyISAM DEFAULT CHARSET=latin1;

--
-- Dumping data for table `sequence_order_1`
--

INSERT INTO `sequence_order_1` (`sequence_value`) VALUES
(1),
(2),
(3),
(4),
(5),
(6),
(7),
(8),
(9),
(10),
(11),
(12),
(13),
(14);

-- --------------------------------------------------------

--
-- Table structure for table `sequence_shipment_0`
--

CREATE TABLE `sequence_shipment_0` (
  `sequence_value` int(10) UNSIGNED NOT NULL
) ENGINE=MyISAM DEFAULT CHARSET=latin1;

-- --------------------------------------------------------

--
-- Table structure for table `sequence_shipment_1`
--

CREATE TABLE `sequence_shipment_1` (
  `sequence_value` int(10) UNSIGNED NOT NULL
) ENGINE=MyISAM DEFAULT CHARSET=latin1;

--
-- Dumping data for table `sequence_shipment_1`
--

INSERT INTO `sequence_shipment_1` (`sequence_value`) VALUES
(1),
(2);

-- --------------------------------------------------------

--
-- Table structure for table `session`
--

CREATE TABLE `session` (
  `session_id` varchar(255) NOT NULL COMMENT 'Session Id',
  `session_expires` int(10) UNSIGNED NOT NULL DEFAULT '0' COMMENT 'Date of Session Expiration',
  `session_data` mediumblob NOT NULL COMMENT 'Session Data'
) ENGINE=InnoDB DEFAULT CHARSET=utf8 COMMENT='Database Sessions Storage';

-- --------------------------------------------------------

--
-- Table structure for table `setup_module`
--

CREATE TABLE `setup_module` (
  `module` varchar(50) NOT NULL COMMENT 'Module',
  `schema_version` varchar(50) DEFAULT NULL COMMENT 'Schema Version',
  `data_version` varchar(50) DEFAULT NULL COMMENT 'Data Version'
) ENGINE=InnoDB DEFAULT CHARSET=utf8 COMMENT='Module versions registry';

--
-- Dumping data for table `setup_module`
--

INSERT INTO `setup_module` (`module`, `schema_version`, `data_version`) VALUES
('Magento_AdminNotification', '2.0.0', '2.0.0'),
('Magento_AdvancedPricingImportExport', '2.0.0', '2.0.0'),
('Magento_Authorization', '2.0.0', '2.0.0'),
('Magento_Authorizenet', '2.0.0', '2.0.0'),
('Magento_Backend', '2.0.0', '2.0.0'),
('Magento_Backup', '2.0.0', '2.0.0'),
('Magento_Braintree', '2.0.0', '2.0.0'),
('Magento_Bundle', '2.0.2', '2.0.2'),
('Magento_BundleImportExport', '2.0.0', '2.0.0'),
('Magento_BundleSampleData', '2.0.0', '2.0.0'),
('Magento_CacheInvalidate', '2.0.0', '2.0.0'),
('Magento_Captcha', '2.0.0', '2.0.0'),
('Magento_Catalog', '2.1.4', '2.1.4'),
('Magento_CatalogImportExport', '2.0.0', '2.0.0'),
('Magento_CatalogInventory', '2.0.1', '2.0.1'),
('Magento_CatalogRule', '2.0.1', '2.0.1'),
('Magento_CatalogRuleConfigurable', '2.0.0', '2.0.0'),
('Magento_CatalogRuleSampleData', '2.0.0', '2.0.0'),
('Magento_CatalogSampleData', '2.0.0', '2.0.0'),
('Magento_CatalogSearch', '2.0.0', '2.0.0'),
('Magento_CatalogUrlRewrite', '2.0.0', '2.0.0'),
('Magento_CatalogWidget', '2.0.0', '2.0.0'),
('Magento_Checkout', '2.0.0', '2.0.0'),
('Magento_CheckoutAgreements', '2.0.1', '2.0.1'),
('Magento_Cms', '2.0.1', '2.0.1'),
('Magento_CmsSampleData', '2.0.0', '2.0.0'),
('Magento_CmsUrlRewrite', '2.0.0', '2.0.0'),
('Magento_Config', '2.0.0', '2.0.0'),
('Magento_ConfigurableImportExport', '2.0.0', '2.0.0'),
('Magento_ConfigurableProduct', '2.0.0', '2.0.0'),
('Magento_ConfigurableSampleData', '2.0.0', '2.0.0'),
('Magento_Contact', '2.0.0', '2.0.0'),
('Magento_Cookie', '2.0.0', '2.0.0'),
('Magento_Cron', '2.0.0', '2.0.0'),
('Magento_CurrencySymbol', '2.0.0', '2.0.0'),
('Magento_Customer', '2.0.9', '2.0.9'),
('Magento_CustomerImportExport', '2.0.0', '2.0.0'),
('Magento_CustomerSampleData', '2.0.0', '2.0.0'),
('Magento_Deploy', '2.0.0', '2.0.0'),
('Magento_Developer', '2.0.0', '2.0.0'),
('Magento_Dhl', '2.0.0', '2.0.0'),
('Magento_Directory', '2.0.0', '2.0.0'),
('Magento_Downloadable', '2.0.1', '2.0.1'),
('Magento_DownloadableImportExport', '2.0.0', '2.0.0'),
('Magento_DownloadableSampleData', '2.0.0', '2.0.0'),
('Magento_Eav', '2.0.0', '2.0.0'),
('Magento_Email', '2.0.0', '2.0.0'),
('Magento_EncryptionKey', '2.0.0', '2.0.0'),
('Magento_Fedex', '2.0.0', '2.0.0'),
('Magento_GiftMessage', '2.0.1', '2.0.1'),
('Magento_GoogleAdwords', '2.0.0', '2.0.0'),
('Magento_GoogleAnalytics', '2.0.0', '2.0.0'),
('Magento_GoogleOptimizer', '2.0.0', '2.0.0'),
('Magento_GroupedImportExport', '2.0.0', '2.0.0'),
('Magento_GroupedProduct', '2.0.1', '2.0.1'),
('Magento_GroupedProductSampleData', '2.0.0', '2.0.0'),
('Magento_ImportExport', '2.0.1', '2.0.1'),
('Magento_Indexer', '2.0.0', '2.0.0'),
('Magento_Integration', '2.2.0', '2.2.0'),
('Magento_LayeredNavigation', '2.0.0', '2.0.0'),
('Magento_Marketplace', '1.0.0', '1.0.0'),
('Magento_MediaStorage', '2.0.0', '2.0.0'),
('Magento_Msrp', '2.1.3', '2.1.3'),
('Magento_MsrpSampleData', '2.0.0', '2.0.0'),
('Magento_Multishipping', '2.0.0', '2.0.0'),
('Magento_NewRelicReporting', '2.0.0', '2.0.0'),
('Magento_Newsletter', '2.0.0', '2.0.0'),
('Magento_OfflinePayments', '2.0.0', '2.0.0'),
('Magento_OfflineShipping', '2.0.0', '2.0.0'),
('Magento_OfflineShippingSampleData', '2.0.0', '2.0.0'),
('Magento_PageCache', '2.0.0', '2.0.0'),
('Magento_Payment', '2.0.0', '2.0.0'),
('Magento_Paypal', '2.0.0', '2.0.0'),
('Magento_Persistent', '2.0.0', '2.0.0'),
('Magento_ProductAlert', '2.0.0', '2.0.0'),
('Magento_ProductLinksSampleData', '2.0.0', '2.0.0'),
('Magento_ProductVideo', '2.0.0.2', '2.0.0.2'),
('Magento_Quote', '2.0.4', '2.0.4'),
('Magento_Reports', '2.0.0', '2.0.0'),
('Magento_RequireJs', '2.0.0', '2.0.0'),
('Magento_Review', '2.0.0', '2.0.0'),
('Magento_ReviewSampleData', '2.0.0', '2.0.0'),
('Magento_Rss', '2.0.0', '2.0.0'),
('Magento_Rule', '2.0.0', '2.0.0'),
('Magento_Sales', '2.0.3', '2.0.3'),
('Magento_SalesInventory', '1.0.0', '1.0.0'),
('Magento_SalesRule', '2.0.1', '2.0.1'),
('Magento_SalesRuleSampleData', '2.0.0', '2.0.0'),
('Magento_SalesSampleData', '2.0.0', '2.0.0'),
('Magento_SalesSequence', '2.0.0', '2.0.0'),
('Magento_SampleData', '2.0.0', '2.0.0'),
('Magento_Search', '2.0.4', '2.0.4'),
('Magento_Security', '2.0.1', '2.0.1'),
('Magento_SendFriend', '2.0.0', '2.0.0'),
('Magento_Shipping', '2.0.0', '2.0.0'),
('Magento_Sitemap', '2.0.0', '2.0.0'),
('Magento_Store', '2.0.0', '2.0.0'),
('Magento_Swagger', '2.0.0', '2.0.0'),
('Magento_Swatches', '2.0.1', '2.0.1'),
('Magento_SwatchesLayeredNavigation', '2.0.0', '2.0.0'),
('Magento_SwatchesSampleData', '2.0.0', '2.0.0'),
('Magento_Tax', '2.0.1', '2.0.1'),
('Magento_TaxImportExport', '2.0.0', '2.0.0'),
('Magento_TaxSampleData', '2.0.0', '2.0.0'),
('Magento_Theme', '2.0.1', '2.0.1'),
('Magento_ThemeSampleData', '2.0.0', '2.0.0'),
('Magento_Translation', '2.0.0', '2.0.0'),
('Magento_Ui', '2.0.0', '2.0.0'),
('Magento_Ups', '2.0.0', '2.0.0'),
('Magento_UrlRewrite', '2.0.0', '2.0.0'),
('Magento_User', '2.0.1', '2.0.1'),
('Magento_Usps', '2.0.1', '2.0.1'),
('Magento_Variable', '2.0.0', '2.0.0'),
('Magento_Vault', '2.0.2', '2.0.2'),
('Magento_Version', '2.0.0', '2.0.0'),
('Magento_Webapi', '2.0.0', '2.0.0'),
('Magento_WebapiSecurity', '2.0.0', '2.0.0'),
('Magento_Weee', '2.0.0', '2.0.0'),
('Magento_Widget', '2.0.0', '2.0.0'),
('Magento_WidgetSampleData', '2.0.0', '2.0.0'),
('Magento_Wishlist', '2.0.0', '2.0.0'),
('Magento_WishlistSampleData', '2.0.0', '2.0.0'),
('Magiccart_Storepickup', '1.1.0', '1.1.0'),
('magiecommerce_OneStepCheckout', '2.0.0', '2.0.0'),
('Magiecommerce_Storelocator', '1.0.1', '1.0.1'),
('Plazathemes_Bannerslider', '1.0.0', '1.0.0'),
('Plazathemes_Bestsellerproduct', '2.0.0', '2.0.0'),
('Plazathemes_Blog', '2.0.0', '2.0.0'),
('Plazathemes_Brandslider', '1.0.0', '1.0.0'),
('Plazathemes_Categorytab', '2.0.0', '2.0.0'),
('Plazathemes_Featureproductslider', '2.0.0', '2.0.0'),
('Plazathemes_Hozmegamenu', '2.0.0', '2.0.0'),
('Plazathemes_InstagramGallery', '1.0.0', '1.0.0'),
('Plazathemes_Layout', '2.0.0', '2.0.0'),
('Plazathemes_Loadjs', '2.0.0', '2.0.0'),
('Plazathemes_Newproductslider', '2.0.0', '2.0.0'),
('Plazathemes_Newsletterpopup', '2.0.0', '2.0.0'),
('Plazathemes_Override', '2.0.0', '2.0.0'),
('Plazathemes_Producttab', '2.0.0', '2.0.0'),
('Plazathemes_Recentproductslider', '1.0.0', '1.0.0'),
('Plazathemes_Template', '2.0.0', '2.0.0'),
('Plazathemes_Testimonial', '1.0.0', '1.0.0'),
('Plazathemes_Themeoptions', '2.0.0', '2.0.0');

-- --------------------------------------------------------

--
-- Table structure for table `shipping_tablerate`
--

CREATE TABLE `shipping_tablerate` (
  `pk` int(10) UNSIGNED NOT NULL COMMENT 'Primary key',
  `website_id` int(11) NOT NULL DEFAULT '0' COMMENT 'Website Id',
  `dest_country_id` varchar(4) NOT NULL DEFAULT '0' COMMENT 'Destination coutry ISO/2 or ISO/3 code',
  `dest_region_id` int(11) NOT NULL DEFAULT '0' COMMENT 'Destination Region Id',
  `dest_zip` varchar(10) NOT NULL DEFAULT '*' COMMENT 'Destination Post Code (Zip)',
  `condition_name` varchar(20) NOT NULL COMMENT 'Rate Condition name',
  `condition_value` decimal(12,4) NOT NULL DEFAULT '0.0000' COMMENT 'Rate condition value',
  `price` decimal(12,4) NOT NULL DEFAULT '0.0000' COMMENT 'Price',
  `cost` decimal(12,4) NOT NULL DEFAULT '0.0000' COMMENT 'Cost'
) ENGINE=InnoDB DEFAULT CHARSET=utf8 COMMENT='Shipping Tablerate';

--
-- Dumping data for table `shipping_tablerate`
--

INSERT INTO `shipping_tablerate` (`pk`, `website_id`, `dest_country_id`, `dest_region_id`, `dest_zip`, `condition_name`, `condition_value`, `price`, `cost`) VALUES
(1, 1, 'US', 0, '*', 'package_value', '0.0000', '15.0000', '0.0000'),
(2, 1, 'US', 0, '*', 'package_value', '50.0000', '10.0000', '0.0000'),
(3, 1, 'US', 0, '*', 'package_value', '100.0000', '5.0000', '0.0000'),
(4, 1, 'US', 2, '*', 'package_value', '0.0000', '20.0000', '0.0000'),
(5, 1, 'US', 2, '*', 'package_value', '50.0000', '15.0000', '0.0000'),
(6, 1, 'US', 2, '*', 'package_value', '100.0000', '10.0000', '0.0000'),
(7, 1, 'US', 21, '*', 'package_value', '0.0000', '20.0000', '0.0000'),
(8, 1, 'US', 21, '*', 'package_value', '50.0000', '15.0000', '0.0000'),
(9, 1, 'US', 21, '*', 'package_value', '100.0000', '10.0000', '0.0000');

-- --------------------------------------------------------

--
-- Table structure for table `sitemap`
--

CREATE TABLE `sitemap` (
  `sitemap_id` int(10) UNSIGNED NOT NULL COMMENT 'Sitemap Id',
  `sitemap_type` varchar(32) DEFAULT NULL COMMENT 'Sitemap Type',
  `sitemap_filename` varchar(32) DEFAULT NULL COMMENT 'Sitemap Filename',
  `sitemap_path` varchar(255) DEFAULT NULL COMMENT 'Sitemap Path',
  `sitemap_time` timestamp NULL DEFAULT NULL COMMENT 'Sitemap Time',
  `store_id` smallint(5) UNSIGNED NOT NULL DEFAULT '0' COMMENT 'Store id'
) ENGINE=InnoDB DEFAULT CHARSET=utf8 COMMENT='XML Sitemap';

-- --------------------------------------------------------

--
-- Table structure for table `store`
--

CREATE TABLE `store` (
  `store_id` smallint(5) UNSIGNED NOT NULL COMMENT 'Store Id',
  `code` varchar(32) DEFAULT NULL COMMENT 'Code',
  `website_id` smallint(5) UNSIGNED NOT NULL DEFAULT '0' COMMENT 'Website Id',
  `group_id` smallint(5) UNSIGNED NOT NULL DEFAULT '0' COMMENT 'Group Id',
  `name` varchar(255) NOT NULL COMMENT 'Store Name',
  `sort_order` smallint(5) UNSIGNED NOT NULL DEFAULT '0' COMMENT 'Store Sort Order',
  `is_active` smallint(5) UNSIGNED NOT NULL DEFAULT '0' COMMENT 'Store Activity'
) ENGINE=InnoDB DEFAULT CHARSET=utf8 COMMENT='Stores';

--
-- Dumping data for table `store`
--

INSERT INTO `store` (`store_id`, `code`, `website_id`, `group_id`, `name`, `sort_order`, `is_active`) VALUES
(0, 'admin', 0, 0, 'Admin', 0, 1),
(1, 'default', 1, 1, 'Default Store View', 0, 1);

-- --------------------------------------------------------

--
-- Table structure for table `store_group`
--

CREATE TABLE `store_group` (
  `group_id` smallint(5) UNSIGNED NOT NULL COMMENT 'Group Id',
  `website_id` smallint(5) UNSIGNED NOT NULL DEFAULT '0' COMMENT 'Website Id',
  `name` varchar(255) NOT NULL COMMENT 'Store Group Name',
  `root_category_id` int(10) UNSIGNED NOT NULL DEFAULT '0' COMMENT 'Root Category Id',
  `default_store_id` smallint(5) UNSIGNED NOT NULL DEFAULT '0' COMMENT 'Default Store Id'
) ENGINE=InnoDB DEFAULT CHARSET=utf8 COMMENT='Store Groups';

--
-- Dumping data for table `store_group`
--

INSERT INTO `store_group` (`group_id`, `website_id`, `name`, `root_category_id`, `default_store_id`) VALUES
(0, 0, 'Default', 0, 0),
(1, 1, 'Main Website Store', 2, 1);

-- --------------------------------------------------------

--
-- Table structure for table `store_website`
--

CREATE TABLE `store_website` (
  `website_id` smallint(5) UNSIGNED NOT NULL COMMENT 'Website Id',
  `code` varchar(32) DEFAULT NULL COMMENT 'Code',
  `name` varchar(64) DEFAULT NULL COMMENT 'Website Name',
  `sort_order` smallint(5) UNSIGNED NOT NULL DEFAULT '0' COMMENT 'Sort Order',
  `default_group_id` smallint(5) UNSIGNED NOT NULL DEFAULT '0' COMMENT 'Default Group Id',
  `is_default` smallint(5) UNSIGNED DEFAULT '0' COMMENT 'Defines Is Website Default'
) ENGINE=InnoDB DEFAULT CHARSET=utf8 COMMENT='Websites';

--
-- Dumping data for table `store_website`
--

INSERT INTO `store_website` (`website_id`, `code`, `name`, `sort_order`, `default_group_id`, `is_default`) VALUES
(0, 'admin', 'Admin', 0, 0, 0),
(1, 'base', 'Main Website', 0, 1, 1);

-- --------------------------------------------------------

--
-- Table structure for table `tax_calculation`
--

CREATE TABLE `tax_calculation` (
  `tax_calculation_id` int(11) NOT NULL COMMENT 'Tax Calculation Id',
  `tax_calculation_rate_id` int(11) NOT NULL COMMENT 'Tax Calculation Rate Id',
  `tax_calculation_rule_id` int(11) NOT NULL COMMENT 'Tax Calculation Rule Id',
  `customer_tax_class_id` smallint(6) NOT NULL COMMENT 'Customer Tax Class Id',
  `product_tax_class_id` smallint(6) NOT NULL COMMENT 'Product Tax Class Id'
) ENGINE=InnoDB DEFAULT CHARSET=utf8 COMMENT='Tax Calculation';

--
-- Dumping data for table `tax_calculation`
--

INSERT INTO `tax_calculation` (`tax_calculation_id`, `tax_calculation_rate_id`, `tax_calculation_rule_id`, `customer_tax_class_id`, `product_tax_class_id`) VALUES
(1, 3, 1, 3, 2);

-- --------------------------------------------------------

--
-- Table structure for table `tax_calculation_rate`
--

CREATE TABLE `tax_calculation_rate` (
  `tax_calculation_rate_id` int(11) NOT NULL COMMENT 'Tax Calculation Rate Id',
  `tax_country_id` varchar(2) NOT NULL COMMENT 'Tax Country Id',
  `tax_region_id` int(11) NOT NULL COMMENT 'Tax Region Id',
  `tax_postcode` varchar(21) DEFAULT NULL COMMENT 'Tax Postcode',
  `code` varchar(255) NOT NULL COMMENT 'Code',
  `rate` decimal(12,4) NOT NULL COMMENT 'Rate',
  `zip_is_range` smallint(6) DEFAULT NULL COMMENT 'Zip Is Range',
  `zip_from` int(10) UNSIGNED DEFAULT NULL COMMENT 'Zip From',
  `zip_to` int(10) UNSIGNED DEFAULT NULL COMMENT 'Zip To'
) ENGINE=InnoDB DEFAULT CHARSET=utf8 COMMENT='Tax Calculation Rate';

--
-- Dumping data for table `tax_calculation_rate`
--

INSERT INTO `tax_calculation_rate` (`tax_calculation_rate_id`, `tax_country_id`, `tax_region_id`, `tax_postcode`, `code`, `rate`, `zip_is_range`, `zip_from`, `zip_to`) VALUES
(1, 'US', 12, '*', 'US-CA-*-Rate 1', '8.2500', NULL, NULL, NULL),
(2, 'US', 43, '*', 'US-NY-*-Rate 1', '8.3750', NULL, NULL, NULL),
(3, 'US', 33, '*', 'US-MI-*-Rate 1', '8.2500', NULL, NULL, NULL);

-- --------------------------------------------------------

--
-- Table structure for table `tax_calculation_rate_title`
--

CREATE TABLE `tax_calculation_rate_title` (
  `tax_calculation_rate_title_id` int(11) NOT NULL COMMENT 'Tax Calculation Rate Title Id',
  `tax_calculation_rate_id` int(11) NOT NULL COMMENT 'Tax Calculation Rate Id',
  `store_id` smallint(5) UNSIGNED NOT NULL COMMENT 'Store Id',
  `value` varchar(255) NOT NULL COMMENT 'Value'
) ENGINE=InnoDB DEFAULT CHARSET=utf8 COMMENT='Tax Calculation Rate Title';

-- --------------------------------------------------------

--
-- Table structure for table `tax_calculation_rule`
--

CREATE TABLE `tax_calculation_rule` (
  `tax_calculation_rule_id` int(11) NOT NULL COMMENT 'Tax Calculation Rule Id',
  `code` varchar(255) NOT NULL COMMENT 'Code',
  `priority` int(11) NOT NULL COMMENT 'Priority',
  `position` int(11) NOT NULL COMMENT 'Position',
  `calculate_subtotal` int(11) NOT NULL COMMENT 'Calculate off subtotal option'
) ENGINE=InnoDB DEFAULT CHARSET=utf8 COMMENT='Tax Calculation Rule';

--
-- Dumping data for table `tax_calculation_rule`
--

INSERT INTO `tax_calculation_rule` (`tax_calculation_rule_id`, `code`, `priority`, `position`, `calculate_subtotal`) VALUES
(1, 'Rule1', 0, 0, 0);

-- --------------------------------------------------------

--
-- Table structure for table `tax_class`
--

CREATE TABLE `tax_class` (
  `class_id` smallint(6) NOT NULL COMMENT 'Class Id',
  `class_name` varchar(255) NOT NULL COMMENT 'Class Name',
  `class_type` varchar(8) NOT NULL DEFAULT 'CUSTOMER' COMMENT 'Class Type'
) ENGINE=InnoDB DEFAULT CHARSET=utf8 COMMENT='Tax Class';

--
-- Dumping data for table `tax_class`
--

INSERT INTO `tax_class` (`class_id`, `class_name`, `class_type`) VALUES
(2, 'Taxable Goods', 'PRODUCT'),
(3, 'Retail Customer', 'CUSTOMER');

-- --------------------------------------------------------

--
-- Table structure for table `tax_order_aggregated_created`
--

CREATE TABLE `tax_order_aggregated_created` (
  `id` int(10) UNSIGNED NOT NULL COMMENT 'Id',
  `period` date DEFAULT NULL COMMENT 'Period',
  `store_id` smallint(5) UNSIGNED DEFAULT NULL COMMENT 'Store Id',
  `code` varchar(255) NOT NULL COMMENT 'Code',
  `order_status` varchar(50) NOT NULL COMMENT 'Order Status',
  `percent` float DEFAULT NULL COMMENT 'Percent',
  `orders_count` int(10) UNSIGNED NOT NULL DEFAULT '0' COMMENT 'Orders Count',
  `tax_base_amount_sum` float DEFAULT NULL COMMENT 'Tax Base Amount Sum'
) ENGINE=InnoDB DEFAULT CHARSET=utf8 COMMENT='Tax Order Aggregation';

-- --------------------------------------------------------

--
-- Table structure for table `tax_order_aggregated_updated`
--

CREATE TABLE `tax_order_aggregated_updated` (
  `id` int(10) UNSIGNED NOT NULL COMMENT 'Id',
  `period` date DEFAULT NULL COMMENT 'Period',
  `store_id` smallint(5) UNSIGNED DEFAULT NULL COMMENT 'Store Id',
  `code` varchar(255) NOT NULL COMMENT 'Code',
  `order_status` varchar(50) NOT NULL COMMENT 'Order Status',
  `percent` float DEFAULT NULL COMMENT 'Percent',
  `orders_count` int(10) UNSIGNED NOT NULL DEFAULT '0' COMMENT 'Orders Count',
  `tax_base_amount_sum` float DEFAULT NULL COMMENT 'Tax Base Amount Sum'
) ENGINE=InnoDB DEFAULT CHARSET=utf8 COMMENT='Tax Order Aggregated Updated';

-- --------------------------------------------------------

--
-- Table structure for table `theme`
--

CREATE TABLE `theme` (
  `theme_id` int(10) UNSIGNED NOT NULL COMMENT 'Theme identifier',
  `parent_id` int(11) DEFAULT NULL COMMENT 'Parent Id',
  `theme_path` varchar(255) DEFAULT NULL COMMENT 'Theme Path',
  `theme_title` varchar(255) NOT NULL COMMENT 'Theme Title',
  `preview_image` varchar(255) DEFAULT NULL COMMENT 'Preview Image',
  `is_featured` tinyint(1) NOT NULL DEFAULT '0' COMMENT 'Is Theme Featured',
  `area` varchar(255) NOT NULL COMMENT 'Theme Area',
  `type` smallint(6) NOT NULL COMMENT 'Theme type: 0:physical, 1:virtual, 2:staging',
  `code` text COMMENT 'Full theme code, including package'
) ENGINE=InnoDB DEFAULT CHARSET=utf8 COMMENT='Core theme';

--
-- Dumping data for table `theme`
--

INSERT INTO `theme` (`theme_id`, `parent_id`, `theme_path`, `theme_title`, `preview_image`, `is_featured`, `area`, `type`, `code`) VALUES
(1, NULL, 'Magento/blank', 'Magento Blank', 'preview_image_59eb02ce83c06.jpeg', 0, 'frontend', 0, 'Magento/blank'),
(2, 1, 'Magento/luma', 'Magento Luma', 'preview_image_59eb02cea4b65.jpeg', 0, 'frontend', 0, 'Magento/luma'),
(3, NULL, 'Magento/backend', 'Magento 2 backend', NULL, 0, 'adminhtml', 0, 'Magento/backend'),
(4, 1, 'nego/nego_default', 'Magento nego_default', 'preview_image_59eb06222f43e.jpeg', 0, 'frontend', 0, 'nego/nego_default'),
(5, 4, 'nego/nego_home3', 'Magento nego_home3', 'preview_image_59eb062261878.jpeg', 0, 'frontend', 0, 'nego/nego_home3'),
(6, 4, 'nego/nego_home2', 'Magento nego_home2', 'preview_image_59eb062288bd8.jpeg', 0, 'frontend', 0, 'nego/nego_home2'),
(7, 4, 'nego/nego_home6', 'Magento nego_home6', 'preview_image_59eb0622a5376.jpeg', 0, 'frontend', 0, 'nego/nego_home6'),
(8, 4, 'nego/nego_home5', 'Magento nego_home5', 'preview_image_59eb0622ca447.jpeg', 0, 'frontend', 0, 'nego/nego_home5'),
(9, 4, 'nego/nego_home4', 'Magento nego_home4', 'preview_image_59eb0622e4d59.jpeg', 0, 'frontend', 0, 'nego/nego_home4');

-- --------------------------------------------------------

--
-- Table structure for table `theme_file`
--

CREATE TABLE `theme_file` (
  `theme_files_id` int(10) UNSIGNED NOT NULL COMMENT 'Theme files identifier',
  `theme_id` int(10) UNSIGNED NOT NULL COMMENT 'Theme Id',
  `file_path` varchar(255) DEFAULT NULL COMMENT 'Relative path to file',
  `file_type` varchar(32) NOT NULL COMMENT 'File Type',
  `content` longtext NOT NULL COMMENT 'File Content',
  `sort_order` smallint(6) NOT NULL DEFAULT '0' COMMENT 'Sort Order',
  `is_temporary` tinyint(1) NOT NULL DEFAULT '0' COMMENT 'Is Temporary File'
) ENGINE=InnoDB DEFAULT CHARSET=utf8 COMMENT='Core theme files';

-- --------------------------------------------------------

--
-- Table structure for table `translation`
--

CREATE TABLE `translation` (
  `key_id` int(10) UNSIGNED NOT NULL COMMENT 'Key Id of Translation',
  `string` varchar(255) NOT NULL DEFAULT 'Translate String' COMMENT 'Translation String',
  `store_id` smallint(5) UNSIGNED NOT NULL DEFAULT '0' COMMENT 'Store Id',
  `translate` varchar(255) DEFAULT NULL COMMENT 'Translate',
  `locale` varchar(20) NOT NULL DEFAULT 'en_US' COMMENT 'Locale',
  `crc_string` bigint(20) NOT NULL DEFAULT '1591228201' COMMENT 'Translation String CRC32 Hash'
) ENGINE=InnoDB DEFAULT CHARSET=utf8 COMMENT='Translations';

-- --------------------------------------------------------

--
-- Table structure for table `ui_bookmark`
--

CREATE TABLE `ui_bookmark` (
  `bookmark_id` int(10) UNSIGNED NOT NULL COMMENT 'Bookmark identifier',
  `user_id` int(10) UNSIGNED NOT NULL COMMENT 'User Id',
  `namespace` varchar(255) NOT NULL COMMENT 'Bookmark namespace',
  `identifier` varchar(255) NOT NULL COMMENT 'Bookmark Identifier',
  `current` smallint(6) NOT NULL COMMENT 'Mark current bookmark per user and identifier',
  `title` varchar(255) DEFAULT NULL COMMENT 'Bookmark title',
  `config` longtext COMMENT 'Bookmark config',
  `created_at` datetime NOT NULL COMMENT 'Bookmark created at',
  `updated_at` datetime NOT NULL COMMENT 'Bookmark updated at'
) ENGINE=InnoDB DEFAULT CHARSET=utf8 COMMENT='Bookmark';

--
-- Dumping data for table `ui_bookmark`
--

INSERT INTO `ui_bookmark` (`bookmark_id`, `user_id`, `namespace`, `identifier`, `current`, `title`, `config`, `created_at`, `updated_at`) VALUES
(1, 1, 'design_config_listing', 'current', 0, NULL, '{\"current\":{\"filters\":{\"applied\":{\"placeholder\":true}},\"columns\":{\"default\":{\"visible\":true,\"sorting\":false},\"store_website_id\":{\"visible\":true,\"sorting\":false},\"store_group_id\":{\"visible\":true,\"sorting\":false},\"store_id\":{\"visible\":true,\"sorting\":false},\"theme_theme_id\":{\"visible\":true,\"sorting\":false},\"actions\":{\"visible\":true,\"sorting\":false}},\"displayMode\":\"grid\",\"positions\":{\"default\":0,\"store_website_id\":1,\"store_group_id\":2,\"store_id\":3,\"theme_theme_id\":4,\"actions\":5},\"paging\":{\"options\":{\"20\":{\"value\":20,\"label\":20},\"30\":{\"value\":30,\"label\":30},\"50\":{\"value\":50,\"label\":50},\"100\":{\"value\":100,\"label\":100},\"200\":{\"value\":200,\"label\":200}},\"value\":20}}}', '0000-00-00 00:00:00', '0000-00-00 00:00:00'),
(2, 1, 'design_config_listing', 'default', 1, 'Default View', '{\"views\":{\"default\":{\"label\":\"Default View\",\"index\":\"default\",\"editable\":false,\"data\":{\"filters\":{\"applied\":{\"placeholder\":true}},\"columns\":{\"default\":{\"visible\":true,\"sorting\":false},\"store_website_id\":{\"visible\":true,\"sorting\":false},\"store_group_id\":{\"visible\":true,\"sorting\":false},\"store_id\":{\"visible\":true,\"sorting\":false},\"theme_theme_id\":{\"visible\":true,\"sorting\":false},\"actions\":{\"visible\":true,\"sorting\":false}},\"displayMode\":\"grid\",\"positions\":{\"default\":0,\"store_website_id\":1,\"store_group_id\":2,\"store_id\":3,\"theme_theme_id\":4,\"actions\":5},\"paging\":{\"options\":{\"20\":{\"value\":20,\"label\":20},\"30\":{\"value\":30,\"label\":30},\"50\":{\"value\":50,\"label\":50},\"100\":{\"value\":100,\"label\":100},\"200\":{\"value\":200,\"label\":200}},\"value\":20}},\"value\":\"Default View\"}}}', '0000-00-00 00:00:00', '0000-00-00 00:00:00'),
(3, 1, 'customer_listing', 'current', 0, NULL, '{\"current\":{\"search\":{\"value\":\"\"},\"filters\":{\"applied\":{\"placeholder\":true}},\"columns\":{\"entity_id\":{\"visible\":true,\"sorting\":\"desc\"},\"name\":{\"visible\":true,\"sorting\":false},\"email\":{\"visible\":true,\"sorting\":false},\"billing_telephone\":{\"visible\":true,\"sorting\":false},\"billing_postcode\":{\"visible\":true,\"sorting\":false},\"billing_region\":{\"visible\":true,\"sorting\":false},\"confirmation\":{\"visible\":true,\"sorting\":false},\"created_in\":{\"visible\":true,\"sorting\":false},\"billing_full\":{\"visible\":false,\"sorting\":false},\"shipping_full\":{\"visible\":false,\"sorting\":false},\"taxvat\":{\"visible\":true,\"sorting\":false},\"billing_street\":{\"visible\":false,\"sorting\":false},\"billing_city\":{\"visible\":false,\"sorting\":false},\"billing_fax\":{\"visible\":false,\"sorting\":false},\"billing_vat_id\":{\"visible\":false,\"sorting\":false},\"billing_company\":{\"visible\":false,\"sorting\":false},\"billing_firstname\":{\"visible\":false,\"sorting\":false},\"billing_lastname\":{\"visible\":false,\"sorting\":false},\"lock_expires\":{\"visible\":false,\"sorting\":false},\"ids\":{\"visible\":true,\"sorting\":false},\"group_id\":{\"visible\":true,\"sorting\":false},\"billing_country_id\":{\"visible\":true,\"sorting\":false},\"website_id\":{\"visible\":true,\"sorting\":false},\"gender\":{\"visible\":true,\"sorting\":false},\"actions\":{\"visible\":true,\"sorting\":false},\"created_at\":{\"visible\":true,\"sorting\":false},\"dob\":{\"visible\":true,\"sorting\":false}},\"displayMode\":\"grid\",\"paging\":{\"options\":{\"20\":{\"value\":20,\"label\":20},\"30\":{\"value\":30,\"label\":30},\"50\":{\"value\":50,\"label\":50},\"100\":{\"value\":100,\"label\":100},\"200\":{\"value\":200,\"label\":200}},\"value\":20},\"positions\":{\"ids\":0,\"entity_id\":1,\"name\":2,\"email\":3,\"group_id\":4,\"billing_telephone\":5,\"billing_postcode\":6,\"billing_country_id\":7,\"billing_region\":8,\"created_at\":9,\"website_id\":10,\"confirmation\":11,\"created_in\":12,\"billing_full\":13,\"shipping_full\":14,\"dob\":15,\"taxvat\":16,\"gender\":17,\"billing_street\":18,\"billing_city\":19,\"billing_fax\":20,\"billing_vat_id\":21,\"billing_company\":22,\"billing_firstname\":23,\"billing_lastname\":24,\"lock_expires\":25,\"actions\":26}}}', '0000-00-00 00:00:00', '0000-00-00 00:00:00'),
(4, 1, 'customer_listing', 'default', 1, 'Default View', '{\"views\":{\"default\":{\"label\":\"Default View\",\"index\":\"default\",\"editable\":false,\"data\":{\"search\":{\"value\":\"\"},\"filters\":{\"applied\":{\"placeholder\":true}},\"columns\":{\"entity_id\":{\"visible\":true,\"sorting\":\"asc\"},\"name\":{\"visible\":true,\"sorting\":false},\"email\":{\"visible\":true,\"sorting\":false},\"billing_telephone\":{\"visible\":true,\"sorting\":false},\"billing_postcode\":{\"visible\":true,\"sorting\":false},\"billing_region\":{\"visible\":true,\"sorting\":false},\"confirmation\":{\"visible\":true,\"sorting\":false},\"created_in\":{\"visible\":true,\"sorting\":false},\"billing_full\":{\"visible\":false,\"sorting\":false},\"shipping_full\":{\"visible\":false,\"sorting\":false},\"taxvat\":{\"visible\":true,\"sorting\":false},\"billing_street\":{\"visible\":false,\"sorting\":false},\"billing_city\":{\"visible\":false,\"sorting\":false},\"billing_fax\":{\"visible\":false,\"sorting\":false},\"billing_vat_id\":{\"visible\":false,\"sorting\":false},\"billing_company\":{\"visible\":false,\"sorting\":false},\"billing_firstname\":{\"visible\":false,\"sorting\":false},\"billing_lastname\":{\"visible\":false,\"sorting\":false},\"lock_expires\":{\"visible\":false,\"sorting\":false},\"ids\":{\"visible\":true,\"sorting\":false},\"group_id\":{\"visible\":true,\"sorting\":false},\"billing_country_id\":{\"visible\":true,\"sorting\":false},\"website_id\":{\"visible\":true,\"sorting\":false},\"gender\":{\"visible\":true,\"sorting\":false},\"actions\":{\"visible\":true,\"sorting\":false},\"created_at\":{\"visible\":true,\"sorting\":false},\"dob\":{\"visible\":true,\"sorting\":false}},\"displayMode\":\"grid\",\"paging\":{\"options\":{\"20\":{\"value\":20,\"label\":20},\"30\":{\"value\":30,\"label\":30},\"50\":{\"value\":50,\"label\":50},\"100\":{\"value\":100,\"label\":100},\"200\":{\"value\":200,\"label\":200}},\"value\":20},\"positions\":{\"ids\":0,\"entity_id\":1,\"name\":2,\"email\":3,\"group_id\":4,\"billing_telephone\":5,\"billing_postcode\":6,\"billing_country_id\":7,\"billing_region\":8,\"created_at\":9,\"website_id\":10,\"confirmation\":11,\"created_in\":12,\"billing_full\":13,\"shipping_full\":14,\"dob\":15,\"taxvat\":16,\"gender\":17,\"billing_street\":18,\"billing_city\":19,\"billing_fax\":20,\"billing_vat_id\":21,\"billing_company\":22,\"billing_firstname\":23,\"billing_lastname\":24,\"lock_expires\":25,\"actions\":26}},\"value\":\"Default View\"}}}', '0000-00-00 00:00:00', '0000-00-00 00:00:00'),
(5, 1, 'cms_page_listing', 'current', 0, NULL, '{\"current\":{\"filters\":{\"applied\":{\"placeholder\":true}},\"columns\":{\"page_id\":{\"visible\":true,\"sorting\":false},\"title\":{\"visible\":true,\"sorting\":false},\"identifier\":{\"visible\":true,\"sorting\":false},\"store_id\":{\"visible\":true,\"sorting\":false},\"meta_title\":{\"visible\":false,\"sorting\":false},\"meta_keywords\":{\"visible\":false,\"sorting\":false},\"meta_description\":{\"visible\":false,\"sorting\":false},\"page_layout\":{\"visible\":true,\"sorting\":false},\"is_active\":{\"visible\":true,\"sorting\":false},\"custom_theme\":{\"visible\":false,\"sorting\":false},\"custom_root_template\":{\"visible\":false,\"sorting\":false},\"actions\":{\"visible\":true,\"sorting\":false},\"ids\":{\"visible\":true,\"sorting\":false},\"creation_time\":{\"visible\":true,\"sorting\":false},\"update_time\":{\"visible\":true,\"sorting\":\"desc\"},\"custom_theme_from\":{\"visible\":false,\"sorting\":false},\"custom_theme_to\":{\"visible\":false,\"sorting\":false}},\"displayMode\":\"grid\",\"paging\":{\"options\":{\"20\":{\"value\":20,\"label\":20},\"30\":{\"value\":30,\"label\":30},\"50\":{\"value\":50,\"label\":50},\"100\":{\"value\":100,\"label\":100},\"200\":{\"value\":200,\"label\":200}},\"value\":50},\"search\":{\"value\":\"\"},\"positions\":{\"ids\":0,\"page_id\":1,\"title\":2,\"identifier\":3,\"page_layout\":4,\"store_id\":5,\"is_active\":6,\"creation_time\":7,\"update_time\":8,\"custom_theme_from\":9,\"custom_theme_to\":10,\"custom_theme\":11,\"custom_root_template\":12,\"meta_title\":13,\"meta_keywords\":14,\"meta_description\":15,\"actions\":16}}}', '0000-00-00 00:00:00', '0000-00-00 00:00:00'),
(6, 1, 'cms_page_listing', 'default', 1, 'Default View', '{\"views\":{\"default\":{\"label\":\"Default View\",\"index\":\"default\",\"editable\":false,\"data\":{\"filters\":{\"applied\":{\"placeholder\":true}},\"columns\":{\"page_id\":{\"visible\":true,\"sorting\":\"asc\"},\"title\":{\"visible\":true,\"sorting\":false},\"identifier\":{\"visible\":true,\"sorting\":false},\"store_id\":{\"visible\":true,\"sorting\":false},\"meta_title\":{\"visible\":false,\"sorting\":false},\"meta_keywords\":{\"visible\":false,\"sorting\":false},\"meta_description\":{\"visible\":false,\"sorting\":false},\"page_layout\":{\"visible\":true,\"sorting\":false},\"is_active\":{\"visible\":true,\"sorting\":false},\"custom_theme\":{\"visible\":false,\"sorting\":false},\"custom_root_template\":{\"visible\":false,\"sorting\":false},\"actions\":{\"visible\":true,\"sorting\":false},\"ids\":{\"visible\":true,\"sorting\":false},\"creation_time\":{\"visible\":true,\"sorting\":false},\"update_time\":{\"visible\":true,\"sorting\":false},\"custom_theme_from\":{\"visible\":false,\"sorting\":false},\"custom_theme_to\":{\"visible\":false,\"sorting\":false}},\"displayMode\":\"grid\",\"paging\":{\"options\":{\"20\":{\"value\":20,\"label\":20},\"30\":{\"value\":30,\"label\":30},\"50\":{\"value\":50,\"label\":50},\"100\":{\"value\":100,\"label\":100},\"200\":{\"value\":200,\"label\":200}},\"value\":20},\"search\":{\"value\":\"\"},\"positions\":{\"ids\":0,\"page_id\":1,\"title\":2,\"identifier\":3,\"page_layout\":4,\"store_id\":5,\"is_active\":6,\"creation_time\":7,\"update_time\":8,\"custom_theme_from\":9,\"custom_theme_to\":10,\"custom_theme\":11,\"custom_root_template\":12,\"meta_title\":13,\"meta_keywords\":14,\"meta_description\":15,\"actions\":16}},\"value\":\"Default View\"}}}', '0000-00-00 00:00:00', '0000-00-00 00:00:00'),
(7, 1, 'product_listing', 'default', 1, 'Default View', '{\"views\":{\"default\":{\"label\":\"Default View\",\"index\":\"default\",\"editable\":false,\"data\":{\"filters\":{\"applied\":{\"placeholder\":true}},\"columns\":{\"entity_id\":{\"visible\":true,\"sorting\":\"asc\"},\"name\":{\"visible\":true,\"sorting\":false},\"sku\":{\"visible\":true,\"sorting\":false},\"price\":{\"visible\":true,\"sorting\":false},\"websites\":{\"visible\":true,\"sorting\":false},\"qty\":{\"visible\":true,\"sorting\":false},\"short_description\":{\"visible\":false,\"sorting\":false},\"special_price\":{\"visible\":false,\"sorting\":false},\"cost\":{\"visible\":false,\"sorting\":false},\"weight\":{\"visible\":false,\"sorting\":false},\"meta_title\":{\"visible\":false,\"sorting\":false},\"meta_keyword\":{\"visible\":false,\"sorting\":false},\"meta_description\":{\"visible\":false,\"sorting\":false},\"msrp\":{\"visible\":false,\"sorting\":false},\"url_key\":{\"visible\":false,\"sorting\":false},\"ids\":{\"visible\":true,\"sorting\":false},\"type_id\":{\"visible\":true,\"sorting\":false},\"attribute_set_id\":{\"visible\":true,\"sorting\":false},\"visibility\":{\"visible\":true,\"sorting\":false},\"status\":{\"visible\":true,\"sorting\":false},\"manufacturer\":{\"visible\":false,\"sorting\":false},\"color\":{\"visible\":false,\"sorting\":false},\"custom_design\":{\"visible\":false,\"sorting\":false},\"page_layout\":{\"visible\":false,\"sorting\":false},\"country_of_manufacture\":{\"visible\":false,\"sorting\":false},\"custom_layout\":{\"visible\":false,\"sorting\":false},\"gift_message_available\":{\"visible\":false,\"sorting\":false},\"tax_class_id\":{\"visible\":false,\"sorting\":false},\"featured\":{\"visible\":false,\"sorting\":false},\"actions\":{\"visible\":true,\"sorting\":false},\"special_from_date\":{\"visible\":false,\"sorting\":false},\"special_to_date\":{\"visible\":false,\"sorting\":false},\"news_from_date\":{\"visible\":false,\"sorting\":false},\"news_to_date\":{\"visible\":false,\"sorting\":false},\"custom_design_from\":{\"visible\":false,\"sorting\":false},\"custom_design_to\":{\"visible\":false,\"sorting\":false},\"thumbnail\":{\"visible\":true,\"sorting\":false}},\"displayMode\":\"grid\",\"paging\":{\"options\":{\"20\":{\"value\":20,\"label\":20},\"30\":{\"value\":30,\"label\":30},\"50\":{\"value\":50,\"label\":50},\"100\":{\"value\":100,\"label\":100},\"200\":{\"value\":200,\"label\":200}},\"value\":20},\"positions\":{\"ids\":0,\"entity_id\":1,\"thumbnail\":2,\"name\":3,\"type_id\":4,\"attribute_set_id\":5,\"sku\":6,\"price\":7,\"qty\":8,\"visibility\":9,\"status\":10,\"websites\":11,\"short_description\":12,\"special_price\":13,\"special_from_date\":14,\"special_to_date\":15,\"cost\":16,\"weight\":17,\"manufacturer\":18,\"meta_title\":19,\"meta_keyword\":20,\"meta_description\":21,\"color\":22,\"news_from_date\":23,\"news_to_date\":24,\"custom_design\":25,\"custom_design_from\":26,\"custom_design_to\":27,\"page_layout\":28,\"country_of_manufacture\":29,\"custom_layout\":30,\"msrp\":31,\"url_key\":32,\"gift_message_available\":33,\"tax_class_id\":34,\"featured\":35,\"actions\":36}},\"value\":\"Default View\"}}}', '0000-00-00 00:00:00', '0000-00-00 00:00:00'),
(8, 1, 'product_listing', 'current', 0, NULL, '{\"current\":{\"filters\":{\"applied\":{\"placeholder\":true}},\"columns\":{\"entity_id\":{\"visible\":true,\"sorting\":\"asc\"},\"name\":{\"visible\":true,\"sorting\":false},\"sku\":{\"visible\":true,\"sorting\":false},\"price\":{\"visible\":true,\"sorting\":false},\"websites\":{\"visible\":true,\"sorting\":false},\"qty\":{\"visible\":true,\"sorting\":false},\"short_description\":{\"visible\":false,\"sorting\":false},\"special_price\":{\"visible\":false,\"sorting\":false},\"cost\":{\"visible\":false,\"sorting\":false},\"weight\":{\"visible\":false,\"sorting\":false},\"meta_title\":{\"visible\":false,\"sorting\":false},\"meta_keyword\":{\"visible\":false,\"sorting\":false},\"meta_description\":{\"visible\":false,\"sorting\":false},\"msrp\":{\"visible\":false,\"sorting\":false},\"url_key\":{\"visible\":false,\"sorting\":false},\"ids\":{\"visible\":true,\"sorting\":false},\"type_id\":{\"visible\":true,\"sorting\":false},\"attribute_set_id\":{\"visible\":true,\"sorting\":false},\"visibility\":{\"visible\":true,\"sorting\":false},\"status\":{\"visible\":true,\"sorting\":false},\"manufacturer\":{\"visible\":false,\"sorting\":false},\"color\":{\"visible\":false,\"sorting\":false},\"custom_design\":{\"visible\":false,\"sorting\":false},\"page_layout\":{\"visible\":false,\"sorting\":false},\"country_of_manufacture\":{\"visible\":false,\"sorting\":false},\"custom_layout\":{\"visible\":false,\"sorting\":false},\"gift_message_available\":{\"visible\":false,\"sorting\":false},\"tax_class_id\":{\"visible\":false,\"sorting\":false},\"featured\":{\"visible\":false,\"sorting\":false},\"actions\":{\"visible\":true,\"sorting\":false},\"special_from_date\":{\"visible\":false,\"sorting\":false},\"special_to_date\":{\"visible\":false,\"sorting\":false},\"news_from_date\":{\"visible\":false,\"sorting\":false},\"news_to_date\":{\"visible\":false,\"sorting\":false},\"custom_design_from\":{\"visible\":false,\"sorting\":false},\"custom_design_to\":{\"visible\":false,\"sorting\":false},\"thumbnail\":{\"visible\":true,\"sorting\":false},\"size_defined_1\":{\"visible\":true,\"sorting\":false},\"size_defined1\":{\"visible\":true,\"sorting\":false},\"size_sports_hats\":{\"visible\":true,\"sorting\":false},\"basketball_shirt_size\":{\"visible\":true,\"sorting\":false}},\"displayMode\":\"grid\",\"paging\":{\"options\":{\"20\":{\"value\":20,\"label\":20},\"30\":{\"value\":30,\"label\":30},\"50\":{\"value\":50,\"label\":50},\"100\":{\"value\":100,\"label\":100},\"200\":{\"value\":200,\"label\":200}},\"value\":20},\"positions\":{\"ids\":0,\"entity_id\":1,\"thumbnail\":2,\"name\":3,\"type_id\":4,\"attribute_set_id\":5,\"sku\":6,\"price\":7,\"qty\":8,\"visibility\":9,\"status\":10,\"websites\":11,\"short_description\":12,\"special_price\":13,\"special_from_date\":14,\"special_to_date\":15,\"cost\":16,\"weight\":17,\"manufacturer\":18,\"meta_title\":19,\"meta_keyword\":20,\"meta_description\":21,\"color\":22,\"news_from_date\":23,\"news_to_date\":24,\"custom_design\":25,\"custom_design_from\":26,\"custom_design_to\":27,\"page_layout\":28,\"country_of_manufacture\":29,\"custom_layout\":30,\"msrp\":31,\"url_key\":32,\"gift_message_available\":33,\"tax_class_id\":34,\"featured\":35,\"actions\":36,\"size_defined1\":37,\"size_sports_hats\":38,\"basketball_shirt_size\":39}}}', '0000-00-00 00:00:00', '0000-00-00 00:00:00'),
(9, 1, 'cms_block_listing', 'current', 0, NULL, '{\"current\":{\"filters\":{\"applied\":{\"placeholder\":true}},\"search\":{\"value\":\"\"},\"columns\":{\"block_id\":{\"visible\":true,\"sorting\":false},\"title\":{\"visible\":true,\"sorting\":false},\"identifier\":{\"visible\":true,\"sorting\":false},\"store_id\":{\"visible\":true,\"sorting\":false},\"ids\":{\"visible\":true,\"sorting\":false},\"is_active\":{\"visible\":true,\"sorting\":false},\"actions\":{\"visible\":true,\"sorting\":false},\"creation_time\":{\"visible\":true,\"sorting\":false},\"update_time\":{\"visible\":true,\"sorting\":\"desc\"}},\"displayMode\":\"grid\",\"paging\":{\"options\":{\"20\":{\"value\":20,\"label\":20},\"30\":{\"value\":30,\"label\":30},\"50\":{\"value\":50,\"label\":50},\"100\":{\"value\":100,\"label\":100},\"200\":{\"value\":200,\"label\":200}},\"value\":100},\"positions\":{\"ids\":0,\"block_id\":1,\"title\":2,\"identifier\":3,\"store_id\":4,\"is_active\":5,\"creation_time\":6,\"update_time\":7,\"actions\":8}}}', '0000-00-00 00:00:00', '0000-00-00 00:00:00'),
(10, 1, 'cms_block_listing', 'default', 1, 'Default View', '{\"views\":{\"default\":{\"label\":\"Default View\",\"index\":\"default\",\"editable\":false,\"data\":{\"filters\":{\"applied\":{\"placeholder\":true}},\"search\":{\"value\":\"\"},\"columns\":{\"block_id\":{\"visible\":true,\"sorting\":\"asc\"},\"title\":{\"visible\":true,\"sorting\":false},\"identifier\":{\"visible\":true,\"sorting\":false},\"store_id\":{\"visible\":true,\"sorting\":false},\"ids\":{\"visible\":true,\"sorting\":false},\"is_active\":{\"visible\":true,\"sorting\":false},\"actions\":{\"visible\":true,\"sorting\":false},\"creation_time\":{\"visible\":true,\"sorting\":false},\"update_time\":{\"visible\":true,\"sorting\":false}},\"displayMode\":\"grid\",\"paging\":{\"options\":{\"20\":{\"value\":20,\"label\":20},\"30\":{\"value\":30,\"label\":30},\"50\":{\"value\":50,\"label\":50},\"100\":{\"value\":100,\"label\":100},\"200\":{\"value\":200,\"label\":200}},\"value\":20},\"positions\":{\"ids\":0,\"block_id\":1,\"title\":2,\"identifier\":3,\"store_id\":4,\"is_active\":5,\"creation_time\":6,\"update_time\":7,\"actions\":8}},\"value\":\"Default View\"}}}', '0000-00-00 00:00:00', '0000-00-00 00:00:00'),
(11, 1, 'product_attributes_listing', 'current', 0, NULL, '{\"current\":{\"displayMode\":\"grid\",\"columns\":{\"attribute_code\":{\"visible\":true,\"sorting\":\"asc\"},\"frontend_label\":{\"visible\":true,\"sorting\":false},\"is_filterable\":{\"visible\":true,\"sorting\":false},\"is_required\":{\"visible\":true,\"sorting\":false},\"is_user_defined\":{\"visible\":true,\"sorting\":false},\"is_visible\":{\"visible\":true,\"sorting\":false},\"is_global\":{\"visible\":true,\"sorting\":false},\"is_searchable\":{\"visible\":true,\"sorting\":false},\"is_comparable\":{\"visible\":true,\"sorting\":false},\"ids\":{\"visible\":true,\"sorting\":false}},\"paging\":{\"options\":{\"20\":{\"value\":20,\"label\":20},\"30\":{\"value\":30,\"label\":30},\"50\":{\"value\":50,\"label\":50},\"100\":{\"value\":100,\"label\":100},\"200\":{\"value\":200,\"label\":200}},\"value\":20},\"positions\":{\"ids\":0,\"is_filterable\":1,\"attribute_code\":2,\"frontend_label\":3,\"is_required\":4,\"is_user_defined\":5,\"is_visible\":6,\"is_global\":7,\"is_searchable\":8,\"is_comparable\":9}}}', '0000-00-00 00:00:00', '0000-00-00 00:00:00'),
(12, 1, 'product_attributes_listing', 'default', 1, 'Default View', '{\"views\":{\"default\":{\"label\":\"Default View\",\"index\":\"default\",\"editable\":false,\"data\":{\"displayMode\":\"grid\",\"columns\":{\"attribute_code\":{\"visible\":true,\"sorting\":\"asc\"},\"frontend_label\":{\"visible\":true,\"sorting\":false},\"is_filterable\":{\"visible\":true,\"sorting\":false},\"is_required\":{\"visible\":true,\"sorting\":false},\"is_user_defined\":{\"visible\":true,\"sorting\":false},\"is_visible\":{\"visible\":true,\"sorting\":false},\"is_global\":{\"visible\":true,\"sorting\":false},\"is_searchable\":{\"visible\":true,\"sorting\":false},\"is_comparable\":{\"visible\":true,\"sorting\":false},\"ids\":{\"visible\":true,\"sorting\":false}},\"paging\":{\"options\":{\"20\":{\"value\":20,\"label\":20},\"30\":{\"value\":30,\"label\":30},\"50\":{\"value\":50,\"label\":50},\"100\":{\"value\":100,\"label\":100},\"200\":{\"value\":200,\"label\":200}},\"value\":20},\"positions\":{\"ids\":0,\"is_filterable\":1,\"attribute_code\":2,\"frontend_label\":3,\"is_required\":4,\"is_user_defined\":5,\"is_visible\":6,\"is_global\":7,\"is_searchable\":8,\"is_comparable\":9}},\"value\":\"Default View\"}}}', '0000-00-00 00:00:00', '0000-00-00 00:00:00'),
(13, 2, 'cms_block_listing', 'current', 0, NULL, '{\"current\":{\"search\":{\"value\":\"home page block\"},\"filters\":{\"applied\":{\"placeholder\":true}},\"columns\":{\"block_id\":{\"visible\":true,\"sorting\":\"asc\"},\"title\":{\"visible\":true,\"sorting\":false},\"identifier\":{\"visible\":true,\"sorting\":false},\"store_id\":{\"visible\":true,\"sorting\":false},\"ids\":{\"visible\":true,\"sorting\":false},\"is_active\":{\"visible\":true,\"sorting\":false},\"actions\":{\"visible\":true,\"sorting\":false},\"creation_time\":{\"visible\":true,\"sorting\":false},\"update_time\":{\"visible\":true,\"sorting\":false}},\"displayMode\":\"grid\",\"paging\":{\"options\":{\"20\":{\"value\":20,\"label\":20},\"30\":{\"value\":30,\"label\":30},\"50\":{\"value\":50,\"label\":50},\"100\":{\"value\":100,\"label\":100},\"200\":{\"value\":200,\"label\":200}},\"value\":20},\"positions\":{\"ids\":0,\"block_id\":1,\"title\":2,\"identifier\":3,\"store_id\":4,\"is_active\":5,\"creation_time\":6,\"update_time\":7,\"actions\":8}}}', '0000-00-00 00:00:00', '0000-00-00 00:00:00'),
(14, 2, 'cms_block_listing', 'default', 1, 'Default View', '{\"views\":{\"default\":{\"label\":\"Default View\",\"index\":\"default\",\"editable\":false,\"data\":{\"search\":{\"value\":\"\"},\"filters\":{\"applied\":{\"placeholder\":true}},\"columns\":{\"block_id\":{\"visible\":true,\"sorting\":\"asc\"},\"title\":{\"visible\":true,\"sorting\":false},\"identifier\":{\"visible\":true,\"sorting\":false},\"store_id\":{\"visible\":true,\"sorting\":false},\"ids\":{\"visible\":true,\"sorting\":false},\"is_active\":{\"visible\":true,\"sorting\":false},\"actions\":{\"visible\":true,\"sorting\":false},\"creation_time\":{\"visible\":true,\"sorting\":false},\"update_time\":{\"visible\":true,\"sorting\":false}},\"displayMode\":\"grid\",\"paging\":{\"options\":{\"20\":{\"value\":20,\"label\":20},\"30\":{\"value\":30,\"label\":30},\"50\":{\"value\":50,\"label\":50},\"100\":{\"value\":100,\"label\":100},\"200\":{\"value\":200,\"label\":200}},\"value\":20},\"positions\":{\"ids\":0,\"block_id\":1,\"title\":2,\"identifier\":3,\"store_id\":4,\"is_active\":5,\"creation_time\":6,\"update_time\":7,\"actions\":8}},\"value\":\"Default View\"}}}', '0000-00-00 00:00:00', '0000-00-00 00:00:00'),
(15, 2, 'product_listing', 'current', 0, NULL, '{\"current\":{\"filters\":{\"applied\":{\"placeholder\":true}},\"columns\":{\"entity_id\":{\"visible\":true,\"sorting\":\"asc\"},\"name\":{\"visible\":true,\"sorting\":false},\"sku\":{\"visible\":true,\"sorting\":false},\"price\":{\"visible\":true,\"sorting\":false},\"websites\":{\"visible\":true,\"sorting\":false},\"qty\":{\"visible\":true,\"sorting\":false},\"short_description\":{\"visible\":false,\"sorting\":false},\"special_price\":{\"visible\":false,\"sorting\":false},\"cost\":{\"visible\":false,\"sorting\":false},\"weight\":{\"visible\":false,\"sorting\":false},\"meta_title\":{\"visible\":false,\"sorting\":false},\"meta_keyword\":{\"visible\":false,\"sorting\":false},\"meta_description\":{\"visible\":false,\"sorting\":false},\"msrp\":{\"visible\":false,\"sorting\":false},\"url_key\":{\"visible\":false,\"sorting\":false},\"ids\":{\"visible\":true,\"sorting\":false},\"type_id\":{\"visible\":true,\"sorting\":false},\"attribute_set_id\":{\"visible\":true,\"sorting\":false},\"visibility\":{\"visible\":true,\"sorting\":false},\"status\":{\"visible\":true,\"sorting\":false},\"manufacturer\":{\"visible\":false,\"sorting\":false},\"color\":{\"visible\":false,\"sorting\":false},\"custom_design\":{\"visible\":false,\"sorting\":false},\"page_layout\":{\"visible\":false,\"sorting\":false},\"country_of_manufacture\":{\"visible\":false,\"sorting\":false},\"custom_layout\":{\"visible\":false,\"sorting\":false},\"gift_message_available\":{\"visible\":false,\"sorting\":false},\"tax_class_id\":{\"visible\":false,\"sorting\":false},\"featured\":{\"visible\":false,\"sorting\":false},\"size_defined1\":{\"visible\":true,\"sorting\":false},\"actions\":{\"visible\":true,\"sorting\":false},\"special_from_date\":{\"visible\":false,\"sorting\":false},\"special_to_date\":{\"visible\":false,\"sorting\":false},\"news_from_date\":{\"visible\":false,\"sorting\":false},\"news_to_date\":{\"visible\":false,\"sorting\":false},\"custom_design_from\":{\"visible\":false,\"sorting\":false},\"custom_design_to\":{\"visible\":false,\"sorting\":false},\"thumbnail\":{\"visible\":true,\"sorting\":false}},\"displayMode\":\"grid\",\"paging\":{\"options\":{\"20\":{\"value\":20,\"label\":20},\"30\":{\"value\":30,\"label\":30},\"50\":{\"value\":50,\"label\":50},\"100\":{\"value\":100,\"label\":100},\"200\":{\"value\":200,\"label\":200}},\"value\":20},\"positions\":{\"ids\":0,\"entity_id\":1,\"thumbnail\":2,\"name\":3,\"type_id\":4,\"attribute_set_id\":5,\"sku\":6,\"price\":7,\"qty\":8,\"visibility\":9,\"status\":10,\"websites\":11,\"short_description\":12,\"special_price\":13,\"special_from_date\":14,\"special_to_date\":15,\"cost\":16,\"weight\":17,\"manufacturer\":18,\"meta_title\":19,\"meta_keyword\":20,\"meta_description\":21,\"color\":22,\"news_from_date\":23,\"news_to_date\":24,\"custom_design\":25,\"custom_design_from\":26,\"custom_design_to\":27,\"page_layout\":28,\"country_of_manufacture\":29,\"custom_layout\":30,\"msrp\":31,\"url_key\":32,\"gift_message_available\":33,\"tax_class_id\":34,\"featured\":35,\"size_defined1\":36,\"actions\":37}}}', '0000-00-00 00:00:00', '0000-00-00 00:00:00'),
(16, 2, 'product_listing', 'default', 1, 'Default View', '{\"views\":{\"default\":{\"label\":\"Default View\",\"index\":\"default\",\"editable\":false,\"data\":{\"filters\":{\"applied\":{\"placeholder\":true}},\"columns\":{\"entity_id\":{\"visible\":true,\"sorting\":\"asc\"},\"name\":{\"visible\":true,\"sorting\":false},\"sku\":{\"visible\":true,\"sorting\":false},\"price\":{\"visible\":true,\"sorting\":false},\"websites\":{\"visible\":true,\"sorting\":false},\"qty\":{\"visible\":true,\"sorting\":false},\"short_description\":{\"visible\":false,\"sorting\":false},\"special_price\":{\"visible\":false,\"sorting\":false},\"cost\":{\"visible\":false,\"sorting\":false},\"weight\":{\"visible\":false,\"sorting\":false},\"meta_title\":{\"visible\":false,\"sorting\":false},\"meta_keyword\":{\"visible\":false,\"sorting\":false},\"meta_description\":{\"visible\":false,\"sorting\":false},\"msrp\":{\"visible\":false,\"sorting\":false},\"url_key\":{\"visible\":false,\"sorting\":false},\"ids\":{\"visible\":true,\"sorting\":false},\"type_id\":{\"visible\":true,\"sorting\":false},\"attribute_set_id\":{\"visible\":true,\"sorting\":false},\"visibility\":{\"visible\":true,\"sorting\":false},\"status\":{\"visible\":true,\"sorting\":false},\"manufacturer\":{\"visible\":false,\"sorting\":false},\"color\":{\"visible\":false,\"sorting\":false},\"custom_design\":{\"visible\":false,\"sorting\":false},\"page_layout\":{\"visible\":false,\"sorting\":false},\"country_of_manufacture\":{\"visible\":false,\"sorting\":false},\"custom_layout\":{\"visible\":false,\"sorting\":false},\"gift_message_available\":{\"visible\":false,\"sorting\":false},\"tax_class_id\":{\"visible\":false,\"sorting\":false},\"featured\":{\"visible\":false,\"sorting\":false},\"size_defined1\":{\"visible\":true,\"sorting\":false},\"actions\":{\"visible\":true,\"sorting\":false},\"special_from_date\":{\"visible\":false,\"sorting\":false},\"special_to_date\":{\"visible\":false,\"sorting\":false},\"news_from_date\":{\"visible\":false,\"sorting\":false},\"news_to_date\":{\"visible\":false,\"sorting\":false},\"custom_design_from\":{\"visible\":false,\"sorting\":false},\"custom_design_to\":{\"visible\":false,\"sorting\":false},\"thumbnail\":{\"visible\":true,\"sorting\":false}},\"displayMode\":\"grid\",\"paging\":{\"options\":{\"20\":{\"value\":20,\"label\":20},\"30\":{\"value\":30,\"label\":30},\"50\":{\"value\":50,\"label\":50},\"100\":{\"value\":100,\"label\":100},\"200\":{\"value\":200,\"label\":200}},\"value\":20},\"positions\":{\"ids\":0,\"entity_id\":1,\"thumbnail\":2,\"name\":3,\"type_id\":4,\"attribute_set_id\":5,\"sku\":6,\"price\":7,\"qty\":8,\"visibility\":9,\"status\":10,\"websites\":11,\"short_description\":12,\"special_price\":13,\"special_from_date\":14,\"special_to_date\":15,\"cost\":16,\"weight\":17,\"manufacturer\":18,\"meta_title\":19,\"meta_keyword\":20,\"meta_description\":21,\"color\":22,\"news_from_date\":23,\"news_to_date\":24,\"custom_design\":25,\"custom_design_from\":26,\"custom_design_to\":27,\"page_layout\":28,\"country_of_manufacture\":29,\"custom_layout\":30,\"msrp\":31,\"url_key\":32,\"gift_message_available\":33,\"tax_class_id\":34,\"featured\":35,\"size_defined1\":36,\"actions\":37}},\"value\":\"Default View\"}}}', '0000-00-00 00:00:00', '0000-00-00 00:00:00'),
(17, 1, 'product_attributes_grid', 'default', 1, 'Default View', '{\"views\":{\"default\":{\"label\":\"Default View\",\"index\":\"default\",\"editable\":false,\"data\":{\"displayMode\":\"grid\",\"columns\":{\"attribute_code\":{\"visible\":true,\"sorting\":\"asc\"},\"frontend_label\":{\"visible\":true,\"sorting\":false},\"ids\":{\"visible\":true,\"sorting\":false},\"is_required\":{\"visible\":true,\"sorting\":false},\"is_user_defined\":{\"visible\":true,\"sorting\":false},\"is_visible\":{\"visible\":true,\"sorting\":false},\"is_global\":{\"visible\":true,\"sorting\":false},\"is_searchable\":{\"visible\":true,\"sorting\":false},\"is_comparable\":{\"visible\":true,\"sorting\":false},\"is_filterable\":{\"visible\":true,\"sorting\":false}},\"positions\":{\"ids\":0,\"attribute_code\":1,\"frontend_label\":2,\"is_required\":3,\"is_user_defined\":4,\"is_visible\":5,\"is_global\":6,\"is_searchable\":7,\"is_comparable\":8,\"is_filterable\":9},\"paging\":{\"options\":{\"20\":{\"value\":20,\"label\":20},\"30\":{\"value\":30,\"label\":30},\"50\":{\"value\":50,\"label\":50},\"100\":{\"value\":100,\"label\":100},\"200\":{\"value\":200,\"label\":200}},\"value\":20}},\"value\":\"Default View\"}}}', '0000-00-00 00:00:00', '0000-00-00 00:00:00'),
(18, 1, 'product_attributes_grid', 'current', 0, NULL, '{\"current\":{\"displayMode\":\"grid\",\"columns\":{\"attribute_code\":{\"visible\":true,\"sorting\":\"asc\"},\"frontend_label\":{\"visible\":true,\"sorting\":false},\"ids\":{\"visible\":true,\"sorting\":false},\"is_required\":{\"visible\":true,\"sorting\":false},\"is_user_defined\":{\"visible\":true,\"sorting\":false},\"is_visible\":{\"visible\":true,\"sorting\":false},\"is_global\":{\"visible\":true,\"sorting\":false},\"is_searchable\":{\"visible\":true,\"sorting\":false},\"is_comparable\":{\"visible\":true,\"sorting\":false},\"is_filterable\":{\"visible\":true,\"sorting\":false}},\"positions\":{\"ids\":0,\"attribute_code\":1,\"frontend_label\":2,\"is_required\":3,\"is_user_defined\":4,\"is_visible\":5,\"is_global\":6,\"is_searchable\":7,\"is_comparable\":8,\"is_filterable\":9},\"paging\":{\"options\":{\"20\":{\"value\":20,\"label\":20},\"30\":{\"value\":30,\"label\":30},\"50\":{\"value\":50,\"label\":50},\"100\":{\"value\":100,\"label\":100},\"200\":{\"value\":200,\"label\":200}},\"value\":20}}}', '0000-00-00 00:00:00', '0000-00-00 00:00:00'),
(19, 1, 'customer_online_grid', 'default', 1, 'Default View', '{\"views\":{\"default\":{\"label\":\"Default View\",\"index\":\"default\",\"editable\":false,\"data\":{\"filters\":{\"applied\":{\"placeholder\":true}},\"columns\":{\"customer_id\":{\"visible\":true,\"sorting\":\"asc\"},\"firstname\":{\"visible\":true,\"sorting\":false},\"lastname\":{\"visible\":true,\"sorting\":false},\"email\":{\"visible\":true,\"sorting\":false},\"visitor_type\":{\"visible\":true,\"sorting\":false},\"last_visit_at\":{\"visible\":true,\"sorting\":false}},\"displayMode\":\"grid\",\"paging\":{\"options\":{\"20\":{\"value\":20,\"label\":20},\"30\":{\"value\":30,\"label\":30},\"50\":{\"value\":50,\"label\":50},\"100\":{\"value\":100,\"label\":100},\"200\":{\"value\":200,\"label\":200}},\"value\":20},\"positions\":{\"customer_id\":0,\"firstname\":1,\"lastname\":2,\"email\":3,\"last_visit_at\":4,\"visitor_type\":5}},\"value\":\"Default View\"}}}', '0000-00-00 00:00:00', '0000-00-00 00:00:00'),
(20, 1, 'customer_online_grid', 'current', 0, NULL, '{\"current\":{\"filters\":{\"applied\":{\"placeholder\":true}},\"columns\":{\"customer_id\":{\"visible\":true,\"sorting\":\"asc\"},\"firstname\":{\"visible\":true,\"sorting\":false},\"lastname\":{\"visible\":true,\"sorting\":false},\"email\":{\"visible\":true,\"sorting\":false},\"visitor_type\":{\"visible\":true,\"sorting\":false},\"last_visit_at\":{\"visible\":true,\"sorting\":false}},\"displayMode\":\"grid\",\"paging\":{\"options\":{\"20\":{\"value\":20,\"label\":20},\"30\":{\"value\":30,\"label\":30},\"50\":{\"value\":50,\"label\":50},\"100\":{\"value\":100,\"label\":100},\"200\":{\"value\":200,\"label\":200}},\"value\":20},\"positions\":{\"customer_id\":0,\"firstname\":1,\"lastname\":2,\"email\":3,\"last_visit_at\":4,\"visitor_type\":5}}}', '0000-00-00 00:00:00', '0000-00-00 00:00:00'),
(21, 1, 'storelocator_store_listing', 'default', 1, 'Default View', '{\"views\":{\"default\":{\"label\":\"Default View\",\"index\":\"default\",\"editable\":false,\"data\":{\"filters\":{\"applied\":{\"placeholder\":true}},\"columns\":{\"storelocator_id\":{\"visible\":true,\"sorting\":\"asc\"},\"store_name\":{\"visible\":true,\"sorting\":false},\"address\":{\"visible\":true,\"sorting\":false},\"city\":{\"visible\":true,\"sorting\":false},\"state\":{\"visible\":true,\"sorting\":false},\"zipcode\":{\"visible\":true,\"sorting\":false},\"baseimage\":{\"visible\":true,\"sorting\":false},\"latitude\":{\"visible\":false,\"sorting\":false},\"longitude\":{\"visible\":false,\"sorting\":false},\"description\":{\"visible\":false,\"sorting\":false},\"phone\":{\"visible\":false,\"sorting\":false},\"email\":{\"visible\":false,\"sorting\":false},\"fax\":{\"visible\":false,\"sorting\":false},\"rewrite_request_path\":{\"visible\":false,\"sorting\":false},\"meta_title\":{\"visible\":false,\"sorting\":false},\"meta_keywords\":{\"visible\":false,\"sorting\":false},\"meta_description\":{\"visible\":false,\"sorting\":false},\"ids\":{\"visible\":true,\"sorting\":false},\"country_id\":{\"visible\":true,\"sorting\":false},\"status\":{\"visible\":true,\"sorting\":false},\"actions\":{\"visible\":true,\"sorting\":false}},\"displayMode\":\"grid\",\"paging\":{\"options\":{\"20\":{\"value\":20,\"label\":20},\"30\":{\"value\":30,\"label\":30},\"50\":{\"value\":50,\"label\":50},\"100\":{\"value\":100,\"label\":100},\"200\":{\"value\":200,\"label\":200}},\"value\":20},\"positions\":{\"ids\":0,\"storelocator_id\":1,\"store_name\":2,\"address\":3,\"city\":4,\"state\":5,\"country_id\":6,\"zipcode\":7,\"baseimage\":8,\"latitude\":9,\"longitude\":10,\"description\":11,\"phone\":12,\"email\":13,\"fax\":14,\"rewrite_request_path\":15,\"meta_title\":16,\"meta_keywords\":17,\"meta_description\":18,\"status\":19,\"actions\":20},\"search\":{\"value\":\"\"}},\"value\":\"Default View\"}}}', '0000-00-00 00:00:00', '0000-00-00 00:00:00'),
(22, 1, 'storelocator_store_listing', 'current', 0, NULL, '{\"current\":{\"filters\":{\"applied\":{\"placeholder\":true}},\"columns\":{\"storelocator_id\":{\"visible\":true,\"sorting\":\"asc\"},\"store_name\":{\"visible\":true,\"sorting\":false},\"address\":{\"visible\":true,\"sorting\":false},\"city\":{\"visible\":true,\"sorting\":false},\"state\":{\"visible\":true,\"sorting\":false},\"zipcode\":{\"visible\":true,\"sorting\":false},\"baseimage\":{\"visible\":true,\"sorting\":false},\"latitude\":{\"visible\":false,\"sorting\":false},\"longitude\":{\"visible\":false,\"sorting\":false},\"description\":{\"visible\":false,\"sorting\":false},\"phone\":{\"visible\":false,\"sorting\":false},\"email\":{\"visible\":false,\"sorting\":false},\"fax\":{\"visible\":false,\"sorting\":false},\"rewrite_request_path\":{\"visible\":false,\"sorting\":false},\"meta_title\":{\"visible\":false,\"sorting\":false},\"meta_keywords\":{\"visible\":false,\"sorting\":false},\"meta_description\":{\"visible\":false,\"sorting\":false},\"ids\":{\"visible\":true,\"sorting\":false},\"country_id\":{\"visible\":true,\"sorting\":false},\"status\":{\"visible\":true,\"sorting\":false},\"actions\":{\"visible\":true,\"sorting\":false}},\"displayMode\":\"grid\",\"paging\":{\"options\":{\"20\":{\"value\":20,\"label\":20},\"30\":{\"value\":30,\"label\":30},\"50\":{\"value\":50,\"label\":50},\"100\":{\"value\":100,\"label\":100},\"200\":{\"value\":200,\"label\":200}},\"value\":20},\"positions\":{\"ids\":0,\"storelocator_id\":1,\"store_name\":2,\"address\":3,\"city\":4,\"state\":5,\"country_id\":6,\"zipcode\":7,\"baseimage\":8,\"latitude\":9,\"longitude\":10,\"description\":11,\"phone\":12,\"email\":13,\"fax\":14,\"rewrite_request_path\":15,\"meta_title\":16,\"meta_keywords\":17,\"meta_description\":18,\"status\":19,\"actions\":20},\"search\":{\"value\":\"\"}}}', '0000-00-00 00:00:00', '0000-00-00 00:00:00'),
(23, 1, 'sales_order_grid', 'default', 1, 'Default View', '{\"views\":{\"default\":{\"label\":\"Default View\",\"index\":\"default\",\"editable\":false,\"data\":{\"search\":{\"value\":\"\"},\"filters\":{\"applied\":{\"placeholder\":true}},\"columns\":{\"increment_id\":{\"visible\":true,\"sorting\":\"desc\"},\"store_id\":{\"visible\":true,\"sorting\":false},\"billing_name\":{\"visible\":true,\"sorting\":false},\"shipping_name\":{\"visible\":true,\"sorting\":false},\"base_grand_total\":{\"visible\":true,\"sorting\":false},\"grand_total\":{\"visible\":true,\"sorting\":false},\"billing_address\":{\"visible\":false,\"sorting\":false},\"shipping_address\":{\"visible\":false,\"sorting\":false},\"shipping_information\":{\"visible\":false,\"sorting\":false},\"customer_email\":{\"visible\":false,\"sorting\":false},\"subtotal\":{\"visible\":false,\"sorting\":false},\"shipping_and_handling\":{\"visible\":false,\"sorting\":false},\"customer_name\":{\"visible\":false,\"sorting\":false},\"total_refunded\":{\"visible\":false,\"sorting\":false},\"ids\":{\"visible\":true,\"sorting\":false},\"status\":{\"visible\":true,\"sorting\":false},\"customer_group\":{\"visible\":false,\"sorting\":false},\"payment_method\":{\"visible\":false,\"sorting\":false},\"actions\":{\"visible\":true,\"sorting\":false},\"created_at\":{\"visible\":true,\"sorting\":false}},\"displayMode\":\"grid\",\"paging\":{\"options\":{\"20\":{\"value\":20,\"label\":20},\"30\":{\"value\":30,\"label\":30},\"50\":{\"value\":50,\"label\":50},\"100\":{\"value\":100,\"label\":100},\"200\":{\"value\":200,\"label\":200}},\"value\":20},\"positions\":{\"ids\":0,\"increment_id\":1,\"store_id\":2,\"created_at\":3,\"billing_name\":4,\"shipping_name\":5,\"base_grand_total\":6,\"grand_total\":7,\"status\":8,\"billing_address\":9,\"shipping_address\":10,\"shipping_information\":11,\"customer_email\":12,\"customer_group\":13,\"subtotal\":14,\"shipping_and_handling\":15,\"customer_name\":16,\"payment_method\":17,\"total_refunded\":18,\"actions\":19}},\"value\":\"Default View\"}}}', '0000-00-00 00:00:00', '0000-00-00 00:00:00'),
(24, 1, 'sales_order_grid', 'current', 0, NULL, '{\"current\":{\"search\":{\"value\":\"\"},\"filters\":{\"applied\":{\"placeholder\":true}},\"columns\":{\"increment_id\":{\"visible\":true,\"sorting\":\"desc\"},\"store_id\":{\"visible\":true,\"sorting\":false},\"billing_name\":{\"visible\":true,\"sorting\":false},\"shipping_name\":{\"visible\":true,\"sorting\":false},\"base_grand_total\":{\"visible\":true,\"sorting\":false},\"grand_total\":{\"visible\":true,\"sorting\":false},\"billing_address\":{\"visible\":false,\"sorting\":false},\"shipping_address\":{\"visible\":false,\"sorting\":false},\"shipping_information\":{\"visible\":false,\"sorting\":false},\"customer_email\":{\"visible\":false,\"sorting\":false},\"subtotal\":{\"visible\":false,\"sorting\":false},\"shipping_and_handling\":{\"visible\":false,\"sorting\":false},\"customer_name\":{\"visible\":false,\"sorting\":false},\"total_refunded\":{\"visible\":false,\"sorting\":false},\"ids\":{\"visible\":true,\"sorting\":false},\"status\":{\"visible\":true,\"sorting\":false},\"customer_group\":{\"visible\":false,\"sorting\":false},\"payment_method\":{\"visible\":false,\"sorting\":false},\"actions\":{\"visible\":true,\"sorting\":false},\"created_at\":{\"visible\":true,\"sorting\":false}},\"displayMode\":\"grid\",\"paging\":{\"options\":{\"20\":{\"value\":20,\"label\":20},\"30\":{\"value\":30,\"label\":30},\"50\":{\"value\":50,\"label\":50},\"100\":{\"value\":100,\"label\":100},\"200\":{\"value\":200,\"label\":200}},\"value\":20},\"positions\":{\"ids\":0,\"increment_id\":1,\"store_id\":2,\"created_at\":3,\"billing_name\":4,\"shipping_name\":5,\"base_grand_total\":6,\"grand_total\":7,\"status\":8,\"billing_address\":9,\"shipping_address\":10,\"shipping_information\":11,\"customer_email\":12,\"customer_group\":13,\"subtotal\":14,\"shipping_and_handling\":15,\"customer_name\":16,\"payment_method\":17,\"total_refunded\":18,\"actions\":19}}}', '0000-00-00 00:00:00', '0000-00-00 00:00:00'),
(25, 1, 'sales_order_view_invoice_grid', 'default', 1, 'Default View', '{\"views\":{\"default\":{\"label\":\"Default View\",\"index\":\"default\",\"editable\":false,\"data\":{\"search\":{\"value\":\"\"},\"filters\":{\"applied\":{\"placeholder\":true}},\"columns\":{\"increment_id\":{\"visible\":true,\"sorting\":\"asc\"},\"order_increment_id\":{\"visible\":true,\"sorting\":false},\"billing_name\":{\"visible\":true,\"sorting\":false},\"grand_total\":{\"visible\":true,\"sorting\":false},\"store_id\":{\"visible\":false,\"sorting\":false},\"billing_address\":{\"visible\":false,\"sorting\":false},\"shipping_address\":{\"visible\":false,\"sorting\":false},\"customer_name\":{\"visible\":false,\"sorting\":false},\"customer_email\":{\"visible\":false,\"sorting\":false},\"shipping_information\":{\"visible\":false,\"sorting\":false},\"subtotal\":{\"visible\":false,\"sorting\":false},\"shipping_and_handling\":{\"visible\":false,\"sorting\":false},\"ids\":{\"visible\":true,\"sorting\":false},\"state\":{\"visible\":true,\"sorting\":false},\"customer_group_id\":{\"visible\":false,\"sorting\":false},\"payment_method\":{\"visible\":false,\"sorting\":false},\"actions\":{\"visible\":true,\"sorting\":false},\"created_at\":{\"visible\":true,\"sorting\":false},\"order_created_at\":{\"visible\":true,\"sorting\":false}},\"displayMode\":\"grid\",\"paging\":{\"options\":{\"20\":{\"value\":20,\"label\":20},\"30\":{\"value\":30,\"label\":30},\"50\":{\"value\":50,\"label\":50},\"100\":{\"value\":100,\"label\":100},\"200\":{\"value\":200,\"label\":200}},\"value\":20},\"positions\":{\"ids\":0,\"increment_id\":1,\"created_at\":2,\"order_increment_id\":3,\"order_created_at\":4,\"billing_name\":5,\"state\":6,\"grand_total\":7,\"store_id\":8,\"billing_address\":9,\"shipping_address\":10,\"customer_name\":11,\"customer_email\":12,\"customer_group_id\":13,\"payment_method\":14,\"shipping_information\":15,\"subtotal\":16,\"shipping_and_handling\":17,\"actions\":18}},\"value\":\"Default View\"}}}', '0000-00-00 00:00:00', '0000-00-00 00:00:00'),
(26, 1, 'sales_order_view_invoice_grid', 'current', 0, NULL, '{\"current\":{\"search\":{\"value\":\"\"},\"filters\":{\"applied\":{\"placeholder\":true}},\"columns\":{\"increment_id\":{\"visible\":true,\"sorting\":\"asc\"},\"order_increment_id\":{\"visible\":true,\"sorting\":false},\"billing_name\":{\"visible\":true,\"sorting\":false},\"grand_total\":{\"visible\":true,\"sorting\":false},\"store_id\":{\"visible\":false,\"sorting\":false},\"billing_address\":{\"visible\":false,\"sorting\":false},\"shipping_address\":{\"visible\":false,\"sorting\":false},\"customer_name\":{\"visible\":false,\"sorting\":false},\"customer_email\":{\"visible\":false,\"sorting\":false},\"shipping_information\":{\"visible\":false,\"sorting\":false},\"subtotal\":{\"visible\":false,\"sorting\":false},\"shipping_and_handling\":{\"visible\":false,\"sorting\":false},\"ids\":{\"visible\":true,\"sorting\":false},\"state\":{\"visible\":true,\"sorting\":false},\"customer_group_id\":{\"visible\":false,\"sorting\":false},\"payment_method\":{\"visible\":false,\"sorting\":false},\"actions\":{\"visible\":true,\"sorting\":false},\"created_at\":{\"visible\":true,\"sorting\":false},\"order_created_at\":{\"visible\":true,\"sorting\":false}},\"displayMode\":\"grid\",\"paging\":{\"options\":{\"20\":{\"value\":20,\"label\":20},\"30\":{\"value\":30,\"label\":30},\"50\":{\"value\":50,\"label\":50},\"100\":{\"value\":100,\"label\":100},\"200\":{\"value\":200,\"label\":200}},\"value\":20},\"positions\":{\"ids\":0,\"increment_id\":1,\"created_at\":2,\"order_increment_id\":3,\"order_created_at\":4,\"billing_name\":5,\"state\":6,\"grand_total\":7,\"store_id\":8,\"billing_address\":9,\"shipping_address\":10,\"customer_name\":11,\"customer_email\":12,\"customer_group_id\":13,\"payment_method\":14,\"shipping_information\":15,\"subtotal\":16,\"shipping_and_handling\":17,\"actions\":18}}}', '0000-00-00 00:00:00', '0000-00-00 00:00:00'),
(27, 1, 'sales_order_view_creditmemo_grid', 'current', 0, NULL, '{\"current\":{\"search\":{\"value\":\"\"},\"filters\":{\"applied\":{\"placeholder\":true}},\"columns\":{\"increment_id\":{\"visible\":true,\"sorting\":false},\"order_increment_id\":{\"visible\":true,\"sorting\":false},\"billing_name\":{\"visible\":true,\"sorting\":false},\"base_grand_total\":{\"visible\":true,\"sorting\":false},\"store_id\":{\"visible\":false,\"sorting\":false},\"billing_address\":{\"visible\":false,\"sorting\":false},\"shipping_address\":{\"visible\":false,\"sorting\":false},\"customer_name\":{\"visible\":false,\"sorting\":false},\"customer_email\":{\"visible\":false,\"sorting\":false},\"shipping_information\":{\"visible\":false,\"sorting\":false},\"subtotal\":{\"visible\":false,\"sorting\":false},\"shipping_and_handling\":{\"visible\":false,\"sorting\":false},\"adjustment_positive\":{\"visible\":false,\"sorting\":false},\"adjustment_negative\":{\"visible\":false,\"sorting\":false},\"order_base_grand_total\":{\"visible\":false,\"sorting\":false},\"ids\":{\"visible\":true,\"sorting\":false},\"state\":{\"visible\":true,\"sorting\":false},\"order_status\":{\"visible\":false,\"sorting\":false},\"customer_group_id\":{\"visible\":false,\"sorting\":false},\"payment_method\":{\"visible\":false,\"sorting\":false},\"actions\":{\"visible\":true,\"sorting\":false},\"created_at\":{\"visible\":true,\"sorting\":false},\"order_created_at\":{\"visible\":true,\"sorting\":false}},\"displayMode\":\"grid\",\"paging\":{\"options\":{\"20\":{\"value\":20,\"label\":20},\"30\":{\"value\":30,\"label\":30},\"50\":{\"value\":50,\"label\":50},\"100\":{\"value\":100,\"label\":100},\"200\":{\"value\":200,\"label\":200}},\"value\":20},\"positions\":{\"ids\":0,\"increment_id\":1,\"created_at\":2,\"order_increment_id\":3,\"order_created_at\":4,\"billing_name\":5,\"state\":6,\"base_grand_total\":7,\"order_status\":8,\"store_id\":9,\"billing_address\":10,\"shipping_address\":11,\"customer_name\":12,\"customer_email\":13,\"customer_group_id\":14,\"payment_method\":15,\"shipping_information\":16,\"subtotal\":17,\"shipping_and_handling\":18,\"adjustment_positive\":19,\"adjustment_negative\":20,\"order_base_grand_total\":21,\"actions\":22}}}', '0000-00-00 00:00:00', '0000-00-00 00:00:00');
INSERT INTO `ui_bookmark` (`bookmark_id`, `user_id`, `namespace`, `identifier`, `current`, `title`, `config`, `created_at`, `updated_at`) VALUES
(28, 1, 'sales_order_view_creditmemo_grid', 'default', 1, 'Default View', '{\"views\":{\"default\":{\"label\":\"Default View\",\"index\":\"default\",\"editable\":false,\"data\":{\"search\":{\"value\":\"\"},\"filters\":{\"applied\":{\"placeholder\":true}},\"columns\":{\"increment_id\":{\"visible\":true,\"sorting\":false},\"order_increment_id\":{\"visible\":true,\"sorting\":false},\"billing_name\":{\"visible\":true,\"sorting\":false},\"base_grand_total\":{\"visible\":true,\"sorting\":false},\"store_id\":{\"visible\":false,\"sorting\":false},\"billing_address\":{\"visible\":false,\"sorting\":false},\"shipping_address\":{\"visible\":false,\"sorting\":false},\"customer_name\":{\"visible\":false,\"sorting\":false},\"customer_email\":{\"visible\":false,\"sorting\":false},\"shipping_information\":{\"visible\":false,\"sorting\":false},\"subtotal\":{\"visible\":false,\"sorting\":false},\"shipping_and_handling\":{\"visible\":false,\"sorting\":false},\"adjustment_positive\":{\"visible\":false,\"sorting\":false},\"adjustment_negative\":{\"visible\":false,\"sorting\":false},\"order_base_grand_total\":{\"visible\":false,\"sorting\":false},\"ids\":{\"visible\":true,\"sorting\":false},\"state\":{\"visible\":true,\"sorting\":false},\"order_status\":{\"visible\":false,\"sorting\":false},\"customer_group_id\":{\"visible\":false,\"sorting\":false},\"payment_method\":{\"visible\":false,\"sorting\":false},\"actions\":{\"visible\":true,\"sorting\":false},\"created_at\":{\"visible\":true,\"sorting\":false},\"order_created_at\":{\"visible\":true,\"sorting\":false}},\"displayMode\":\"grid\",\"paging\":{\"options\":{\"20\":{\"value\":20,\"label\":20},\"30\":{\"value\":30,\"label\":30},\"50\":{\"value\":50,\"label\":50},\"100\":{\"value\":100,\"label\":100},\"200\":{\"value\":200,\"label\":200}},\"value\":20},\"positions\":{\"ids\":0,\"increment_id\":1,\"created_at\":2,\"order_increment_id\":3,\"order_created_at\":4,\"billing_name\":5,\"state\":6,\"base_grand_total\":7,\"order_status\":8,\"store_id\":9,\"billing_address\":10,\"shipping_address\":11,\"customer_name\":12,\"customer_email\":13,\"customer_group_id\":14,\"payment_method\":15,\"shipping_information\":16,\"subtotal\":17,\"shipping_and_handling\":18,\"adjustment_positive\":19,\"adjustment_negative\":20,\"order_base_grand_total\":21,\"actions\":22}},\"value\":\"Default View\"}}}', '0000-00-00 00:00:00', '0000-00-00 00:00:00'),
(29, 2, 'storelocator_store_listing', 'current', 0, NULL, '{\"current\":{\"search\":{\"value\":\"\"},\"filters\":{\"applied\":{\"placeholder\":true}},\"columns\":{\"storelocator_id\":{\"visible\":true,\"sorting\":\"asc\"},\"store_name\":{\"visible\":true,\"sorting\":false},\"address\":{\"visible\":true,\"sorting\":false},\"city\":{\"visible\":true,\"sorting\":false},\"state\":{\"visible\":true,\"sorting\":false},\"zipcode\":{\"visible\":true,\"sorting\":false},\"baseimage\":{\"visible\":true,\"sorting\":false},\"latitude\":{\"visible\":false,\"sorting\":false},\"longitude\":{\"visible\":false,\"sorting\":false},\"description\":{\"visible\":false,\"sorting\":false},\"phone\":{\"visible\":false,\"sorting\":false},\"email\":{\"visible\":false,\"sorting\":false},\"fax\":{\"visible\":false,\"sorting\":false},\"rewrite_request_path\":{\"visible\":false,\"sorting\":false},\"meta_title\":{\"visible\":false,\"sorting\":false},\"meta_keywords\":{\"visible\":false,\"sorting\":false},\"meta_description\":{\"visible\":false,\"sorting\":false},\"ids\":{\"visible\":true,\"sorting\":false},\"country_id\":{\"visible\":true,\"sorting\":false},\"status\":{\"visible\":true,\"sorting\":false},\"actions\":{\"visible\":true,\"sorting\":false}},\"displayMode\":\"grid\",\"paging\":{\"options\":{\"20\":{\"value\":20,\"label\":20},\"30\":{\"value\":30,\"label\":30},\"50\":{\"value\":50,\"label\":50},\"100\":{\"value\":100,\"label\":100},\"200\":{\"value\":200,\"label\":200}},\"value\":20},\"positions\":{\"ids\":0,\"storelocator_id\":1,\"store_name\":2,\"address\":3,\"city\":4,\"state\":5,\"country_id\":6,\"zipcode\":7,\"baseimage\":8,\"latitude\":9,\"longitude\":10,\"description\":11,\"phone\":12,\"email\":13,\"fax\":14,\"rewrite_request_path\":15,\"meta_title\":16,\"meta_keywords\":17,\"meta_description\":18,\"status\":19,\"actions\":20}}}', '0000-00-00 00:00:00', '0000-00-00 00:00:00'),
(30, 2, 'storelocator_store_listing', 'default', 1, 'Default View', '{\"views\":{\"default\":{\"label\":\"Default View\",\"index\":\"default\",\"editable\":false,\"data\":{\"search\":{\"value\":\"\"},\"filters\":{\"applied\":{\"placeholder\":true}},\"columns\":{\"storelocator_id\":{\"visible\":true,\"sorting\":\"asc\"},\"store_name\":{\"visible\":true,\"sorting\":false},\"address\":{\"visible\":true,\"sorting\":false},\"city\":{\"visible\":true,\"sorting\":false},\"state\":{\"visible\":true,\"sorting\":false},\"zipcode\":{\"visible\":true,\"sorting\":false},\"baseimage\":{\"visible\":true,\"sorting\":false},\"latitude\":{\"visible\":false,\"sorting\":false},\"longitude\":{\"visible\":false,\"sorting\":false},\"description\":{\"visible\":false,\"sorting\":false},\"phone\":{\"visible\":false,\"sorting\":false},\"email\":{\"visible\":false,\"sorting\":false},\"fax\":{\"visible\":false,\"sorting\":false},\"rewrite_request_path\":{\"visible\":false,\"sorting\":false},\"meta_title\":{\"visible\":false,\"sorting\":false},\"meta_keywords\":{\"visible\":false,\"sorting\":false},\"meta_description\":{\"visible\":false,\"sorting\":false},\"ids\":{\"visible\":true,\"sorting\":false},\"country_id\":{\"visible\":true,\"sorting\":false},\"status\":{\"visible\":true,\"sorting\":false},\"actions\":{\"visible\":true,\"sorting\":false}},\"displayMode\":\"grid\",\"paging\":{\"options\":{\"20\":{\"value\":20,\"label\":20},\"30\":{\"value\":30,\"label\":30},\"50\":{\"value\":50,\"label\":50},\"100\":{\"value\":100,\"label\":100},\"200\":{\"value\":200,\"label\":200}},\"value\":20},\"positions\":{\"ids\":0,\"storelocator_id\":1,\"store_name\":2,\"address\":3,\"city\":4,\"state\":5,\"country_id\":6,\"zipcode\":7,\"baseimage\":8,\"latitude\":9,\"longitude\":10,\"description\":11,\"phone\":12,\"email\":13,\"fax\":14,\"rewrite_request_path\":15,\"meta_title\":16,\"meta_keywords\":17,\"meta_description\":18,\"status\":19,\"actions\":20}},\"value\":\"Default View\"}}}', '0000-00-00 00:00:00', '0000-00-00 00:00:00');

-- --------------------------------------------------------

--
-- Table structure for table `url_rewrite`
--

CREATE TABLE `url_rewrite` (
  `url_rewrite_id` int(10) UNSIGNED NOT NULL COMMENT 'Rewrite Id',
  `entity_type` varchar(32) NOT NULL COMMENT 'Entity type code',
  `entity_id` int(10) UNSIGNED NOT NULL COMMENT 'Entity ID',
  `request_path` varchar(255) DEFAULT NULL COMMENT 'Request Path',
  `target_path` varchar(255) DEFAULT NULL COMMENT 'Target Path',
  `redirect_type` smallint(5) UNSIGNED NOT NULL DEFAULT '0' COMMENT 'Redirect Type',
  `store_id` smallint(5) UNSIGNED NOT NULL COMMENT 'Store Id',
  `description` varchar(255) DEFAULT NULL COMMENT 'Description',
  `is_autogenerated` smallint(5) UNSIGNED NOT NULL DEFAULT '0' COMMENT 'Is rewrite generated automatically flag',
  `metadata` varchar(255) DEFAULT NULL COMMENT 'Meta data for url rewrite'
) ENGINE=InnoDB DEFAULT CHARSET=utf8 COMMENT='Url Rewrites';

--
-- Dumping data for table `url_rewrite`
--

INSERT INTO `url_rewrite` (`url_rewrite_id`, `entity_type`, `entity_id`, `request_path`, `target_path`, `redirect_type`, `store_id`, `description`, `is_autogenerated`, `metadata`) VALUES
(1, 'cms-page', 1, 'no-route', 'cms/page/view/page_id/1', 0, 1, NULL, 1, NULL),
(2, 'cms-page', 2, 'home', 'cms/page/view/page_id/2', 0, 1, NULL, 1, NULL),
(3, 'cms-page', 3, 'enable-cookies', 'cms/page/view/page_id/3', 0, 1, NULL, 1, NULL),
(4, 'cms-page', 4, 'privacy-policy-cookie-restriction-mode', 'cms/page/view/page_id/4', 0, 1, NULL, 1, NULL),
(14, 'product', 2, 'strive-shoulder-pack.html', 'catalog/product/view/id/2', 0, 1, NULL, 1, NULL),
(18, 'product', 3, 'crown-summit-backpack.html', 'catalog/product/view/id/3', 0, 1, NULL, 1, NULL),
(21, 'product', 4, 'wayfarer-messenger-bag.html', 'catalog/product/view/id/4', 0, 1, NULL, 1, NULL),
(26, 'product', 5, 'rival-field-messenger.html', 'catalog/product/view/id/5', 0, 1, NULL, 1, NULL),
(31, 'product', 6, 'fusion-backpack.html', 'catalog/product/view/id/6', 0, 1, NULL, 1, NULL),
(34, 'product', 7, 'impulse-duffle.html', 'catalog/product/view/id/7', 0, 1, NULL, 1, NULL),
(37, 'product', 8, 'voyage-yoga-bag.html', 'catalog/product/view/id/8', 0, 1, NULL, 1, NULL),
(40, 'product', 9, 'compete-track-tote.html', 'catalog/product/view/id/9', 0, 1, NULL, 1, NULL),
(43, 'product', 10, 'savvy-shoulder-tote.html', 'catalog/product/view/id/10', 0, 1, NULL, 1, NULL),
(47, 'product', 11, 'endeavor-daytrip-backpack.html', 'catalog/product/view/id/11', 0, 1, NULL, 1, NULL),
(51, 'product', 12, 'driven-backpack.html', 'catalog/product/view/id/12', 0, 1, NULL, 1, NULL),
(54, 'product', 13, 'overnight-duffle.html', 'catalog/product/view/id/13', 0, 1, NULL, 1, NULL),
(59, 'product', 14, 'push-it-messenger-bag.html', 'catalog/product/view/id/14', 0, 1, NULL, 1, NULL),
(66, 'product', 16, 'dual-handle-cardio-ball.html', 'catalog/product/view/id/16', 0, 1, NULL, 1, NULL),
(73, 'product', 18, 'pursuit-lumaflex-trade-tone-band.html', 'catalog/product/view/id/18', 0, 1, NULL, 1, NULL),
(84, 'product', 21, 'sprite-foam-yoga-brick.html', 'catalog/product/view/id/21', 0, 1, NULL, 1, NULL),
(87, 'product', 22, 'sprite-foam-roller.html', 'catalog/product/view/id/22', 0, 1, NULL, 1, NULL),
(90, 'product', 23, 'harmony-lumaflex-trade-strength-band-kit.html', 'catalog/product/view/id/23', 0, 1, NULL, 1, NULL),
(93, 'product', 36, 'aim-analog-watch.html', 'catalog/product/view/id/36', 0, 1, NULL, 1, NULL),
(96, 'product', 37, 'endurance-watch.html', 'catalog/product/view/id/37', 0, 1, NULL, 1, NULL),
(99, 'product', 38, 'summit-watch.html', 'catalog/product/view/id/38', 0, 1, NULL, 1, NULL),
(104, 'product', 39, 'cruise-dual-analog-watch.html', 'catalog/product/view/id/39', 0, 1, NULL, 1, NULL),
(109, 'product', 40, 'dash-digital-watch.html', 'catalog/product/view/id/40', 0, 1, NULL, 1, NULL),
(114, 'product', 41, 'luma-analog-watch.html', 'catalog/product/view/id/41', 0, 1, NULL, 1, NULL),
(117, 'product', 42, 'bolo-sport-watch.html', 'catalog/product/view/id/42', 0, 1, NULL, 1, NULL),
(120, 'product', 43, 'clamber-watch.html', 'catalog/product/view/id/43', 0, 1, NULL, 1, NULL),
(123, 'product', 44, 'didi-sport-watch.html', 'catalog/product/view/id/44', 0, 1, NULL, 1, NULL),
(130, 'product', 45, 'beginner-s-yoga.html', 'catalog/product/view/id/45', 0, 1, NULL, 1, NULL),
(133, 'product', 46, 'lifelong-fitness-iv.html', 'catalog/product/view/id/46', 0, 1, NULL, 1, NULL),
(136, 'product', 47, 'yoga-adventure.html', 'catalog/product/view/id/47', 0, 1, NULL, 1, NULL),
(139, 'product', 48, 'solo-power-circuit.html', 'catalog/product/view/id/48', 0, 1, NULL, 1, NULL),
(142, 'product', 49, 'advanced-pilates-yoga-strength.html', 'catalog/product/view/id/49', 0, 1, NULL, 1, NULL),
(145, 'product', 50, 'luma-yoga-for-life.html', 'catalog/product/view/id/50', 0, 1, NULL, 1, NULL),
(148, 'product', 51, 'sprite-yoga-companion-kit.html', 'catalog/product/view/id/51', 0, 1, NULL, 1, NULL),
(177, 'product', 67, 'chaz-kangeroo-hoodie.html', 'catalog/product/view/id/67', 0, 1, NULL, 1, NULL),
(178, 'product', 83, 'teton-pullover-hoodie.html', 'catalog/product/view/id/83', 0, 1, NULL, 1, NULL),
(179, 'product', 99, 'bruno-compete-hoodie.html', 'catalog/product/view/id/99', 0, 1, NULL, 1, NULL),
(180, 'product', 115, 'frankie-sweatshirt.html', 'catalog/product/view/id/115', 0, 1, NULL, 1, NULL),
(181, 'product', 131, 'hollister-backyard-sweatshirt.html', 'catalog/product/view/id/131', 0, 1, NULL, 1, NULL),
(182, 'product', 147, 'stark-fundamental-hoodie.html', 'catalog/product/view/id/147', 0, 1, NULL, 1, NULL),
(192, 'product', 163, 'hero-hoodie.html', 'catalog/product/view/id/163', 0, 1, NULL, 1, NULL),
(193, 'product', 179, 'oslo-trek-hoodie.html', 'catalog/product/view/id/179', 0, 1, NULL, 1, NULL),
(194, 'product', 195, 'abominable-hoodie.html', 'catalog/product/view/id/195', 0, 1, NULL, 1, NULL),
(195, 'product', 211, 'mach-street-sweatshirt.html', 'catalog/product/view/id/211', 0, 1, NULL, 1, NULL),
(196, 'product', 227, 'grayson-crewneck-sweatshirt.html', 'catalog/product/view/id/227', 0, 1, NULL, 1, NULL),
(197, 'product', 243, 'ajax-full-zip-sweatshirt.html', 'catalog/product/view/id/243', 0, 1, NULL, 1, NULL),
(204, 'product', 259, 'marco-lightweight-active-hoodie.html', 'catalog/product/view/id/259', 0, 1, NULL, 1, NULL),
(205, 'product', 275, 'beaumont-summit-kit.html', 'catalog/product/view/id/275', 0, 1, NULL, 1, NULL),
(206, 'product', 291, 'hyperion-elements-jacket.html', 'catalog/product/view/id/291', 0, 1, NULL, 1, NULL),
(207, 'product', 307, 'kenobi-trail-jacket.html', 'catalog/product/view/id/307', 0, 1, NULL, 1, NULL),
(208, 'product', 323, 'orion-two-tone-fitted-jacket.html', 'catalog/product/view/id/323', 0, 1, NULL, 1, NULL),
(209, 'product', 339, 'lando-gym-jacket.html', 'catalog/product/view/id/339', 0, 1, NULL, 1, NULL),
(217, 'product', 355, 'taurus-elements-shell.html', 'catalog/product/view/id/355', 0, 1, NULL, 1, NULL),
(218, 'product', 371, 'mars-heattech-trade-pullover.html', 'catalog/product/view/id/371', 0, 1, NULL, 1, NULL),
(219, 'product', 387, 'typhon-performance-fleece-lined-jacket.html', 'catalog/product/view/id/387', 0, 1, NULL, 1, NULL),
(220, 'product', 403, 'jupiter-all-weather-trainer.html', 'catalog/product/view/id/403', 0, 1, NULL, 1, NULL),
(221, 'product', 419, 'montana-wind-jacket.html', 'catalog/product/view/id/419', 0, 1, NULL, 1, NULL),
(222, 'product', 435, 'proteus-fitness-jackshirt.html', 'catalog/product/view/id/435', 0, 1, NULL, 1, NULL),
(223, 'product', 451, 'gobi-heattec-reg-tee.html', 'catalog/product/view/id/451', 0, 1, NULL, 1, NULL),
(232, 'product', 467, 'helios-evercool-trade-tee.html', 'catalog/product/view/id/467', 0, 1, NULL, 1, NULL),
(233, 'product', 483, 'ryker-lumatech-trade-tee-crew-neck.html', 'catalog/product/view/id/483', 0, 1, NULL, 1, NULL),
(234, 'product', 499, 'atomic-endurance-running-tee-v-neck.html', 'catalog/product/view/id/499', 0, 1, NULL, 1, NULL),
(235, 'product', 515, 'atomic-endurance-running-tee-crew-neck.html', 'catalog/product/view/id/515', 0, 1, NULL, 1, NULL),
(236, 'product', 531, 'balboa-persistence-tee.html', 'catalog/product/view/id/531', 0, 1, NULL, 1, NULL),
(237, 'product', 547, 'zoltan-gym-tee.html', 'catalog/product/view/id/547', 0, 1, NULL, 1, NULL),
(245, 'product', 563, 'aero-daily-fitness-tee.html', 'catalog/product/view/id/563', 0, 1, NULL, 1, NULL),
(246, 'product', 579, 'ryker-lumatech-trade-tee-v-neck.html', 'catalog/product/view/id/579', 0, 1, NULL, 1, NULL),
(247, 'product', 595, 'logan-heattec-reg-tee.html', 'catalog/product/view/id/595', 0, 1, NULL, 1, NULL),
(248, 'product', 611, 'deion-long-sleeve-evercool-trade-tee.html', 'catalog/product/view/id/611', 0, 1, NULL, 1, NULL),
(249, 'product', 627, 'strike-endurance-tee.html', 'catalog/product/view/id/627', 0, 1, NULL, 1, NULL),
(250, 'product', 643, 'erikssen-cooltech-trade-fitness-tank.html', 'catalog/product/view/id/643', 0, 1, NULL, 1, NULL),
(257, 'product', 659, 'tristan-endurance-tank.html', 'catalog/product/view/id/659', 0, 1, NULL, 1, NULL),
(258, 'product', 675, 'primo-endurance-tank.html', 'catalog/product/view/id/675', 0, 1, NULL, 1, NULL),
(259, 'product', 681, 'helios-endurance-tank.html', 'catalog/product/view/id/681', 0, 1, NULL, 1, NULL),
(260, 'product', 687, 'rocco-gym-tank.html', 'catalog/product/view/id/687', 0, 1, NULL, 1, NULL),
(261, 'product', 693, 'vulcan-weightlifting-tank.html', 'catalog/product/view/id/693', 0, 1, NULL, 1, NULL),
(262, 'product', 699, 'argus-all-weather-tank.html', 'catalog/product/view/id/699', 0, 1, NULL, 1, NULL),
(263, 'product', 705, 'sparta-gym-tank.html', 'catalog/product/view/id/705', 0, 1, NULL, 1, NULL),
(264, 'product', 711, 'sinbad-fitness-tank.html', 'catalog/product/view/id/711', 0, 1, NULL, 1, NULL),
(265, 'product', 717, 'tiberius-gym-tank.html', 'catalog/product/view/id/717', 0, 1, NULL, 1, NULL),
(266, 'product', 723, 'atlas-fitness-tank.html', 'catalog/product/view/id/723', 0, 1, NULL, 1, NULL),
(267, 'product', 729, 'cassius-sparring-tank.html', 'catalog/product/view/id/729', 0, 1, NULL, 1, NULL),
(268, 'product', 742, 'caesar-warm-up-pant.html', 'catalog/product/view/id/742', 0, 1, NULL, 1, NULL),
(284, 'product', 755, 'viktor-lumatech-trade-pant.html', 'catalog/product/view/id/755', 0, 1, NULL, 1, NULL),
(285, 'product', 768, 'geo-insulated-jogging-pant.html', 'catalog/product/view/id/768', 0, 1, NULL, 1, NULL),
(286, 'product', 781, 'supernova-sport-pant.html', 'catalog/product/view/id/781', 0, 1, NULL, 1, NULL),
(287, 'product', 794, 'kratos-gym-pant.html', 'catalog/product/view/id/794', 0, 1, NULL, 1, NULL),
(288, 'product', 807, 'mithra-warmup-pant.html', 'catalog/product/view/id/807', 0, 1, NULL, 1, NULL),
(289, 'product', 820, 'thorpe-track-pant.html', 'catalog/product/view/id/820', 0, 1, NULL, 1, NULL),
(290, 'product', 833, 'zeppelin-yoga-pant.html', 'catalog/product/view/id/833', 0, 1, NULL, 1, NULL),
(291, 'product', 846, 'livingston-all-purpose-tight.html', 'catalog/product/view/id/846', 0, 1, NULL, 1, NULL),
(316, 'product', 859, 'orestes-yoga-pant.html', 'catalog/product/view/id/859', 0, 1, NULL, 1, NULL),
(317, 'product', 872, 'aether-gym-pant.html', 'catalog/product/view/id/872', 0, 1, NULL, 1, NULL),
(318, 'product', 885, 'cronus-yoga-pant.html', 'catalog/product/view/id/885', 0, 1, NULL, 1, NULL),
(319, 'product', 898, 'cobalt-cooltech-trade-fitness-short.html', 'catalog/product/view/id/898', 0, 1, NULL, 1, NULL),
(320, 'product', 903, 'apollo-running-short.html', 'catalog/product/view/id/903', 0, 1, NULL, 1, NULL),
(321, 'product', 916, 'meteor-workout-short.html', 'catalog/product/view/id/916', 0, 1, NULL, 1, NULL),
(322, 'product', 929, 'torque-power-short.html', 'catalog/product/view/id/929', 0, 1, NULL, 1, NULL),
(323, 'product', 942, 'hawkeye-yoga-short.html', 'catalog/product/view/id/942', 0, 1, NULL, 1, NULL),
(340, 'product', 955, 'lono-yoga-short.html', 'catalog/product/view/id/955', 0, 1, NULL, 1, NULL),
(341, 'product', 968, 'rapha-sports-short.html', 'catalog/product/view/id/968', 0, 1, NULL, 1, NULL),
(342, 'product', 981, 'orestes-fitness-short.html', 'catalog/product/view/id/981', 0, 1, NULL, 1, NULL),
(343, 'product', 994, 'troy-yoga-short.html', 'catalog/product/view/id/994', 0, 1, NULL, 1, NULL),
(344, 'product', 1007, 'sol-active-short.html', 'catalog/product/view/id/1007', 0, 1, NULL, 1, NULL),
(345, 'product', 1020, 'arcadio-gym-short.html', 'catalog/product/view/id/1020', 0, 1, NULL, 1, NULL),
(346, 'product', 1033, 'pierce-gym-short.html', 'catalog/product/view/id/1033', 0, 1, NULL, 1, NULL),
(347, 'product', 1049, 'mona-pullover-hoodlie.html', 'catalog/product/view/id/1049', 0, 1, NULL, 1, NULL),
(365, 'product', 1065, 'hera-pullover-hoodie.html', 'catalog/product/view/id/1065', 0, 1, NULL, 1, NULL),
(366, 'product', 1081, 'autumn-pullie.html', 'catalog/product/view/id/1081', 0, 1, NULL, 1, NULL),
(367, 'product', 1097, 'miko-pullover-hoodie.html', 'catalog/product/view/id/1097', 0, 1, NULL, 1, NULL),
(368, 'product', 1113, 'selene-yoga-hoodie.html', 'catalog/product/view/id/1113', 0, 1, NULL, 1, NULL),
(369, 'product', 1119, 'daphne-full-zip-hoodie.html', 'catalog/product/view/id/1119', 0, 1, NULL, 1, NULL),
(370, 'product', 1135, 'phoebe-zipper-sweatshirt.html', 'catalog/product/view/id/1135', 0, 1, NULL, 1, NULL),
(371, 'product', 1151, 'cassia-funnel-sweatshirt.html', 'catalog/product/view/id/1151', 0, 1, NULL, 1, NULL),
(384, 'product', 1167, 'ariel-roll-sleeve-sweatshirt.html', 'catalog/product/view/id/1167', 0, 1, NULL, 1, NULL),
(385, 'product', 1183, 'helena-hooded-fleece.html', 'catalog/product/view/id/1183', 0, 1, NULL, 1, NULL),
(386, 'product', 1199, 'eos-v-neck-hoodie.html', 'catalog/product/view/id/1199', 0, 1, NULL, 1, NULL),
(387, 'product', 1215, 'circe-hooded-ice-fleece.html', 'catalog/product/view/id/1215', 0, 1, NULL, 1, NULL),
(388, 'product', 1225, 'stellar-solar-jacket.html', 'catalog/product/view/id/1225', 0, 1, NULL, 1, NULL),
(389, 'product', 1241, 'josie-yoga-jacket.html', 'catalog/product/view/id/1241', 0, 1, NULL, 1, NULL),
(403, 'product', 1257, 'augusta-pullover-jacket.html', 'catalog/product/view/id/1257', 0, 1, NULL, 1, NULL),
(404, 'product', 1273, 'ingrid-running-jacket.html', 'catalog/product/view/id/1273', 0, 1, NULL, 1, NULL),
(405, 'product', 1289, 'riona-full-zip-jacket.html', 'catalog/product/view/id/1289', 0, 1, NULL, 1, NULL),
(406, 'product', 1305, 'inez-full-zip-jacket.html', 'catalog/product/view/id/1305', 0, 1, NULL, 1, NULL),
(407, 'product', 1321, 'adrienne-trek-jacket.html', 'catalog/product/view/id/1321', 0, 1, NULL, 1, NULL),
(408, 'product', 1337, 'jade-yoga-jacket.html', 'catalog/product/view/id/1337', 0, 1, NULL, 1, NULL),
(420, 'product', 1353, 'nadia-elements-shell.html', 'catalog/product/view/id/1353', 0, 1, NULL, 1, NULL),
(421, 'product', 1369, 'neve-studio-dance-jacket.html', 'catalog/product/view/id/1369', 0, 1, NULL, 1, NULL),
(422, 'product', 1385, 'juno-jacket.html', 'catalog/product/view/id/1385', 0, 1, NULL, 1, NULL),
(423, 'product', 1401, 'olivia-1-4-zip-light-jacket.html', 'catalog/product/view/id/1401', 0, 1, NULL, 1, NULL),
(424, 'product', 1417, 'gabrielle-micro-sleeve-top.html', 'catalog/product/view/id/1417', 0, 1, NULL, 1, NULL),
(425, 'product', 1433, 'iris-workout-top.html', 'catalog/product/view/id/1433', 0, 1, NULL, 1, NULL),
(426, 'product', 1449, 'layla-tee.html', 'catalog/product/view/id/1449', 0, 1, NULL, 1, NULL),
(448, 'product', 1465, 'elisa-evercool-trade-tee.html', 'catalog/product/view/id/1465', 0, 1, NULL, 1, NULL),
(449, 'product', 1481, 'juliana-short-sleeve-tee.html', 'catalog/product/view/id/1481', 0, 1, NULL, 1, NULL),
(450, 'product', 1497, 'minerva-lumatech-trade-v-tee.html', 'catalog/product/view/id/1497', 0, 1, NULL, 1, NULL),
(451, 'product', 1513, 'tiffany-fitness-tee.html', 'catalog/product/view/id/1513', 0, 1, NULL, 1, NULL),
(452, 'product', 1529, 'karissa-v-neck-tee.html', 'catalog/product/view/id/1529', 0, 1, NULL, 1, NULL),
(453, 'product', 1545, 'diva-gym-tee.html', 'catalog/product/view/id/1545', 0, 1, NULL, 1, NULL),
(476, 'product', 1561, 'radiant-tee.html', 'catalog/product/view/id/1561', 0, 1, NULL, 1, NULL),
(477, 'product', 1577, 'gwyn-endurance-tee.html', 'catalog/product/view/id/1577', 0, 1, NULL, 1, NULL),
(478, 'product', 1593, 'desiree-fitness-tee.html', 'catalog/product/view/id/1593', 0, 1, NULL, 1, NULL),
(479, 'product', 1609, 'electra-bra-top.html', 'catalog/product/view/id/1609', 0, 1, NULL, 1, NULL),
(480, 'product', 1625, 'erica-evercool-sports-bra.html', 'catalog/product/view/id/1625', 0, 1, NULL, 1, NULL),
(481, 'product', 1641, 'celeste-sports-bra.html', 'catalog/product/view/id/1641', 0, 1, NULL, 1, NULL),
(496, 'product', 1657, 'prima-compete-bra-top.html', 'catalog/product/view/id/1657', 0, 1, NULL, 1, NULL),
(497, 'product', 1673, 'lucia-cross-fit-bra.html', 'catalog/product/view/id/1673', 0, 1, NULL, 1, NULL),
(498, 'product', 1689, 'bella-tank.html', 'catalog/product/view/id/1689', 0, 1, NULL, 1, NULL),
(499, 'product', 1705, 'zoe-tank.html', 'catalog/product/view/id/1705', 0, 1, NULL, 1, NULL),
(500, 'product', 1721, 'nora-practice-tank.html', 'catalog/product/view/id/1721', 0, 1, NULL, 1, NULL),
(501, 'product', 1737, 'nona-fitness-tank.html', 'catalog/product/view/id/1737', 0, 1, NULL, 1, NULL),
(512, 'product', 1753, 'leah-yoga-top.html', 'catalog/product/view/id/1753', 0, 1, NULL, 1, NULL),
(513, 'product', 1769, 'chloe-compete-tank.html', 'catalog/product/view/id/1769', 0, 1, NULL, 1, NULL),
(514, 'product', 1785, 'maya-tunic.html', 'catalog/product/view/id/1785', 0, 1, NULL, 1, NULL),
(515, 'product', 1801, 'antonia-racer-tank.html', 'catalog/product/view/id/1801', 0, 1, NULL, 1, NULL),
(516, 'product', 1817, 'breathe-easy-tank.html', 'catalog/product/view/id/1817', 0, 1, NULL, 1, NULL),
(517, 'product', 1824, 'karmen-yoga-pant.html', 'catalog/product/view/id/1824', 0, 1, NULL, 1, NULL),
(518, 'product', 1831, 'emma-leggings.html', 'catalog/product/view/id/1831', 0, 1, NULL, 1, NULL),
(519, 'product', 1838, 'ida-workout-parachute-pant.html', 'catalog/product/view/id/1838', 0, 1, NULL, 1, NULL),
(520, 'product', 1845, 'cora-parachute-pant.html', 'catalog/product/view/id/1845', 0, 1, NULL, 1, NULL),
(543, 'product', 1852, 'sahara-leggings.html', 'catalog/product/view/id/1852', 0, 1, NULL, 1, NULL),
(544, 'product', 1859, 'diana-tights.html', 'catalog/product/view/id/1859', 0, 1, NULL, 1, NULL),
(545, 'product', 1866, 'aeon-capri.html', 'catalog/product/view/id/1866', 0, 1, NULL, 1, NULL),
(546, 'product', 1873, 'bardot-capri.html', 'catalog/product/view/id/1873', 0, 1, NULL, 1, NULL),
(547, 'product', 1880, 'carina-basic-capri.html', 'catalog/product/view/id/1880', 0, 1, NULL, 1, NULL),
(548, 'product', 1887, 'daria-bikram-pant.html', 'catalog/product/view/id/1887', 0, 1, NULL, 1, NULL),
(549, 'product', 1894, 'sylvia-capri.html', 'catalog/product/view/id/1894', 0, 1, NULL, 1, NULL),
(550, 'product', 1901, 'deirdre-relaxed-fit-capri.html', 'catalog/product/view/id/1901', 0, 1, NULL, 1, NULL),
(551, 'product', 1908, 'portia-capri.html', 'catalog/product/view/id/1908', 0, 1, NULL, 1, NULL),
(552, 'product', 1924, 'fiona-fitness-short.html', 'catalog/product/view/id/1924', 0, 1, NULL, 1, NULL),
(553, 'product', 1940, 'maxima-drawstring-short.html', 'catalog/product/view/id/1940', 0, 1, NULL, 1, NULL),
(583, 'product', 1956, 'gwen-drawstring-bike-short.html', 'catalog/product/view/id/1956', 0, 1, NULL, 1, NULL),
(584, 'product', 1972, 'artemis-running-short.html', 'catalog/product/view/id/1972', 0, 1, NULL, 1, NULL),
(585, 'product', 1988, 'bess-yoga-short.html', 'catalog/product/view/id/1988', 0, 1, NULL, 1, NULL),
(586, 'product', 1995, 'angel-light-running-short.html', 'catalog/product/view/id/1995', 0, 1, NULL, 1, NULL),
(587, 'product', 2002, 'echo-fit-compression-short.html', 'catalog/product/view/id/2002', 0, 1, NULL, 1, NULL),
(588, 'product', 2008, 'sybil-running-short.html', 'catalog/product/view/id/2008', 0, 1, NULL, 1, NULL),
(589, 'product', 2015, 'mimi-all-purpose-short.html', 'catalog/product/view/id/2015', 0, 1, NULL, 1, NULL),
(590, 'product', 2022, 'ana-running-short.html', 'catalog/product/view/id/2022', 0, 1, NULL, 1, NULL),
(591, 'product', 2029, 'ina-compression-short.html', 'catalog/product/view/id/2029', 0, 1, NULL, 1, NULL),
(592, 'product', 2045, 'erika-running-short.html', 'catalog/product/view/id/2045', 0, 1, NULL, 1, NULL),
(611, 'product', 2046, 'set-of-sprite-yoga-straps.html', 'catalog/product/view/id/2046', 0, 1, NULL, 1, NULL),
(618, 'cms-page', 5, 'about-us', 'cms/page/view/page_id/5', 0, 1, NULL, 1, NULL),
(619, 'cms-page', 6, 'customer-service', 'cms/page/view/page_id/6', 0, 1, NULL, 1, NULL),
(620, 'cms-page', 7, 'ma-nego-1-fashion-responsive-magento-theme', 'cms/page/view/page_id/7', 0, 1, NULL, 1, NULL),
(621, 'cms-page', 8, 'ma-nego-2-fashion-responsive-magento-theme', 'cms/page/view/page_id/8', 0, 1, NULL, 1, NULL),
(622, 'cms-page', 9, 'ma-nego-3-fashion-responsive-magento-theme', 'cms/page/view/page_id/9', 0, 1, NULL, 1, NULL),
(623, 'cms-page', 10, 'ma-nego-4-fashion-responsive-magento-theme', 'cms/page/view/page_id/10', 0, 1, NULL, 1, NULL),
(624, 'cms-page', 11, 'ma-nego-5-furniture-responsive-magento-theme', 'cms/page/view/page_id/11', 0, 1, NULL, 1, NULL),
(625, 'cms-page', 12, 'ma-nego-6-furniture-responsive-magento-theme', 'cms/page/view/page_id/12', 0, 1, NULL, 1, NULL),
(626, 'cms-page', 13, 'about-magento-demo-store', 'cms/page/view/page_id/13', 0, 1, NULL, 1, NULL),
(638, 'category', 52, 'products.html', 'catalog/category/view/id/52', 0, 1, NULL, 1, NULL),
(640, 'category', 54, 'products/shirts-and-sweaters.html', 'catalog/category/view/id/54', 0, 1, NULL, 1, NULL),
(641, 'category', 55, 'products/slacks-and-shorts.html', 'catalog/category/view/id/55', 0, 1, NULL, 1, NULL),
(642, 'category', 56, 'products/socks-shoes.html', 'catalog/category/view/id/56', 0, 1, NULL, 1, NULL),
(643, 'category', 57, 'products/caps-hats.html', 'catalog/category/view/id/57', 0, 1, NULL, 1, NULL),
(644, 'category', 58, 'products/cold-weather-gear.html', 'catalog/category/view/id/58', 0, 1, NULL, 1, NULL),
(645, 'category', 59, 'products/undergarments.html', 'catalog/category/view/id/59', 0, 1, NULL, 1, NULL),
(646, 'category', 60, 'products/gear-accessories.html', 'catalog/category/view/id/60', 0, 1, NULL, 1, NULL),
(647, 'category', 61, 'products/package-deals.html', 'catalog/category/view/id/61', 0, 1, NULL, 1, NULL),
(648, 'category', 62, 'organizations.html', 'catalog/category/view/id/62', 0, 1, NULL, 1, NULL),
(649, 'category', 63, 'organizations/high-school-associations.html', 'catalog/category/view/id/63', 0, 1, NULL, 1, NULL),
(650, 'category', 64, 'organizations/collegiate-conferences.html', 'catalog/category/view/id/64', 0, 1, NULL, 1, NULL),
(651, 'category', 65, 'organizations/additional-associations.html', 'catalog/category/view/id/65', 0, 1, NULL, 1, NULL),
(652, 'category', 66, 'specials.html', 'catalog/category/view/id/66', 0, 1, NULL, 1, NULL),
(653, 'category', 67, 'specials/closeout-sale-items.html', 'catalog/category/view/id/67', 0, 1, NULL, 1, NULL),
(654, 'category', 68, 'events.html', 'catalog/category/view/id/68', 0, 1, NULL, 1, NULL),
(655, 'category', 69, 'events/view-all-events.html', 'catalog/category/view/id/69', 0, 1, NULL, 1, NULL),
(656, 'category', 70, 'events/baseball.html', 'catalog/category/view/id/70', 0, 1, NULL, 1, NULL),
(657, 'category', 71, 'events/football.html', 'catalog/category/view/id/71', 0, 1, NULL, 1, NULL),
(658, 'category', 72, 'events/basketball.html', 'catalog/category/view/id/72', 0, 1, NULL, 1, NULL),
(659, 'category', 73, 'events/lacrosse.html', 'catalog/category/view/id/73', 0, 1, NULL, 1, NULL),
(660, 'category', 74, 'events/volleyball.html', 'catalog/category/view/id/74', 0, 1, NULL, 1, NULL),
(692, 'cms-page', 14, 'returns', 'cms/page/view/page_id/14', 0, 1, NULL, 1, NULL),
(693, 'cms-page', 15, 'shipping-policy', 'cms/page/view/page_id/15', 0, 1, NULL, 1, NULL),
(695, 'cms-page', 16, 'retail-location', 'cms/page/view/page_id/16', 0, 1, NULL, 1, NULL),
(700, 'category', 42, 'sports.html', 'catalog/category/view/id/42', 0, 1, NULL, 1, NULL),
(703, 'category', 44, 'sports/baseball-softball.html', 'catalog/category/view/id/44', 0, 1, NULL, 1, NULL),
(704, 'category', 44, 'honigs/baseball-softball.html', 'sports/baseball-softball.html', 301, 1, NULL, 0, NULL),
(705, 'category', 45, 'sports/basketball.html', 'catalog/category/view/id/45', 0, 1, NULL, 1, NULL),
(706, 'category', 45, 'honigs/basketball.html', 'sports/basketball.html', 301, 1, NULL, 0, NULL),
(707, 'category', 46, 'sports/football.html', 'catalog/category/view/id/46', 0, 1, NULL, 1, NULL),
(708, 'category', 46, 'honigs/football.html', 'sports/football.html', 301, 1, NULL, 0, NULL),
(709, 'category', 47, 'sports/lacrosse.html', 'catalog/category/view/id/47', 0, 1, NULL, 1, NULL),
(710, 'category', 47, 'honigs/lacrosse.html', 'sports/lacrosse.html', 301, 1, NULL, 0, NULL),
(711, 'category', 48, 'sports/soccer.html', 'catalog/category/view/id/48', 0, 1, NULL, 1, NULL),
(712, 'category', 48, 'honigs/soccer.html', 'sports/soccer.html', 301, 1, NULL, 0, NULL),
(713, 'category', 49, 'sports/swimming.html', 'catalog/category/view/id/49', 0, 1, NULL, 1, NULL),
(714, 'category', 49, 'honigs/swimming.html', 'sports/swimming.html', 301, 1, NULL, 0, NULL),
(715, 'category', 50, 'sports/volleyball.html', 'catalog/category/view/id/50', 0, 1, NULL, 1, NULL),
(716, 'category', 50, 'honigs/volleyball.html', 'sports/volleyball.html', 301, 1, NULL, 0, NULL),
(717, 'category', 51, 'sports/wrestling.html', 'catalog/category/view/id/51', 0, 1, NULL, 1, NULL),
(718, 'category', 51, 'honigs/wrestling.html', 'sports/wrestling.html', 301, 1, NULL, 0, NULL),
(721, 'category', 42, 'honigs.html', 'sports.html', 301, 1, NULL, 0, NULL),
(726, 'product', 15, 'affirm-water-bottle.html', 'catalog/product/view/id/15', 0, 1, NULL, 1, NULL),
(727, 'product', 15, 'sports/affirm-water-bottle.html', 'catalog/product/view/id/15/category/42', 0, 1, NULL, 1, 'a:1:{s:11:\"category_id\";s:2:\"42\";}'),
(728, 'product', 15, 'honigs/affirm-water-bottle.html', 'sports/affirm-water-bottle.html', 301, 1, NULL, 0, 'a:1:{s:11:\"category_id\";s:2:\"42\";}'),
(729, 'product', 15, '/affirm-water-bottle.html', 'catalog/product/view/id/15/category/2', 0, 1, NULL, 1, 'a:1:{s:11:\"category_id\";s:1:\"2\";}'),
(730, 'product', 17, 'zing-jump-rope.html', 'catalog/product/view/id/17', 0, 1, NULL, 1, NULL),
(731, 'product', 17, 'sports/zing-jump-rope.html', 'catalog/product/view/id/17/category/42', 0, 1, NULL, 1, 'a:1:{s:11:\"category_id\";s:2:\"42\";}'),
(732, 'product', 17, 'honigs/zing-jump-rope.html', 'sports/zing-jump-rope.html', 301, 1, NULL, 0, 'a:1:{s:11:\"category_id\";s:2:\"42\";}'),
(733, 'product', 17, '/zing-jump-rope.html', 'catalog/product/view/id/17/category/2', 0, 1, NULL, 1, 'a:1:{s:11:\"category_id\";s:1:\"2\";}'),
(734, 'product', 19, 'go-get-r-pushup-grips.html', 'catalog/product/view/id/19', 0, 1, NULL, 1, NULL),
(735, 'product', 19, 'sports/go-get-r-pushup-grips.html', 'catalog/product/view/id/19/category/42', 0, 1, NULL, 1, 'a:1:{s:11:\"category_id\";s:2:\"42\";}'),
(736, 'product', 19, 'honigs/go-get-r-pushup-grips.html', 'sports/go-get-r-pushup-grips.html', 301, 1, NULL, 0, 'a:1:{s:11:\"category_id\";s:2:\"42\";}'),
(737, 'product', 19, '/go-get-r-pushup-grips.html', 'catalog/product/view/id/19/category/2', 0, 1, NULL, 1, 'a:1:{s:11:\"category_id\";s:1:\"2\";}'),
(738, 'product', 20, 'quest-lumaflex-trade-band.html', 'catalog/product/view/id/20', 0, 1, NULL, 1, NULL),
(739, 'product', 20, 'sports/quest-lumaflex-trade-band.html', 'catalog/product/view/id/20/category/42', 0, 1, NULL, 1, 'a:1:{s:11:\"category_id\";s:2:\"42\";}'),
(740, 'product', 20, 'honigs/quest-lumaflex-trade-band.html', 'sports/quest-lumaflex-trade-band.html', 301, 1, NULL, 0, 'a:1:{s:11:\"category_id\";s:2:\"42\";}'),
(741, 'product', 20, '/quest-lumaflex-trade-band.html', 'catalog/product/view/id/20/category/2', 0, 1, NULL, 1, 'a:1:{s:11:\"category_id\";s:1:\"2\";}'),
(742, 'product', 2047, 'honig-s-elite-2010-leg-guards-reg.html', 'catalog/product/view/id/2047', 0, 1, NULL, 1, NULL),
(743, 'product', 2047, 'sports/honig-s-elite-2010-leg-guards-reg.html', 'catalog/product/view/id/2047/category/42', 0, 1, NULL, 1, 'a:1:{s:11:\"category_id\";s:2:\"42\";}'),
(744, 'product', 2047, 'honigs/honig-s-elite-2010-leg-guards-reg.html', 'sports/honig-s-elite-2010-leg-guards-reg.html', 301, 1, NULL, 0, 'a:1:{s:11:\"category_id\";s:2:\"42\";}'),
(745, 'product', 2047, '/honig-s-elite-2010-leg-guards-reg.html', 'catalog/product/view/id/2047/category/2', 0, 1, NULL, 1, 'a:1:{s:11:\"category_id\";s:1:\"2\";}'),
(746, 'product', 2071, 'closeout-pentagon-side-panel-style-prosoft-basketball-shirt.html', 'catalog/product/view/id/2071', 0, 1, NULL, 1, NULL),
(747, 'product', 2071, 'sports/closeout-pentagon-side-panel-style-prosoft-basketball-shirt.html', 'catalog/product/view/id/2071/category/42', 0, 1, NULL, 1, 'a:1:{s:11:\"category_id\";s:2:\"42\";}'),
(748, 'product', 2071, 'honigs/closeout-pentagon-side-panel-style-prosoft-basketball-shirt.html', 'sports/closeout-pentagon-side-panel-style-prosoft-basketball-shirt.html', 301, 1, NULL, 0, 'a:1:{s:11:\"category_id\";s:2:\"42\";}'),
(749, 'product', 2071, '/closeout-pentagon-side-panel-style-prosoft-basketball-shirt.html', 'catalog/product/view/id/2071/category/2', 0, 1, NULL, 1, 'a:1:{s:11:\"category_id\";s:1:\"2\";}'),
(750, 'product', 2072, 'cornerstone-women-s-volleyball-performance-polo-white.html', 'catalog/product/view/id/2072', 0, 1, NULL, 1, NULL),
(751, 'product', 2072, 'sports/cornerstone-women-s-volleyball-performance-polo-white.html', 'catalog/product/view/id/2072/category/42', 0, 1, NULL, 1, 'a:1:{s:11:\"category_id\";s:2:\"42\";}'),
(752, 'product', 2072, 'honigs/cornerstone-women-s-volleyball-performance-polo-white.html', 'sports/cornerstone-women-s-volleyball-performance-polo-white.html', 301, 1, NULL, 0, 'a:1:{s:11:\"category_id\";s:2:\"42\";}'),
(753, 'product', 2072, '/cornerstone-women-s-volleyball-performance-polo-white.html', 'catalog/product/view/id/2072/category/2', 0, 1, NULL, 1, 'a:1:{s:11:\"category_id\";s:1:\"2\";}'),
(754, 'category', 77, 'liquidation-sale.html', 'catalog/category/view/id/77', 0, 1, NULL, 1, NULL),
(756, 'category', 78, 'flash-sales.html', 'catalog/category/view/id/78', 0, 1, NULL, 1, NULL),
(757, 'category', 78, 'liquidation-sale/flash-sales.html', 'flash-sales.html', 301, 1, NULL, 0, NULL),
(767, 'product', 2068, 'pro-mesh-baseball-8-stitch-hat.html', 'catalog/product/view/id/2068', 0, 1, NULL, 1, NULL),
(768, 'product', 2068, 'sports/pro-mesh-baseball-8-stitch-hat.html', 'catalog/product/view/id/2068/category/42', 0, 1, NULL, 1, 'a:1:{s:11:\"category_id\";s:2:\"42\";}'),
(769, 'product', 2068, 'sports/baseball-softball/pro-mesh-baseball-8-stitch-hat.html', 'catalog/product/view/id/2068/category/44', 0, 1, NULL, 1, 'a:1:{s:11:\"category_id\";s:2:\"44\";}'),
(770, 'product', 2068, '/pro-mesh-baseball-8-stitch-hat.html', 'catalog/product/view/id/2068/category/2', 0, 1, NULL, 1, 'a:1:{s:11:\"category_id\";s:1:\"2\";}'),
(771, 'product', 2074, 'wilson-pro-platinum-leg-guard.html', 'catalog/product/view/id/2074', 0, 1, NULL, 1, NULL),
(772, 'product', 2074, 'sports/wilson-pro-platinum-leg-guard.html', 'catalog/product/view/id/2074/category/42', 0, 1, NULL, 1, 'a:1:{s:11:\"category_id\";s:2:\"42\";}'),
(773, 'product', 2074, 'sports/baseball-softball/wilson-pro-platinum-leg-guard.html', 'catalog/product/view/id/2074/category/44', 0, 1, NULL, 1, 'a:1:{s:11:\"category_id\";s:2:\"44\";}'),
(774, 'product', 2074, '/wilson-pro-platinum-leg-guard.html', 'catalog/product/view/id/2074/category/2', 0, 1, NULL, 1, 'a:1:{s:11:\"category_id\";s:1:\"2\";}'),
(775, 'product', 2075, 'mlb-pleated-poly-wool-base-pants.html', 'catalog/product/view/id/2075', 0, 1, NULL, 1, NULL),
(776, 'product', 2075, 'sports/mlb-pleated-poly-wool-base-pants.html', 'catalog/product/view/id/2075/category/42', 0, 1, NULL, 1, 'a:1:{s:11:\"category_id\";s:2:\"42\";}'),
(777, 'product', 2075, 'sports/baseball-softball/mlb-pleated-poly-wool-base-pants.html', 'catalog/product/view/id/2075/category/44', 0, 1, NULL, 1, 'a:1:{s:11:\"category_id\";s:2:\"44\";}'),
(778, 'product', 2075, '/mlb-pleated-poly-wool-base-pants.html', 'catalog/product/view/id/2075/category/2', 0, 1, NULL, 1, 'a:1:{s:11:\"category_id\";s:1:\"2\";}'),
(779, 'product', 1, 'joust-duffle-bag.html', 'catalog/product/view/id/1', 0, 1, NULL, 1, NULL),
(780, 'product', 1, 'sports/joust-duffle-bag.html', 'catalog/product/view/id/1/category/42', 0, 1, NULL, 1, 'a:1:{s:11:\"category_id\";s:2:\"42\";}'),
(781, 'product', 1, 'sports/baseball-softball/joust-duffle-bag.html', 'catalog/product/view/id/1/category/44', 0, 1, NULL, 1, 'a:1:{s:11:\"category_id\";s:2:\"44\";}'),
(782, 'product', 1, 'honigs/joust-duffle-bag.html', 'sports/joust-duffle-bag.html', 301, 1, NULL, 0, 'a:1:{s:11:\"category_id\";s:2:\"42\";}'),
(783, 'product', 1, '/joust-duffle-bag.html', 'catalog/product/view/id/1/category/2', 0, 1, NULL, 1, 'a:1:{s:11:\"category_id\";s:1:\"2\";}'),
(785, 'category', 81, 'sports/softball.html', 'catalog/category/view/id/81', 0, 1, NULL, 1, NULL),
(786, 'category', 81, 'sports/baseball-softball/softball.html', 'sports/softball.html', 301, 1, NULL, 0, NULL),
(787, 'category', 82, 'honig-s-line.html', 'catalog/category/view/id/82', 0, 1, NULL, 1, NULL),
(788, 'cms-page', 17, 'contact-us', 'cms/page/view/page_id/17', 0, 1, NULL, 1, NULL),
(789, 'custom', 1, 'fifth-region-officials-supplies', 'storelocator/index/view/storelocator_id/1', 0, 1, NULL, 1, NULL);

-- --------------------------------------------------------

--
