-- Table structure for table `customer_grid_flat`
--

CREATE TABLE `customer_grid_flat` (
  `entity_id` int(10) UNSIGNED NOT NULL COMMENT 'Entity ID',
  `name` text COMMENT 'Name',
  `email` varchar(255) DEFAULT NULL COMMENT 'Email',
  `group_id` int(11) DEFAULT NULL COMMENT 'Group_id',
  `created_at` timestamp NULL DEFAULT NULL COMMENT 'Created_at',
  `website_id` int(11) DEFAULT NULL COMMENT 'Website_id',
  `confirmation` varchar(255) DEFAULT NULL COMMENT 'Confirmation',
  `created_in` text COMMENT 'Created_in',
  `dob` date DEFAULT NULL COMMENT 'Dob',
  `gender` int(11) DEFAULT NULL COMMENT 'Gender',
  `taxvat` varchar(255) DEFAULT NULL COMMENT 'Taxvat',
  `lock_expires` timestamp NULL DEFAULT NULL COMMENT 'Lock_expires',
  `billing_full` text COMMENT 'Billing_full',
  `billing_firstname` varchar(255) DEFAULT NULL COMMENT 'Billing_firstname',
  `billing_lastname` varchar(255) DEFAULT NULL COMMENT 'Billing_lastname',
  `billing_telephone` varchar(255) DEFAULT NULL COMMENT 'Billing_telephone',
  `billing_postcode` varchar(255) DEFAULT NULL COMMENT 'Billing_postcode',
  `billing_country_id` varchar(255) DEFAULT NULL COMMENT 'Billing_country_id',
  `billing_region` varchar(255) DEFAULT NULL COMMENT 'Billing_region',
  `billing_street` varchar(255) DEFAULT NULL COMMENT 'Billing_street',
  `billing_city` varchar(255) DEFAULT NULL COMMENT 'Billing_city',
  `billing_fax` varchar(255) DEFAULT NULL COMMENT 'Billing_fax',
  `billing_vat_id` varchar(255) DEFAULT NULL COMMENT 'Billing_vat_id',
  `billing_company` varchar(255) DEFAULT NULL COMMENT 'Billing_company',
  `shipping_full` text COMMENT 'Shipping_full'
) ENGINE=InnoDB DEFAULT CHARSET=utf8 COMMENT='customer_grid_flat';

--
-- Dumping data for table `customer_grid_flat`
--

INSERT INTO `customer_grid_flat` (`entity_id`, `name`, `email`, `group_id`, `created_at`, `website_id`, `confirmation`, `created_in`, `dob`, `gender`, `taxvat`, `lock_expires`, `billing_full`, `billing_firstname`, `billing_lastname`, `billing_telephone`, `billing_postcode`, `billing_country_id`, `billing_region`, `billing_street`, `billing_city`, `billing_fax`, `billing_vat_id`, `billing_company`, `shipping_full`) VALUES
(1, 'Veronica Costello', 'roni_cost@example.com', 1, '2017-10-21 08:19:07', 1, NULL, 'Default Store View', '1973-12-15', 2, NULL, NULL, '6146 Honey Bluff Parkway Calder Michigan 49628-7978', 'Veronica', 'Costello', '(555) 229-3326', '49628-7978', 'US', 'Michigan', '6146 Honey Bluff Parkway', 'Calder', NULL, NULL, NULL, '6146 Honey Bluff Parkway Calder Michigan 49628-7978'),
(2, 's s', 'test@test.com', 1, '2017-11-29 18:03:40', 1, NULL, 'Default Store View', NULL, NULL, NULL, NULL, 'sdfsdf sdfsdf California sdfdf', 's', 's', 'scsd', 'sdfdf', 'US', 'California', 'sdfsdf', 'sdfsdf', NULL, NULL, NULL, ''),
(3, 'abc aba', 'abc@abc.com', 1, '2017-11-30 11:27:36', 1, NULL, 'Default Store View', NULL, NULL, NULL, NULL, '', NULL, NULL, NULL, NULL, NULL, NULL, NULL, NULL, NULL, NULL, NULL, ''),
(4, 'Ben Froehlich', 'ben@inkrefuge.com', 1, '2017-12-01 07:06:18', 1, NULL, 'Default Store View', NULL, NULL, NULL, NULL, '', NULL, NULL, NULL, NULL, NULL, NULL, NULL, NULL, NULL, NULL, NULL, ''),
(5, 'vino boss', 'vinoth.baskar@inkrefuge.com', 1, '2017-12-04 08:43:28', 1, NULL, 'Default Store View', NULL, NULL, NULL, NULL, '', NULL, NULL, NULL, NULL, NULL, NULL, NULL, NULL, NULL, NULL, NULL, 'test usa Georgia 999-645'),
(6, 'Test i95dev', 'test@i95dev.com', 1, '2018-01-09 09:52:22', 1, NULL, 'Default Store View', NULL, 0, NULL, NULL, '', NULL, NULL, NULL, NULL, NULL, NULL, NULL, NULL, NULL, NULL, NULL, ''),
(7, 'Ram Shankar', 'rams1311@gmail.com', 1, '2018-01-17 06:43:03', 1, NULL, 'Default Store View', NULL, NULL, NULL, NULL, '', NULL, NULL, NULL, NULL, NULL, NULL, NULL, NULL, NULL, NULL, NULL, ''),
(8, 'Priyanka Murugesan', 'priyanka.murugesan@inkrefuge.com', 1, '2018-01-17 08:45:56', 1, NULL, 'Default Store View', NULL, NULL, NULL, NULL, '', NULL, NULL, NULL, NULL, NULL, NULL, NULL, NULL, NULL, NULL, NULL, ''),
(9, 'Balaji Nallathambi', 'balaji@inkrefuge.com', 1, '2018-01-17 13:41:20', 1, NULL, 'Default Store View', NULL, NULL, NULL, NULL, 'C 28, 4th Floor, Thillai Nagar west, 4th Floor Irvine California 92704', 'Balaji', 'Nallathambi', '9884287584', '92704', 'US', 'California', 'C 28, 4th Floor, Thillai Nagar west, 4th Floor', 'Irvine', NULL, NULL, NULL, '');

-- --------------------------------------------------------

--
-- Table structure for table `customer_group`
--

CREATE TABLE `customer_group` (
  `customer_group_id` smallint(5) UNSIGNED NOT NULL COMMENT 'Customer Group Id',
  `customer_group_code` varchar(32) NOT NULL COMMENT 'Customer Group Code',
  `tax_class_id` int(10) UNSIGNED NOT NULL DEFAULT '0' COMMENT 'Tax Class Id'
) ENGINE=InnoDB DEFAULT CHARSET=utf8 COMMENT='Customer Group';

--
-- Dumping data for table `customer_group`
--

INSERT INTO `customer_group` (`customer_group_id`, `customer_group_code`, `tax_class_id`) VALUES
(0, 'NOT LOGGED IN', 3),
(1, 'General', 3),
(2, 'Wholesale', 3),
(3, 'Retailer', 3);

-- --------------------------------------------------------

--
-- Table structure for table `customer_log`
--

CREATE TABLE `customer_log` (
  `log_id` int(11) NOT NULL COMMENT 'Log ID',
  `customer_id` int(11) NOT NULL COMMENT 'Customer ID',
  `last_login_at` timestamp NULL DEFAULT NULL COMMENT 'Last Login Time',
  `last_logout_at` timestamp NULL DEFAULT NULL COMMENT 'Last Logout Time'
) ENGINE=InnoDB DEFAULT CHARSET=utf8 COMMENT='Customer Log Table';

--
-- Dumping data for table `customer_log`
--

INSERT INTO `customer_log` (`log_id`, `customer_id`, `last_login_at`, `last_logout_at`) VALUES
(1, 3, '2017-12-04 07:21:11', '2017-12-04 07:33:27'),
(2, 4, '2018-02-07 06:37:19', NULL),
(6, 5, '2017-12-06 11:31:20', '2017-12-06 11:22:18'),
(18, 7, '2018-01-17 06:43:03', '2018-01-17 06:43:13'),
(20, 8, '2018-01-17 09:52:36', '2018-01-17 09:56:27');

-- --------------------------------------------------------

--
-- Table structure for table `customer_visitor`
--

CREATE TABLE `customer_visitor` (
  `visitor_id` bigint(20) UNSIGNED NOT NULL COMMENT 'Visitor ID',
  `customer_id` int(11) DEFAULT NULL COMMENT 'Customer Id',
  `session_id` varchar(64) DEFAULT NULL COMMENT 'Session ID',
  `last_visit_at` timestamp NOT NULL DEFAULT CURRENT_TIMESTAMP ON UPDATE CURRENT_TIMESTAMP COMMENT 'Last Visit Time'
) ENGINE=InnoDB DEFAULT CHARSET=utf8 COMMENT='Visitor Table';

--
-- Dumping data for table `customer_visitor`
--

INSERT INTO `customer_visitor` (`visitor_id`, `customer_id`, `session_id`, `last_visit_at`) VALUES
(1, NULL, '85a573d2c01b6451b366f1ac21a7804a', '2017-10-21 08:25:56'),
(2, NULL, 'fa2e11b59103e0cc3b24f5d33a9cf81a', '2017-10-21 08:37:30'),
(3, NULL, '2ac048c1a67417e42eee7bb9d4b65779', '2017-10-21 08:32:49'),
(4, NULL, 'e846984be1a91477437b4d18b6108eb6', '2017-10-21 08:41:10'),
(5, NULL, '3268b50b51db4e6804769f9d55ac228c', '2017-10-21 08:41:10'),
(6, NULL, '0277501fe220be906f6b05ee820bc2d0', '2017-10-21 08:48:48'),
(7, NULL, 'e55ccc315ba4b1591b3921e5f637b0e4', '2017-10-21 08:56:56'),
(8, NULL, 'f68a6cb222555ce24dcb67b48c9200b6', '2017-10-21 09:18:10'),
(9, NULL, 'a6b75eb217948eab13ab6967c17cf2ad', '2017-10-21 09:10:52'),
(10, NULL, '9a1d589e0dcc32414940a9647a0d0816', '2017-10-21 09:25:34'),
(11, NULL, 'cbe0843072b5899e11cf6460c37e5184', '2017-10-21 09:25:14'),
(12, NULL, '9a1d589e0dcc32414940a9647a0d0816', '2017-10-21 09:26:11'),
(13, NULL, '2ce940e681e0e723792d99ce9c03c612', '2017-10-21 09:25:43'),
(14, NULL, '6a5a537936870003b7f7be787e3a5c83', '2017-10-21 09:46:21'),
(15, NULL, 'b9ed067e371938e880d60e2fe219f6aa', '2017-10-21 09:46:22'),
(16, NULL, '8f42e135f4964a7df2e8de7257d370b5', '2017-10-21 09:50:23'),
(17, NULL, '5cf7c791f49d3a68f40f9427af23fb9d', '2017-10-21 10:09:49'),
(18, NULL, 'bb3d37d8fd6a1419555699351bf44147', '2017-10-21 11:29:41'),
(19, NULL, '1758e15da55e0f7663c13657790b69c9', '2017-10-21 11:33:32'),
(20, NULL, '470beb4d6bf99887c607556f51a9e1cf', '2017-10-21 11:52:21'),
(21, NULL, '4427f81c28e996b79e9c687124fb813e', '2017-10-21 12:17:57'),
(22, NULL, '0a7e6f20771aba0181028cb9296676ac', '2017-10-21 12:53:37'),
(23, NULL, '004f8645f1a221964d3392b9490c2332', '2017-10-21 18:18:54'),
(24, NULL, '7076521b3a7e656d3f0cf4f7c3359958', '2017-10-21 18:19:18'),
(25, NULL, '04827417ce01dd9ad9563c70b1538869', '2017-10-21 18:19:20'),
(26, NULL, '1f7de17370f5fa2b0e032840b6600209', '2017-10-21 21:50:45'),
(27, NULL, 'a510086532ba38257f31d646639d8956', '2017-10-22 10:59:29'),
(28, NULL, 'ffd6a39d18fd183b1e16f2e11f783e17', '2017-10-22 17:30:50'),
(29, NULL, 'c9c444f76ae59dbc858a9d5ae49ffd67', '2017-10-22 22:34:53'),
(30, NULL, '22348b6a8e628801adce533756f40eee', '2017-10-23 00:12:15'),
(31, NULL, 'c100e64ab35c5fc3532ccf373e0bf061', '2017-10-23 00:12:39'),
(32, NULL, 'e33f59e1a197c1a3fcb2f04bee5a34dc', '2017-10-23 00:12:41'),
(33, NULL, 'd8ca0ef50af4a80f4f77996395350899', '2017-10-23 03:03:29'),
(34, NULL, '7c75313d8077fe0b2d8962bb5c43cab3', '2017-10-23 03:24:56'),
(35, NULL, 'd90836efc42bdee86d7c318ba93c03c5', '2017-10-23 03:25:20'),
(36, NULL, 'c4da4dfe3d15f1d45a4a27508fc285d4', '2017-10-23 03:25:22'),
(37, NULL, 'd97715d837e90ccb9f0200bb686eb7ba', '2017-10-23 04:08:44'),
(38, NULL, '139ef11f35f2aee5d035ea6c28c759f3', '2017-10-23 04:31:08'),
(39, NULL, 'd97715d837e90ccb9f0200bb686eb7ba', '2017-10-23 04:57:25'),
(40, NULL, 'c1c6ad03a2876687995dfd088979b0be', '2017-10-23 04:52:42'),
(41, NULL, 'c1049c98f36d5e3336bde3650a4e9216', '2017-10-23 04:56:18'),
(42, NULL, '64786a0cf94f273f212204107b0c2322', '2017-10-23 05:02:26'),
(43, NULL, '09dbcf93745de7dd2a0cdeac05db51d1', '2017-10-23 05:08:43'),
(44, NULL, '5969787da5bf76548cc4157fff8eb3f3', '2017-10-23 05:12:45'),
(45, NULL, 'a639ed5b0728ca92d9b7f1849fd38e3c', '2017-10-23 05:13:29'),
(46, NULL, '4eb3896dab737e9c3383df3cf9af0e99', '2017-10-23 05:26:00'),
(47, NULL, '4a3894b8ba81c2ab38a9ee3c8b7566c6', '2017-10-23 06:21:32'),
(48, NULL, '1df845b603cf9384ecac0f9c4d42a1ad', '2017-10-23 06:44:11'),
(49, NULL, 'a9c78fefb04644b56399e35746732f6d', '2017-10-23 06:45:44'),
(50, NULL, 'a9c78fefb04644b56399e35746732f6d', '2017-10-23 07:43:18'),
(51, NULL, 'ad4386acf30c18ce805f3289648d5b6e', '2017-10-23 07:45:27'),
(52, NULL, 'f26e2e9d161d78db5148d1e89c1feba4', '2017-10-23 08:07:24'),
(53, NULL, '34f933e15e749cf496b969c07767d048', '2017-10-23 08:17:16'),
(54, NULL, '0888e6852de04b2f11c81e6a80c3340a', '2017-10-23 10:54:58'),
(55, NULL, '324668bba2544482e4da3bda90c7a937', '2017-10-23 11:06:01'),
(56, NULL, '700fd043753ac8f630026a862f4c5dec', '2017-10-23 13:20:40'),
(57, NULL, '0349d88bb8b7290e0ded527ab044867f', '2017-10-23 16:49:08'),
(58, NULL, '9db68050996ced4e1a2b4a10a67abdb7', '2017-10-23 17:41:51'),
(59, NULL, '6d0756af74a1ee3488b3ffce02813985', '2017-10-23 18:08:31'),
(60, NULL, '776d71f00c4b6754eb437f780e29c00b', '2017-10-23 20:23:07'),
(61, NULL, '8933886c481d27b85b3d754f01eac91c', '2017-10-23 20:38:40'),
(62, NULL, '5c906e17363ad4eb6a31965dfcdfed0c', '2017-10-23 20:38:48'),
(63, NULL, 'bb93e9ff578e0c9b5bcd6facafdbc29b', '2017-10-23 23:57:47'),
(64, NULL, '5a95880f0370cf623c1869b8c5990b3d', '2017-10-24 00:22:38'),
(65, NULL, '46aec94b1df3a6bc2322f5e01f7e39e3', '2017-10-24 03:47:35'),
(66, NULL, 'a6651d08c9f8541db839af2d510d9423', '2017-10-24 05:29:54'),
(67, NULL, 'a86c8961d21bf15a410681772a4f0c2d', '2017-10-24 04:49:19'),
(68, NULL, 'a0d9019f1126ce1a299f4ef324f3615e', '2017-10-24 05:23:46'),
(69, NULL, '90334e8081f21ec4fb92ecd2365b1cba', '2017-10-24 06:10:15'),
(70, NULL, '8dd03bee1de8cf7db8495f77f1f8f623', '2017-10-24 06:27:07'),
(71, NULL, '9478bca0cd8c2fbc8ec0c302ea899b27', '2017-10-24 06:30:03'),
(72, NULL, 'e1a2c9dc03476da3e1c85f596e1d09dc', '2017-10-24 08:54:39'),
(73, NULL, '08defa825986382ec84f6493049eb2cd', '2017-10-24 08:55:12'),
(74, NULL, '1c0fda0b0e105307b4acece150fcd55e', '2017-10-24 08:55:18'),
(75, NULL, '429cdcad74e705e68702d417b00c6e08', '2017-10-24 10:39:59'),
(76, NULL, '86833241e99c0ea89b31ec1964f799b4', '2017-10-24 13:52:34'),
(77, NULL, '6a6c9f05a824246a1b542e6408c1908e', '2017-10-24 13:45:38'),
(78, NULL, 'e56aac29ed193a855b338e6a98fc18a6', '2017-10-24 13:56:12'),
(79, NULL, '2761f2b491660544cee81a8c3fd62552', '2017-10-24 14:00:03'),
(80, NULL, '7c6ad14306f4443277c8de137e372371', '2017-10-24 14:00:07'),
(81, NULL, 'a65fe435af3619ebe522dda5ba58f0d8', '2017-10-24 16:55:50'),
(82, NULL, '6bb4326f72f30908bc9e36bd4fea974f', '2017-10-24 17:29:08'),
(83, NULL, '7c8dddab7ea7a8f124a81bc1afa8f57a', '2017-10-24 17:29:33'),
(84, NULL, '996c07a2465dd6858b937bdeebbc4708', '2017-10-24 17:29:34'),
(85, NULL, '85c9a50abf61df7629708fafe0f4237f', '2017-10-25 01:53:53'),
(86, NULL, 'be4660e3ad7af31b279c3a9ebc2eaa7a', '2017-10-25 01:54:11'),
(87, NULL, '99088f3ff6c4289f04f3547c752dec34', '2017-10-25 03:38:43'),
(88, NULL, '1f51efb29b134300bf9824592e12167c', '2017-10-25 04:17:57'),
(89, NULL, 'c0674e815eeea5a03141144d40f0e1ab', '2017-10-25 04:02:04'),
(90, NULL, '4c7d7218bef508413834f1e9398a05bd', '2017-10-25 05:41:03'),
(91, NULL, 'cd9f2a61e47e45807cc3002fd6c0d0af', '2017-10-25 05:21:29'),
(92, NULL, 'aea1ac7817550b6abad8c5bcfd89df72', '2017-10-25 05:24:01'),
(93, NULL, 'de9cbaf9943b4744177e0b35d5ec2404', '2017-10-25 06:40:57'),
(94, NULL, '94d6f7b3945fb949abfde13375412697', '2017-10-25 06:24:22'),
(95, NULL, '4deb992c324dab87ad191fc6d504ecdb', '2017-10-25 06:40:54'),
(96, NULL, '494cb117eda9f175b349389189b5f521', '2017-10-25 06:41:44'),
(97, NULL, '6883e80b4aeff4b1d15418ab84cd81bb', '2017-10-25 07:01:18'),
(98, NULL, '4828c4fe1aa6fe7260a54e072e112196', '2017-10-25 07:01:24'),
(99, NULL, '9bd12877712508e460a04d88179295eb', '2017-10-25 07:29:43'),
(100, NULL, '7cb5976ef5fec63397fea3f8b4f666a8', '2017-10-25 07:01:24'),
(101, NULL, 'a0a3161f843a9207cce9903ea81ffb38', '2017-10-25 10:55:41'),
(102, NULL, 'fca9ac01acb9f6572ece5c58651f9d3f', '2017-10-25 14:05:55'),
(103, NULL, 'e149985816a7aac96cba3b9aa57f1f1f', '2017-10-25 14:13:54'),
(104, NULL, '0f6de863c813faa1f8f1ee2de862b145', '2017-10-25 16:50:38'),
(105, NULL, '2b4f140e40cf4edee1436820f48f709d', '2017-10-25 17:06:14'),
(106, NULL, 'd4b1e2449e1376aed8864f8c60550d4b', '2017-10-25 17:29:19'),
(107, NULL, '6ae7a1012c061a36c4ec706da5c40178', '2017-10-25 20:40:30'),
(108, NULL, '9d598533f5ddc1a0351e02617028ff41', '2017-10-25 22:25:49'),
(109, NULL, 'd96064c21dcad32374dd3f1b7d5a6257', '2017-10-25 22:25:53'),
(110, NULL, '85a70e0aa870653aae8b1f8e8da6547f', '2017-10-26 04:38:58'),
(111, NULL, '51f9b3d78ac0b1957b753bbfc86b21da', '2017-10-26 06:39:51'),
(112, NULL, 'c2556f0f6b0ed46d7858704ca072e5a4', '2017-10-26 07:14:30'),
(113, NULL, '6aee57e5faa758d20b63961ce29f6008', '2017-10-26 12:08:17'),
(114, NULL, '810511a6c177f753151c4b5028e9f518', '2017-10-26 17:10:11'),
(115, NULL, '63ec2858efe118be4d0f2365e69f5700', '2017-10-27 05:35:53'),
(116, NULL, 'da3c340f5811253105973fa1b9b4657b', '2017-10-27 07:19:21'),
(117, NULL, '0fef77c74b27120aeedf39b3b5ca59c8', '2017-10-27 07:26:46'),
(118, NULL, 'e777255285e54beb04fa03d196ccc881', '2017-10-27 08:19:50'),
(119, NULL, '7fbba9ed1a7595e2b946b6b5f5ad7a0f', '2017-10-27 08:32:32'),
(120, NULL, 'bf8379326b746d359fbbfed1b4c34114', '2017-10-27 09:11:14'),
(121, NULL, '577b5c76062ce3f92f781cff16dcf2de', '2017-10-27 13:16:22'),
(122, NULL, 'b7bb78a44461365ac3dcf39da17a6698', '2017-10-27 19:06:01'),
(123, NULL, 'a81f29eb0c3a49ae698da20541c0a3ff', '2017-10-27 22:41:48'),
(124, NULL, '2d4cf59616634b8d98a9fa427e32211b', '2017-10-28 08:28:35'),
(125, NULL, '14467357f228b79f5f4810399ff017f8', '2017-10-28 19:17:10'),
(126, NULL, '8c6b18bae8f2a54f9deea701f8e32e53', '2017-10-28 20:18:19'),
(127, NULL, '7527fff55bffd2ec7915f39721eeb137', '2017-10-28 22:25:12'),
(128, NULL, '0295be39a2e6b74e1fd3ce49a3d7797e', '2017-10-28 22:25:16'),
(129, NULL, '72233cd6f7f415c28eed157b88f38ba6', '2017-10-28 22:25:19'),
(130, NULL, 'b045cd5def516dd3a77790e3f4b6f8bb', '2017-10-28 22:25:21'),
(131, NULL, '58bfc83c446bea7ae4ee0628fc49fa57', '2017-10-28 22:51:26'),
(132, NULL, '449a6d7d04a1f5a68c3a0d6d675b2249', '2017-10-29 20:20:38'),
(133, NULL, 'b37a0ea650d98021faac924aed9e68ff', '2017-10-29 21:19:20'),
(134, NULL, '8df1f4131ff4c2328dde23a44e572f37', '2017-10-30 02:28:59'),
(135, NULL, 'ad82c0fb0e64e79fb7d8f2d76d88e1ef', '2017-10-30 02:29:24'),
(136, NULL, '9ef405559675771b7ba2ffe9384e048f', '2017-10-30 02:29:26'),
(137, NULL, '7ee1d00915077c60eee55cfde62163d7', '2017-10-30 05:08:05'),
(138, NULL, 'f9edf9361da6b84b35d870a6216acc4e', '2017-10-30 05:12:19'),
(139, NULL, '1cd88eaf33294369869ac3ba73e99fea', '2017-10-30 06:40:08'),
(140, NULL, 'e9181983fd501559771c6627a245fa7c', '2017-10-30 06:59:00'),
(141, NULL, '9084001cba48d2771f7d7867b12df02f', '2017-10-30 07:47:32'),
(142, NULL, '520d89a98b067687c1f3bd77036ec9e0', '2017-10-30 09:12:57'),
(143, NULL, '520d89a98b067687c1f3bd77036ec9e0', '2017-10-30 09:55:07'),
(144, NULL, 'e40102f140e187a63664e057aa121e0d', '2017-10-30 11:07:43'),
(145, NULL, '9377adc3e122ee4ac7f4547cda181c1f', '2017-10-30 10:32:55'),
(146, NULL, '96541ca1921e68814ff16d685fc5dea0', '2017-10-30 17:14:15'),
(147, NULL, '0c6edf71901ac1e9d2d636e37ad13808', '2017-10-30 17:15:34'),
(148, NULL, 'facf0f4f4c8bc7853229d1be1aef84b6', '2017-10-30 17:15:34'),
(149, NULL, '8ab16de7a7e5d1e293759923baa0834a', '2017-10-30 17:15:34'),
(150, NULL, '3ac6582a6ceb09c5a3b066bd95bfd2e2', '2017-10-30 17:16:03'),
(151, NULL, '1efc2814398183be826d67c4f1475c17', '2017-10-30 17:17:08'),
(152, NULL, 'f2f8b9a1b7ab4220fd23dc81e1541043', '2017-10-30 17:44:11'),
(153, NULL, '83d79d88dea70809e417d88223b74571', '2017-10-30 17:27:21'),
(154, NULL, '5966266e30273b2c24ac33f489ea7079', '2017-10-30 18:23:16'),
(155, NULL, '2bffe62a1cbf4203cd031625a0cd6a11', '2017-10-30 20:24:23'),
(156, NULL, 'ee75d350f36c2e4c990b03ea8696669d', '2017-10-30 22:36:29'),
(157, NULL, '2fa77eb3e3663142fe37922ccf0c2320', '2017-10-30 22:36:36'),
(158, NULL, 'c6923f78350d081b02c2c88ab9370866', '2017-10-30 22:36:40'),
(159, NULL, '4036ddce07420bb6247963a42a60185b', '2017-10-31 01:53:10'),
(160, NULL, '92cb96035bd4826c448e06fcf686cc0b', '2017-10-31 05:08:42'),
(161, NULL, '51e82c28d745c0a814819825e5eaff1c', '2017-10-31 06:01:04'),
(162, NULL, 'ffb579766c6499586f693fcdeb533718', '2017-10-31 06:02:57'),
(163, NULL, '47dbce08f311fafebdd35d3ef9d480c7', '2017-10-31 08:43:04'),
(164, NULL, '6222b3e5d5f333d06c0d521d8750c23c', '2017-10-31 08:43:08'),
(165, NULL, '2dee5f0414623f8890a60f8920c3021e', '2017-10-31 08:43:11'),
(166, NULL, '8a72514e4b41674c088bdb0d6e84dec9', '2017-10-31 08:43:14'),
(167, NULL, '174d379bb1a389afeabb0498c1d5eab6', '2017-10-31 08:43:16'),
(168, NULL, '5b0a6a90f5b92567903f2c4a4abcda65', '2017-10-31 08:43:22'),
(169, NULL, 'e154e1ae64d729029c753930465b9abd', '2017-10-31 08:43:28'),
(170, NULL, 'f420c801e7b25c8faac783a5a32cf2ed', '2017-10-31 08:43:32'),
(171, NULL, '320c610af9c280510ed1ba61b201228f', '2017-10-31 08:43:36'),
(172, NULL, 'e5225e74f2720ab7ca038af54b9c2f0a', '2017-10-31 08:43:39'),
(173, NULL, '0ccec0b6d3aa3a0ef95aee65c345b1c7', '2017-10-31 12:17:30'),
(174, NULL, '90c4510abf2b0e692d5f153fe5f637ba', '2017-10-31 22:06:42'),
(175, NULL, '831402c20fde0b1e5eb8d6ee3b11e1e7', '2017-10-31 22:06:45'),
(176, NULL, '195c294df389bca7cbf2ba6ff5f76bf8', '2017-10-31 22:22:12'),
(177, NULL, '0d65d91d1ff0567465298e35ab1d1cff', '2017-10-31 23:50:07'),
(178, NULL, '99572bd2ea1f7de36f3ceb5afe07c905', '2017-11-01 00:31:57'),
(179, NULL, '511fb167dcd67a4d687a0d0d10ac0d9b', '2017-11-01 14:54:18'),
(180, NULL, '909c9d8528e23f49e9b4cf6777b2f6d4', '2017-11-01 18:08:06'),
(181, NULL, 'db4350c6141fab4eab074e5241c02d58', '2017-11-01 21:07:54'),
(182, NULL, '6125ba2f1ff7c7f0c849ff01dd95e71f', '2017-11-01 22:49:41'),
(183, NULL, '09cc60cce5a759b19b8f6537dd885681', '2017-11-01 23:23:39'),
(184, NULL, '1ebf2fd4859000fd8f019cb6e1bec888', '2017-11-01 23:57:50'),
(185, NULL, 'b560399f9857c20759fd60745cfb9478', '2017-11-02 02:16:04'),
(186, NULL, 'fd1ae6d97ea161476e6c8e00a7bf1dca', '2017-11-02 03:51:17'),
(187, NULL, '7574880630c109ae533dbea25b30a7c1', '2017-11-02 04:03:22'),
(188, NULL, '7574880630c109ae533dbea25b30a7c1', '2017-11-02 04:54:30'),
(189, NULL, '509aae95eae6b3258bced1765d594a12', '2017-11-02 06:13:52'),
(190, NULL, 'f75c903d3d4cf0d694e01fe54ac6bd9d', '2017-11-02 06:27:57'),
(191, NULL, 'a129c430e1a1656ff325bfcc738db31a', '2017-11-02 06:35:58'),
(192, NULL, '11c979fd2f7cae7fc534dc21959688ee', '2017-11-02 09:18:18'),
(193, NULL, '4cccdc52b07163081598c7b277ea96a7', '2017-11-02 10:38:17'),
(194, NULL, '4cccdc52b07163081598c7b277ea96a7', '2017-11-02 11:06:11'),
(195, NULL, 'd155958f51be667578c2ac2b25867fde', '2017-11-02 12:31:50'),
(196, NULL, 'b167177d50fbe3e603f17e6fc3713b9f', '2017-11-02 12:41:50'),
(197, NULL, '45b7d840478ef2e3b289f92e6400bed5', '2017-11-02 13:07:37'),
(198, NULL, '584320d7956b7ce68e0497e300a92b30', '2017-11-02 13:19:58'),
(199, NULL, 'e0bc23ee50496a382afa41cb9db8c8c5', '2017-11-02 14:48:44'),
(200, NULL, '08a8852aa8523e4fbf7b2ca708fd0d9f', '2017-11-02 16:20:09'),
(201, NULL, 'd7bc2d6ab5dd0e587be421e9fe0cc257', '2017-11-02 17:02:04'),
(202, NULL, '3176eade8d9a4a03cf297abcb349e6ef', '2017-11-02 17:02:36'),
(203, NULL, 'bfd136deefc46ca98dfe46d019ddaf0e', '2017-11-02 17:36:40'),
(204, NULL, '558558030693a81f97e7559e7135efb8', '2017-11-02 18:05:06'),
(205, NULL, '2b65b8ae636569e4b2086f839c0cc2f0', '2017-11-03 04:35:17'),
(206, NULL, '97db6ed8de51644cde750671e5028f34', '2017-11-03 04:39:29'),
(207, NULL, '91a715a03dd623865fcd81a5c7dd5b27', '2017-11-03 05:20:41'),
(208, NULL, '45cfc5329615535be812361a9943fa37', '2017-11-03 06:23:25'),
(209, NULL, '06525f044747d3c7a2039df56b4d892f', '2017-11-03 06:23:50'),
(210, NULL, '0e0f586180f6ab87130ce27b13f1da64', '2017-11-03 06:23:53'),
(211, NULL, '2fe40aa9b12e41a9677812432d5214ea', '2017-11-03 06:33:56'),
(212, NULL, 'aed1b8376a6f81416a50232b7e614ff9', '2017-11-03 07:26:22'),
(213, NULL, 'f03de4f0757d54ba3951f94aeb8df370', '2017-11-03 08:29:08'),
(214, NULL, '29748f083d2431508758edceb7b25904', '2017-11-03 11:18:42'),
(215, NULL, 'abe75cf429418e4231b11627fac69865', '2017-11-03 12:05:28'),
(216, NULL, '396704cda0ed59836080b3665ca1ce72', '2017-11-03 13:01:26'),
(217, NULL, '03b29364299a7605eb812cf9862ec050', '2017-11-03 12:39:34'),
(218, NULL, '4840a3563628b74266fde5bb95818f96', '2017-11-03 13:33:56'),
(219, NULL, 'c3825b78bb8f21e2727bd52bd6e4e205', '2017-11-03 14:08:02'),
(220, NULL, '0548b4bc6ab733dff41b085a76328ef8', '2017-11-03 13:40:35'),
(221, NULL, '2336b2378f14611c6971578fa2c01409', '2017-11-03 14:47:29'),
(222, NULL, '1c1838fe2446bb08bb42dda5f353f7b5', '2017-11-03 16:10:41'),
(223, NULL, '61d4d9c64856dac75d1a045b163e4bf1', '2017-11-03 16:27:28'),
(224, NULL, '8a22f6ee58ebf86920db36dadc6ddf9f', '2017-11-03 16:42:54'),
(225, NULL, 'e0020b512419825ba0f738674fd88cba', '2017-11-03 16:33:35'),
(226, NULL, '9f9b589f4818a2ae4bc4ae6f88d137e4', '2017-11-03 17:11:36'),
(227, NULL, '3b1a45ce537f13ce28c4f1550b47b573', '2017-11-03 18:56:33'),
(228, NULL, '21fb49b4b4e1303725a82dcd988455c1', '2017-11-03 18:56:58'),
(229, NULL, '112630d91dbd7878c6d860095d340af6', '2017-11-03 18:57:00'),
(230, NULL, 'f13fc0e4f9448ef5356be33f8d0d8ecb', '2017-11-03 19:39:31'),
(231, NULL, '361aef4023c862b845d638c06bf65c73', '2017-11-04 04:01:59'),
(232, NULL, 'd5d41e0a2438bcd41a1f5f9d6d81e842', '2017-11-04 05:50:21'),
(233, NULL, '5aa9a543e02281c563500a528632b1e1', '2017-11-04 12:23:18'),
(234, NULL, '0d4428d6dbc35e1e93efce1c1a17fb2b', '2017-11-04 13:49:28'),
(235, NULL, '626bbba93cdfe6b1f3812e9800da62b9', '2017-11-04 15:26:37'),
(236, NULL, '00419d8a40dd73ff4b0021d4d26cd7bf', '2017-11-04 20:02:52'),
(237, NULL, '482c257c91bb94d90c033c1edf70a547', '2017-11-05 01:05:22'),
(238, NULL, 'c38e7edba6d11adc4bbbbffddf474d2c', '2017-11-05 13:04:06'),
(239, NULL, 'e989fdae2cc329e7eff4a48238057015', '2017-11-05 19:04:54'),
(240, NULL, '2fb79c11afe33a165ec05b3a69cead85', '2017-11-05 19:32:48'),
(241, NULL, '47188f7995a3249d84b2a3ee236f8ab3', '2017-11-06 04:53:02'),
(242, NULL, '6dbdc2757789e1e98d486dfc0361b3d3', '2017-11-06 07:30:05'),
(243, NULL, '0d60d3df360429343e9bc09446b4ef36', '2017-11-06 07:52:24'),
(244, NULL, '11a019cfe2a89462e73d335630fc027e', '2017-11-06 09:09:45'),
(245, NULL, '7aba289d313855104fa4a6491690046d', '2017-11-06 09:32:14'),
(246, NULL, 'be5cf8088cbb61fcb3345cd0a9f62078', '2017-11-06 09:35:51'),
(247, NULL, '0142e9bf4d40950e35fab55c1362fe09', '2017-11-06 12:29:50'),
(248, NULL, 'fa5cb4efacc21832b9d1db474f6f5635', '2017-11-06 13:19:31'),
(249, NULL, '54499c086b438d8962b949b0d9c4f711', '2017-11-06 14:05:59'),
(250, NULL, 'cf1c03f5be6b2fcabbce4553ade13fab', '2017-11-06 14:08:12'),
(251, NULL, '556a4726973448206b6220dbe24e79d9', '2017-11-06 14:47:27'),
(252, NULL, '1134ee42381337d7c6e86c41d525a34e', '2017-11-06 15:29:33'),
(253, NULL, '427e8450c887874decd89b8b90ccd713', '2017-11-06 18:02:01'),
(254, NULL, '4d7fcbe5af902c9acc9fcc39bc5daa0a', '2017-11-06 20:07:12'),
(255, NULL, 'e5c4e2636f309d48feba9f015fd7c5bb', '2017-11-06 21:06:58'),
(256, NULL, 'e52975595be94186e72b007d5e61db5b', '2017-11-07 04:08:25'),
(257, NULL, '1fabf7e1211b026999bca692aabd00df', '2017-11-07 04:56:15'),
(258, NULL, '08b24ab4765a681603828b42b374d914', '2017-11-07 04:56:16'),
(259, NULL, 'fb22874a1ee6fa5e27ce936041abd6cc', '2017-11-07 06:14:52'),
(260, NULL, '942f69e4b10b7184d1548ab322b4e6ec', '2017-11-07 06:26:43'),
(261, NULL, '52e0d6bc9ff500dbd8348cfada562c78', '2017-11-07 06:30:52'),
(262, NULL, 'e9268f4f6104a7558f1acd6cc77250c9', '2017-11-07 07:58:12'),
(263, NULL, '8a9a8c4be1677f9ca5a1b1d9267bd620', '2017-11-07 09:22:42'),
(264, NULL, '4a68862a2313d0a87afc1e7ecbdec7dd', '2017-11-07 10:14:43'),
(265, NULL, '800947ae8d1ff6d6ead45e9937f4ca64', '2017-11-07 13:14:18'),
(266, NULL, '377a7307960a2eebdab83a948cb229e8', '2017-11-07 13:12:19'),
(267, NULL, 'dfd0e12d15890b2c16d51b32d6cdfa31', '2017-11-07 13:51:48'),
(268, NULL, 'ce1ae90a70c7834be0b2e4b48aea73af', '2017-11-07 14:38:26'),
(269, NULL, 'dc5be82437810fc637509297fb8bae82', '2017-11-07 14:38:48'),
(270, NULL, 'a9992d98bfd47123885585ba63ad544b', '2017-11-07 17:44:15'),
(271, NULL, '382df0fd66e0c2a887369eb95c71d43d', '2017-11-07 17:47:50'),
(272, NULL, '0b320c84415d6c5e251f0d9b19e2d7ff', '2017-11-07 17:57:30'),
(273, NULL, '593a382ff10f7fd921dc769f5dbb8164', '2017-11-07 18:51:47'),
(274, NULL, '1925c047a26450b3f658d6ddc3146174', '2017-11-08 05:18:55'),
(275, NULL, '1c1164c0a8c7d5719c0e8e730e846096', '2017-11-08 05:22:40'),
(276, NULL, '080c1ec963bb072ab1197585fef6db79', '2017-11-08 06:54:58'),
(277, NULL, '6b8008567c678598829642799a30d0bc', '2017-11-08 10:39:08'),
(278, NULL, '7385ba62fbb464bcbb47e0d4139db1e0', '2017-11-08 18:27:57'),
(279, NULL, '6f6103eae6b651aab1e9da0dd20cf515', '2017-11-09 05:03:29'),
(280, NULL, '325bdc445acd11e457944a253b89746e', '2017-11-09 05:37:31'),
(281, NULL, 'ee585f5351c14e299ea9ce9272f7450d', '2017-11-09 08:46:15'),
(282, NULL, '6d394cfa29f1f031d431ebb134358da5', '2017-11-09 11:17:54'),
(283, NULL, 'cbd1c0849747e49c0347e6713fc5bdea', '2017-11-09 17:57:00'),
(284, NULL, '84517a2515c47cf0483d6843cd827f1f', '2017-11-09 17:57:03'),
(285, NULL, '42d87cb9e9cb5b337b5504f5eabca883', '2017-11-09 20:00:27'),
(286, NULL, '11cb237fedd1a505f505d99f5b4d927b', '2017-11-10 06:17:54'),
(287, NULL, 'ea5724458b71905fae55611cd1381e3b', '2017-11-10 10:52:31'),
(288, NULL, '4585ca439b94b7376181f3f034192adc', '2017-11-10 13:05:21'),
(289, NULL, '7a4c1d562da11a18d9c738593973c80e', '2017-11-10 23:35:14'),
(290, NULL, '596cefeb75d3802fafd2c92738b5510b', '2017-11-10 23:53:38'),
(291, NULL, 'f4d9392cc9d47461a40c5e2099aa2c19', '2017-11-11 00:01:40'),
(292, NULL, '308402ea3e8f3a3d26bdf58b94d0ab17', '2017-11-11 00:54:27'),
(293, NULL, 'e516c397711593f1e1f0b092ab10dced', '2017-11-11 01:32:15'),
(294, NULL, '7b6e64284cc0fc56d6bc2646043bd9cc', '2017-11-11 05:55:27'),
(295, NULL, '5965744b7674a3dae3cda15636b57d31', '2017-11-11 12:16:00'),
(296, NULL, 'cc8143c1294a04926dccbba066b4d010', '2017-11-11 13:23:37'),
(297, NULL, '4feef7d1fdd7dc1e952b89fb7c024472', '2017-11-11 19:03:31'),
(298, NULL, '4ce39588721b3acfde2e995d479577cb', '2017-11-11 19:48:35'),
(299, NULL, '0b9ffe67e0fff96cbf95bd2dd39dbc53', '2017-11-12 01:39:45'),
(300, NULL, '9e576e365bd240ff6748d1c514dc6009', '2017-11-12 01:39:48'),
(301, NULL, '4924fd41b0b08108670133ca34294f82', '2017-11-12 01:39:50'),
(302, NULL, 'dbe271571c4a701e9105a79c821549b2', '2017-11-13 01:13:34'),
(303, NULL, '337ed3d0d2d08be380f70064ca14f39b', '2017-11-13 04:37:28'),
(304, NULL, 'd33f7d9d08b6db77b7394af6cad12995', '2017-11-13 05:20:51'),
(305, NULL, '492c4aec4aba007f303a9a8a01c5de1e', '2017-11-13 07:05:26'),
(306, NULL, 'b029b8ffbf004a4f2bfa75325799a7b8', '2017-11-13 10:41:36'),
(307, NULL, '16d177760ba5228222364de9a85376ed', '2017-11-13 13:20:46'),
(308, NULL, '74c69081d94808cddf030c4b69566018', '2017-11-13 13:22:01'),
(309, NULL, '4cb0ae7131dc36fb9dadf10f7a5e8d7e', '2017-11-13 17:10:17'),
(310, NULL, '5d1b5845fb262ea164747c3346a10717', '2017-11-14 01:28:49'),
(311, NULL, '4273bf1dadf3afcaf117df82071b251b', '2017-11-14 02:26:11'),
(312, NULL, '7c4f8bececbc378fb84d9390a241846b', '2017-11-14 05:47:16'),
(313, NULL, '4df82b1833e5eb5f235b7792a8712f3a', '2017-11-14 09:35:28'),
(314, NULL, '0e03e3ed6bfcaeb41dc5c755231246b9', '2017-11-14 11:23:45'),
(315, NULL, 'bd42d7a1a1ad4846540d8389448a4fc1', '2017-11-14 14:43:50'),
(316, NULL, 'e40af00affa8f787102d3cb4bbbaaf0f', '2017-11-15 01:07:59'),
(317, NULL, '0f48fce742df21cfec5c54f2f5767ca8', '2017-11-15 04:49:38'),
(318, NULL, '1b19fdfea7634b1bd5c45ff332967115', '2017-11-15 06:18:13'),
(319, NULL, '777be210b7dceee20fd08ef9a3a3e823', '2017-11-15 06:18:39'),
(320, NULL, '269c82c5d4b2df685e068f60b3441a1c', '2017-11-15 06:18:41'),
(321, NULL, '07827ab62b5aa51e0625d93132275d49', '2017-11-15 07:02:40'),
(322, NULL, '7d494d706fdf124d749f424ee20a53f1', '2017-11-15 07:03:05'),
(323, NULL, '386cdc6a5f418e4f6548830a4e0f23c8', '2017-11-15 07:03:08'),
(324, NULL, '6246cdcbc5d5c72e405350cbf687368c', '2017-11-15 08:02:58'),
(325, NULL, 'edabef6fd556d4f5d2ed5156fa87f4b5', '2017-11-15 11:25:38'),
(326, NULL, 'a83d47ec8fbfdb3a75ba542012f828f4', '2017-11-15 12:41:07'),
(327, NULL, 'aaed8ad9f34711a93ebe3e9c6e0fd377', '2017-11-15 16:19:46'),
(328, NULL, '1b39d6dc7daf7f8bf669a3c8b1b12d62', '2017-11-16 00:37:36'),
(329, NULL, '7dd893ec50de9cddffed41529122f5ad', '2017-11-16 10:31:53'),
(330, NULL, '33fe4a48cc8f81ebe0f85c31cf4ee118', '2017-11-16 11:24:07'),
(331, NULL, '076ef953f42037db6836bc5523cb84d2', '2017-11-16 12:53:43'),
(332, NULL, 'ab729f7823a75573e6259f6195b8e881', '2017-11-16 16:36:35'),
(333, NULL, 'eb222b7d5c125eb6631b7f77ae5be8af', '2017-11-16 18:06:37'),
(334, NULL, '828f803fa0d49f0e7760712446ba7dbe', '2017-11-16 18:06:40'),
(335, NULL, 'e0f66f846fca66fb417ac409d5ef251c', '2017-11-17 04:03:40'),
(336, NULL, 'b4c084c92b8c0daf1a3c50cee48c198f', '2017-11-17 04:04:09'),
(337, NULL, '00c3c8f5b061981c063180f00126e890', '2017-11-17 04:08:30'),
(338, NULL, '10b84a0682d033e1304c8055b76cef0c', '2017-11-17 04:09:24'),
(339, NULL, '887ff3453a6dc1910fe7214a98992f98', '2017-11-17 05:01:27'),
(340, NULL, '7a99eb15f5761d5178cdb7a5a606d42b', '2017-11-17 05:08:03'),
(341, NULL, '77f9bcc1d37f1a4c41367ce7a70f0c06', '2017-11-17 05:48:03'),
(342, NULL, '6d95b28e8523309bcef459530d8341fd', '2017-11-17 05:46:54'),
(343, NULL, '7a99eb15f5761d5178cdb7a5a606d42b', '2017-11-17 05:49:40'),
(344, NULL, 'e3b1115f9579472616f011cce14eb52c', '2017-11-17 06:06:00'),
(345, NULL, 'a03630f3265fbb95927726ee05e469f8', '2017-11-17 06:06:01'),
(346, NULL, '46c22b5b66cfed632c52181b16fec954', '2017-11-17 06:10:33'),
(347, NULL, 'fbb5de01e40168cb0bfa2478f3e75e1c', '2017-11-17 06:07:30'),
(348, NULL, '7c1b6526dda7ad7bebf78fa9054ee67f', '2017-11-17 07:07:45'),
(349, NULL, 'fbe15aecbafa7e14c736b5884fcc1949', '2017-11-17 07:17:51'),
(350, NULL, '8d105a6ec014d76666932998cc32bb5c', '2017-11-17 07:15:46'),
(351, NULL, '3540c08b5f9f5159c3e531c475b09134', '2017-11-17 07:34:22'),
(352, NULL, '48959a35302fc5bc135cf6a085cfa302', '2017-11-17 09:02:20'),
(353, NULL, '1c52fe02fcbfdb47a8d6711eda72bce8', '2017-11-17 08:55:15'),
(354, NULL, 'bd2600e46a6317a4808c8472df564f2e', '2017-11-17 09:51:00'),
(355, NULL, 'a02bcc08a7a0135b2521e8023bedac98', '2017-11-17 08:59:20'),
(356, NULL, '27d0be8cc0026764a7eb512b309bd7fc', '2017-11-17 09:02:14'),
(357, NULL, '6e38604d434faeda8de63363921b5879', '2017-11-17 09:07:58'),
(358, NULL, '10466f0a04c51b49d98147b5c2cedeee', '2017-11-17 09:07:58'),
(359, NULL, '581caf4eb626ade250ed9a34dbeffa49', '2017-11-17 09:11:03'),
(360, NULL, 'a17abddbf36eff676d97a156bc556fa8', '2017-11-17 10:30:31'),
(361, NULL, '293ebf6f8bfc5a01da3ece75a9d2368b', '2017-11-17 10:19:48'),
(362, NULL, '3d73f12e8beddd4c369c933dd201b5ef', '2017-11-17 11:48:46'),
(363, NULL, '0bd3d51f7556d3b1c75cc0a6aab07aa1', '2017-11-17 12:02:46'),
(364, NULL, 'e8fcf9b79a8125811df7887293f93099', '2017-11-17 12:58:25'),
(365, NULL, '3748ff12d6e2625e9d6697d91440bb14', '2017-11-17 12:58:48'),
(366, NULL, '336fe4d5574e47299c151b66fc4c61de', '2017-11-17 13:59:59'),
(367, NULL, '2494820b2cc55cbf70524f8636cdd49b', '2017-11-17 19:30:42'),
(368, NULL, '08ded985cfd9164edb02379eed76149c', '2017-11-17 20:18:29'),
(369, NULL, 'fe42fe9e9632a36b5c1ca3452e9d7bc5', '2017-11-18 01:55:30'),
(370, NULL, '7cbb2017ac0cd2a152a66516f6262725', '2017-11-18 05:21:16'),
(371, NULL, '234c21a44ec3ce81fb76306c64995b3b', '2017-11-18 05:53:05'),
(372, NULL, '9c146aa8eac93b5f6c6d8e93af5f36c3', '2017-11-18 05:53:05'),
(373, NULL, '128d64a9c0bed4de13b749d0aeea7552', '2017-11-18 06:03:08'),
(374, NULL, '063798908a8e940635e1591c7bfa2a6a', '2017-11-18 06:37:00'),
(375, NULL, 'c58a4edca873748df39f36e01b7d7017', '2017-11-18 06:22:27'),
(376, NULL, '9ea429a62fddb73ee462ac7ab63e00b3', '2017-11-18 06:36:41'),
(377, NULL, '6b0a42c262f2abf217598770b53ad053', '2017-11-18 07:52:20'),
(378, NULL, 'cd2934760dafab72210e7f4d8a084cea', '2017-11-18 09:54:21'),
(379, NULL, '0cfc053b4a8be8690cd3ea588f4ac794', '2017-11-18 11:13:00'),
(380, NULL, '6af863ab6fae1a2b708d414402ab29ed', '2017-11-18 11:13:08'),
(381, NULL, '3921a03bc4f7d82beaee2debe5b155fb', '2017-11-18 20:20:02'),
(382, NULL, 'da40d16e7e6278b5eeea2c1febcd6a56', '2017-11-18 22:22:43'),
(383, NULL, '35a8bba8099ce0b4bc74088d0c18cd87', '2017-11-19 00:57:18'),
(384, NULL, 'ba9086295a5bb602507d62fb85964d12', '2017-11-19 10:32:51'),
(385, NULL, 'd70968587508e0b99f41e50248d8c3da', '2017-11-19 10:33:16'),
(386, NULL, '0ea93c8f462d4ade7e5a1c953cba0d45', '2017-11-19 10:33:19'),
(387, NULL, '35eae0bb2f08049ddb18fa8916a568dd', '2017-11-19 10:41:52'),
(388, NULL, 'ad24af375a0355447aa8ea74792e9fa6', '2017-11-19 10:56:36'),
(389, NULL, 'a560a99abe38d42233901f3f8d12256a', '2017-11-19 11:22:12'),
(390, NULL, '253b82170514c44fac3e72f6c31bd187', '2017-11-19 21:17:28'),
(391, NULL, '97292052b439cd0970a9977fc4cc002f', '2017-11-19 22:07:57'),
(392, NULL, 'c738ecfbedd45ca136b17b188343b7a6', '2017-11-19 22:08:05'),
(393, NULL, '5cd0d66d0c443530fcb23b31ebc7ccd0', '2017-11-20 04:59:57'),
(394, NULL, '3801d4e357e26936d177f3ba8143838e', '2017-11-20 05:14:40'),
(395, NULL, '3eea536020b5390183e54b6798b3b3e2', '2017-11-20 05:14:03'),
(396, NULL, 'e24af6af80cad4d80b4354d5f82533d6', '2017-11-20 05:34:37'),
(397, NULL, 'ff6419aaec621832722572ae9aabb630', '2017-11-20 06:08:04'),
(398, NULL, '64864936bf6434b33085baf02d4c3b21', '2017-11-20 07:02:06'),
(399, NULL, '9a8f5e0e56231a09b212a12043237e6c', '2017-11-20 08:36:20'),
(400, NULL, 'e465a70392d212652fe9fd14b43fe865', '2017-11-20 09:01:58'),
(401, NULL, 'ece0fa1581badbfd77d66e63a3288f51', '2017-11-20 09:02:13'),
(402, NULL, 'ad6a3c953b7d9f231adf114a0e1081dc', '2017-11-20 09:03:39'),
(403, NULL, '7bcaf3ab9f736e6d9ea8f5f215d605eb', '2017-11-20 09:03:43'),
(404, NULL, '300c970ffe27f790ff6a2d7aa0c808eb', '2017-11-20 12:50:34'),
(405, NULL, '10bc47ce556c7d80aea533dc87347237', '2017-11-21 06:04:07'),
(406, NULL, '60b81bc43a3f77e304f2625954f781ee', '2017-11-21 13:13:35'),
(407, NULL, 'f38a7cb646beceaa3f881739dd3ca252', '2017-11-21 13:38:00'),
(408, NULL, '6f3196e8f028d452d2ba5c4b90f2875b', '2017-11-21 18:33:59'),
(409, NULL, '4d7b8c48e1cce1a093648814c5949327', '2017-11-22 00:02:07'),
(410, NULL, 'e3c0d0e0e5145a5a11426186ed01dce3', '2017-11-22 01:53:01'),
(411, NULL, 'b55aff55f67ccf0c0aefb6ba628ef608', '2017-11-22 06:45:21'),
(412, NULL, 'ab898f5ab590da0a8212b70751c0ae25', '2017-11-22 14:11:22'),
(413, NULL, '53f9eaa30e22866d68eb0c4972ea0a83', '2017-11-22 21:19:50'),
(414, NULL, '6999634e058e52beb3becfca1c5cd0e1', '2017-11-22 21:50:29'),
(415, NULL, '06c4f93242a3c2eeb3899b7bb9e81c69', '2017-11-23 01:34:07'),
(416, NULL, '2f9ed324abf5a3a9731d14f2a173c55b', '2017-11-23 01:34:44'),
(417, NULL, '747a73db2aa6f6d79a5c9775b59edebf', '2017-11-23 01:38:12'),
(418, NULL, '29c6728ebf39c6c5b49e068833fae156', '2017-11-23 01:38:19'),
(419, NULL, 'e34cb5e8006b5c813c8f44abbf55f8df', '2017-11-23 01:40:32'),
(420, NULL, '0b4789f50949e3337276d47b2e039acf', '2017-11-23 05:52:34'),
(421, NULL, '200e55b0d3acc765057c878a35f725d4', '2017-11-23 06:43:16'),
(422, NULL, 'ec5c345ff6518cde2042108be8fb39e5', '2017-11-23 06:47:45'),
(423, NULL, '621c583fd9afc6d9456cdeead3dcc272', '2017-11-23 21:22:14'),
(424, NULL, 'd4285924fa369f69c6dacc521f513687', '2017-11-23 21:22:22'),
(425, NULL, 'c3cdb6690bd914c7efe4295c5a497ade', '2017-11-24 04:51:08'),
(426, NULL, 'da186ef52644f1ece846a7440dfbb610', '2017-11-24 04:54:48'),
(427, NULL, '4893eacea2db23a856f96bed69f7ea26', '2017-11-24 11:40:54'),
(428, NULL, '47228b4a270902e8c0c81085af7f5a3e', '2017-11-24 11:49:54'),
(429, NULL, '6561f8644551a3b70a4c15b6a8c77b43', '2017-11-24 12:58:21'),
(430, NULL, '360bccdd8775c7b4e3f572652d0e20ed', '2017-11-24 12:58:23'),
(431, NULL, '91990cdeea8db3048feb82cfa7a0633e', '2017-11-24 12:58:26'),
(432, NULL, '59f1b30c90b13708964d135fd51ee2b2', '2017-11-24 15:29:24'),
(433, NULL, '29c12b24e92f43aee80134bf6dfe87b8', '2017-11-24 16:42:46'),
(434, NULL, 'd592a96240fe9f707c4b7e58b8e33938', '2017-11-25 01:55:55'),
(435, NULL, 'ad0f5fbaca28bf77c10bfb099d014d56', '2017-11-25 16:16:55'),
(436, NULL, 'fc0efd3303817fb58e3a2e573f785fe3', '2017-11-25 16:17:20'),
(437, NULL, 'c604cabd4a8c40a2b9117eada69aeed1', '2017-11-25 16:17:22'),
(438, NULL, '6e12529831bcd7aa9d40c9fda13c50be', '2017-11-25 17:23:39'),
(439, NULL, '7404f7f4716091887f268849ee2641da', '2017-11-25 19:16:11'),
(440, NULL, '96d03ff66ccb2d121f8e3d92d86cc8b8', '2017-11-25 20:15:42'),
(441, NULL, '635ec7ae625645eeff02759ed51fcc00', '2017-11-26 07:48:38'),
(442, NULL, '9e54cda91d99de6487df7f5b4c195df1', '2017-11-27 02:35:31'),
(443, NULL, 'c523a94a70a310cd9e75051c46a860d1', '2017-11-27 02:35:56'),
(444, NULL, 'deadba557d248348832b779cde3be68f', '2017-11-27 02:35:59'),
(445, NULL, 'd01cdcd9b7c493d642673ec9f0e113ee', '2017-11-27 05:00:55'),
(446, NULL, 'c6ef256b8f56118d0e321f58f3a3db7c', '2017-11-27 05:35:18'),
(447, NULL, '73a7194c28fbcf8376a1ebab17a05acb', '2017-11-27 05:35:14'),
(448, NULL, '37861327d1ed771afe2324cf779eb3e8', '2017-11-27 06:36:31'),
(449, NULL, 'a129891f4c0f0bcb2a530bba51dac0fb', '2017-11-27 06:45:50'),
(450, NULL, 'd9d3c1c85a83b9ea817067c7c99516e5', '2017-11-27 18:30:19'),
(451, NULL, '75080520e8f509758a40a9cbc10fcbf1', '2017-11-27 18:46:13'),
(452, NULL, '74901839ef045d836a61a585f3a14f9f', '2017-11-28 05:58:12'),
(453, NULL, '1b837ea3e54c9bc2723c2c3e9f2042ef', '2017-11-28 06:28:39'),
(454, NULL, '9a7249cebebc74a8f011364078dfb37e', '2017-11-28 09:02:17'),
(455, NULL, '20c2ddb02d0fd80c10a96bcd7af3900f', '2017-11-28 12:44:31'),
(456, NULL, '3e24f7d87c290d89206e70bad11e6f89', '2017-11-28 23:14:21'),
(457, NULL, 'fd070a8cdbe08c94b623bdc8d4f35823', '2017-11-29 04:03:33'),
(458, NULL, '3a40126e20897639d5753e41ac6e69ec', '2017-11-29 05:36:15'),
(459, NULL, 'b222e1de6bafb79d1a6e9aa35c0378d9', '2017-11-29 06:00:06'),
(460, NULL, 'd75e3afd1ab1e203e520e1b07a2e76d2', '2017-11-29 13:37:52'),
(461, NULL, '283b99199fbe42e39dea85197daf94b2', '2017-11-29 13:38:00'),
(462, NULL, 'e02bf81a19977fae7d8ef747fbd1c2ad', '2017-11-29 18:03:43'),
(463, NULL, '3380b1e64a67c80c03ee54f06dd8c7b5', '2017-11-29 17:52:32'),
(464, NULL, 'a85b741c4c30e1bf3874e27fc6530280', '2017-11-29 17:59:11'),
(465, NULL, 'f150bbb73ef0fe0c82e15d22d97a93d7', '2017-11-29 17:54:24'),
(466, NULL, '74e5b07050e085f4348acfa20df06937', '2017-11-29 18:01:52'),
(467, NULL, '326d4fdd1f559ce7431056d97774d2da', '2017-11-30 00:53:04'),
(468, NULL, '4a971df2adea9794a1015a94ed608e92', '2017-11-30 03:26:22'),
(469, NULL, 'f8726f578534562ee2090ed39a806602', '2017-11-30 04:33:26'),
(470, NULL, '9b3988f4d117c6f6e8a73bbc533c035d', '2017-11-30 06:14:01'),
(471, NULL, 'eea79029c2e13435012af4ebabf93175', '2017-11-30 06:13:21'),
(472, NULL, '70d5e87953f7971158b57549b47caace', '2017-11-30 06:14:01'),
(473, NULL, 'c4b41371551173f343d7c9e74531fba5', '2017-11-30 09:00:05'),
(474, NULL, 'b061467d8d055c3708aead0cd35e1308', '2017-11-30 08:45:58'),
(475, NULL, '12424842b73843aa55d182c5bbb2cd97', '2017-11-30 08:45:59'),
(476, NULL, 'a7f2a7a9fa03bb503832e683c5c71120', '2017-11-30 08:46:19'),
(477, NULL, '7bbb7cecf80f1617133bcb4eab990f09', '2017-11-30 09:07:52'),
(478, NULL, '554d0174a49f62f4ff2dde6b2fcf09e1', '2017-11-30 09:54:41'),
(479, 3, '15ca7050a73b1c37f47c5488a8efa2e2', '2017-11-30 12:22:32'),
(480, NULL, '927cd13d7e6caf57427d1b3092df40ec', '2017-11-30 11:08:09'),
(481, NULL, '98baca3205916f4cff458b5068adbb9c', '2017-11-30 11:27:39'),
(482, NULL, 'f5ddfff283fbfa4bb9c30296a7f7668e', '2017-11-30 11:52:24'),
(483, NULL, 'd70e90dae92074d5b78a6018a64e170d', '2017-11-30 12:01:26'),
(484, NULL, 'f8d52072678bf4076bc76440ffb177cf', '2017-11-30 12:15:43'),
(485, NULL, '6ada8c4b30a5fd99a0b5cf04d5320a0c', '2017-11-30 14:20:17'),
(486, NULL, '68a522ea448e879c4a344b6e993f5b08', '2017-11-30 14:28:54'),
(487, NULL, 'f67b29492a696b381074e6d486900404', '2017-11-30 14:35:29'),
(488, NULL, 'f53e9b1578d9a69843a2c685fe9bdf9e', '2017-11-30 16:06:59'),
(489, NULL, '0874cdf2eab07961eef005d22da363c2', '2017-11-30 17:42:48'),
(490, NULL, '4160f24e124ba4eecb11197888389542', '2017-11-30 17:43:14'),
(491, NULL, '1b16e3ad06fa5a02eedb67fe4b7c86f7', '2017-11-30 17:42:49'),
(492, NULL, 'd71a0a065cdbe1669f21b2d677d74e5a', '2017-11-30 17:49:58'),
(493, NULL, 'bec81e3f33057370da23427f8463dc20', '2017-11-30 18:51:26'),
(494, NULL, '05547a7f7a959c2e53ebfe25cc0829eb', '2017-12-01 04:04:40'),
(495, NULL, '479d1f09f7ab65c16af56cbecd8fa7d0', '2017-12-01 06:32:11'),
(496, 4, 'a080629d01f585d4490b3e7a22a0b6be', '2017-12-01 07:07:51'),
(497, NULL, '375c84487e160e125b510c2af30e2ef8', '2017-12-01 06:43:35'),
(498, NULL, 'a9987e9d44557a687dd4116776f50ac1', '2017-12-01 07:06:14'),
(499, NULL, '375c84487e160e125b510c2af30e2ef8', '2017-12-01 07:32:16'),
(500, NULL, 'c880302eb172f1414603f0e37680d77a', '2017-12-01 13:29:56'),
(501, NULL, '487e120aaddae1251cb31a4aee0e15dd', '2017-12-01 14:23:14'),
(502, NULL, 'ac898a393782fe2e32a439afa91629e2', '2017-12-01 17:43:01'),
(503, NULL, 'ad0eddbefa823ec877a59098abcf5d98', '2017-12-01 17:43:01'),
(504, NULL, '7f625b77312ba7276efe140b8e26f5a3', '2017-12-01 17:43:03'),
(505, NULL, '4a221b93e77c9995c907f36e146c0675', '2017-12-01 17:43:03'),
(506, NULL, '83e0cec1656e10a54c7ad9599c6d0490', '2017-12-01 17:43:05'),
(507, NULL, '43fe997441e33036a37343645b963d0d', '2017-12-01 17:43:05'),
(508, NULL, '9a0c4bfd8cb0e31e3fe4c592027052b0', '2017-12-01 17:43:06'),
(509, NULL, '185e4991c6a1675194ea7c4d9d7923f1', '2017-12-01 17:43:10'),
(510, NULL, 'a0202d4f13ab1f0f14789085ba145880', '2017-12-01 20:07:44'),
(511, NULL, '464ae29d44e08eb0a95f87f9bf2feb8b', '2017-12-01 21:27:08'),
(512, NULL, '000eed6050f7a09e95a42bf6f71a68d0', '2017-12-01 23:14:20'),
(513, NULL, '16b970c2ef6663608f986e69e5becfce', '2017-12-01 23:45:58'),
(514, NULL, '45d5cfd74df57116905e852c55a321d6', '2017-12-02 04:52:07'),
(515, NULL, 'fde5bff9a8dc42269f9f9f7d7242db68', '2017-12-02 05:56:41'),
(516, NULL, '6b5294f8e5497e5a13dd025a4a95afd0', '2017-12-02 06:45:22'),
(517, NULL, 'c07fc08af4a23c42a8245bee17955332', '2017-12-02 06:11:10'),
(518, NULL, '2136b4022ca35e029793b5d71b743205', '2017-12-02 06:26:13'),
(519, NULL, '48450996d271381a61fc41607d894a66', '2017-12-02 13:35:18'),
(520, NULL, '00ba6b2327c997e0095cd21bcbd55649', '2017-12-02 16:57:34'),
(521, NULL, 'aa8d50fdde2af272bc7e1eb44d181416', '2017-12-02 19:31:18'),
(522, NULL, '78060895ade37c16198a363a0778b9cd', '2017-12-03 02:49:40'),
(523, NULL, '6bffd1bc73a7296340a058569fa8ddac', '2017-12-03 05:23:25'),
(524, NULL, '11ccbea48105b186f740cda120f91d2d', '2017-12-03 09:53:23'),
(525, NULL, 'c594f625cf1031b1129a67123db555ce', '2017-12-03 16:22:40'),
(526, NULL, '9ab66d4624b6a8007e0e05b53569354a', '2017-12-04 05:02:40'),
(527, NULL, '9ae267ea2e27ac188d56a5d022b7b669', '2017-12-04 05:02:18'),
(528, NULL, 'd23d9155d454a60573f592090e88c7f5', '2017-12-04 05:08:44'),
(529, NULL, 'd23d9155d454a60573f592090e88c7f5', '2017-12-04 05:51:59'),
(530, NULL, '9ab66d4624b6a8007e0e05b53569354a', '2017-12-04 06:00:45'),
(531, NULL, 'f3637845294372de71ba787f867a472d', '2017-12-04 06:03:39'),
(532, NULL, 'b29c6ed6cf02b1fcdd58110054e52569', '2017-12-04 06:03:40'),
(533, NULL, 'c9b21459672f630def3e78cec1ecce54', '2017-12-04 06:03:46'),
(534, 3, 'd54091c4c958845484865f93620d557b', '2017-12-04 07:03:26'),
(535, NULL, '446c99348345e5b02c4e7476fdc1cd26', '2017-12-04 06:03:46'),
(536, NULL, '3743d408f848f022cc74814eed498bd3', '2017-12-04 06:03:47'),
(537, NULL, '98a09ace77cac2383799e69db27ee989', '2017-12-04 06:22:07'),
(538, 3, '211a1e2fdef853cea16f222a63b0d4e6', '2017-12-04 07:33:27'),
(539, NULL, 'cbda0138ed312c3f9dde56ecade9dfbf', '2017-12-04 07:16:02'),
(540, NULL, '5f7d32e5dfb7197e9668e0d8f503ff1b', '2017-12-04 07:21:13'),
(541, NULL, '03e0d3f2b0640d4fc7634934208e96c0', '2017-12-04 07:34:16'),
(542, NULL, '03e0d3f2b0640d4fc7634934208e96c0', '2017-12-04 07:35:22'),
(543, 5, '03e0d3f2b0640d4fc7634934208e96c0', '2017-12-04 09:29:58'),
(544, NULL, '4d73534c83e38ec4a736c5b05aa527b4', '2017-12-04 08:16:50'),
(545, NULL, '3dd0a6a3f37ac200a8dbc2c536411f86', '2017-12-04 09:36:29'),
(546, NULL, '7c0b842fd7a32926b712d08566eed562', '2017-12-04 09:18:15'),
(547, NULL, '541b2c4b9351648637ec281f332650de', '2017-12-04 09:18:22'),
(548, NULL, '483b15e50d8056e5e9feed01e460d814', '2017-12-04 09:18:32'),
(549, NULL, '1d796fdca24f031d69215c6c5026eff1', '2017-12-04 09:19:15'),
(550, NULL, 'b4660ca6fe8dca091e24af1961e7e74b', '2017-12-04 09:20:27'),
(551, NULL, 'e9540642053afc815457bc0aca2f58c9', '2017-12-04 09:21:19'),
(552, NULL, '686fc3cdc71a510048984afac4897148', '2017-12-04 09:21:36'),
(553, 5, '9e015095982d40f5ecd3e8cadb4f2c77', '2017-12-04 11:16:48'),
(554, NULL, '853c81929ce9b1276b3c6e94edfcbb3e', '2017-12-04 09:36:29'),
(555, NULL, 'd4d2446f4131fdef5f27176fcb683a59', '2017-12-04 09:34:31'),
(556, NULL, 'a29c8c49cc0e3f186cc30d57c758c9d7', '2017-12-04 10:13:35'),
(557, NULL, '8beb536410d2f2a3f636870bc50b0764', '2017-12-04 10:26:15'),
(558, NULL, '013788fae89032ed65f943c5641e63f8', '2017-12-04 10:34:26'),
(559, NULL, 'daef838ce274593d9a746accd30adce5', '2017-12-04 10:39:15'),
(560, NULL, '5f9d328aeed5513d690ea6fd90b08d7f', '2017-12-04 10:39:20'),
(561, 5, '041528edf3d62798c9ae692ab6ac5b1f', '2017-12-04 10:56:11'),
(562, NULL, 'b536a7d726a87858ae9106bafc31723a', '2017-12-04 10:40:15'),
(563, NULL, '35f137fca08a8164c39041341b61073f', '2017-12-04 10:55:15'),
(564, NULL, '637e407655b3af667b2aaf21338844cf', '2017-12-04 11:14:34'),
(565, NULL, '7cbfa3a94098914dd2f7a1010f08046f', '2017-12-04 11:44:13'),
(566, NULL, 'f173ed2dad16a0c49e217cd5658041b4', '2017-12-04 11:45:57'),
(567, NULL, 'e579f1cebdd2e782c1be41933695efcb', '2017-12-04 12:14:10'),
(568, NULL, '535405dea44c050143151929623021b3', '2017-12-04 13:06:46'),
(569, NULL, '4d75a6b8c8fbdeee2ce6524ed8605c3d', '2017-12-04 11:50:54'),
(570, NULL, 'ccefa51c8a65fd5b7c26677f25be8aa2', '2017-12-04 12:06:18'),
(571, NULL, '7572e2926043855b104acd9a4cefc53f', '2017-12-04 12:12:35'),
(572, NULL, '15bb4efe0a0fcd10f236e03995676993', '2017-12-04 12:13:56'),
(573, NULL, 'a57b7eb0648274aa909a457317ab4729', '2017-12-04 12:14:02'),
(574, NULL, '4a7fbc82b2fa8b106f421596fafe4fd8', '2017-12-04 13:27:45'),
(575, NULL, 'cc38aaa99ae7b318abf207ff6492e360', '2017-12-04 14:08:14'),
(576, NULL, '607088a6e5dc6c6c6c3969bf0d94d827', '2017-12-04 17:11:51'),
(577, NULL, 'c14f11476e018240a5ce652fc3be8c9c', '2017-12-04 17:56:49'),
(578, NULL, '15af7fe49979c3bd54fef431192b0d53', '2017-12-04 18:49:29'),
(579, NULL, 'e595beac4af4689536dd2ffef7543db2', '2017-12-04 19:15:20'),
(580, NULL, '04a7bcfea2c8107491b738c75465360c', '2017-12-04 19:15:22'),
(581, NULL, 'cdf544e5d8ca955015a0d9659a8c333c', '2017-12-04 19:15:33'),
(582, NULL, '16736e81333a71446f113b8f9a4a3268', '2017-12-04 23:04:40'),
(583, NULL, 'b0e12c127d285ef96c2bfd4133f7b14c', '2017-12-05 05:07:44'),
(584, NULL, '135126665762e40eafe90c27cfaddb6c', '2017-12-05 06:56:01'),
(585, NULL, '6f5acaa9d61490329b33d9f69a3936dc', '2017-12-05 06:55:53'),
(586, NULL, '9fae1d342f68a45f02cec7e7a6e227d9', '2017-12-05 06:56:51'),
(587, NULL, '8deb571c75e77261ce99e0776f29b67c', '2017-12-05 07:06:20'),
(588, NULL, 'a4202b4aab541fa08da240915e1dac4a', '2017-12-05 09:56:55'),
(589, NULL, 'aa7cd7957b058e18148f4a3834c4c235', '2017-12-05 11:49:17'),
(590, NULL, '1656e47b6105bc8d4db4df2f045c4934', '2017-12-05 11:59:26'),
(591, NULL, 'a1282871f597c60ce00ddadd0b9521d4', '2017-12-05 11:59:47'),
(592, NULL, '60fbaae646ab73471af8c6f363905a25', '2017-12-05 17:45:52'),
(593, NULL, '07f063aa76bc76430ebea2e1c6e31a40', '2017-12-06 01:52:30'),
(594, NULL, '1c2527dca77110ad5b30baac1c4359a3', '2017-12-06 04:33:56'),
(595, NULL, '87c8c4945953d4a00cb945d521ea790d', '2017-12-06 08:23:40'),
(596, NULL, 'c0f94ffce351d2b27db7a4a3f441de13', '2017-12-06 08:44:19'),
(597, 5, 'f7b94e3a6b35159f807f733d214d4519', '2017-12-06 11:22:18'),
(598, NULL, '1d727716da5377c707210cd003c405a4', '2017-12-06 10:46:53'),
(599, NULL, 'e7838c51689e548a37b90bc66d6bd69e', '2017-12-06 10:50:49'),
(600, NULL, '179d5dbbf5a34c83a7c93bde464d27e8', '2017-12-06 10:53:30'),
(601, NULL, 'c200c5b0fc930c26f6cf18344f543b7e', '2017-12-06 11:10:45'),
(602, NULL, '085aaa7780eb5cf869e5f47812b1478b', '2017-12-06 11:18:33'),
(603, NULL, '7d393cbf3d0be08a69e249fe878d01f5', '2017-12-06 11:21:49'),
(604, 5, '5eef96d037bd7e27fe9aeb82f851e363', '2017-12-06 12:04:19'),
(605, NULL, 'db54fe27cf306d6b7d1d8f98c1a81c6c', '2017-12-06 11:22:20'),
(606, NULL, '4b1fd30f55b888815cdc76bdcd3169d9', '2017-12-06 11:22:48'),
(607, NULL, 'c0f23a7d16edc834c5fe055a90d978df', '2017-12-06 11:23:33'),
(608, NULL, '1f019ff73150f78ac4baf6471fe72d8f', '2017-12-06 11:24:42'),
(609, NULL, '661a34c669aed198607ca1d20da57c77', '2017-12-06 11:25:27'),
(610, NULL, 'd25ab379e9ab12160a03f4296329adbe', '2017-12-06 11:29:20'),
(611, 5, 'c188364ecd63affbda552b72737601cc', '2017-12-06 11:31:45'),
(612, NULL, '0101cbef4cddb39cca86c86ab26949ac', '2017-12-06 11:31:21'),
(613, NULL, 'e509c2b64050bab21c8174a97a1a36c1', '2017-12-06 11:42:06'),
(614, NULL, '8ad14aac57becd37dd658b58f416f8ea', '2017-12-06 11:51:04'),
(615, NULL, 'b015d7742be0d1ad7054318bc946a8ca', '2017-12-06 12:04:20'),
(616, NULL, 'c4a692a8b0ad8de803a4d6ab9c4f37ef', '2017-12-06 12:07:05'),
(617, NULL, '258ac5c107b848a238155b9595d39517', '2017-12-06 13:08:21'),
(618, NULL, 'f7d594621d59031e989b71ef6d86e2f5', '2017-12-06 13:22:00'),
(619, NULL, 'e55ddd66b24ec88e808435d4c2a3d654', '2017-12-06 18:06:55'),
(620, NULL, '3697b5ef422891221e4fe3d674834fa3', '2017-12-06 19:20:20'),
(621, NULL, '3ee9102b80fcadf732bc021b2f3863ce', '2017-12-07 04:09:16'),
(622, NULL, '76a30cdab5174f624ad6679bb3ce5632', '2017-12-07 04:23:36'),
(623, NULL, '989a0b21a7e79dd84c6897c97219d565', '2017-12-07 07:01:58'),
(624, NULL, '72a8674620fe93dceb62fefdde0bbb28', '2017-12-07 08:01:18'),
(625, NULL, '050fb4b2a08d3f76de81adc0e5a9b382', '2017-12-07 09:43:32'),
(626, NULL, 'f914efffb4fc24caf24ac95572197a62', '2017-12-07 12:33:27'),
(627, NULL, '3b997948c9e3cce143aee6f19c2da561', '2017-12-07 21:12:39'),
(628, NULL, 'b3c41023195f3a597d9311b5f39690d7', '2017-12-08 04:26:18'),
(629, NULL, '5800017ee85c8d994310f75d2f51a0de', '2017-12-08 04:53:38'),
(630, NULL, '36a7177a2c0f5bf3a89d3745f519ec80', '2017-12-08 06:59:19'),
(631, NULL, '18fb9c7c13c3407516cb57d9dbbc1ce3', '2017-12-08 08:26:27'),
(632, NULL, '7c911f68b3d45f4212027c7486e91f20', '2017-12-08 10:25:58'),
(633, NULL, 'ff2810031d2281514d9172e394c552d1', '2017-12-08 18:55:08'),
(634, NULL, '6224bdffb4b01cf54db91930d47756b8', '2017-12-08 23:11:13'),
(635, NULL, 'a2cc773f612c99da533e817bc2828dbc', '2017-12-09 02:12:54'),
(636, NULL, '2486a3688ea0cb167b3f8e4964888025', '2017-12-09 05:24:21'),
(637, NULL, '8740d834e49fb3d7ade81bec2fbf8910', '2017-12-09 13:21:26'),
(638, NULL, 'd9cf2dd502dbac0b762c24f7e31739fd', '2017-12-09 13:44:40'),
(639, NULL, '9cc6cfd3b196c616425d83826db4b50a', '2017-12-09 18:06:21'),
(640, NULL, 'cef253312962269b58a07faed9bfaef5', '2017-12-09 22:38:54'),
(641, NULL, '08328b800343a8328ffaf5675f9ea487', '2017-12-10 06:45:59'),
(642, NULL, '66e3f81218c8ebcfbe447ffb368ed71f', '2017-12-10 17:12:26'),
(643, NULL, 'a4618cf9c9a52a78fdce686625c10cdd', '2017-12-10 21:50:27'),
(644, NULL, 'e17a71bb05cb10b1bb5083a5220bfa29', '2017-12-10 22:03:44'),
(645, NULL, '4b111e6b253293c7dc441e3e758e71d0', '2017-12-11 02:20:52'),
(646, NULL, '204b59f12a6f83b1d75c4fd97282baeb', '2017-12-11 02:55:12'),
(647, NULL, '1261d6dfedc27a424ba8c03395627882', '2017-12-11 09:45:19'),
(648, NULL, '4cc81a5626a8ab1c9c1098995c016d59', '2017-12-11 15:08:04'),
(649, NULL, '5c3ee5eeb74649759f742d86b65cf5e3', '2017-12-11 19:34:10'),
(650, NULL, 'e3f759a55e0968a94afabaf343051c32', '2017-12-11 22:40:37'),
(651, NULL, '43d48d7d883bf805f6beca081ab1a2a6', '2017-12-12 06:10:17'),
(652, NULL, 'cd8a3b0b6982a2621967e9b6c0fadb74', '2017-12-12 12:29:51'),
(653, NULL, 'ff76ec93b65128cdc61a374aa246ece2', '2017-12-12 12:29:59'),
(654, NULL, '1d77be9efaf08fcf921e38d8b87beb09', '2017-12-12 14:03:16'),
(655, NULL, '695326509ec29863d2ca2190654a5d44', '2017-12-12 14:03:19'),
(656, NULL, '64a3ae34a6b7db3bd053706a9b970fcf', '2017-12-12 14:03:22'),
(657, NULL, 'b623b7130e26cbfb24157fae50a5ee13', '2017-12-12 14:03:26'),
(658, NULL, 'da1b6f994564c91a2057466e0c2d639e', '2017-12-12 14:03:29'),
(659, NULL, '61a5c42900276698dde19f4a3d7b88fd', '2017-12-12 14:03:32'),
(660, NULL, '97863e55f1103b47b3592ec19eff411e', '2017-12-12 18:31:56'),
(661, NULL, '6efc145c3b5f47ba7d4c91effc000139', '2017-12-12 23:36:11'),
(662, NULL, '933f5ae0ca4e3afc3059d7582bb166b4', '2017-12-13 05:24:15'),
(663, NULL, 'c7b6a9a538e96ad7f9baf5f637ce8880', '2017-12-13 12:49:21'),
(664, NULL, '7010add19c04218348c2d5e8b9b30a89', '2017-12-13 19:14:21'),
(665, NULL, '557df8027da255607c8524d00ffabd55', '2017-12-13 23:16:23'),
(666, NULL, 'caf070c11ca4d928fa31c07e332b2bb6', '2017-12-13 23:16:31'),
(667, NULL, '5c8b27045cdb8d3bdf219d9b8944e463', '2017-12-13 23:16:34'),
(668, NULL, 'e026bfca5f5fe948f65b3232b135a3fe', '2017-12-14 06:52:38'),
(669, NULL, 'fa42dbcb62dd41c1d67d68472211451e', '2017-12-14 10:47:38'),
(670, NULL, 'ce3b11ba94f99a2e263c765cbc38684e', '2017-12-14 17:29:28'),
(671, NULL, 'd111572b3f6246816f321a20056a58a9', '2017-12-14 18:55:31'),
(672, NULL, 'c30ce627c667e9df592400bce136c9fc', '2017-12-14 21:49:47'),
(673, NULL, 'e9cbb9f61c573ef6f749ae49d4b57e25', '2017-12-15 00:17:45'),
(674, NULL, '25aaefb0e85e51613ec9ad99e21b778d', '2017-12-15 05:10:02'),
(675, NULL, '455203f5e72a36b49e1c263f478d1073', '2017-12-15 06:13:09'),
(676, NULL, '94e10b1fadd590a29888bff08f7acaab', '2017-12-15 14:02:51'),
(677, NULL, '9b8a6e587d21469bc58fa33fe21df1e6', '2017-12-16 03:22:40'),
(678, NULL, '7c5060b9647406219db6b2c72f7977c0', '2017-12-16 03:22:40'),
(679, NULL, '9d10c217137c3300bf2e87be523db05b', '2017-12-16 03:22:44'),
(680, NULL, 'a4ccd583e721f77cba9c4a981a69527a', '2017-12-16 04:30:04'),
(681, NULL, '6dc903e82f24ce0b76e8d1c910b63c10', '2017-12-16 07:04:39'),
(682, NULL, 'd1be4458d1de834890659e0f1d5238bc', '2017-12-16 07:22:53'),
(683, NULL, 'd2b84b483d3761971002ed97443a9d1a', '2017-12-16 16:59:38'),
(684, NULL, '4cbeb7170467de0b575b5973d5a3b0e3', '2017-12-16 17:00:16'),
(685, NULL, 'dc1c66058e77ae2a776822c6fbcfc055', '2017-12-17 03:52:40'),
(686, NULL, '1e602b2e80614072911540f5ecbd9e50', '2017-12-17 15:24:04'),
(687, NULL, 'c2b71be710a24693f1261cbb8e511abc', '2017-12-17 15:46:51'),
(688, NULL, '40b42ddd29511c6a4aad0104a414e1dc', '2017-12-17 23:11:44'),
(689, NULL, 'fac4422a4c0481c6ebe89ac082616dff', '2017-12-17 23:34:56'),
(690, NULL, '85b08f2b52b1f6028046e3ebc53e534b', '2017-12-18 00:31:37'),
(691, NULL, 'b62252b5ffe627e720880f51eb8902eb', '2017-12-18 01:01:03'),
(692, NULL, '9749da552f91393b1bf25558ffc921d4', '2017-12-18 04:32:17'),
(693, NULL, '49197f35d76fe8d7b5dee13834221bfa', '2017-12-19 01:44:59'),
(694, NULL, 'a66fb1226ddacc7aff227e47f23f05e5', '2017-12-19 01:45:04'),
(695, NULL, 'bcf99c6b23c7892ab69e1113e63f21aa', '2017-12-19 07:18:21'),
(696, NULL, 'd7f5c91b951d072eaa729510c1288c92', '2017-12-20 01:56:35'),
(697, NULL, 'e784344faf0b28b3ff15d28dc7c68d2a', '2017-12-20 07:57:28'),
(698, NULL, '1a5d03de1379362046aabc562aa24fd7', '2017-12-20 11:37:33'),
(699, NULL, '066cfa7a0102c4384ae3f629eeb617f7', '2017-12-20 14:23:05'),
(700, NULL, 'd8cc8426759fd0b4ac1cb0790e17baf2', '2017-12-20 18:17:54'),
(701, NULL, '181a9f3f13f2abc193ec24679283d4a9', '2017-12-20 22:37:27'),
(702, NULL, '8fa7b5bfea6b25f59f9dc358aa887f10', '2017-12-21 01:09:37'),
(703, NULL, '43a95a718f2527d24da13992c1e31dce', '2017-12-21 08:37:23'),
(704, NULL, '66fc85fdc96d86b74cd554c58863c570', '2017-12-21 17:34:30'),
(705, NULL, '1d57fc2d02601cbf57fe646fe248b203', '2017-12-21 19:42:21'),
(706, NULL, '132c0c61e99dafe51c934aab56043d13', '2017-12-21 20:31:41'),
(707, NULL, 'a0173942e527af02647aaacf11b6423a', '2017-12-22 09:01:29'),
(708, NULL, 'f17e738d2db2e12d8387d68370e71fed', '2017-12-22 09:01:40'),
(709, NULL, '56a8f6f71ae39bb20bce57a3abd84d82', '2017-12-22 11:42:18'),
(710, NULL, 'bbb2b1410290580ff1ed8d838cdf004e', '2017-12-22 11:47:51'),
(711, NULL, 'e1ba7903b3b60d2546ae26094516d95e', '2017-12-22 20:07:40'),
(712, NULL, 'e5f8120aa4ffe20e581de88fabbfa5aa', '2017-12-22 20:07:40'),
(713, NULL, 'd59f7de0a96badf19b58dc84b1b2ba90', '2017-12-22 20:07:43'),
(714, NULL, '672cbee48738dbb31d07b41e260a3fe7', '2017-12-23 03:10:50');
INSERT INTO `customer_visitor` (`visitor_id`, `customer_id`, `session_id`, `last_visit_at`) VALUES
(715, NULL, '6164809c2198e16163a0434eb00b1838', '2017-12-23 04:26:01'),
(716, NULL, 'c8057eb1d37e3a1e985ec4bdd791f200', '2017-12-23 04:26:45'),
(717, NULL, '4869fff0ce9d2100584e5679d72a54e1', '2017-12-23 04:26:58'),
(718, NULL, '69bd63d4b0833d570ee88b65fe0fea69', '2017-12-23 04:27:02'),
(719, NULL, 'fabc04717c2579b5c15d8aea2c9135d5', '2017-12-23 05:45:16'),
(720, NULL, '3f863a027546844928a7db1422a59713', '2017-12-23 09:06:34'),
(721, NULL, '19a83cdd0678b74a9082e4aaab8d6372', '2017-12-23 09:06:39'),
(722, NULL, '86393f942199b54c29227571c717a039', '2017-12-23 10:16:01'),
(723, NULL, '7b04b46b6ebd3a6ab5f9531261c8dfca', '2017-12-23 15:31:01'),
(724, NULL, '28eddfbaacddb6fb763e106170aa9aaf', '2017-12-23 15:54:15'),
(725, NULL, '2faa37a9ef8349db3a23fb0770192e86', '2017-12-23 16:23:14'),
(726, NULL, 'ec18c5bb65e3b39f4b01ffb08460e9ed', '2017-12-23 16:59:05'),
(727, NULL, '4a9e3d7363486195de8454cd4be070ed', '2017-12-23 20:59:42'),
(728, NULL, 'cc910eaae86a18981afac87e76535dcd', '2017-12-23 22:14:45'),
(729, NULL, 'b6b42f3e4594ebb80941fc03d6090c0b', '2017-12-23 23:20:21'),
(730, NULL, 'a8f6b21ac225003ce4b36cbb50f7f4aa', '2017-12-24 05:31:57'),
(731, NULL, '9cf0c0f14ea0b8ef14451e3212e4124f', '2017-12-24 06:42:14'),
(732, NULL, '32fc3dfeb152ceb3559cd6bcbd7c12a1', '2017-12-24 06:42:22'),
(733, NULL, 'e6911fec298c9cc9eb1dfcef5755d497', '2017-12-25 05:02:41'),
(734, NULL, '1342a2c738e849713ea4b341a8dd4166', '2017-12-25 05:43:10'),
(735, NULL, '83206078283213a7d3aef948a524ffd2', '2017-12-25 15:59:39'),
(736, NULL, 'b3523469d9a95a4e83d676104908f2f4', '2017-12-26 04:37:46'),
(737, NULL, '4dcef0058632f8fc65d99369e546d981', '2017-12-26 05:14:16'),
(738, NULL, '63e870d5dbccd74aadecfc56ed1e911c', '2017-12-26 05:52:08'),
(739, NULL, 'b9a832850d8e4e774a67c519953df3ae', '2017-12-26 05:52:08'),
(740, NULL, '9a8387bf4e1394dacddb29a864f120d2', '2017-12-26 05:52:12'),
(741, NULL, '490fc8f914d1b1f62b7f18401b0e64b1', '2017-12-26 09:33:35'),
(742, NULL, '9fcbbc531946b2fc5ad6668dbf5d20d3', '2017-12-26 09:51:06'),
(743, NULL, '406cf827d855a3fbfe6741b853d684b1', '2017-12-26 11:56:53'),
(744, NULL, 'e776ac24bcd3de89db3766ad4e6f1cb8', '2017-12-26 20:11:16'),
(745, NULL, 'fcd3d4bd842ac812c7cd26bfa5e83f7a', '2017-12-26 20:11:19'),
(746, NULL, '31a3650af9c338ebc41757a263bc17ac', '2017-12-26 23:58:06'),
(747, NULL, 'aefcfd7e712c6657c94b2dc0a3aa8a0f', '2017-12-27 01:18:36'),
(748, NULL, 'b0b53b1d14c0fb70482c04ef960e1038', '2017-12-27 07:05:33'),
(749, NULL, '97a3f64256f288f1be30ecc1217136db', '2017-12-27 06:36:43'),
(750, 4, 'fe918af7f2747076f43f71445b7db9f2', '2017-12-27 07:03:21'),
(751, NULL, 'cf68b2ad2c8eb8d1ffd25ae9e2ae13f1', '2017-12-27 07:00:03'),
(752, NULL, '5c51f11f9aef40bed930797e979ee7dd', '2017-12-27 07:00:06'),
(753, NULL, '82de96bb74c3ef1519420326ffadb770', '2017-12-27 07:00:10'),
(754, NULL, '0d2e23428140af33b187e6d30d56061f', '2017-12-27 08:30:25'),
(755, NULL, 'b9afb63686a56805a84a96c568b6a57a', '2017-12-27 09:45:44'),
(756, NULL, '1f57d6ec7f340540b11ca4d85b678d19', '2017-12-27 09:45:50'),
(757, NULL, '68c853c9968875c304aa301508949449', '2017-12-27 12:04:13'),
(758, NULL, '81e3d418a1af5e35874887e9c4caf509', '2017-12-28 06:45:07'),
(759, NULL, 'd0c00231f20893797b126271e3f45f95', '2017-12-28 06:44:55'),
(760, NULL, 'd12bf13f29ab6e041607d9c924194fe1', '2017-12-28 10:01:00'),
(761, NULL, '27d5fe90cc457516b556775462285189', '2017-12-28 12:06:36'),
(762, NULL, '7b296a087b83c925361c354730b11139', '2017-12-28 17:29:37'),
(763, NULL, 'aa2cec7a8c63d6a2440e1a7a1822d30e', '2017-12-28 17:29:40'),
(764, NULL, 'ab258f3cfe991c51275479fdb41d0cec', '2017-12-28 17:29:44'),
(765, NULL, 'c4516c35aefeeb9dfb70bb6565a3b6b1', '2017-12-28 17:29:47'),
(766, NULL, '8275f9e4e8860d887f75ff6c1814592f', '2017-12-28 17:29:51'),
(767, NULL, 'a5b9fa1664b54bccb8526ae37d781c8f', '2017-12-28 17:29:54'),
(768, NULL, '40e81207a938e5c79ab72a4bea5e844e', '2017-12-28 17:29:57'),
(769, NULL, 'eadbcd36959988accc6fcb9326f30cea', '2017-12-28 17:30:01'),
(770, NULL, '14008cde8f13ce5c1933d310b1efc395', '2017-12-28 17:30:04'),
(771, NULL, '6f49e79695a081c411c1479c0f6cbcf4', '2017-12-28 17:30:07'),
(772, NULL, '1e323140114265632262bf9761c9e00c', '2017-12-28 17:30:11'),
(773, NULL, '97f151b0f1533381efc3b8986439c964', '2017-12-28 17:30:14'),
(774, NULL, '16c585f8131de32f8a9caae9de662f69', '2017-12-28 17:30:17'),
(775, NULL, 'c030e0b6f9c19aa7043991ab77c414fb', '2017-12-28 17:30:22'),
(776, NULL, '384c175c55e0c6ca142f65d3a25d0d4b', '2017-12-28 17:30:25'),
(777, NULL, '4880dc036cbd7b33991d69929516831e', '2017-12-28 17:30:28'),
(778, NULL, '40d3cb485ec64bc185f84010600d31c7', '2017-12-28 17:30:32'),
(779, NULL, '0248ab1e1af7296257113e262df7473f', '2017-12-28 17:30:36'),
(780, NULL, '2283ad475a1e9465ee4fe4ea73ea1024', '2017-12-28 17:30:39'),
(781, NULL, 'c3c52f5ca6fea919cf1ebdfcbf9a4db9', '2017-12-28 17:30:42'),
(782, NULL, '18fa09cf004899a137a8383681831e9d', '2017-12-28 17:30:46'),
(783, NULL, '0ac29ac9ac005e8da1195f1904763382', '2017-12-28 17:30:49'),
(784, NULL, '166dab165423b98f7490bac5c0f2efb8', '2017-12-28 17:30:53'),
(785, NULL, '48f77d9ddb4fac7f2ee346605cae68f9', '2017-12-28 17:30:56'),
(786, NULL, '56c8ef68f89a181f743b5f0cc03ccf38', '2017-12-28 17:31:00'),
(787, NULL, '2bd55caebfae7dc7ca8630f9a78ea259', '2017-12-28 17:31:04'),
(788, NULL, '108393bca8adbb4b554e2a2f34d2c7b4', '2017-12-28 17:31:07'),
(789, NULL, 'd3e1dd85c526c808f4de9316abcb4056', '2017-12-28 17:31:11'),
(790, NULL, '302fe85a24e0d2c07649c7ae5ee9394c', '2017-12-28 17:31:14'),
(791, NULL, 'e5603dc63c878b2deebe36fcf3953b91', '2017-12-28 17:31:18'),
(792, NULL, '47eb5cb3e4f9f216df7663ff44fe0d26', '2017-12-28 17:31:21'),
(793, NULL, '67543024d4ff4bba2c271ac4dae8d2b5', '2017-12-28 17:31:24'),
(794, NULL, 'cc21f356c350dba48be7e0cc0e90a432', '2017-12-28 17:31:28'),
(795, NULL, '3c953249497cacaa4941ca0cac6833b1', '2017-12-28 17:31:31'),
(796, NULL, 'f020539d4b2d0a5736937eda0d09ef08', '2017-12-28 17:31:35'),
(797, NULL, '3a5c9350f424652197982d57d0a4291d', '2017-12-28 17:31:38'),
(798, NULL, '4744bcae1479bb032bfaa081e1021e77', '2017-12-28 17:31:42'),
(799, NULL, '41f801889a20d3de642bb8cd4d649596', '2017-12-28 17:31:45'),
(800, NULL, 'ed8d2254c137848057da46a94c7ccace', '2017-12-28 17:31:48'),
(801, NULL, '438cf3c9828e19c828af06a2ce0c0d2b', '2017-12-28 17:31:51'),
(802, NULL, '201efb4f9e0f2fbcf38c726758fb6fd2', '2017-12-28 17:31:54'),
(803, NULL, '2690388ffa81f3de721fb5c63def3543', '2017-12-28 17:31:58'),
(804, NULL, '207891af859bb2ef20839f41aa6bbd97', '2017-12-28 17:32:01'),
(805, NULL, '6e2ead3451c1a603c9b5c218ed10ac63', '2017-12-28 17:32:04'),
(806, NULL, '7aadd04e1d6a761fe4048e13dc8c3f69', '2017-12-28 17:32:08'),
(807, NULL, 'd1da1fe0550b36fb672da3e086be8dee', '2017-12-28 17:32:11'),
(808, NULL, 'd6df3765fe002c7b4630dbe6caf5f88e', '2017-12-28 17:32:15'),
(809, NULL, '5da79ed6cd547a596055a3d71d2dde51', '2017-12-28 17:32:18'),
(810, NULL, '059bf7abfdd88184cc0c691b38ba97b8', '2017-12-28 17:32:21'),
(811, NULL, '3ff04fa949c7d8d325e6f9ba00b96691', '2017-12-28 17:32:25'),
(812, NULL, '919285cc4b3b3064ff011b7c35abaf77', '2017-12-28 17:32:28'),
(813, NULL, 'dd18c482444bbbef48796816d4a6490a', '2017-12-28 17:32:31'),
(814, NULL, '75682473fb70fd298aacfec6e18d6697', '2017-12-28 17:32:35'),
(815, NULL, 'aa1e16f1af72169ae37ffa049978daa7', '2017-12-28 17:32:38'),
(816, NULL, '48ae5f6e86fb6f3dbe0fcba5c852618b', '2017-12-28 22:26:37'),
(817, NULL, '6cbbb6bcfb82dbc43b71149debfc378d', '2017-12-28 22:32:43'),
(818, NULL, 'aa2b98784b23b8f856ed21e151a1589c', '2017-12-28 22:31:13'),
(819, NULL, 'ff92d2b3a0af7b5ddd8998900344461d', '2017-12-28 22:31:42'),
(820, NULL, '0ab58a895dacaa842b48aa9665bbc36f', '2017-12-28 23:37:36'),
(821, NULL, '483b590d749db5f647a1652e48d37082', '2017-12-28 23:37:40'),
(822, NULL, '81ebb688d9fe54cac79ec33cade876ec', '2017-12-28 23:37:43'),
(823, NULL, '328c642fd02a7c6af4aa92cac9651f6c', '2017-12-28 23:37:49'),
(824, NULL, 'b8187462208d9757de1ddf33f2c246cd', '2017-12-28 23:37:58'),
(825, NULL, '81bba129e9bd458688ba9381bad162e3', '2017-12-29 00:09:42'),
(826, NULL, 'ee822e0451b4998516107c5166699f51', '2017-12-29 00:07:04'),
(827, NULL, 'e2ef999c88443722e8d01c44ce4eb075', '2017-12-29 00:21:47'),
(828, NULL, '3e8cbf7b91daa3b757a4665576c36f94', '2017-12-29 04:06:05'),
(829, NULL, 'feffdc577bb1097951f75ce78cd179f7', '2017-12-29 06:02:15'),
(830, NULL, '479ef73938d44783c1fb63e0c8c2631e', '2017-12-29 04:55:14'),
(831, NULL, '25dbc0181e08dfc50ebecdbb9c7c7b7e', '2017-12-29 05:29:52'),
(832, NULL, '9cd69d87242060b251431dbedbad3fc2', '2017-12-29 05:30:47'),
(833, NULL, 'c98e4a85904ebd92c4b73a66240729eb', '2017-12-29 05:45:10'),
(834, NULL, '903f7af3c5b26745304df35bb769c65b', '2017-12-29 05:45:10'),
(835, NULL, 'a6161d085b8f04751988abfed9e8bae3', '2017-12-29 05:45:10'),
(836, NULL, '75eff703ce07d3167cb9ce094b22a720', '2017-12-29 05:45:10'),
(837, NULL, 'fdaaf394a12d534549c3a2e346302d7e', '2017-12-29 05:45:10'),
(838, NULL, '514848384b452a5954e9d7e3ab1232c1', '2017-12-29 05:45:10'),
(839, NULL, '0bac6537be5518964c7d832024c3280e', '2017-12-29 05:45:10'),
(840, NULL, '8cd97348203ea7fbb30a405ce0a8fd4d', '2017-12-29 05:45:10'),
(841, NULL, 'b7e1920eda7fdd5261b99fc136262647', '2017-12-29 05:45:10'),
(842, NULL, '70f8f5afebe64272d63695c17eea9af1', '2017-12-29 05:45:11'),
(843, NULL, '4354e3ffbc0a71af62b72aa498112b87', '2017-12-29 05:45:11'),
(844, NULL, 'e0db6de7e6fae72a28508e4083fcc213', '2017-12-29 05:45:13'),
(845, NULL, '68627fe9585e10379544b56e57a092de', '2017-12-29 05:45:13'),
(846, NULL, '4350e009bdeedcab1b89fcd7737c24c1', '2017-12-29 05:58:45'),
(847, NULL, 'e28c8ce6b889869035a7d7c4f18087f8', '2017-12-29 06:40:17'),
(848, NULL, '80c09555632088444f78976ba175a96e', '2017-12-29 06:32:11'),
(849, NULL, '83e814473100162e8133e03a75cd02b7', '2017-12-29 06:33:34'),
(850, NULL, '504d3ff5d61a1b72009575ac43289857', '2017-12-29 06:33:36'),
(851, NULL, '8a095296a375cf8d3ab5dc7e23fe2b3b', '2017-12-29 06:47:26'),
(852, NULL, 'fbbc3e10e68d6e3ca887a3190fa508eb', '2017-12-29 06:47:53'),
(853, NULL, 'bb0e0f875c0021f9c57c8e1074e3c4cf', '2017-12-29 06:47:26'),
(854, NULL, 'e28c8ce6b889869035a7d7c4f18087f8', '2017-12-29 07:28:55'),
(855, NULL, '3020243db1bbf560a84125b0bd7d7b3d', '2017-12-29 07:31:19'),
(856, NULL, '7429e03bda70eb966e13d06736f1cfeb', '2017-12-29 07:35:53'),
(857, NULL, '25b26f2aeaf9794e56b82309e325b327', '2017-12-29 07:35:57'),
(858, NULL, '3020243db1bbf560a84125b0bd7d7b3d', '2017-12-29 08:19:59'),
(859, NULL, '5f683f02e2b70e1d410675ad3d7d771d', '2017-12-29 08:33:44'),
(860, NULL, '8e0ab0ee69114ec0dfa799405435c0c3', '2017-12-29 09:42:57'),
(861, NULL, 'e8dbf8c18506b80221a88b31a8b688d5', '2017-12-29 09:11:07'),
(862, NULL, 'a7590f13d95c79429ab171b8a1282efa', '2017-12-29 09:15:49'),
(863, NULL, 'f822f537ae54fa87b7d8f3e505a6f269', '2017-12-29 09:21:45'),
(864, NULL, '8f8484f51be46198758f5c19efa15035', '2017-12-29 10:04:59'),
(865, NULL, '12cf8717124a8fcf1103efc2ab46d3ad', '2017-12-29 10:01:04'),
(866, NULL, 'f46b7265061728c2d0eba840267ef2c3', '2017-12-29 10:06:12'),
(867, NULL, 'b3d95adbd07f5f38cf6e64ae9a363b86', '2017-12-29 10:06:13'),
(868, NULL, '05f2674c32eae01e5c05a7af0ca3f76d', '2017-12-29 12:05:17'),
(869, NULL, 'f32fac828a35774a2a4c68e7a021965f', '2017-12-29 11:37:16'),
(870, NULL, 'c36c46534012bee2fd200db88cce2325', '2017-12-29 13:42:01'),
(871, NULL, '6fbf3b31c5cb5e03cb538a91e900ccf2', '2017-12-29 16:24:50'),
(872, NULL, '8540f66fff9ed1599fdbadccd9dc81e3', '2017-12-29 17:03:19'),
(873, NULL, 'e8b38a56fccf834c05d00ac2b389bdf6', '2017-12-29 17:14:21'),
(874, NULL, 'b4fcd69e612b885bda43628334b64d4f', '2017-12-29 17:56:39'),
(875, NULL, '07402fb20904831cbe3d131f5151cf32', '2017-12-29 18:59:43'),
(876, NULL, 'df1a01dff2037451c023a3a218561337', '2017-12-29 18:59:47'),
(877, NULL, '42c1be55b4633de6438f9496a3041076', '2017-12-29 19:24:08'),
(878, NULL, 'f32593fd12de336b930185e543500233', '2017-12-29 19:42:38'),
(879, NULL, '38a1fdad4d1a7a854120c1215018e99f', '2017-12-29 19:40:28'),
(880, NULL, 'e20b22ba982aceed76964a6d99fe90f4', '2017-12-30 01:27:02'),
(881, NULL, '82ed4aa2cb17ed5ea9fa29d638ab38a6', '2017-12-30 08:50:46'),
(882, NULL, 'd2148647cfb0721f3dc9b8237fa9fd0b', '2017-12-30 09:12:27'),
(883, NULL, '48ba0ea3c59e54234dedd65d803e45d2', '2017-12-30 12:18:20'),
(884, NULL, '06db970be922c99188d5ab1afa690db9', '2017-12-30 12:19:08'),
(885, NULL, 'cdd2975c97bfd981aa475acbe554cac1', '2017-12-30 17:05:15'),
(886, NULL, 'bab4f5933b54c19bc98a2ec5465bdf4e', '2017-12-31 04:08:28'),
(887, NULL, 'e1796362325e37183f279b1f26c78fce', '2017-12-31 06:58:47'),
(888, NULL, '37c98a0d115d7fc751300754bb6fbb13', '2017-12-31 11:42:12'),
(889, NULL, '7a140f2749c3178c1ac4d4fd8f3917df', '2017-12-31 11:42:17'),
(890, NULL, 'e120b157264811763e0ce11932b0a5e9', '2017-12-31 17:40:05'),
(891, NULL, '2a4ae9f242880e7c3cf7433051bde134', '2017-12-31 17:40:09'),
(892, NULL, '35fe36850e0628f9b02f37d4082ba1c3', '2017-12-31 17:40:12'),
(893, NULL, 'e076be92b20f605ef50792aef5bacc65', '2018-01-01 00:15:29'),
(894, NULL, 'f2f0478e2dc1c6efcb3710f9cb9f8d3e', '2018-01-01 01:15:58'),
(895, NULL, '676d90f2a61617ba529f96e678a959c2', '2018-01-01 10:18:51'),
(896, NULL, 'fbd59302de856832be96c37b1f3dda71', '2018-01-01 10:37:56'),
(897, NULL, '8e65fc1a0c69bfee77d3f7b338ecb9aa', '2018-01-01 14:03:26'),
(898, NULL, '0c66b0cd67017b1019b366e6299040b6', '2018-01-01 17:33:26'),
(899, NULL, '43f91dc53e5f1394c78cd714fb27fe5e', '2018-01-01 20:36:45'),
(900, NULL, '1571b672d2f91b7da87b51b09ec0d5aa', '2018-01-02 04:07:15'),
(901, NULL, '3ec7755934983ddca7c9e81b7779fb97', '2018-01-02 04:03:53'),
(902, NULL, '644e600c400ced72d740984ad55c4fd9', '2018-01-02 06:05:07'),
(903, NULL, '233d316cc19108a54c0f241d0ff09952', '2018-01-02 05:33:43'),
(904, NULL, 'c4d5a97bdf9976f15fb3bd1c14b6dc20', '2018-01-02 05:33:42'),
(905, NULL, '0a8fd44e129bd10ae12c8db91f8416ef', '2018-01-02 06:38:16'),
(906, NULL, '1b2047f415e7365e4bb3dbf88d4e945c', '2018-01-02 07:25:14'),
(907, NULL, '95da00899910a36f11fa2d5710d73571', '2018-01-02 06:51:58'),
(908, NULL, 'e1881cbe7153c420f730f2480113c0de', '2018-01-02 08:59:12'),
(909, NULL, '7d26e63ad094e66a3337d0b4963cc2dc', '2018-01-02 09:05:31'),
(910, NULL, 'dceae2272927dd189da079c282face15', '2018-01-02 09:05:37'),
(911, NULL, '0b832943172d2b28fa46edb5f51fe195', '2018-01-02 09:11:00'),
(912, NULL, 'cf3cf9048fdc78e3ee9c97af5c644aaa', '2018-01-02 09:05:38'),
(913, NULL, 'c81fdc48cd08206fcb27c33515c2499d', '2018-01-02 12:23:34'),
(914, NULL, '9627004ec52a729e27ab47a02511a30a', '2018-01-02 12:41:42'),
(915, NULL, 'c81fdc48cd08206fcb27c33515c2499d', '2018-01-02 13:19:29'),
(916, NULL, 'df5ec112576e48e5cb3eaeafe5d80804', '2018-01-02 13:24:57'),
(917, NULL, '338d62517494c7e347811b35c7320b37', '2018-01-02 13:24:57'),
(918, NULL, 'eca47c298a6ca4be0131967ba374a071', '2018-01-02 13:24:58'),
(919, NULL, '3bafb32a6bbdc21c154f3913a1d9727e', '2018-01-02 14:31:53'),
(920, NULL, '5c381e3a31fa742d8a1a56abfbae8d5b', '2018-01-02 17:33:08'),
(921, NULL, '472c16ace942885e5fbb09c423045d73', '2018-01-02 17:54:10'),
(922, NULL, '89947ad3176a30275827c04468f2e216', '2018-01-02 21:55:28'),
(923, NULL, 'ad907d2023681c1a4b7385f1b5eb43c0', '2018-01-03 02:51:28'),
(924, NULL, '518857fbb39ba4c4bb5ee7f6c9403de0', '2018-01-03 02:58:01'),
(925, NULL, '6384e07ee0148755e08bb931fa19e3ef', '2018-01-03 04:11:02'),
(926, NULL, 'a489c94cfc53abfe0cbf1e25ba42889c', '2018-01-03 04:30:17'),
(927, NULL, '9552fd8dc75b9e7453ba1c1545f51916', '2018-01-03 04:30:44'),
(928, NULL, '6eba695b6d97308bf1eae79ba0192c44', '2018-01-03 04:33:28'),
(929, NULL, '4e03f3ec45dc4b643a8694bbd00a2ac0', '2018-01-03 05:26:38'),
(930, NULL, '61d1cf5ae9f54ad73d266de7ac0f1c2f', '2018-01-03 05:32:26'),
(931, NULL, '30d0512e2db7037997e3d1bb1c7656e9', '2018-01-03 05:29:20'),
(932, NULL, '16e6ea8bd468dec8c34f6dd64c55ed11', '2018-01-03 05:41:19'),
(933, NULL, 'dccac443884e1470886d8ba9d1058759', '2018-01-03 05:41:32'),
(934, NULL, 'd6e7868af70f6f9ecb55c7171393f378', '2018-01-03 05:41:39'),
(935, NULL, '3c12dc5d1c37756c39bc369676100c99', '2018-01-03 05:41:41'),
(936, NULL, '15a4df1349118668c0af95d7a7aac080', '2018-01-03 05:41:44'),
(937, NULL, '2d917ddbaf0a4d52f3b4b64da5f02990', '2018-01-03 05:41:45'),
(938, NULL, '5c714ac2c9fd1d6d49297984f9b6ecbb', '2018-01-03 05:41:57'),
(939, NULL, 'ce4a13de7ca963c286946d7e00151ef0', '2018-01-03 06:11:54'),
(940, NULL, '18f56852ed2415dda0b8548f97779f29', '2018-01-03 06:14:30'),
(941, NULL, 'ff61fae77ab331403f66f9242a757b86', '2018-01-03 07:32:48'),
(942, NULL, '5c0f67b22963cf4f4bfd13655c5129d6', '2018-01-03 08:44:22'),
(943, NULL, '5c0f67b22963cf4f4bfd13655c5129d6', '2018-01-03 09:41:53'),
(944, NULL, 'edbfdb27df9238822aa4dd7a3a5bee93', '2018-01-03 09:44:07'),
(945, NULL, '538510370f300756b2d278d1974fe416', '2018-01-03 09:45:16'),
(946, NULL, 'e4448baa7fb6065d27ef4dc0701823f2', '2018-01-03 09:46:04'),
(947, NULL, 'ef8f35a7923c4bb4f369fb578d942d6c', '2018-01-03 09:47:25'),
(948, NULL, '71618f57f364d470623947b4e7cae5fb', '2018-01-03 09:52:18'),
(949, NULL, '3b97d3422a839cad9df638d4f5ac3f3b', '2018-01-03 11:51:59'),
(950, NULL, '852fc87033f5f5400e77daf2efed5242', '2018-01-03 11:59:00'),
(951, NULL, 'cb88e1117c137b4cb3e64a1813f3b063', '2018-01-03 12:37:47'),
(952, NULL, 'b528332f6be182a00e82db76de5578cd', '2018-01-03 11:59:00'),
(953, NULL, 'bc64db482ff89d68109b72959a190f0c', '2018-01-03 13:06:21'),
(954, NULL, '3941ec8d9cc31fc3ed589b7308396d68', '2018-01-03 13:16:34'),
(955, NULL, '4f77c1b2bcbafbfdd1a8df922e3a39b6', '2018-01-03 14:09:42'),
(956, NULL, 'f7b22e15cae3a266566c5df8c31c625c', '2018-01-03 14:09:45'),
(957, NULL, 'd1f312164c8deebbd9e125ecda924fdf', '2018-01-03 15:46:46'),
(958, NULL, 'a503c0270fe411aeb46583118e8d259a', '2018-01-03 15:46:49'),
(959, NULL, '875cd2012e60a17f2c115bdcdf408365', '2018-01-03 16:55:21'),
(960, NULL, '5725feb3f42c48ee20b2f0870fbfef18', '2018-01-03 19:07:00'),
(961, NULL, '87499ffb4b5b08328211cde5b9dd6fce', '2018-01-04 01:28:05'),
(962, NULL, 'a5311cfcfc617bd45291192b8448ef20', '2018-01-04 02:41:11'),
(963, NULL, 'c0c7461b0688d3bfa398f61572567445', '2018-01-04 05:59:53'),
(964, NULL, 'b9bdee748ab402e9002b94d947c02634', '2018-01-04 12:03:10'),
(965, NULL, '4c8cfe3a267990d1d8b0a42bbd0a83d0', '2018-01-04 12:03:14'),
(966, NULL, '26b39ba0c4e86658f8eeb96dc611733a', '2018-01-04 17:50:34'),
(967, NULL, 'feb2fe60c38dbfd1d069a80ae51bbb79', '2018-01-04 19:35:11'),
(968, NULL, '7d623ea5e3d4f7809b4d5aaa8e5abf45', '2018-01-05 00:25:29'),
(969, NULL, 'e17a062ef1e4220ebff2d20a15f887c6', '2018-01-05 07:03:26'),
(970, NULL, '884a0b5b7e0ebab6812dddbfbb72db3e', '2018-01-05 09:04:39'),
(971, NULL, '6bab05f60e66076da323ba01fa70b549', '2018-01-05 11:22:05'),
(972, NULL, '0825aa77c384df4b383c929202b7c57d', '2018-01-05 14:54:16'),
(973, NULL, '2e08b8df70e0d8388f35eabd26dfb3a9', '2018-01-05 20:10:50'),
(974, NULL, '0e1665411560bbac12f1a19c196dbab7', '2018-01-05 21:27:52'),
(975, NULL, '64c0f66791b855fec0012a4111d36d0e', '2018-01-05 22:28:02'),
(976, NULL, '0a3cef3114be52636d5f20162707c537', '2018-01-05 22:28:10'),
(977, NULL, 'b46e950eccd4871b4cd9340e6464e67a', '2018-01-05 22:59:24'),
(978, NULL, '6ed899e91725901a9f1ed702dd574264', '2018-01-05 23:35:49'),
(979, NULL, '0147b628b9c5c2e59322874e0b85e035', '2018-01-05 23:42:10'),
(980, NULL, '4e8b0efc2fa7ffe1689fc5c3adba1cfd', '2018-01-06 06:54:39'),
(981, NULL, '10f9d40915f8043eacc70feefbff448b', '2018-01-06 06:59:07'),
(982, NULL, '1a5e27ad6393373e10330bfd7cb861e2', '2018-01-06 08:03:43'),
(983, NULL, '2f33628cf4f4c29da7f6a06a66f9373f', '2018-01-06 08:03:43'),
(984, NULL, 'efba79454c9cc39a088b712810f0f06f', '2018-01-06 08:05:10'),
(985, NULL, '77ba1ceaf43f98b7ae83cb36bef89db5', '2018-01-06 08:07:00'),
(986, NULL, '613175914f73deec163afb65c039d860', '2018-01-06 09:23:49'),
(987, NULL, '235c840abb35d0df0e41f5bde17881a4', '2018-01-06 09:23:52'),
(988, NULL, 'eb26f0c3b06a4d88fe393a42354d2244', '2018-01-06 09:46:55'),
(989, NULL, '26a2510321d77514f0a81b2900dc6b8f', '2018-01-06 10:17:59'),
(990, NULL, 'c45a7dbb3e558a367fc7b82f6a4fa1f9', '2018-01-06 10:18:08'),
(991, NULL, '1b6603f55d2bf34c0624ff409c4a4d1d', '2018-01-06 10:24:23'),
(992, NULL, '3753e33cc90271ce1695c6a42f216484', '2018-01-06 10:18:09'),
(993, NULL, '38764b9ca49c593d5eeb4398d8798427', '2018-01-06 11:14:13'),
(994, NULL, 'ba5f9343f0d462b91ca9f23a71f9a923', '2018-01-06 11:25:28'),
(995, NULL, '88429ad4643726058052129792785286', '2018-01-06 13:00:51'),
(996, NULL, 'cc08bc2f200f5d56719280068a3113e8', '2018-01-06 17:45:26'),
(997, NULL, '987a04cb920a036d4b80d0df432a4b16', '2018-01-06 19:28:51'),
(998, NULL, 'f6b24bf630d59c9687e66828b2eba6b6', '2018-01-07 14:05:24'),
(999, NULL, 'd3462e99056843bc3f80ea4c37cfad0c', '2018-01-07 21:18:21'),
(1000, NULL, 'c2d7ccfbfafbe6969298e9da185eac3e', '2018-01-07 21:18:24'),
(1001, NULL, '6c3956748a13f37b68ade764dca6c9d9', '2018-01-07 21:18:27'),
(1002, NULL, 'edae1c35158e930b012ec72f7a70f4b7', '2018-01-08 02:08:30'),
(1003, NULL, 'ec0e30f96e17d9bca3d91e58b5ed945b', '2018-01-08 04:09:18'),
(1004, NULL, '776295916bdc0090a1f8da7e0647bbdf', '2018-01-08 04:43:50'),
(1005, NULL, '73c628a70273d1256808dcc17f7d0344', '2018-01-08 04:43:59'),
(1006, NULL, 'a8d3d3099cc4f550d4cb28fd613e15d1', '2018-01-08 04:43:59'),
(1007, NULL, '4bfa57118a9454ccdff11b7414d4e675', '2018-01-08 05:01:31'),
(1008, NULL, '4212f1f5a6340247dd7a5ace3955e5c7', '2018-01-08 05:02:17'),
(1009, NULL, '3f639bcad06eab4b1f7fb859ca8d8414', '2018-01-08 05:51:49'),
(1010, NULL, '37d077d6adbb505257a008ac8383ace1', '2018-01-08 07:00:43'),
(1011, NULL, '526d429dec060f84088b84eaa7fc7478', '2018-01-08 10:45:48'),
(1012, NULL, '645e0eabfe8bebd696f36a6c3db45e76', '2018-01-08 12:13:22'),
(1013, NULL, '32f59ffad76c68288a8dee969dcd5128', '2018-01-08 11:40:46'),
(1014, NULL, '54c4b078c63cb89f1e096fdf7d497b7f', '2018-01-08 13:57:07'),
(1015, NULL, 'fd567588baa3976f58ff55746fbb7dbd', '2018-01-08 14:44:21'),
(1016, NULL, '70e9bbd8e694a0927f46f54735bad7ca', '2018-01-08 15:17:04'),
(1017, NULL, '4dcddc098cbc3b125352a32e1c690600', '2018-01-08 15:54:44'),
(1018, NULL, '7f2296eaec199eadf2d688448f8913ab', '2018-01-08 15:54:47'),
(1019, NULL, '5ad9072974f53dad4218efb52c090cc3', '2018-01-08 15:54:49'),
(1020, NULL, '57e45d8c3c565c34c4515a9c84ddda23', '2018-01-08 15:54:52'),
(1021, NULL, '2687145c6734c95e8a5c287ffa8e7f41', '2018-01-08 17:29:06'),
(1022, NULL, '85c7532eec82d18d8b8bd9dacf7c3550', '2018-01-08 17:46:40'),
(1023, NULL, 'bd72fc21dff921dd49ceed645f7b7d4b', '2018-01-08 18:29:29'),
(1024, NULL, '6327acbbd992dce56f22dff360df9bc2', '2018-01-08 20:58:57'),
(1025, NULL, '35700254c34d9d789e9ef3e3c3d8ddf6', '2018-01-08 21:34:39'),
(1026, NULL, '2a30240695576f740d3ef590a40d2030', '2018-01-09 05:37:40'),
(1027, NULL, '2e2cd33dd5bee6aa71b1e05cc744e111', '2018-01-09 07:02:15'),
(1028, NULL, '0ba0b8b22624add63ddeab4c48b22dfc', '2018-01-09 07:49:09'),
(1029, NULL, '3f0fa39c17ccf454dd60358e43b16106', '2018-01-09 09:27:22'),
(1030, NULL, 'e19c3faa04e08995b5c2db76844c2349', '2018-01-09 08:39:58'),
(1031, NULL, 'a60249abf453ea74664f9311ec0df2e7', '2018-01-09 10:36:16'),
(1032, NULL, '98715d9ca562bb701f687f3c45f8d2a0', '2018-01-09 10:15:23'),
(1033, NULL, '1a12076f33ed965530a68d48463cdf17', '2018-01-09 14:19:15'),
(1034, NULL, 'd7a24e24742908cb238f1c2c06f4b45b', '2018-01-09 15:24:39'),
(1035, NULL, '0ad17a51f33859987548b2dd6e670413', '2018-01-09 15:24:42'),
(1036, NULL, '025240949b5173c27a4928588aad451b', '2018-01-09 17:44:26'),
(1037, NULL, '03c67dde271463578c563c46cc48218a', '2018-01-09 17:44:26'),
(1038, NULL, 'ecf62f1241d6628770dc6ea8ec9c0ff1', '2018-01-09 18:28:12'),
(1039, NULL, '50c51a9e0886c14547cd0fcc931551d8', '2018-01-09 18:28:16'),
(1040, NULL, 'ddf386c73c8e82f7077f67900ec3141a', '2018-01-09 20:29:12'),
(1041, NULL, 'b647b0b12b2ee6a9dc8638d4b72102d1', '2018-01-09 22:09:55'),
(1042, NULL, '63fc556f727b57c8a8598a3f1b3134a3', '2018-01-10 00:52:16'),
(1043, NULL, '8c7505224649c66e789df5196cb12bec', '2018-01-10 00:56:48'),
(1044, NULL, 'ea70cc0df231b7fa41705f6ecf01e88e', '2018-01-10 03:35:16'),
(1045, NULL, 'a682de280de5c3b99648155f79b2866b', '2018-01-10 06:58:25'),
(1046, NULL, 'a3885ef176cbb14831858cb9e6335f59', '2018-01-10 06:58:42'),
(1047, NULL, '24185d6893a7046db39717d8526167f4', '2018-01-10 07:21:57'),
(1048, NULL, 'da80033e28018fb8cf10dbc2236de3d0', '2018-01-10 08:07:42'),
(1049, NULL, '3a79636d3a73f8ac088a3b1703173611', '2018-01-10 08:27:39'),
(1050, NULL, '32239f8d13e1fd6a41cbabb0f76d74d4', '2018-01-10 10:08:52'),
(1051, NULL, '8ffb20a56e719f527464fe9673f895f9', '2018-01-10 10:14:16'),
(1052, NULL, '5c042caac2f7f25a2ba2eb1a790e26f3', '2018-01-10 12:55:45'),
(1053, NULL, 'b0d6df3da15931ab97b14b1bf8c04ac9', '2018-01-10 13:45:40'),
(1054, NULL, 'ec7e14d8871950e1c223c6e0f61d4872', '2018-01-10 14:32:21'),
(1055, NULL, '75337adae616b1efb8e762446ec32a82', '2018-01-10 19:03:19'),
(1056, NULL, '02f080f057cdf3bea0e38fd0533524ff', '2018-01-10 19:03:58'),
(1057, NULL, '2dfcfa1a8359068a5b52ccb6be946a73', '2018-01-10 19:04:22'),
(1058, NULL, 'b3e644e4d5160290f0402625be239701', '2018-01-10 21:11:12'),
(1059, NULL, 'f0e04bb870b002f6aff6a8d18886ba01', '2018-01-10 23:11:53'),
(1060, NULL, 'd4e0a1d882c784d3f36fef0b418de2f5', '2018-01-11 01:28:33'),
(1061, NULL, '74fc6662a280c108676604958b93bad0', '2018-01-11 05:42:06'),
(1062, NULL, '8fcb60fe9bae079c2ef46d471ad38091', '2018-01-11 05:56:31'),
(1063, NULL, '0ae0f6141d8db4ae5ffd8d6d350443e6', '2018-01-11 06:07:21'),
(1064, NULL, 'd28c51071ce54a638d1f19077a1e0f32', '2018-01-11 08:29:17'),
(1065, NULL, '4b7e07068d64866ab93d3fec9f4df258', '2018-01-11 10:07:27'),
(1066, NULL, 'd03821beb859affd29b5cad096939026', '2018-01-11 10:49:02'),
(1067, NULL, '4b7e07068d64866ab93d3fec9f4df258', '2018-01-11 10:53:29'),
(1068, NULL, '66e83e38c9e5f61c2d7dd0e0930c580a', '2018-01-11 11:05:33'),
(1069, NULL, '843ffe502e6c24d0fa02e9a43ae4a5c5', '2018-01-11 11:05:40'),
(1070, NULL, '12d1cb61e14a445622049eab9f8791e4', '2018-01-11 11:44:36'),
(1071, NULL, 'fe6e368df2f2ae601e74cb88bc76c6f4', '2018-01-11 11:05:41'),
(1072, NULL, '2f7a1c726ecaa0cdad13a8b8300124ad', '2018-01-11 11:17:10'),
(1073, NULL, '3f1479a40675ac0e82cde0127cbe8c54', '2018-01-11 11:45:14'),
(1074, NULL, 'a7d225333ccddc97d65a64a3362ae482', '2018-01-11 12:16:06'),
(1075, NULL, '94238e72a3fb890f5e2309e298dd6316', '2018-01-11 12:31:13'),
(1076, NULL, 'e0042711ef14a17f883a91586888d8a0', '2018-01-11 13:16:48'),
(1077, NULL, '6206c499c6385ac71e2f000600b75a50', '2018-01-11 13:19:44'),
(1078, NULL, 'ed067dfa1fbeff622f21e7a3d72d2504', '2018-01-11 13:16:49'),
(1079, NULL, '9cc00f454744e403c8b24dde2a8b7c7e', '2018-01-11 13:41:53'),
(1080, NULL, 'ec9a682c19b6f59d86d7ca085661a4b6', '2018-01-11 13:41:56'),
(1081, NULL, '1603e9d2c4e002c0f6d3b265ac46f093', '2018-01-11 13:44:37'),
(1082, NULL, '995ef5dadd68794c73d00f1fb35b4fc2', '2018-01-11 13:44:37'),
(1083, NULL, '8b47ef7d307af2e321154445bf9da208', '2018-01-11 13:44:38'),
(1084, NULL, '108acf8944e620ae0eebda36fc273567', '2018-01-11 14:18:35'),
(1085, NULL, 'b2c51cd3cfe9598df77842b12f79e7e6', '2018-01-11 17:25:27'),
(1086, NULL, 'c2c707765ba222d41bb38e1dd1f42279', '2018-01-11 17:28:17'),
(1087, NULL, 'c065f4880285353aa5118e9ec5625422', '2018-01-11 17:28:41'),
(1088, NULL, '2ebd4f81bd52cadde06388e569a32ed7', '2018-01-11 17:37:30'),
(1089, NULL, 'dcf418c57d20011780eeb40c9ca1aaa6', '2018-01-11 17:47:44'),
(1090, NULL, 'ad160d5ef1b4e6edc5b7abd39100d5ff', '2018-01-11 17:47:55'),
(1091, NULL, '6fba0055f97be7824c7a4d04af275452', '2018-01-11 18:08:47'),
(1092, NULL, 'b95c002929f2a74b61706b76a9730b7f', '2018-01-12 01:23:24'),
(1093, NULL, 'bf5552992838ebf787cd889d61d55745', '2018-01-12 06:04:59'),
(1094, NULL, '3c2877bcc758257329f7a9f26da4ab14', '2018-01-12 06:51:20'),
(1095, NULL, 'efdbc255343b1a0af3b778ae7fc3d20a', '2018-01-12 07:02:29'),
(1096, NULL, '315038534f6dc88fa73fa7d82389587c', '2018-01-12 07:14:52'),
(1097, NULL, '1e3e130ea006fd90ff261537df63dfcf', '2018-01-12 07:20:20'),
(1098, NULL, 'fce1db891396438a7513aa6463cffbc0', '2018-01-12 07:39:37'),
(1099, NULL, 'a49e77bfa5bf6f38da022b80f120eae7', '2018-01-12 08:50:11'),
(1100, NULL, '86ff03cc05068a0d7335bd3760d78d10', '2018-01-12 08:14:03'),
(1101, NULL, '44dbd7d34d8c02dbdf90bf6c0c0742db', '2018-01-12 09:42:55'),
(1102, NULL, '697814b1ca67b9f25d8700b6229a2471', '2018-01-12 09:37:08'),
(1103, NULL, '4ce3a03613429f0774c973372fa8ffe4', '2018-01-12 09:41:07'),
(1104, NULL, '76ed5b3177e91d45a422ec77b685830a', '2018-01-12 09:41:40'),
(1105, NULL, 'cddab37f8eefcc51e2dfff8311401f7d', '2018-01-12 09:45:30'),
(1106, NULL, '40be8c7877817ca08341ec36243088e5', '2018-01-12 10:01:39'),
(1107, NULL, 'e8587c39585092044526b6451a14327a', '2018-01-12 10:44:14'),
(1108, NULL, 'b790a3dcf00ed2e6bfa96a75e5766b53', '2018-01-12 11:39:33'),
(1109, NULL, 'd56f6f24b874690b82e4a4f0b87e425a', '2018-01-12 12:10:54'),
(1110, NULL, '29ba2b060198fb758c048fd61e2a5082', '2018-01-12 12:04:06'),
(1111, NULL, '2983045855a0a8a60f19b8b4bd58e842', '2018-01-12 12:48:58'),
(1112, NULL, 'c514bdaa4b5dc93df7a36d7c7428d715', '2018-01-12 12:18:08'),
(1113, NULL, '6cc00ab98bfa91db161adde9bd5c9a5d', '2018-01-12 13:18:41'),
(1114, NULL, '78e0afa3b23042a6f93dd64b4b15d9af', '2018-01-12 15:49:05'),
(1115, 4, '75ea4fa55b3b6ddd5e6439525a346746', '2018-01-12 17:50:08'),
(1116, NULL, '0719805f47f9a1d7e41e978d2e668cfe', '2018-01-12 18:44:05'),
(1117, NULL, 'c4a11022fd88bc8e76e0c6b7672e0a31', '2018-01-12 18:44:06'),
(1118, NULL, 'aad54b42c6896c1ec53d5217b33ea740', '2018-01-12 18:44:06'),
(1119, NULL, '68dd68aac273414f96228c4afec798dd', '2018-01-12 18:46:53'),
(1120, NULL, 'd24ccbe6aff2dc3564a613a072f345ed', '2018-01-12 20:04:44'),
(1121, NULL, 'b429233f30ad3ceb69e388c9cf58c4da', '2018-01-12 20:15:53'),
(1122, NULL, '352a39121735a517f3392a152413dfd7', '2018-01-12 21:11:59'),
(1123, NULL, 'c3610223cd67058a39c7e710ab30e6d1', '2018-01-12 21:27:10'),
(1124, 4, 'e8d6b7d8daab5bdd1519f0aad3f60f6a', '2018-01-12 20:34:56'),
(1125, NULL, '12619e6481f8b5b9eb75bd2ac2c640bd', '2018-01-12 21:17:35'),
(1126, NULL, '74ea3183680fa130dfe8fe01438ad0e8', '2018-01-12 22:19:53'),
(1127, NULL, '2101199cddf407971a14a198d834f360', '2018-01-12 21:29:44'),
(1128, NULL, '233e47a2bdaa036a88d60663ebf83cfa', '2018-01-12 21:28:36'),
(1129, NULL, 'c8ff1c21f06a3b42820e7b14f96d10d3', '2018-01-12 22:16:15'),
(1130, NULL, '14da2d44d300f5ca39d396b86793c1a6', '2018-01-12 22:03:04'),
(1131, NULL, '2100d7358fc6650309b820e381a374df', '2018-01-12 22:21:05'),
(1132, NULL, '3079134e6e19f22dbaa7dfd3e4c75917', '2018-01-12 22:11:14'),
(1133, NULL, '449e1363da82ec5869dd7c02c58ff4d6', '2018-01-12 22:31:36'),
(1134, NULL, '1fe175059f5f45906d54558c26445d17', '2018-01-12 23:03:57'),
(1135, NULL, 'aa39a2f054efb4658ac91ccb23528ba7', '2018-01-12 23:53:43'),
(1136, NULL, '860c0bf66d80320b7fa199a7b2bdb92a', '2018-01-12 23:59:54'),
(1137, NULL, 'aa39a2f054efb4658ac91ccb23528ba7', '2018-01-13 00:44:38'),
(1138, NULL, 'd8ec3b2b037f3f88fa8251f493d68d01', '2018-01-13 04:00:33'),
(1139, NULL, '6e2b679b232c0dc0f4e94d3b07f2e994', '2018-01-13 08:23:55'),
(1140, NULL, '2176bb79fd7e1b765d8c8b0aae7688d8', '2018-01-13 17:10:16'),
(1141, NULL, '8a3e1d6f61a7da43bb24f5a7c4788679', '2018-01-13 17:10:18'),
(1142, NULL, 'df575510bd3e959527edccc53e3bb366', '2018-01-13 17:10:21'),
(1143, NULL, '7bd6dee8b4483c09d604e864749c2836', '2018-01-13 17:10:24'),
(1144, NULL, 'a3e5b11e5567eadcdf2722ad1b98d1f6', '2018-01-13 17:10:26'),
(1145, NULL, '6f6e47713b6615c304603684b3d79d9b', '2018-01-13 17:10:29'),
(1146, NULL, '1ad5e0508310a062df472f7f74637018', '2018-01-13 19:25:39'),
(1147, NULL, '31811e4443d10613fd5ab42073aebb76', '2018-01-13 19:25:50'),
(1148, NULL, 'e290f869c7e24c5bebbcf72cbb54b9c6', '2018-01-13 20:45:31'),
(1149, NULL, 'c739bfe5cea47e9b0ec62b9552058b05', '2018-01-13 21:27:05'),
(1150, NULL, '498ffa4e48bc8e0d3f2cfff52248ae4f', '2018-01-13 22:19:10'),
(1151, NULL, '958eba01c8ffc1d2a0a4783aa3e3427a', '2018-01-14 01:22:02'),
(1152, NULL, '7166aa45decc8c3e439865f657a70f9f', '2018-01-14 03:53:16'),
(1153, NULL, 'eea01ed7c77973e912a0e764cee5b331', '2018-01-14 09:16:08'),
(1154, NULL, '08c2d3a40029dcda1f34d8ea6c3fa3fa', '2018-01-14 15:56:38'),
(1155, NULL, 'd0341e0048afe2efd52e2edd5657f87a', '2018-01-14 20:13:37'),
(1156, NULL, '994b6f1e3cb055889b56323f7b135e37', '2018-01-14 21:23:26'),
(1157, NULL, '5d96c906e173529bbc2bb1a0c89de533', '2018-01-14 21:38:36'),
(1158, NULL, '7964be9ff6220175aa02db4008ae30b4', '2018-01-15 06:43:00'),
(1159, NULL, '045afe4e7fc8e7fb73952b82cf9eea72', '2018-01-15 10:34:12'),
(1160, NULL, '2dfabf512519f0da77cdcfa0dd1a417d', '2018-01-15 10:48:12'),
(1161, NULL, 'f53c3073cdf7bb36f3d381276938d031', '2018-01-15 11:52:26'),
(1162, NULL, '356353f8d5e809971a48fcb8e00d2b06', '2018-01-15 13:01:38'),
(1163, NULL, 'c0fb732ae55deb8d3e157ed7eacce28e', '2018-01-15 14:43:32'),
(1164, NULL, 'f858c5d521949c1f2ba79a73803a6da5', '2018-01-15 15:16:48'),
(1165, NULL, '8381d9e88ff17b67e3e785be11d42c50', '2018-01-15 17:29:27'),
(1166, NULL, '02a371da8fdb246f56da10f99d707b74', '2018-01-15 17:45:59'),
(1167, NULL, 'c0066acd0d9cc9a2a0cfb05f1b99cfb6', '2018-01-15 17:57:54'),
(1168, NULL, '8a8f00c0e97eab6e0185516776c7cf1b', '2018-01-15 19:11:35'),
(1169, NULL, '9e823e1b7c809142020508e06e52975b', '2018-01-15 19:36:47'),
(1170, NULL, '62a334aaa13673c3ab03a46752dc3a8f', '2018-01-15 20:37:36'),
(1171, NULL, '371977d2cc87fe0841e731a8602ceaff', '2018-01-15 21:10:10'),
(1172, NULL, '8c32ca950ac86dc5e10bf931632006c4', '2018-01-15 21:15:15'),
(1173, NULL, 'e35cb4dff6f95c6c851043b1e08c5ea9', '2018-01-16 03:01:16'),
(1174, NULL, '6d8d63468b23768fd634f215953e2cac', '2018-01-16 03:04:00'),
(1175, NULL, '99111f51040bbc7233ab0e42ee83c028', '2018-01-16 04:29:14'),
(1176, NULL, '1b5a46559175750bf7c10a0d8c67360d', '2018-01-16 04:29:20'),
(1177, NULL, 'de85e3833ce162ef51d627c7c110c079', '2018-01-16 04:44:24'),
(1178, NULL, '62850ae2072c108ce508ba52388e3e56', '2018-01-16 04:45:28'),
(1179, NULL, '1fe61110980f31bcad26df8c0c1ac4e5', '2018-01-16 06:34:14'),
(1180, NULL, '257442db047135e398c20094e7dff396', '2018-01-16 06:34:18'),
(1181, NULL, '36fb6355c4764de8ef131bb232ccbb27', '2018-01-16 07:23:34'),
(1182, NULL, '49bb570cd2c867bbe87bbe5d15dc7ee5', '2018-01-16 06:34:19'),
(1183, NULL, 'f4ea071cbaaad0a20edf40a64616097e', '2018-01-16 06:45:09'),
(1184, NULL, 'c2c2f4af8174e115d05a4d6725a8fca7', '2018-01-16 06:45:11'),
(1185, NULL, 'bae870dac2726655215b91238d834e08', '2018-01-16 06:59:27'),
(1186, NULL, '3bd4d76246f8ab587249e0af74c93e35', '2018-01-16 08:21:20'),
(1187, NULL, 'b3893877864095de576ea0cee6dc70c3', '2018-01-16 08:30:53'),
(1188, NULL, '825e025f74d20873bdd3e3b4f7622cef', '2018-01-16 08:41:50'),
(1189, NULL, 'c30e7167f7c442df2eb2aaf310cdb280', '2018-01-16 08:41:57'),
(1190, NULL, '7d8a27e7d04ac47a711fac983ab952e0', '2018-01-16 08:47:09'),
(1191, NULL, '4520767b32ed012d27308565476056cb', '2018-01-16 08:41:58'),
(1192, NULL, '22d92c2da7e24480a32e020060dc2f06', '2018-01-16 08:50:03'),
(1193, NULL, '7d8a27e7d04ac47a711fac983ab952e0', '2018-01-16 09:41:29'),
(1194, NULL, 'e12ba0792c473eda147152d3c3af2ba7', '2018-01-16 09:44:03'),
(1195, NULL, '2d5fe26a451244997445f387436aa45f', '2018-01-16 09:44:08'),
(1196, NULL, 'dd7745d11e900fd81f074deb7376d7ab', '2018-01-16 09:44:09'),
(1197, NULL, 'bb2f5973f8539fd4ea1f14b7cf522972', '2018-01-16 09:44:09'),
(1198, NULL, 'dd7745d11e900fd81f074deb7376d7ab', '2018-01-16 10:44:06'),
(1199, NULL, 'e407e8b655195946a15660c92bd3fc06', '2018-01-16 11:34:28'),
(1200, NULL, '5d1465635853b8be6160a12f18e5722d', '2018-01-16 10:44:13'),
(1201, NULL, '6eb7c801bb2b32e363a2958c0cc67fe1', '2018-01-16 10:44:13'),
(1202, NULL, 'f1b53eb6ca57edb966ccc24a5aa9fedf', '2018-01-16 11:26:01'),
(1203, NULL, 'be7f8b090baf7c36ed69d4eaba965762', '2018-01-16 12:16:35'),
(1204, NULL, 'aca0cd373513633f91ceea5e0c79fd3a', '2018-01-16 12:24:54'),
(1205, NULL, '4993f3feed0a84d69d4299c4af402a98', '2018-01-16 12:16:36'),
(1206, NULL, '66ca8c3c92e0b8e54c2ad4fca574307a', '2018-01-16 14:14:09'),
(1207, NULL, '69f5baae6e7485d20ce305e8b5699063', '2018-01-16 14:09:10'),
(1208, NULL, '35b5ebc5e8ec8816619d1475fd2a764a', '2018-01-16 17:37:13'),
(1209, NULL, '7331b2244b001c9dff562678306475af', '2018-01-16 17:43:16'),
(1210, NULL, 'ccfd1685a22836605c82c253274b34e7', '2018-01-16 17:44:06'),
(1211, NULL, 'b45e39748492e8224ae2856a824489d3', '2018-01-16 19:31:57'),
(1212, NULL, '8c5a9a5c870b345e1203d8a874a7ce18', '2018-01-16 19:32:01'),
(1213, NULL, '94b5cab77c03bb63664cb6255236e60b', '2018-01-16 19:32:01'),
(1214, 4, '7d42ce41b0bff951872608b36bcb2205', '2018-01-16 19:33:42'),
(1215, NULL, '3cdd1b88e9948b00f19547d6512963c7', '2018-01-16 19:34:58'),
(1216, NULL, '8901ef23d82812f209e5056e79a8b4fd', '2018-01-16 19:56:24'),
(1217, NULL, '5fc6076267d7e6184ba8f2c478e0fbad', '2018-01-16 23:16:12'),
(1218, NULL, '8550681657d0f29f7d88db94870b4b53', '2018-01-16 23:27:05'),
(1219, NULL, 'b96fb923c32f6b20c7c84a79dce39e5f', '2018-01-16 23:45:58'),
(1220, NULL, '26f93715bfb6e69b9b34800ec77261bf', '2018-01-16 23:46:15'),
(1221, NULL, '4daecd4aabdac2c76c6572dcc4e3de1d', '2018-01-17 03:46:32'),
(1222, NULL, 'b6f02a96981f0997787f3aae02ad43ec', '2018-01-17 06:14:19'),
(1223, NULL, 'd573128a41ab6aeafccb11d5361b2160', '2018-01-17 06:09:25'),
(1224, NULL, 'ba52a4725b1b4525d083cf5b2fa772be', '2018-01-17 06:09:45'),
(1225, NULL, '7b0bc082bef5dd3ec4d39ee717909969', '2018-01-17 06:14:29'),
(1226, NULL, '9487589318f22ff5a224e9603e0a9d2e', '2018-01-17 06:26:15'),
(1227, NULL, '9d5807f81f3f6b7c923573331202acbd', '2018-01-17 07:12:55'),
(1228, NULL, '2c563410ddbd1b13ce524609cef79a72', '2018-01-17 06:26:22'),
(1229, NULL, '0452bcad6bb468aaa4ab58237116dce0', '2018-01-17 06:26:35'),
(1230, 7, '01b003ba1856722d0d46b7b4bead42c7', '2018-01-17 06:43:13'),
(1231, NULL, 'b5e90d37f5eb4f35151a0eec4e7cd28b', '2018-01-17 06:42:45'),
(1232, NULL, '97bb7e88b6ec4d5c1b96adf8674713a9', '2018-01-17 06:46:06'),
(1233, NULL, 'bfcff57b7e25a8def076e56e1233eb76', '2018-01-17 07:06:29'),
(1234, NULL, '30fe508b1eab821fc6947f4e1e34262c', '2018-01-17 06:47:47'),
(1235, NULL, 'a4d3e6aca76933bd639572adbb5831ba', '2018-01-17 07:07:17'),
(1236, NULL, '301c5951a514c565c807355596655bb1', '2018-01-17 08:20:42'),
(1237, NULL, '8677e9663a30e6a32021c96cf176d439', '2018-01-17 07:34:53'),
(1238, NULL, '7fa191bb752e1e96094cf0dfd7acb75e', '2018-01-17 08:14:42'),
(1239, NULL, '266486942a9ae430b5ba8fba70feff61', '2018-01-17 08:04:20'),
(1240, 8, '52d316057f899439111ce4a4acc1624d', '2018-01-17 08:51:35'),
(1241, NULL, '6f5ac3b5751b6f2cb5ba1bbe7ec62904', '2018-01-17 08:29:32'),
(1242, NULL, 'cb674e0520db3f5d9cf6f5ccdf7f0c3d', '2018-01-17 08:30:19'),
(1243, 8, 'c0a0d93b621945958c7d320f3dba1280', '2018-01-17 08:59:44'),
(1244, NULL, 'c7c0131d09edcba8f5109fa56b80e918', '2018-01-17 08:51:37'),
(1245, NULL, '4d85785c2896a82d7ee595f141c7bd6d', '2018-01-17 08:55:07'),
(1246, NULL, 'e5aff47fc8bee00297a8d79af3e28fc9', '2018-01-17 08:57:26'),
(1247, 8, 'aba8049a099d319d0f3fb68e433ce6c5', '2018-01-17 09:11:30'),
(1248, NULL, 'f7ee0fbdf9856834fdfa783a2b69c195', '2018-01-17 09:08:30'),
(1249, NULL, 'c7e4a672cc180b653ed471c0652b5616', '2018-01-17 09:08:52'),
(1250, NULL, 'af9f53b83e053aa386db0e4f5fb215c0', '2018-01-17 09:11:30'),
(1251, 8, '5bf06eb00f70dd0123dec8935ccbca88', '2018-01-17 09:56:27'),
(1252, NULL, 'd397851d5e87a9f989af100283e5edad', '2018-01-17 09:22:09'),
(1253, NULL, 'bf0534aa6fb97234653a827a5d5b7e39', '2018-01-17 09:22:10'),
(1254, NULL, 'c156d06214cd4814d82f8d3489cebf3a', '2018-01-17 09:22:10'),
(1255, NULL, 'd931e2eea9fdfcc7deabc717d0a1601a', '2018-01-17 09:22:11'),
(1256, NULL, '6efec49cd864e3d389837b87e4f9c453', '2018-01-17 09:29:20'),
(1257, NULL, '6c34ebc500f97c63cb1916e37e942839', '2018-01-17 09:22:20'),
(1258, NULL, 'f87241a4de7c89f91334341fd5843675', '2018-01-17 09:22:21'),
(1259, NULL, '953cf9c4a5085b236f2c2b1184062899', '2018-01-17 09:44:51'),
(1260, NULL, 'c066ab14249ef70c522391260bc99e7f', '2018-01-17 09:56:27'),
(1261, NULL, '66a8275d8bcd4e5f832fedefa6e87edd', '2018-01-17 10:24:05'),
(1262, NULL, '05a81997a8a6bbd546197e487d21a97e', '2018-01-17 10:02:41'),
(1263, NULL, '6eecd7bfa7d6a11979326b25b3df73f6', '2018-01-17 10:27:00'),
(1264, NULL, '3d30809968d6ab4a466414d09ec80289', '2018-01-17 10:49:48'),
(1265, NULL, '52435a787c77a78d585e5eb428e6e1b4', '2018-01-17 10:49:15'),
(1266, NULL, '7fdf7b1d0471cbd5ee9cfa9b397a0e5b', '2018-01-17 10:51:23'),
(1267, NULL, 'beabe7d16d832a4386b2fe4336e18f2b', '2018-01-17 11:07:11'),
(1268, NULL, 'ec09966f877e193f0be42d986a7d2906', '2018-01-17 11:06:00'),
(1269, NULL, 'e22d72749e44f19be4730d51759c5795', '2018-01-17 11:13:55'),
(1270, NULL, '60c8e2690aade8e83e343b171b67fd6a', '2018-01-17 11:11:56'),
(1271, NULL, '102e508aacaa722b0848f60ad6c4d419', '2018-01-17 11:12:23'),
(1272, NULL, '203c7317a65c7f9088e51f069ffbf03a', '2018-01-17 11:16:32'),
(1273, NULL, '8cb17af335e92f83227d8b39507ca7f5', '2018-01-17 11:19:38'),
(1274, NULL, 'bae1f0e448b95fa652b7409b9f98b9ef', '2018-01-17 11:29:21'),
(1275, NULL, 'ab9f8beedab562de0cc4686da9d089d6', '2018-01-17 11:30:55'),
(1276, NULL, '470e2379ff8930179c0a664699bc7ac6', '2018-01-17 12:07:29'),
(1277, NULL, 'ab9f8beedab562de0cc4686da9d089d6', '2018-01-17 12:03:01'),
(1278, NULL, 'ca13ce7d28f185e750f910a9a8d6bfd5', '2018-01-17 12:07:24'),
(1279, NULL, '2542a033c24de94bbe8c01f8a8cb579c', '2018-01-17 12:07:28'),
(1280, NULL, '102e508aacaa722b0848f60ad6c4d419', '2018-01-17 12:11:54'),
(1281, NULL, 'd3fdd30900fe8af36b8078a76a2f59e1', '2018-01-17 12:12:10'),
(1282, NULL, '22c46bed5f33ea71d1de57b2bc0e3e4c', '2018-01-17 12:12:44'),
(1283, NULL, 'b0b7d8d45e1faf2b1299ebfa8c2201a9', '2018-01-17 12:42:36'),
(1284, NULL, '81523c8043afa19997d00ff2cae56467', '2018-01-17 12:42:54'),
(1285, NULL, '0c503ed228412c37f1aeac68b1973134', '2018-01-17 12:42:54'),
(1286, NULL, '6e24be739bf885a0bc4d6cc38a2a65a5', '2018-01-17 12:44:33'),
(1287, NULL, 'b553c11a53b7a3a4e97693cfafe04ded', '2018-01-17 12:43:47'),
(1288, NULL, '09e84cdbbbd8c84193d59f6e4e2a5845', '2018-01-17 13:41:23'),
(1289, NULL, 'edc2448945ef1159c79f7782e9bfd58b', '2018-01-17 13:39:41'),
(1290, NULL, '26fd437b1cd568d81eaa1cca7dfbe654', '2018-01-17 13:42:05'),
(1291, NULL, '7f5a8324a93a94865834e21a4b54be17', '2018-01-17 13:55:13'),
(1292, NULL, '3d04cc2bbc94931031e91f3fc6978ed2', '2018-01-17 13:55:14'),
(1293, NULL, '050d240a06c8e392d4528dd2e2696836', '2018-01-17 17:10:41'),
(1294, NULL, '2587c9a25f825717f6bde0d4dc867395', '2018-01-17 17:16:25'),
(1295, NULL, 'eab72ba2dd345c929920c2c52363b176', '2018-01-17 17:16:57'),
(1296, NULL, '602ae2b504f28e61fdef476428dc6919', '2018-01-17 17:17:03'),
(1297, NULL, '18d4159e005d00cf6d55cbb6c8414d73', '2018-01-17 17:17:04'),
(1298, 4, '91e6aa42145700a798d97218422b4f9c', '2018-01-17 17:19:44'),
(1299, NULL, '6cd0a5d49ed8ca82f5b6874978634547', '2018-01-17 17:23:16'),
(1300, NULL, '76d14a843d27836d9228435d6e99b71b', '2018-01-17 17:35:10'),
(1301, NULL, '3ad726c9ba959f71ed892afe3a61d21f', '2018-01-17 17:25:02'),
(1302, NULL, '9f0e1f42977ed81c75f4fd68b29791f3', '2018-01-17 18:01:41'),
(1303, NULL, '833b82a6135979c16199a80b1c886d7a', '2018-01-17 18:01:45'),
(1304, NULL, 'a975be87f378a5805188bfb9d8005306', '2018-01-17 18:04:02'),
(1305, NULL, '35380d4d00b1372e9525c643103e5679', '2018-01-17 18:28:16'),
(1306, NULL, 'c47f6f9595b6688cf5dd0ac889f5315b', '2018-01-17 19:12:39'),
(1307, NULL, 'efb0189b401b227f400798c9e180a02d', '2018-01-17 19:35:28'),
(1308, NULL, 'f6265e24f0ecaec7cf97464965dc4473', '2018-01-17 20:03:41'),
(1309, NULL, 'f9652e77f699d5ffc5af46397fe34cfe', '2018-01-17 20:03:45'),
(1310, NULL, '34ab53c4c492856ac7e3e2ed36536b2f', '2018-01-17 20:03:45'),
(1311, NULL, '24eb85cb91ad53ff91bc42eeea41889d', '2018-01-17 20:03:45'),
(1312, NULL, 'fe2b8c989ed7338ac1e4bb80c1e2e583', '2018-01-18 02:42:27'),
(1313, NULL, 'f08c776f3f41e4e9d98135830c544a08', '2018-01-18 04:03:49'),
(1314, NULL, '122b35d7d25176fd4a425fa8887bdf44', '2018-01-18 04:03:50'),
(1315, NULL, '795b4f0691d88f84c51f75e8af5853d7', '2018-01-18 04:22:57'),
(1316, NULL, '34a92f94be220bc539602db5149869b0', '2018-01-18 04:18:26'),
(1317, NULL, '34983697b3f77d006092001999522a47', '2018-01-18 04:18:27'),
(1318, NULL, '03899a3a8881a290e6039e5778ef64ef', '2018-01-18 04:23:56'),
(1319, NULL, '4472b1e4b2337ea5b315c5ae4fdec5ee', '2018-01-18 04:23:56'),
(1320, NULL, 'aa06f314e78db3a62984db2f168e9922', '2018-01-18 04:25:32'),
(1321, NULL, '2e509661a511312577baa23f78018a90', '2018-01-18 04:25:35'),
(1322, NULL, 'b49413396d293fe781b69bfc2e655626', '2018-01-18 04:26:03'),
(1323, NULL, '9df22a74b64861eb03260232ad2ba3a9', '2018-01-18 06:17:26'),
(1324, NULL, 'b49b896393e347eda2c8fd60947ff8f1', '2018-01-18 10:17:14'),
(1325, NULL, '8df781be20037d2a08715e4ead920429', '2018-01-18 22:59:55'),
(1326, NULL, 'f5eb90d3adb6a41df813d94e87f10de5', '2018-01-18 23:04:00'),
(1327, NULL, '8281d2af1254386f7b9e98889b509eb4', '2018-01-19 03:47:01'),
(1328, NULL, '0aa5de03883e511d133e205f3874462c', '2018-01-19 04:48:05'),
(1329, NULL, '6db93004953e635b07cfad9d88b16f45', '2018-01-19 05:13:17'),
(1330, NULL, '2d620238534ae5ec6c21d5ae18c5f3ad', '2018-01-19 06:33:04'),
(1331, NULL, 'c67a57e7b2927dd70150375c5fb9615f', '2018-01-19 07:09:47'),
(1332, NULL, '11a29aa9217d16048277671ad0e8844c', '2018-01-19 07:10:14'),
(1333, NULL, '11a29aa9217d16048277671ad0e8844c', '2018-01-19 08:09:38'),
(1334, NULL, 'dfc2d95e189eb7178f337a8de104026c', '2018-01-19 08:06:47'),
(1335, NULL, '3855913d5ee200c7f18890fe8d4ec7b8', '2018-01-19 08:16:32'),
(1336, NULL, '1f2c90c7a4ab4c95fe24f99f151f0340', '2018-01-19 08:48:57'),
(1337, NULL, 'b15650a11c97d2e646bea8327bd9a29f', '2018-01-19 08:28:52'),
(1338, NULL, 'f1502bd29ff388b2e81603555dc3bd1f', '2018-01-19 08:31:41'),
(1339, NULL, '5244018ef1c7c01325d94ec87c4f6519', '2018-01-19 09:38:28'),
(1340, NULL, 'f92019970ffac5e437af7779a35f32aa', '2018-01-19 10:12:52'),
(1341, NULL, '02865eefda2bdfe4503a435eeb878e35', '2018-01-19 11:08:18'),
(1342, NULL, '0e546623744ba4156dcc7efe8eb13ea1', '2018-01-19 11:41:58'),
(1343, NULL, '3afe091a6edcc7e6f1c5927dd9d89ab7', '2018-01-19 11:42:08'),
(1344, NULL, 'e93a898ee3a7480ae2a2ef9e492b80ac', '2018-01-19 11:42:14'),
(1345, NULL, '438f29b2bc0a767176e27ca15bcdef1b', '2018-01-19 18:22:56'),
(1346, NULL, 'b86b912c5d0ce955cd8c4f4214a4a92c', '2018-01-19 18:34:43'),
(1347, NULL, 'cef3340890029598c33eaaa561a43cab', '2018-01-19 20:08:08'),
(1348, NULL, 'e65e864afd0c37817d1c491671ac6409', '2018-01-19 21:28:52'),
(1349, NULL, 'cdb82471ec357394a224de4ea94e3c67', '2018-01-19 21:28:56'),
(1350, NULL, '5374c3a70d7b94658b31100c5fbf6950', '2018-01-19 23:27:36'),
(1351, NULL, '7f4b617f8b668409f1e184be87d43255', '2018-01-20 01:28:48'),
(1352, NULL, 'c8994097f577af2287922444953d18b2', '2018-01-20 02:02:56'),
(1353, NULL, 'de7201dc26a8ac51681d2e2fb7dcd31e', '2018-01-20 03:50:56'),
(1354, NULL, 'f838c9c84b44d894dd8ac8d66c750683', '2018-01-20 04:38:03'),
(1355, NULL, '030a4a4e1a60c39a793d028f89f986a6', '2018-01-20 04:42:44'),
(1356, NULL, 'fa6a1e4949cfc1dce0cafdac302fdc70', '2018-01-20 04:43:22'),
(1357, NULL, '8f2e9e132d52f4d0960cf9bbce0fc220', '2018-01-20 05:01:11'),
(1358, NULL, 'c38dc86292115cbed1f2f3b9d9d42a9e', '2018-01-20 07:00:24'),
(1359, NULL, '9468233906c067d8e3c3d2832f310ef1', '2018-01-20 07:03:09'),
(1360, NULL, '6703b0f42888b904765c349632a57d44', '2018-01-20 07:05:22'),
(1361, NULL, 'ddcf38a76b5c3111f53c25412530d963', '2018-01-20 07:08:30'),
(1362, NULL, '3b5527e5bf84ae40cccdfb5c9cb19b15', '2018-01-20 07:25:58'),
(1363, NULL, '8e60dfd79360600bc39d48689fdb5032', '2018-01-20 07:26:45'),
(1364, NULL, '7cf6e78170587bb4df8636e6b882bb21', '2018-01-20 10:13:07'),
(1365, NULL, '52a35da0a055c0e3265634268eccbc57', '2018-01-20 10:40:47'),
(1366, NULL, 'd08cb30ba37b8219413fbee61e891fc3', '2018-01-20 11:16:39'),
(1367, NULL, 'bb9501ed7f325f3c772cc701e90771f7', '2018-01-21 07:42:04'),
(1368, NULL, 'e697a2b1b64d3b4e2b87aed4a29742f5', '2018-01-21 11:12:40'),
(1369, NULL, '9eab83d47e4cc9292de13d238dc2fca3', '2018-01-21 11:12:44'),
(1370, NULL, '48286b62a818fcdcfa53b51ff2723ab5', '2018-01-21 13:25:28'),
(1371, NULL, 'c3beef2abd71bb8301adef606965164e', '2018-01-21 13:28:11'),
(1372, NULL, '70b311cf5743e31318403967e4dc22fc', '2018-01-21 13:28:30'),
(1373, NULL, '9cd21b1b126ecc2e9dbb8f5578254630', '2018-01-21 14:45:26'),
(1374, NULL, '1c33b79bdbc4d661e51c7254b8f0f7a5', '2018-01-21 17:14:19'),
(1375, NULL, 'c3087e1b161d5a05190e7cacfb26abae', '2018-01-21 17:39:43'),
(1376, NULL, 'fb3bc617dc560f1388b95fc0541538c4', '2018-01-21 17:40:55'),
(1377, NULL, '680c324df349d846ae12ec226e07bd77', '2018-01-21 17:41:50'),
(1378, NULL, '44be62683b7b66780e25fe7532613285', '2018-01-22 01:53:50'),
(1379, NULL, '884358a7d50959c1da0bcdf34f6472a8', '2018-01-22 01:55:34'),
(1380, NULL, '9ea2ffaf22278cfca8ce50297bd4de8e', '2018-01-22 01:56:06'),
(1381, NULL, 'bb34bbbb88d503f102781b05d517afd0', '2018-01-22 03:41:08'),
(1382, NULL, '4dc33f21aa5e7dcee5390f45f51d2ffc', '2018-01-22 03:41:19'),
(1383, NULL, '585f2bc17056055dd94d04238ac48553', '2018-01-22 04:17:02'),
(1384, NULL, '39b34b13756463d3d5548908e77cbe59', '2018-01-22 04:17:56'),
(1385, NULL, '6a0846bfa6a1058265de85019256eba6', '2018-01-22 05:55:26'),
(1386, NULL, '5234584c20708eb88627ba4084fa039d', '2018-01-22 08:06:58'),
(1387, NULL, 'f03b99ab6cd6fcccb14d3a76d63c95b3', '2018-01-22 08:09:33'),
(1388, NULL, '02dead0227ed511fdc5569aa65d4af6f', '2018-01-22 09:21:52'),
(1389, NULL, '8824b1cb580ce887a22cf3994de406b7', '2018-01-22 09:28:52'),
(1390, NULL, '4b13e87d4dae5d7e7cf469a4c143180c', '2018-01-22 09:37:41'),
(1391, NULL, 'c0611f449710b2ed063a184dcf8a3cea', '2018-01-22 09:29:06'),
(1392, NULL, '044a350167dcc176c29ff3c45bb559e3', '2018-01-22 09:33:19'),
(1393, NULL, '96092147feaeccb145f3ceb7dd56cf71', '2018-01-22 09:30:39'),
(1394, NULL, '02d5e6d8817f187040fe4cebe44f7a85', '2018-01-22 09:50:00'),
(1395, NULL, '9a2f8a0dcdf17b38f645ee66073dbf16', '2018-01-22 09:31:33'),
(1396, NULL, '7d30c046f6ba7e6507cd770d94596ef7', '2018-01-22 09:39:22'),
(1397, NULL, 'effd54473f9ff0595ef7443d7e8f173e', '2018-01-22 10:20:09'),
(1398, NULL, 'b845ea67d57fe7d5106953700ff56477', '2018-01-22 11:10:14'),
(1399, NULL, 'c14724a63da6108d9c7d43be73198e9b', '2018-01-22 11:25:13'),
(1400, NULL, 'f47e122153c68bc131a21b5e3c684492', '2018-01-22 13:39:12'),
(1401, NULL, '1afedfc6659b0bf07d1d26607ed1094d', '2018-01-22 18:07:03'),
(1402, NULL, 'd1f8248c130107da21d43cc0995a1d45', '2018-01-22 18:16:52'),
(1403, NULL, '5ccc175151b14ce5b58f725615da4270', '2018-01-22 17:43:41'),
(1404, NULL, '1e18ebcd0d176a70c95e41b88842f640', '2018-01-22 17:49:46'),
(1405, NULL, '37f89d504649e2600be5cd51715b5303', '2018-01-22 18:00:39'),
(1406, NULL, '64966cd45571ed493b53c78eaad9aa7b', '2018-01-22 18:15:47'),
(1407, NULL, '8a698baca1e0e5ba06603155acab80a7', '2018-01-22 18:12:26'),
(1408, NULL, 'd1045a26fa54fa4ca3b305be02b726b1', '2018-01-22 18:16:04'),
(1409, NULL, 'b56b07fe426ff90cece6f87a2491a7fc', '2018-01-22 18:21:12'),
(1410, NULL, '909d99937bbc4cfe04196066c7fb3c12', '2018-01-22 18:37:03'),
(1411, NULL, '2d622c4a4d6d4f57d1cafc0b3dddce6c', '2018-01-22 18:39:32'),
(1412, NULL, 'c242ecf4d34fd4c4369ba7a9b1c83c9f', '2018-01-22 18:41:20'),
(1413, NULL, '7554df115927d0f20161f3432b42c700', '2018-01-22 19:43:14'),
(1414, NULL, '224ecf4670b1c7edda0c19a2d35ae56c', '2018-01-22 20:04:25'),
(1415, NULL, '4df3f353c0f77bbec0ca37c67a151445', '2018-01-22 20:09:55'),
(1416, NULL, 'a190db13f7106065e91c1e498f170612', '2018-01-22 21:11:40'),
(1417, NULL, 'a3077fdb2a4f8fb8db30887b6a43a35c', '2018-01-23 00:00:43'),
(1418, NULL, '4084ec6e5f991ab886f5d064f40c11ee', '2018-01-23 00:04:12'),
(1419, NULL, '4e155619f47cc411aa6e9f877e438426', '2018-01-22 23:42:04'),
(1420, NULL, 'dbcbcee084c4f85237149f3321f026c0', '2018-01-22 23:59:03'),
(1421, NULL, '0c0fbde686c5466d6264675d6cef3e29', '2018-01-22 23:53:58');
INSERT INTO `customer_visitor` (`visitor_id`, `customer_id`, `session_id`, `last_visit_at`) VALUES
(1422, NULL, 'db3d77f722a7bba3b5020c887f692b85', '2018-01-22 23:44:03'),
(1423, NULL, '4767a489d609dd1d411493751b166dd9', '2018-01-23 00:18:52'),
(1424, NULL, '0483694e11300504bf0684bb5b707766', '2018-01-23 00:02:10'),
(1425, NULL, '84f7fcbcef0651fce13aa1c59cf32a0b', '2018-01-23 00:35:57'),
(1426, NULL, 'ad37d9cc0b0ea3e2d8ce0f138787131f', '2018-01-23 00:41:57'),
(1427, NULL, '10d29981bddd10b64755a5a426e558f0', '2018-01-23 00:42:55'),
(1428, NULL, 'a9e814d0d993a32604c6c6a41381ec38', '2018-01-23 00:43:14'),
(1429, NULL, '648623152e7c1b005ee5bd15cd063cf0', '2018-01-23 00:49:50'),
(1430, NULL, 'de1c09579f5fe6b0d14988e02a4aceab', '2018-01-23 00:45:13'),
(1431, NULL, '122cf45ec454d966591e49c15f922f64', '2018-01-23 00:47:22'),
(1432, NULL, '8b762aa61a5c3e2bbc236b820f21bd43', '2018-01-23 01:10:12'),
(1433, NULL, 'd66d27cf6c5899c4859ede60fcea3f02', '2018-01-23 02:58:39'),
(1434, NULL, 'c63ff4263dffd7274202077e99afe8c0', '2018-01-23 02:58:43'),
(1435, NULL, '8722df83dfb953ba8a9a3408a2de1daf', '2018-01-23 03:05:14'),
(1436, NULL, '5c323245b1bc0532c40b220d93ab3b40', '2018-01-23 03:14:04'),
(1437, NULL, '40db8503016a84629ccb64a79800cd94', '2018-01-23 03:22:33'),
(1438, NULL, 'ed839ab959d5320fc6b62d1975ca60f9', '2018-01-23 03:22:29'),
(1439, NULL, 'd307e03d8a892976483857d62158f2c7', '2018-01-23 04:06:02'),
(1440, NULL, 'adad408db99b28bb58f6cd5fae135484', '2018-01-23 04:47:46'),
(1441, NULL, 'b62d1de4c0cc9b0c91c307cc1dc67a8d', '2018-01-23 04:48:22'),
(1442, NULL, '6ff8b238dd54151ef8d29ef68e7f8313', '2018-01-23 04:58:20'),
(1443, NULL, 'ad5fc3af58c17f409c42faae940565af', '2018-01-23 05:53:47'),
(1444, NULL, '135e36e7f3a00492b6c6ceb2d9f92e70', '2018-01-23 09:19:00'),
(1445, NULL, 'beb317e250410b0ab615d8b0e1fcb828', '2018-01-23 10:06:34'),
(1446, NULL, 'dc2897f7e1d2fe11cc2637ec3aa1d965', '2018-01-23 12:08:14'),
(1447, NULL, '8dbdf174030640569e53192a0d382a48', '2018-01-23 17:20:47'),
(1448, NULL, '04f842e5549548e2ffb15a52669c5c16', '2018-01-23 18:21:31'),
(1449, NULL, '11605005e356c7546d02bfcdc27ac3cc', '2018-01-23 19:35:31'),
(1450, NULL, '73289c20ba7ee442453ac87fad37f12f', '2018-01-23 19:22:27'),
(1451, NULL, 'f674c0435775b10bffe1ac795d803e2c', '2018-01-23 20:09:26'),
(1452, NULL, '667e6aeecba52adc3eed633f39d10fd6', '2018-01-23 20:08:56'),
(1453, NULL, '9a8e1687f52f6ad396f8cb139a78bcd1', '2018-01-23 20:12:45'),
(1454, NULL, '724a2a951a7e156027c1916defa5acae', '2018-01-23 20:23:03'),
(1455, NULL, 'ba459742ad4b72fc688a702267a52d45', '2018-01-23 20:26:33'),
(1456, NULL, '0f7c0d51f990dcb4dac118744b824833', '2018-01-23 20:28:10'),
(1457, NULL, 'caa56ada562aea11882fdfaa0e8547a2', '2018-01-23 20:35:38'),
(1458, NULL, '9a9577420b4c4291074737655da12a54', '2018-01-23 20:35:46'),
(1459, NULL, 'f9be43255ba6c671b079876a041f628e', '2018-01-23 20:44:35'),
(1460, NULL, 'acb91e4aca01e72ff8013c76507292f3', '2018-01-23 20:44:39'),
(1461, NULL, 'dba63eee535d61b0879d6ec89f0cac1e', '2018-01-23 20:44:45'),
(1462, NULL, '4d717425676233a32f2ed3a24a5a7756', '2018-01-23 20:45:07'),
(1463, NULL, 'b7cf661e5c7036c7ba888192f2264718', '2018-01-23 20:45:11'),
(1464, NULL, '45c960e33036993aa1b11dc1e6c6e5f8', '2018-01-23 20:45:19'),
(1465, NULL, '4c37243a3232dee6d33807c74b12c023', '2018-01-23 21:45:28'),
(1466, NULL, '3811a3d37f84b5e5daed048640d65389', '2018-01-23 21:45:42'),
(1467, NULL, '16bfc746eb461958c7590c1822734c43', '2018-01-23 21:47:38'),
(1468, NULL, '0283cad57e599f3a3e1b02886b788b5b', '2018-01-23 22:02:25'),
(1469, NULL, '0ededc190e6bcf8c6a20ae1bc523e2aa', '2018-01-23 22:03:08'),
(1470, NULL, '89134e8a14a7b2fb1673abdbb2544ead', '2018-01-24 00:23:53'),
(1471, NULL, 'bd64c5275029b6af1f7f82fabe8cf91f', '2018-01-24 02:54:54'),
(1472, NULL, 'd37b16a8a37de235f808b18b82955ffb', '2018-01-24 03:36:07'),
(1473, NULL, '95c4691f648acce7fd380997599c8638', '2018-01-24 03:36:11'),
(1474, NULL, '3d66908a5c4ff9d8ecf581ca8d475610', '2018-01-24 03:51:50'),
(1475, NULL, '1f35e4fa17e18cba0feed68cb6f8a30a', '2018-01-24 03:53:22'),
(1476, NULL, '67b43df3d84f283c3fdc7a81d57d43f0', '2018-01-24 04:29:20'),
(1477, NULL, '0c653f311ffaf5560bc8249ecb6e6c0f', '2018-01-24 05:33:21'),
(1478, NULL, '35a4af5b81ffb68d6135f999775598c7', '2018-01-24 06:43:09'),
(1479, NULL, '6aa27be7a69fe70acdee45ce877bfdff', '2018-01-24 07:32:23'),
(1480, NULL, '35a4af5b81ffb68d6135f999775598c7', '2018-01-24 07:33:42'),
(1481, NULL, '5da436a4c3a8b3816d388ef06817100a', '2018-01-24 07:35:46'),
(1482, NULL, 'd3c5c3a691a7e3f003fce6c9c4e4c1c3', '2018-01-24 07:36:29'),
(1483, NULL, '422d7967b15a002fbea3c84cdea5214f', '2018-01-24 07:59:57'),
(1484, NULL, '75dd2acf18e2c247766c9977502e3f22', '2018-01-24 09:50:27'),
(1485, NULL, '8db2ec37c003e9af3af91d559249b77d', '2018-01-24 10:35:36'),
(1486, NULL, 'ece4af1bd447eb4becdadd35b796416d', '2018-01-24 10:28:53'),
(1487, NULL, '739b8a42685ba933e7a8503f3ba72ce4', '2018-01-24 10:28:59'),
(1488, NULL, 'bf99401c53dfc4c33d14554899618109', '2018-01-24 10:40:18'),
(1489, NULL, 'bf99401c53dfc4c33d14554899618109', '2018-01-24 11:21:41'),
(1490, NULL, '944061326c8c22745effda5408d9d32c', '2018-01-24 12:36:54'),
(1491, NULL, 'fc0c50bce4ddfee3f14242fe5ca554de', '2018-01-24 13:14:00'),
(1492, NULL, '79464fa0fb4b9d2114272c7fec232a86', '2018-01-24 14:07:34'),
(1493, NULL, 'bb381764be1f3ab5b61e92067d90a578', '2018-01-24 14:11:37'),
(1494, NULL, 'f39be45f1877a04b670a7b077c285be7', '2018-01-24 14:50:39'),
(1495, NULL, 'c4cd02a037ddccec46605340124eec41', '2018-01-24 16:35:43'),
(1496, NULL, 'ec82b1fe825741c295657f4bd99cff55', '2018-01-24 17:11:51'),
(1497, NULL, '9ceca478d04d8458465cf8fd26430816', '2018-01-24 17:20:34'),
(1498, NULL, '2c1163c6b1258969de90b2297d906d01', '2018-01-24 17:33:34'),
(1499, NULL, '29e1c25270ce6561a2c11ed881772eb7', '2018-01-24 18:04:47'),
(1500, NULL, 'c1af5cb1bf297865a63c59aa1e9d9012', '2018-01-24 19:33:31'),
(1501, NULL, '1f8b647d42aa870e2fb1abe909b3ad90', '2018-01-24 21:08:36'),
(1502, NULL, '2bd33cd05b93b4e0a335bd4d2da51602', '2018-01-24 23:26:26'),
(1503, NULL, '797be279ff657e9e4ef6e19541f61a85', '2018-01-25 00:23:03'),
(1504, NULL, '6d5f8b4b399a855fe0cb8cfb62b5215c', '2018-01-25 03:42:15'),
(1505, NULL, 'fb085f06bd1b3008577ff73e88ef8525', '2018-01-25 10:14:53'),
(1506, NULL, '0bfdd0bb69e94688fbdede5bc11fbfc1', '2018-01-25 10:57:42'),
(1507, NULL, 'dba7b05c0cee70929fe8f751f2c35228', '2018-01-25 16:55:59'),
(1508, NULL, 'ff94c04f1741ce32ee56be90ee3c8a6f', '2018-01-26 02:05:15'),
(1509, NULL, 'a92313ed748169bbf71afe55f47f58e9', '2018-01-26 03:00:20'),
(1510, NULL, '9fc54f3154305707e80875b3469090c0', '2018-01-26 06:17:28'),
(1511, NULL, '243fc3ac7cec528e49b443270ab588b4', '2018-01-26 08:39:42'),
(1512, NULL, '9205537036e7055f829eb624ce2051b5', '2018-01-26 12:32:56'),
(1513, NULL, 'ee4b3487de40f7fe0347dfd35abdee59', '2018-01-26 15:04:15'),
(1514, NULL, '2c1f05f1875b23136b5e64200ea92a0d', '2018-01-27 01:41:24'),
(1515, NULL, '467f3bfd1a9caed9c10cdd2057fe613a', '2018-01-27 06:44:58'),
(1516, NULL, 'b143d82a29e1686a0f806982fe3094c4', '2018-01-27 09:30:01'),
(1517, NULL, 'aa2d98a23f449f8d00040dd71d555ba2', '2018-01-27 19:24:51'),
(1518, NULL, '58191dbbd8d88f7b08cfcb3ce8536f59', '2018-01-27 20:11:22'),
(1519, NULL, '751bf04713c5e306bd4995f5023f3cb5', '2018-01-28 10:23:40'),
(1520, NULL, '4c49f67ea1ed9c16b975e0309eab8f2d', '2018-01-28 14:16:04'),
(1521, NULL, '39ba0c13a0d4564e4c3d9ee163099690', '2018-01-28 18:24:35'),
(1522, NULL, '808078a58517d2d5cbe7dc000ccb88c1', '2018-01-28 23:26:34'),
(1523, NULL, '024595e5e45ddd1f8fe7e650c6f54b20', '2018-01-29 04:31:54'),
(1524, NULL, '3816892f477bdb02bbf1dab6fd7ce8a0', '2018-01-29 05:08:52'),
(1525, NULL, '100bf938a75540f4d58f8790a7c2d41f', '2018-01-29 05:44:23'),
(1526, NULL, 'fd34fa6c77b8ea223314541ab39b9669', '2018-01-29 05:45:14'),
(1527, NULL, 'c97e0be1d861eb78aff157c7a9b37441', '2018-01-29 07:33:26'),
(1528, NULL, '1e1ac2eed1dcd6b2b9927c1aaab4c636', '2018-01-29 08:16:45'),
(1529, NULL, 'e2aa688ff720895e180c889284427ee0', '2018-01-29 08:16:51'),
(1530, NULL, 'be37ea2cd8d3725e5ed8ff31d197e738', '2018-01-29 08:16:56'),
(1531, NULL, '8828dc993672a51c8e204d5bf0db2b67', '2018-01-29 09:43:01'),
(1532, NULL, 'b6de312e86e71c82c7a4613d3de045a6', '2018-01-29 10:35:16'),
(1533, NULL, '0106139811983b9d66000044726385e9', '2018-01-29 10:35:20'),
(1534, NULL, 'bcddfa57714f56baccbb993165f9657a', '2018-01-29 11:34:46'),
(1535, NULL, '2e4dee035cb288903170ce7622754c40', '2018-01-29 13:35:45'),
(1536, NULL, 'a7358c428db25bf743a7f163d527c64b', '2018-01-29 13:35:52'),
(1537, NULL, '706b0aa05d429e317c5fc2e670062b7a', '2018-01-29 14:05:23'),
(1538, NULL, '4ac4a590a8240b12affd2bece45ee9db', '2018-01-29 14:39:27'),
(1539, NULL, 'b1e263568cec824286539a357aa520f2', '2018-01-29 17:20:16'),
(1540, NULL, 'fd894344c5a60d00fc8205aa54496db9', '2018-01-29 17:50:10'),
(1541, NULL, '8050ab7f4a1ccc2ffa6cf968cd7991b1', '2018-01-29 18:15:21'),
(1542, NULL, '62d3fe5ea7af5644a38e317afb2c26b3', '2018-01-29 18:15:22'),
(1543, NULL, 'eca4a892b128ce0bbc4a1e73d8b9306f', '2018-01-29 19:30:00'),
(1544, NULL, 'e687512411312c69ba42a87397608c48', '2018-01-29 18:32:03'),
(1545, NULL, '3cffe6b832ee3a60ea745ba99aa3dd24', '2018-01-29 20:30:12'),
(1546, NULL, '83d7eae1889c66fb4b3612ac275a033f', '2018-01-29 19:43:19'),
(1547, NULL, 'ae34d35ce864c71fba6181e249c749f8', '2018-01-29 21:30:25'),
(1548, NULL, '672b03c30da6c7d55fb53d8bf5585607', '2018-01-29 21:26:03'),
(1549, NULL, '4562bfe0b18782aefd9ec586493b8cea', '2018-01-29 22:30:40'),
(1550, NULL, 'e94fb2318114ca43193de3edc86d444e', '2018-01-29 21:33:35'),
(1551, NULL, 'ba3937c47dba8bdd700007aadb48c5f2', '2018-01-29 22:36:54'),
(1552, NULL, 'ba3937c47dba8bdd700007aadb48c5f2', '2018-01-29 23:31:54'),
(1553, NULL, 'fdf4758a8286b1ce0beb402b0e21aa56', '2018-01-30 00:05:10'),
(1554, NULL, 'abddde5a09475f96f720b73b0b4295c3', '2018-01-30 01:45:47'),
(1555, NULL, '3afadf7845bc51d6d5c3d19c99fa9669', '2018-01-30 01:54:05'),
(1556, NULL, '19741b3ae696d4d22ea24d4a8060a0de', '2018-01-30 02:41:54'),
(1557, NULL, 'b18d675dd500c45ca506bc166d35309c', '2018-01-30 02:50:18'),
(1558, NULL, '5621fd16c4ee3696c4de7d77921d22da', '2018-01-30 04:24:10'),
(1559, NULL, '60bc0110b81f0967395cbf474cdc6c77', '2018-01-30 05:04:32'),
(1560, NULL, 'de0baeed38b465efa2b7b335399c3593', '2018-01-30 04:49:27'),
(1561, NULL, 'b85d4c4e403b1ea705034c2d672fbebe', '2018-01-30 05:27:24'),
(1562, NULL, 'fdf730001c58f2d57856a1ca3332cc3f', '2018-01-30 07:06:54'),
(1563, NULL, '6751fc646a625e101a21c7b0389b2514', '2018-01-30 09:58:47'),
(1564, NULL, '465ffc5ee1f604587676b5d151d340b3', '2018-01-30 11:30:22'),
(1565, NULL, '5eed77d58a2ef294730dcc4e28c563ed', '2018-01-30 09:53:44'),
(1566, NULL, '54ff78978bc54a9fb4ce0175f070d679', '2018-01-30 10:32:16'),
(1567, NULL, '10a8e7b8dd7eb55a834e9d86cab7dc77', '2018-01-30 10:44:36'),
(1568, NULL, '0d68a8b9bf7f302de870cea0c714bbf9', '2018-01-30 11:59:01'),
(1569, NULL, 'ccebc889537dce241fcae1d9bf7617c7', '2018-01-30 12:11:46'),
(1570, NULL, 'f1a977cc47a1a89f71452b66e2f36025', '2018-01-30 12:25:55'),
(1571, NULL, 'f781071219d6b205d071edf4bedd7852', '2018-01-30 12:26:31'),
(1572, NULL, 'ba3fc64080b31d8c3be1bc3fc2d75358', '2018-01-30 12:36:02'),
(1573, NULL, 'f1a977cc47a1a89f71452b66e2f36025', '2018-01-30 13:13:05'),
(1574, NULL, 'b0c4909adae11fdef0a8a3d2a2d25dcb', '2018-01-30 13:11:50'),
(1575, NULL, '6faf8566b5d006eee4163db09cbad184', '2018-01-30 13:13:22'),
(1576, NULL, 'da31c48f4504a06b25351878ed675ca1', '2018-01-30 17:49:35'),
(1577, NULL, '3413634c3311ee52aab23c66823a42c7', '2018-01-31 09:42:18'),
(1578, NULL, 'ffd4abb17513bf235cd39f12c66915d0', '2018-01-31 13:14:37'),
(1579, NULL, '5f8b0c659ceb820308d8143992f98e3b', '2018-01-31 20:06:38'),
(1580, NULL, 'f8cccbacfe7f8f5b83150c289a7a35a6', '2018-01-31 20:06:52'),
(1581, NULL, '8de9475dd71cb6e52151b162b11d04a1', '2018-01-31 21:05:02'),
(1582, NULL, 'c4cbe048f674217c0a57f38f1d837e87', '2018-01-31 22:41:41'),
(1583, NULL, '88b532216163298103e443ff221af5a6', '2018-02-01 00:50:54'),
(1584, NULL, '5467f9b8398e938fc3f718eb7802b61a', '2018-02-01 05:55:39'),
(1585, NULL, 'ea1b97f4ca6aaded3af20dce83254422', '2018-02-01 08:16:45'),
(1586, NULL, 'f1e69e0bf0f206974daf27f4e8969e29', '2018-02-01 08:18:26'),
(1587, NULL, 'bb12d9c9d6884433363ce5be56e9bb17', '2018-02-01 08:28:23'),
(1588, NULL, 'b4fcbf1a982c15f3691cf2a141b7279e', '2018-02-01 08:40:59'),
(1589, NULL, 'dee6c0f9af5bd17ebdd27887eff21b35', '2018-02-01 09:51:41'),
(1590, NULL, '35e332714a1a62ce37462a37320427d1', '2018-02-01 11:54:06'),
(1591, NULL, '0bbc7c99b6d3d197664c8187ba4eb61d', '2018-02-01 11:48:57'),
(1592, NULL, 'a57bf63a921d4894d070d3f8dff7b6f6', '2018-02-01 11:54:14'),
(1593, NULL, '7c72366dfa3276455e63bf0cd05185ac', '2018-02-01 11:54:14'),
(1594, NULL, '73c50ba12d5af9cea4145bc2585a6312', '2018-02-01 11:54:14'),
(1595, NULL, '32643271ba97e14c852bc3e55ecdcd7c', '2018-02-01 13:19:03'),
(1596, NULL, 'a44d6f0dc7887e901cc28d51c922bb49', '2018-02-01 13:20:22'),
(1597, NULL, '0e69df93e4c0e33f85fdb33aa75836ce', '2018-02-01 13:56:35'),
(1598, NULL, 'd0b37ac5a1c02d7a82d44878f67e770f', '2018-02-01 14:48:05'),
(1599, NULL, '8e686aec82c6680cc683d20bbf727cff', '2018-02-01 16:54:49'),
(1600, NULL, '868502786007cf04b55844657d1bdcd3', '2018-02-01 17:21:02'),
(1601, NULL, '1421e85255dbc1ccd1a61a31204a347c', '2018-02-01 17:39:47'),
(1602, NULL, '3c2fa5b1cd7dc2c31f8fadf5b6beb76f', '2018-02-01 17:47:16'),
(1603, NULL, '777385aa507f19fbdc7962de59a3a8e4', '2018-02-01 22:08:34'),
(1604, NULL, '3fcb3bd46b4924864a19bc90ba66792a', '2018-02-02 03:27:31'),
(1605, NULL, '216dc121d134f0d78c45f05496c4f850', '2018-02-02 03:27:37'),
(1606, NULL, '8a82e7e95736e3856fa87feabdca6b20', '2018-02-02 03:52:39'),
(1607, NULL, '21ce8b517dde40492921fb874d1c0d74', '2018-02-02 05:25:00'),
(1608, NULL, '8ad84598f9b3b68b1574196bd36a86ce', '2018-02-02 10:57:30'),
(1609, NULL, '11a207801524d357c80d93bd42d9e547', '2018-02-02 11:48:02'),
(1610, NULL, '63a57e5a191442c91f13751f15b0747d', '2018-02-02 12:17:06'),
(1611, NULL, 'a803cc8e13c8ea42947c8e95569465d2', '2018-02-02 12:33:44'),
(1612, NULL, '7f0563b93e18573c25de187e96edd5bc', '2018-02-02 13:06:43'),
(1613, NULL, 'faaa2e742ba2790053e43f96e88da051', '2018-02-02 13:39:20'),
(1614, NULL, '020b63a28500d2df70c81119ffdd1f24', '2018-02-02 13:40:57'),
(1615, NULL, 'e84a12b8ca7269b12bc68f159f0c943a', '2018-02-02 13:39:24'),
(1616, NULL, '05f8989db5e83a73c32d6d68b1f5cf1f', '2018-02-02 17:28:39'),
(1617, NULL, '4aa84ab4b0d75fce79d5587d59e4b787', '2018-02-02 19:09:13'),
(1618, NULL, 'a7810562115e468d80436e79c515da5e', '2018-02-02 21:33:57'),
(1619, NULL, 'ce7b770cf0bcce1945a3ba45f404fe6f', '2018-02-03 02:33:40'),
(1620, NULL, '34672694d669f374bdf06b0620661717', '2018-02-03 03:19:58'),
(1621, NULL, 'ebcc4bd3e5aefc0e06695d693cb52df2', '2018-02-03 04:04:00'),
(1622, NULL, 'db2cc6d0bd697095497c897612d492c4', '2018-02-03 04:21:05'),
(1623, NULL, 'a71012f67c1c9298c8bcfe3812d360b9', '2018-02-03 04:21:14'),
(1624, NULL, '003ef2588dea468305e21f1d13a72f35', '2018-02-03 04:21:16'),
(1625, NULL, '1bc78e085d212c7febd76ea36159e79f', '2018-02-03 06:56:39'),
(1626, NULL, 'dd44fcb67008a84505309a6ca299d26c', '2018-02-03 08:51:03'),
(1627, NULL, 'f7ab40de02284138db3d2b3cfc7ad0dc', '2018-02-03 17:57:51'),
(1628, NULL, '76eb1afc306b10306ff69f05539f9ec2', '2018-02-03 22:52:24'),
(1629, NULL, 'bc91c8cddbecab50b7005ae4434aef35', '2018-02-04 23:19:06'),
(1630, NULL, '249e91ecceff941a34ee18099d6ba4e8', '2018-02-05 11:19:25'),
(1631, NULL, '76e8eae6021a82eb86848d23b36afaee', '2018-02-05 11:35:04'),
(1632, NULL, '9a5b3c5c6d58abc7beb9dab6a9e8e019', '2018-02-05 11:24:58'),
(1633, NULL, '902bf788f6a5e89684be27e7683e8a69', '2018-02-05 14:15:47'),
(1634, NULL, '0afe1d2da763ad72b8230604b3573039', '2018-02-05 23:52:56'),
(1635, NULL, 'bfcd8b7d389d5ff95849d6aa41420b63', '2018-02-06 05:14:39'),
(1636, NULL, '357fd0eb1073765b9c9ab8b84213974b', '2018-02-06 05:47:22'),
(1637, NULL, 'cb3807d90d9f304fa27e4cfabf6ee242', '2018-02-06 06:10:26'),
(1638, NULL, 'c9ce3f957586a4641ae292fd89fbf10b', '2018-02-06 07:58:57'),
(1639, NULL, '0235f347b024c8d0f696f566c8cad048', '2018-02-06 07:42:11'),
(1640, NULL, 'ad5b18b5e09cb736ff4c56586a45133d', '2018-02-06 10:09:27'),
(1641, NULL, '07327c8d2dd684e55cbae0213f3d56e6', '2018-02-06 10:50:48'),
(1642, NULL, 'aeb3afec652cab55a0ece60b86c00528', '2018-02-06 13:35:25'),
(1643, NULL, '0f39e7698aa56f5101df743f1bb38684', '2018-02-06 14:43:54'),
(1644, NULL, 'e3d19ad7e1e80c525d4c1664aedc2846', '2018-02-06 14:52:13'),
(1645, NULL, '57b78f7494935291db3b06c65e79bcb5', '2018-02-06 17:26:29'),
(1646, NULL, 'f3bace11714a000b32efdb06f616f73a', '2018-02-06 17:28:44'),
(1647, NULL, '9718fc0f0d802e27358991b0c7c36011', '2018-02-06 23:18:31'),
(1648, NULL, '9a9c5de94e8346045d1142fc871c7eae', '2018-02-07 04:58:00'),
(1649, NULL, '37b44ef6aef447da85f9cffb5ebc2560', '2018-02-07 05:16:33'),
(1650, NULL, 'e93dbf24ecb664ad390e3a5e9a112698', '2018-02-07 05:32:19'),
(1651, 4, 'a1d99d4e75e4d768b97f045112f8a6a1', '2018-02-07 06:42:03'),
(1652, NULL, '23e48201233475231c7f31598a477046', '2018-02-07 06:41:27'),
(1653, NULL, 'f57819ec8b513a83a08c1b88daf012ef', '2018-02-07 06:39:00'),
(1654, NULL, '45cbe56395496301fb56fdefe86fb8e4', '2018-02-07 06:39:14'),
(1655, NULL, '1d730ae75b9d2fe5a633de97d34841e4', '2018-02-07 06:42:51'),
(1656, NULL, 'e689c2fccad626d7d469f974a2d6e498', '2018-02-07 06:41:20'),
(1657, NULL, '642ddd512dd5386cdba0026b39f76990', '2018-02-07 06:50:33'),
(1658, NULL, '6bd51b0d2e6f7b9ba3a9ba74f12c58fc', '2018-02-07 06:50:25'),
(1659, NULL, 'ecd2466c4b5ba5e4ef5bdf8ef42cf1b2', '2018-02-07 06:50:47'),
(1660, NULL, '642ddd512dd5386cdba0026b39f76990', '2018-02-07 07:49:52'),
(1661, NULL, '77c208be2200e87c4a5a54b5fa32d22e', '2018-02-07 07:57:14'),
(1662, NULL, '5476aabeee61a3c8c6b40f6b814cdb66', '2018-02-07 07:52:47'),
(1663, NULL, '837f81863f50ef94099d5e427e124b37', '2018-02-07 08:11:55'),
(1664, NULL, '92bef0a671767965a513059d58dd2a26', '2018-02-07 09:21:18'),
(1665, NULL, '3311e48e86b8d08d2ba130d3618e388b', '2018-02-07 09:58:12'),
(1666, NULL, '923c2095ee5d09dc6dd1bf9b56aa1016', '2018-02-07 10:41:57'),
(1667, NULL, '1c3acee4054d69db9a889f8b9ffbaac0', '2018-02-07 10:54:29'),
(1668, NULL, '498a01f5271a8e58f193f052225e8c18', '2018-02-07 11:29:42'),
(1669, NULL, 'df48bec60e2ee29ac173b97ad3015a4b', '2018-02-07 11:33:25'),
(1670, NULL, 'ccfdf9e438283d490e851f743b19cb24', '2018-02-07 12:27:39'),
(1671, NULL, 'b8a2212232db84b8412b6766d76fef31', '2018-02-07 15:13:07'),
(1672, NULL, 'daed964e212d1af1c43804a708ac484b', '2018-02-07 20:09:12'),
(1673, NULL, 'ca31cc91a0ab205ed0382543aa1d1fca', '2018-02-07 20:09:22'),
(1674, NULL, '23c2fbf7ecf77601ba48929422767d83', '2018-02-07 23:28:18'),
(1675, NULL, '885f1cc224126968b72adec4507ea3ed', '2018-02-08 04:34:40'),
(1676, NULL, '6f7c97abba98cefa8b0dd70232a673f6', '2018-02-08 05:05:01'),
(1677, NULL, 'e135cdbd5a0ef7804d41e5a46f088711', '2018-02-08 05:05:45'),
(1678, NULL, 'a046759bfb306cf575e8ebdcb292ab83', '2018-02-08 05:06:22'),
(1679, NULL, '2b79f0aab5a8c126b8fce2bba58e2927', '2018-02-08 05:55:11'),
(1680, NULL, 'ce62c93f84ba541845009c3e53855fbf', '2018-02-08 07:01:03'),
(1681, NULL, 'f406f69dbb9557f588b1071180490d74', '2018-02-08 06:18:05'),
(1682, NULL, '04bc6971e299073f4cda0f2f6a012a9c', '2018-02-08 06:19:46'),
(1683, NULL, '77e2e45c34e2e9b911e699aafa86cfac', '2018-02-08 07:13:33'),
(1684, NULL, 'fb8317b7e6da799f24e697daa989dcdd', '2018-02-08 07:15:17'),
(1685, NULL, 'e062e8c9ca4300d1be58b93639808b69', '2018-02-08 07:48:54'),
(1686, NULL, 'bf905dc65c91018041a3caabf69451cd', '2018-02-08 09:49:02'),
(1687, NULL, 'ae2a5764867576731bbcd4d232a82bb2', '2018-02-08 09:50:08'),
(1688, NULL, '4d537a1c5a6e4a3012173c813a77e59c', '2018-02-08 10:37:29'),
(1689, NULL, 'fdff41f3ce22dce8306fc9925ec8d2d0', '2018-02-08 11:59:55'),
(1690, NULL, '33b2463c6f31bbc77310ee3029ed931f', '2018-02-08 12:05:29'),
(1691, NULL, 'b343bc320763f3e5e7e5b20082010f2f', '2018-02-08 12:03:48'),
(1692, NULL, '57448f5d93f16ef3977864a9a12bcff0', '2018-02-08 12:09:31'),
(1693, NULL, 'd6cc7b388edf4c7dbd493156a9558980', '2018-02-08 13:20:08'),
(1694, NULL, '69c79d2cd4655ad45fffe45271d04747', '2018-02-08 13:48:03'),
(1695, NULL, 'a018c5450de0e9c412b526a88fdcae34', '2018-02-08 13:48:18'),
(1696, NULL, '82d2b70018b3d11cc469a544639ccf54', '2018-02-08 14:31:06'),
(1697, NULL, '2b194d9738892edd28b0149ebcc54dd8', '2018-02-08 15:36:44'),
(1698, NULL, '199c298f9d5112a0e7c5127acd8d6102', '2018-02-08 17:09:12'),
(1699, NULL, '90ed298f36724cb54b6fcc44f459da76', '2018-02-08 17:47:45'),
(1700, NULL, '0dbf4586d9d2a6110f56b2c8c858f7cc', '2018-02-08 19:17:44'),
(1701, NULL, 'd59b2a21b7f290c0fdcd470aea56604a', '2018-02-08 20:09:15'),
(1702, NULL, 'b0c54201e4a8ef53a3effce3ae0dcaed', '2018-02-08 20:46:58'),
(1703, NULL, '3dee2eac953ab71acefa9e09f1a9075c', '2018-02-08 20:44:21'),
(1704, NULL, 'a6bd4c68f204957d070f37e93226a913', '2018-02-08 20:47:13'),
(1705, NULL, 'f913f3b2ba9845c0a1b0c03d91d17ca3', '2018-02-08 21:08:42'),
(1706, NULL, '897318b453c4e8aaea18797be52dea28', '2018-02-08 22:22:10'),
(1707, NULL, 'ce920436b75c573c506d972994778552', '2018-02-08 22:23:05'),
(1708, NULL, '65d89d4d5b0765ea525e91563be2d081', '2018-02-08 22:29:24'),
(1709, NULL, 'b29ef361d016061270dc8d63e0f78d71', '2018-02-08 22:44:43'),
(1710, NULL, '7640b2ea7db88c3993235ab8f99e682f', '2018-02-08 22:44:48'),
(1711, NULL, '43bf8f9261b5da3a5b01a2d834293b10', '2018-02-08 23:42:32'),
(1712, NULL, '3694613c354d9b99cf798c838863e32a', '2018-02-09 00:40:07'),
(1713, NULL, '57234ed94c7fb237d1a2bbb866562936', '2018-02-09 02:40:49'),
(1714, NULL, 'cf2bcc6d7c74d8f1fcff8f3d200b7c7e', '2018-02-09 02:40:58'),
(1715, NULL, '216f8f0854d9fcb1725ce1aaa78f9a7a', '2018-02-09 04:36:20'),
(1716, NULL, '3d93b48b41ac2d5db1fce48934e79645', '2018-02-09 04:43:47'),
(1717, NULL, 'a0590d59a9b43ed7c3a68633c889132a', '2018-02-09 05:32:39'),
(1718, NULL, '8c6b92bba2ba3879e377d6f240bddd06', '2018-02-09 05:19:11'),
(1719, NULL, '08f2064e95623d175531a37e10f1ea6d', '2018-02-09 05:46:31'),
(1720, NULL, '813f962e438857f1303c106da35e09dc', '2018-02-09 06:46:36'),
(1721, NULL, '7079a4a26cfe33edede6603338e72b3a', '2018-02-09 06:08:30'),
(1722, NULL, '96258869538adb8d19ef8dd144c59530', '2018-02-09 06:10:40'),
(1723, NULL, 'ab99fb9b1a33e7349c3b747f785d70ac', '2018-02-09 06:11:23'),
(1724, NULL, '268b542e0eaea402187ea1569f2f26ac', '2018-02-09 06:11:00'),
(1725, NULL, 'ef9f0c416639b445b9f2b8075c88d93a', '2018-02-09 06:37:45'),
(1726, NULL, '752a578d2ec40de8cccec60b8a7032b9', '2018-02-09 06:46:00'),
(1727, NULL, '235fb4a9f622071ad6af19a0dab8ecbf', '2018-02-09 07:46:43'),
(1728, NULL, '58de6f0c1191649f976442d27a6e6d1a', '2018-02-09 07:13:47'),
(1729, NULL, '38378879362814082f1defb8aa6139ea', '2018-02-09 07:48:48'),
(1730, NULL, '60cbb1fd081611d5a376e249cb87c7fb', '2018-02-09 07:53:00'),
(1731, NULL, '26ab4f506291150d54e5dd49be7b0de9', '2018-02-09 07:59:04'),
(1732, NULL, '9a7161b83c47f94e5fbad0f93150fefc', '2018-02-09 07:59:54'),
(1733, NULL, '2b3cb1cbde259150edc67faaf9f85507', '2018-02-09 08:14:00'),
(1734, NULL, '30ffadccd7a5f89cd85217886fcfcc52', '2018-02-09 08:17:23'),
(1735, NULL, '5533c35d0467a7e61e713c62fb37a260', '2018-02-09 08:21:24'),
(1736, NULL, '12fed7649dcdb55af9e2628703708e58', '2018-02-09 09:12:37'),
(1737, NULL, 'b6950cb3fb69d5bd2356964ba878ec0a', '2018-02-09 09:17:25'),
(1738, NULL, '2d858f8b32fcbd7d9189469e823852ed', '2018-02-09 09:21:31'),
(1739, NULL, '03e54544302b5bcab70a25aa2d3462f4', '2018-02-09 09:28:33'),
(1740, NULL, '65404f11c16690a44186389d7326a7a7', '2018-02-09 09:29:33'),
(1741, NULL, '22e4ea719ae859d80fc277048b10901c', '2018-02-09 09:34:37'),
(1742, NULL, '97fdbf48a0b7fd6d178d1ced1df1717c', '2018-02-09 09:39:09'),
(1743, NULL, '9ffc84fa428313c8c8f91923c5a2c9f4', '2018-02-09 09:44:29'),
(1744, NULL, 'cda9042c509c25f9c0379d46874387b9', '2018-02-09 10:04:30'),
(1745, NULL, '5dcc7e58ab6d81d12a7676713c371451', '2018-02-09 10:15:22'),
(1746, NULL, 'fcdb20b7df1b07de7bb29536390b1178', '2018-02-09 10:32:04'),
(1747, NULL, '368ab5b88bb7c694c4f79bb666cc941c', '2018-02-09 10:41:34'),
(1748, NULL, '52a73676ee599953d0eaae04448e1b6e', '2018-02-09 10:44:30'),
(1749, NULL, 'cda9042c509c25f9c0379d46874387b9', '2018-02-09 11:03:37'),
(1750, NULL, '9a542c3b4e13da8abcb099b9993fb1df', '2018-02-09 10:48:59'),
(1751, NULL, '5a58f34473dd39995ab6c1be8aa72495', '2018-02-09 10:56:35'),
(1752, NULL, 'e87b36eb6667cfcaf9fb58958b8e5f28', '2018-02-09 11:02:42'),
(1753, NULL, '830500cc96a8ca7223a22b3d49bbc5bd', '2018-02-09 11:04:57'),
(1754, NULL, 'd6ff419b3063087315886cd22c082058', '2018-02-09 11:05:30'),
(1755, NULL, '1b2608aef024a9dbac2e8af16266bbe1', '2018-02-09 11:54:41'),
(1756, NULL, 'c517ace573eef34256fd43225e406b28', '2018-02-09 12:01:35'),
(1757, NULL, '9f3816302b9bfe1a08765410ab087988', '2018-02-09 12:26:03'),
(1758, NULL, '55cf94e2276fd555eb096e454abaf5c9', '2018-02-09 12:13:00'),
(1759, NULL, 'fb7e271ef1037a3679d99f19efbbf8f2', '2018-02-09 12:27:40'),
(1760, NULL, 'f641283e7848f224875decbf6b08cd0b', '2018-02-09 12:33:09'),
(1761, NULL, 'f75ba9c5fbfd5a77a767bcecc8521364', '2018-02-09 13:07:15'),
(1762, NULL, '111c95e1aca369275e1dcee33c0877e2', '2018-02-09 13:24:56'),
(1763, NULL, '5484cdc8a0a7761614b351efee12de24', '2018-02-09 14:13:21'),
(1764, NULL, '99b6c10a8b162a31896db81e997b241b', '2018-02-09 14:12:25'),
(1765, NULL, '30728a54cee319051848229582ba7e71', '2018-02-09 14:13:25'),
(1766, NULL, '099c7895ce52b8d9e61b5a732d4b27ad', '2018-02-09 14:15:33'),
(1767, NULL, 'cf8617c04fc259024c8ba651014317b4', '2018-02-09 14:16:34'),
(1768, NULL, '17aad8125707b3fa5a4084d1006267f2', '2018-02-09 14:18:31'),
(1769, NULL, '8cffacf866f83f8eaf608d8a99cd5674', '2018-02-09 14:29:55'),
(1770, NULL, '832ad7f1e2b65a9b3213b6b4126d7791', '2018-02-09 14:43:31'),
(1771, NULL, 'cd411bed22ab51915db8226e5fa3a659', '2018-02-09 15:02:33'),
(1772, NULL, '5c4a8d3accb725f5d7281fcea5d91b91', '2018-02-09 15:11:36'),
(1773, NULL, 'cc53663b8f385d6c0c2cddf9d81dd19f', '2018-02-09 15:11:39'),
(1774, NULL, '4e717187dd05ab2a3c99eeafac932fc2', '2018-02-09 16:03:24'),
(1775, NULL, '582de0b7ba790f40a09479b73073744a', '2018-02-09 17:14:03'),
(1776, NULL, 'e0a2c2b4c03189dc2ab9365579b90e5d', '2018-02-09 17:42:17'),
(1777, NULL, '80223ecf69d70862859739456236d917', '2018-02-09 18:14:09'),
(1778, NULL, '452c7e1f73f4b72968fed02659d2ad39', '2018-02-09 18:15:22'),
(1779, NULL, '9c43a84050ca0f7a72b0900b9be07d02', '2018-02-09 18:15:12'),
(1780, NULL, 'd0cdd47255ca63e4e5ea08a5c323ff0c', '2018-02-09 22:31:37'),
(1781, NULL, '2ad8d1d4a04607bb8155c860c7eea582', '2018-02-10 01:00:28'),
(1782, NULL, '8c2989985b2e6aa4df1b8d1261e6a544', '2018-02-10 03:01:49'),
(1783, NULL, '350de83e5c06cf2b94d026648e70aa24', '2018-02-11 15:38:07'),
(1784, NULL, '5dadbafc1dc1d720e2e7d4eaa2e251b6', '2018-02-11 16:28:51'),
(1785, NULL, 'b3ac2e9b05cb043d9d1a5e44fb28c1ee', '2018-02-12 04:34:58'),
(1786, NULL, '07eb480ea5f477658d1e2794145b39a6', '2018-02-12 07:15:06'),
(1787, NULL, 'a5f20e83a6ad4395cffd6f0a5035e0db', '2018-02-12 08:15:11'),
(1788, NULL, 'eeab5635fde40e33944a42d5d99578ed', '2018-02-12 10:41:19'),
(1789, NULL, 'd66144816196d431250a3c1ff6a5a3be', '2018-02-12 13:16:40'),
(1790, NULL, 'ce9361478f2a7282456faa7057d05671', '2018-02-12 13:39:02'),
(1791, NULL, '6361c49114ba9fa414554d5af4356b8a', '2018-02-12 13:45:42'),
(1792, NULL, '89dd11face112b6b658f2b9b89937e33', '2018-02-12 13:44:07'),
(1793, NULL, 'bc99190922b77e6733990a873bcadc99', '2018-02-12 13:45:47'),
(1794, NULL, 'bd732c3f52b02333cfb8fb58da08cef3', '2018-02-12 13:48:55'),
(1795, NULL, '5b59bacee99a021235beed2ba6ae45f2', '2018-02-12 13:53:28'),
(1796, NULL, 'a89f26e6c334cc4a4725b7ff48409dea', '2018-02-12 13:58:32'),
(1797, NULL, '33e712e5c28b93dabdcc6b390d67e6d7', '2018-02-12 18:18:09'),
(1798, NULL, 'bf9a66f316e3128d6d9b54ba713d0612', '2018-02-12 18:20:40'),
(1799, NULL, '7cba5eb38fc7bc49d37627481c5e2078', '2018-02-12 22:48:18'),
(1800, NULL, 'c58d06f041bd1cfa42d1756be44d2b40', '2018-02-12 22:54:47'),
(1801, NULL, '771338058c645894979834d9cb9d78d9', '2018-02-12 23:20:06'),
(1802, NULL, 'b69dfe0a8198fcc7d644d19851916010', '2018-02-12 23:20:09'),
(1803, NULL, 'a7a899f5036dc8835d05e5d16ac1e609', '2018-02-13 01:27:02'),
(1804, NULL, 'e487d18d525f07ade06531ab777cc224', '2018-02-13 01:27:39'),
(1805, NULL, 'ffb09a107ee5bb6a87e1dd5311d5044d', '2018-02-13 05:13:51'),
(1806, NULL, '597e5cdf501e33b29a2ae57513d94c80', '2018-02-13 06:26:06'),
(1807, NULL, 'e0cb6e8cb0f322c3be819667bb4e5248', '2018-02-13 06:26:11'),
(1808, NULL, '6f3e698936f8c2738fc07c267408131f', '2018-02-13 06:26:15'),
(1809, NULL, '366863edd359ec217ddcc2631ffbeaaf', '2018-02-13 07:15:15'),
(1810, NULL, '7385241b4020dbc7e34fb483c7401ce0', '2018-02-13 09:26:11'),
(1811, NULL, '57be7c52168bfb93bb6f7ee61f9fa297', '2018-02-13 12:57:19'),
(1812, NULL, '053d45c0d59d5937a0598d70eb626af0', '2018-02-13 12:56:57'),
(1813, NULL, 'c65ad4df84c1df3587c2d8c776551544', '2018-02-13 13:19:56'),
(1814, NULL, '4b6a6ea9f51bd3e0ef38276099f18e23', '2018-02-13 13:21:56'),
(1815, NULL, '993c7dfa96298974583e28d30bfc01dd', '2018-02-13 13:32:32'),
(1816, NULL, 'cf1cbd757b2a69d81b5e7af7f8026df1', '2018-02-13 13:23:47'),
(1817, NULL, 'b606e3310f62753ca05a71cb9431aa12', '2018-02-13 13:25:40'),
(1818, NULL, '9c8286ad205476c8b7988aae5a0b2187', '2018-02-13 13:26:11'),
(1819, NULL, 'b7019e9ced282a141a9f660922d578c8', '2018-02-13 13:26:15'),
(1820, NULL, '61d7c73876da1db6c7ab92668d4a801f', '2018-02-13 13:44:57'),
(1821, NULL, '5d3363638960f0a66a1bd7c580bcd130', '2018-02-13 13:57:07'),
(1822, NULL, 'ea3e4754a7c007a241ee41dc5614d0ca', '2018-02-13 13:58:49'),
(1823, NULL, '47a0c8cdf30f7109cc2bbcf2f1f4b4d6', '2018-02-13 14:02:10'),
(1824, NULL, 'dcc4da0f0d971513c8872a0a45aed2d9', '2018-02-13 15:38:39'),
(1825, NULL, '42b2ae1a881d3675d40b4b7d4f8f7aae', '2018-02-13 18:20:57'),
(1826, NULL, '7bbecc91ada0ce258cfa98525cd26a13', '2018-02-13 19:33:10'),
(1827, NULL, '430de063aa2d3843ba5464e1bcf5ea1c', '2018-02-13 20:45:49'),
(1828, NULL, 'b56cee347aac83cb0e5db4e762322f59', '2018-02-14 02:13:12'),
(1829, NULL, '443f54f934ec25328b48c14871d3e5a1', '2018-02-14 04:12:15'),
(1830, NULL, '94e5c48f309fce43db845892d6c0a8ae', '2018-02-14 05:12:38'),
(1831, NULL, 'c409ec4b6fa42d094a159fdb6053ba20', '2018-02-14 05:15:13'),
(1832, NULL, '8d80a4e66dd4a9f756d6316bd6b63b3c', '2018-02-14 05:17:22'),
(1833, NULL, '977f92565933dd85e32a0166bb682492', '2018-02-14 05:22:50'),
(1834, NULL, 'f5ec2d2468bec927347af056b15a61db', '2018-02-14 05:22:58'),
(1835, NULL, '552df4a92888925b9a38a55bff596286', '2018-02-14 05:24:12'),
(1836, NULL, '2dcaa24910750085fe146bbfb2818d06', '2018-02-14 05:39:23'),
(1837, NULL, '626cbb88c9367e34e7196b2ded7870fd', '2018-02-14 06:36:45'),
(1838, NULL, '47939dbc94ea59db5279f038db857e1c', '2018-02-14 08:52:55'),
(1839, NULL, '9bcc015f179479b5389c1840bd1c3fb6', '2018-02-14 08:52:13'),
(1840, NULL, '86476f406cd73338ce72b01af5cdb22a', '2018-02-14 08:52:55'),
(1841, NULL, 'ff5e183f79cd24e7d344e5f60eb488eb', '2018-02-14 09:58:57'),
(1842, NULL, 'bdd7582e2155a6344756cddf0d67086a', '2018-02-14 09:59:55'),
(1843, NULL, '7a0c22f054ef6cf32554a86c369cf0bb', '2018-02-14 10:05:40'),
(1844, NULL, '67780c0e4b59746f831ecf8b7a674c5e', '2018-02-14 10:38:34'),
(1845, NULL, '253a927a2e31990fee60f9e781f99174', '2018-02-14 10:38:58'),
(1846, NULL, '2693af85f90f13a3493cc557f72fd095', '2018-02-14 12:35:07'),
(1847, NULL, 'c916d32baad806182d6d96ffb597754a', '2018-02-14 13:01:28'),
(1848, NULL, '3c2653cafd51e98cb006eb14b85633b0', '2018-02-14 13:01:42'),
(1849, NULL, '4581585eb2ff48a68c02e14a389923c1', '2018-02-14 13:01:48'),
(1850, NULL, '94a9e1e73901c6952a5c3a9a65fcac36', '2018-02-14 13:56:42'),
(1851, NULL, '1459eae87937be8d7c6cf3a63c1332d8', '2018-02-14 14:05:56'),
(1852, NULL, '4fdf28e095e889aefe435312522d7913', '2018-02-14 14:13:08'),
(1853, NULL, 'b2cd9c1580375c1310b1f8c40e9b1a43', '2018-02-14 14:25:04'),
(1854, NULL, '0256f5cdcc84eebae6c768ff56cf5c5c', '2018-02-14 14:29:43'),
(1855, NULL, 'c008acafd5bde8172bd6e49bf02b4967', '2018-02-14 14:33:49'),
(1856, NULL, 'e56a595343246aa1003b2c34da318269', '2018-02-14 14:38:00'),
(1857, NULL, '617ede5c9c6dcaff332ca9591dc05ef2', '2018-02-14 14:39:25'),
(1858, NULL, 'f0551ba64e11f0c1a603429214cfa517', '2018-02-14 15:51:54'),
(1859, NULL, 'f839d0968dbb7fd955d797fc3650f9e0', '2018-02-14 15:51:54'),
(1860, NULL, 'eb2af0b7734001e46e59051fec313aab', '2018-02-14 23:36:45'),
(1861, NULL, 'd38b168b9a5b42c26bde7a67eada9e9c', '2018-02-15 01:24:12'),
(1862, NULL, 'd2dbaa70e99d77786fe8463dbebabc06', '2018-02-15 04:13:24'),
(1863, NULL, '9d7e49247c64988f9e51d2ce434658f4', '2018-02-15 04:20:43'),
(1864, NULL, '36f310527307d9e3d92c792203a856c6', '2018-02-15 05:10:25'),
(1865, NULL, '9910a8bf2899f79641913b54f6c90dbf', '2018-02-15 05:27:36'),
(1866, NULL, '9d87bab463290a0bb03cfe93021dcbac', '2018-02-15 05:28:00'),
(1867, NULL, 'c3535ae91f131d071761f14a090b3bcb', '2018-02-15 06:17:09'),
(1868, NULL, 'f02bbf7bbfb33ec758cb23cb624a17e8', '2018-02-15 11:56:07'),
(1869, NULL, '910c484be51634fd618d20932c4af4cd', '2018-02-15 11:58:36'),
(1870, NULL, 'f65422ad6c2c858efc4c07a9c8e87c7d', '2018-02-15 12:00:51'),
(1871, NULL, '5a0e281489e85eef3b0af9c94ffc9f0a', '2018-02-15 12:05:10'),
(1872, NULL, '475c97e51753fcef4526f842d21e940a', '2018-02-15 12:09:10'),
(1873, NULL, '7d1c49cd344c0c8162e0bfa508a94fde', '2018-02-15 12:14:40'),
(1874, NULL, '16016eb5fe93777b5b68cdb688cc0de4', '2018-02-15 12:15:52'),
(1875, NULL, 'dd903caf89398937c2717d7f5ff05a7b', '2018-02-15 12:21:15'),
(1876, NULL, 'bcdef43eb315eb542f6dc88ad6d88222', '2018-02-15 12:25:36'),
(1877, NULL, '6f44d61551339c50685f3de9884c2bca', '2018-02-15 12:26:54'),
(1878, NULL, '6b9859c7c8e480be6f2a69ad7491326c', '2018-02-15 12:26:38'),
(1879, NULL, '90a4a102686808b3d9eab8b35d5f3318', '2018-02-15 12:28:33'),
(1880, NULL, '72e777b36d33b233bf7d9e69e498f4bb', '2018-02-15 12:32:15'),
(1881, NULL, '158fd632e43cb7c6659f0cc2ed77bbb1', '2018-02-15 12:35:16'),
(1882, NULL, '60940dc91cad71af17a8c42b7cd4387c', '2018-02-15 13:18:52'),
(1883, NULL, '4ca90d0c6afd43932f8babf81f568d93', '2018-02-15 13:24:51'),
(1884, NULL, '6832e26f3878b63b353a38ab05de1d0c', '2018-02-15 12:51:13'),
(1885, NULL, 'aa5e8321273163b3491648ed84695dd4', '2018-02-15 12:52:23'),
(1886, NULL, 'fed441aaae51cfa0a27c18aa003ddc1a', '2018-02-15 12:56:02'),
(1887, NULL, 'c2aef1781475cc18b2238e270e6d248f', '2018-02-15 13:39:56'),
(1888, NULL, '87b48a672c9d1c50d4c4f634a08c5106', '2018-02-15 13:35:48'),
(1889, NULL, 'ca97a5ea3bd59627851ab45cfd3c1902', '2018-02-15 13:34:42'),
(1890, NULL, '2ae9b9235dcede69ca9509f87d1cffba', '2018-02-15 13:35:28'),
(1891, NULL, 'cf4a271e8127f38be3e9a3f626bebe41', '2018-02-15 13:35:29'),
(1892, NULL, '52c3b823b19cb07cc39c40a44fb6fabd', '2018-02-15 13:37:06'),
(1893, NULL, '9f71e5930a0548a4c840566380388562', '2018-02-15 17:10:47'),
(1894, NULL, 'f24f42a4e0488cb088e9b11b8d95d82e', '2018-02-15 19:10:45'),
(1895, NULL, '6c40725fcd50e03617587e037755fec8', '2018-02-15 19:29:51'),
(1896, NULL, '55f5ec038d33310b6eb2bec00175bb24', '2018-02-15 21:33:42'),
(1897, NULL, '0ca5d27f7b5e9ca3ed7c4a37cc198a77', '2018-02-16 02:38:03'),
(1898, NULL, '7ce1aa46881fbfc49072876ba55c05c0', '2018-02-16 04:26:10'),
(1899, NULL, '7a72dd2ac9cb6d33a64cdd98b1a7c570', '2018-02-16 06:16:51'),
(1900, NULL, '45ed383325140fb15c8f6de2dc7d5f7d', '2018-02-16 06:27:18');

-- --------------------------------------------------------

--
-- Table structure for table `design_change`
--

CREATE TABLE `design_change` (
  `design_change_id` int(11) NOT NULL COMMENT 'Design Change Id',
  `store_id` smallint(5) UNSIGNED NOT NULL DEFAULT '0' COMMENT 'Store Id',
  `design` varchar(255) DEFAULT NULL COMMENT 'Design',
  `date_from` date DEFAULT NULL COMMENT 'First Date of Design Activity',
  `date_to` date DEFAULT NULL COMMENT 'Last Date of Design Activity'
) ENGINE=InnoDB DEFAULT CHARSET=utf8 COMMENT='Design Changes';

-- --------------------------------------------------------

--
-- Table structure for table `design_config_grid_flat`
--

CREATE TABLE `design_config_grid_flat` (
  `entity_id` int(10) UNSIGNED NOT NULL COMMENT 'Entity ID',
  `store_website_id` int(11) DEFAULT NULL COMMENT 'Store_website_id',
  `store_group_id` int(11) DEFAULT NULL COMMENT 'Store_group_id',
  `store_id` int(11) DEFAULT NULL COMMENT 'Store_id',
  `theme_theme_id` varchar(255) DEFAULT NULL COMMENT 'Theme_theme_id'
) ENGINE=InnoDB DEFAULT CHARSET=utf8 COMMENT='design_config_grid_flat';

--
-- Dumping data for table `design_config_grid_flat`
--

INSERT INTO `design_config_grid_flat` (`entity_id`, `store_website_id`, `store_group_id`, `store_id`, `theme_theme_id`) VALUES
(0, NULL, NULL, NULL, '2'),
(1, 1, NULL, NULL, '2'),
(2, 1, 1, 1, '6');

-- --------------------------------------------------------

--
-- Table structure for table `directory_country`
--

CREATE TABLE `directory_country` (
  `country_id` varchar(2) NOT NULL COMMENT 'Country Id in ISO-2',
  `iso2_code` varchar(2) DEFAULT NULL COMMENT 'Country ISO-2 format',
  `iso3_code` varchar(3) DEFAULT NULL COMMENT 'Country ISO-3'
) ENGINE=InnoDB DEFAULT CHARSET=utf8 COMMENT='Directory Country';

--
-- Dumping data for table `directory_country`
--

INSERT INTO `directory_country` (`country_id`, `iso2_code`, `iso3_code`) VALUES
('AD', 'AD', 'AND'),
('AE', 'AE', 'ARE'),
('AF', 'AF', 'AFG'),
('AG', 'AG', 'ATG'),
('AI', 'AI', 'AIA'),
('AL', 'AL', 'ALB'),
('AM', 'AM', 'ARM'),
('AN', 'AN', 'ANT'),
('AO', 'AO', 'AGO'),
('AQ', 'AQ', 'ATA'),
('AR', 'AR', 'ARG'),
('AS', 'AS', 'ASM'),
('AT', 'AT', 'AUT'),
('AU', 'AU', 'AUS'),
('AW', 'AW', 'ABW'),
('AX', 'AX', 'ALA'),
('AZ', 'AZ', 'AZE'),
('BA', 'BA', 'BIH'),
('BB', 'BB', 'BRB'),
('BD', 'BD', 'BGD'),
('BE', 'BE', 'BEL'),
('BF', 'BF', 'BFA'),
('BG', 'BG', 'BGR'),
('BH', 'BH', 'BHR'),
('BI', 'BI', 'BDI'),
('BJ', 'BJ', 'BEN'),
('BL', 'BL', 'BLM'),
('BM', 'BM', 'BMU'),
('BN', 'BN', 'BRN'),
('BO', 'BO', 'BOL'),
('BR', 'BR', 'BRA'),
('BS', 'BS', 'BHS'),
('BT', 'BT', 'BTN'),
('BV', 'BV', 'BVT'),
('BW', 'BW', 'BWA'),
('BY', 'BY', 'BLR'),
('BZ', 'BZ', 'BLZ'),
('CA', 'CA', 'CAN'),
('CC', 'CC', 'CCK'),
('CD', 'CD', 'COD'),
('CF', 'CF', 'CAF'),
('CG', 'CG', 'COG'),
('CH', 'CH', 'CHE'),
('CI', 'CI', 'CIV'),
('CK', 'CK', 'COK'),
('CL', 'CL', 'CHL'),
('CM', 'CM', 'CMR'),
('CN', 'CN', 'CHN'),
('CO', 'CO', 'COL'),
('CR', 'CR', 'CRI'),
('CU', 'CU', 'CUB'),
('CV', 'CV', 'CPV'),
('CX', 'CX', 'CXR'),
('CY', 'CY', 'CYP'),
('CZ', 'CZ', 'CZE'),
('DE', 'DE', 'DEU'),
('DJ', 'DJ', 'DJI'),
('DK', 'DK', 'DNK'),
('DM', 'DM', 'DMA'),
('DO', 'DO', 'DOM'),
('DZ', 'DZ', 'DZA'),
('EC', 'EC', 'ECU'),
('EE', 'EE', 'EST'),
('EG', 'EG', 'EGY'),
('EH', 'EH', 'ESH'),
('ER', 'ER', 'ERI'),
('ES', 'ES', 'ESP'),
('ET', 'ET', 'ETH'),
('FI', 'FI', 'FIN'),
('FJ', 'FJ', 'FJI'),
('FK', 'FK', 'FLK'),
('FM', 'FM', 'FSM'),
('FO', 'FO', 'FRO'),
('FR', 'FR', 'FRA'),
('GA', 'GA', 'GAB'),
('GB', 'GB', 'GBR'),
('GD', 'GD', 'GRD'),
('GE', 'GE', 'GEO'),
('GF', 'GF', 'GUF'),
('GG', 'GG', 'GGY'),
('GH', 'GH', 'GHA'),
('GI', 'GI', 'GIB'),
('GL', 'GL', 'GRL'),
('GM', 'GM', 'GMB'),
('GN', 'GN', 'GIN'),
('GP', 'GP', 'GLP'),
('GQ', 'GQ', 'GNQ'),
('GR', 'GR', 'GRC'),
('GS', 'GS', 'SGS'),
('GT', 'GT', 'GTM'),
('GU', 'GU', 'GUM'),
('GW', 'GW', 'GNB'),
('GY', 'GY', 'GUY'),
('HK', 'HK', 'HKG'),
('HM', 'HM', 'HMD'),
('HN', 'HN', 'HND'),
('HR', 'HR', 'HRV'),
('HT', 'HT', 'HTI'),
('HU', 'HU', 'HUN'),
('ID', 'ID', 'IDN'),
('IE', 'IE', 'IRL'),
('IL', 'IL', 'ISR'),
('IM', 'IM', 'IMN'),
('IN', 'IN', 'IND'),
('IO', 'IO', 'IOT'),
('IQ', 'IQ', 'IRQ'),
('IR', 'IR', 'IRN'),
('IS', 'IS', 'ISL'),
('IT', 'IT', 'ITA'),
('JE', 'JE', 'JEY'),
('JM', 'JM', 'JAM'),
('JO', 'JO', 'JOR'),
('JP', 'JP', 'JPN'),
('KE', 'KE', 'KEN'),
('KG', 'KG', 'KGZ'),
('KH', 'KH', 'KHM'),
('KI', 'KI', 'KIR'),
('KM', 'KM', 'COM'),
('KN', 'KN', 'KNA'),
('KP', 'KP', 'PRK'),
('KR', 'KR', 'KOR'),
('KW', 'KW', 'KWT'),
('KY', 'KY', 'CYM'),
('KZ', 'KZ', 'KAZ'),
('LA', 'LA', 'LAO'),
('LB', 'LB', 'LBN'),
('LC', 'LC', 'LCA'),
('LI', 'LI', 'LIE'),
('LK', 'LK', 'LKA'),
('LR', 'LR', 'LBR'),
('LS', 'LS', 'LSO'),
('LT', 'LT', 'LTU'),
('LU', 'LU', 'LUX'),
('LV', 'LV', 'LVA'),
('LY', 'LY', 'LBY'),
('MA', 'MA', 'MAR'),
('MC', 'MC', 'MCO'),
('MD', 'MD', 'MDA'),
('ME', 'ME', 'MNE'),
('MF', 'MF', 'MAF'),
('MG', 'MG', 'MDG'),
('MH', 'MH', 'MHL'),
('MK', 'MK', 'MKD'),
('ML', 'ML', 'MLI'),
('MM', 'MM', 'MMR'),
('MN', 'MN', 'MNG'),
('MO', 'MO', 'MAC'),
('MP', 'MP', 'MNP'),
('MQ', 'MQ', 'MTQ'),
('MR', 'MR', 'MRT'),
('MS', 'MS', 'MSR'),
('MT', 'MT', 'MLT'),
('MU', 'MU', 'MUS'),
('MV', 'MV', 'MDV'),
('MW', 'MW', 'MWI'),
('MX', 'MX', 'MEX'),
('MY', 'MY', 'MYS'),
('MZ', 'MZ', 'MOZ'),
('NA', 'NA', 'NAM'),
('NC', 'NC', 'NCL'),
('NE', 'NE', 'NER'),
('NF', 'NF', 'NFK'),
('NG', 'NG', 'NGA'),
('NI', 'NI', 'NIC'),
('NL', 'NL', 'NLD'),
('NO', 'NO', 'NOR'),
('NP', 'NP', 'NPL'),
('NR', 'NR', 'NRU'),
('NU', 'NU', 'NIU'),
('NZ', 'NZ', 'NZL'),
('OM', 'OM', 'OMN'),
('PA', 'PA', 'PAN'),
('PE', 'PE', 'PER'),
('PF', 'PF', 'PYF'),
('PG', 'PG', 'PNG'),
('PH', 'PH', 'PHL'),
('PK', 'PK', 'PAK'),
('PL', 'PL', 'POL'),
('PM', 'PM', 'SPM'),
('PN', 'PN', 'PCN'),
('PS', 'PS', 'PSE'),
('PT', 'PT', 'PRT'),
('PW', 'PW', 'PLW'),
('PY', 'PY', 'PRY'),
('QA', 'QA', 'QAT'),
('RE', 'RE', 'REU'),
('RO', 'RO', 'ROU'),
('RS', 'RS', 'SRB'),
('RU', 'RU', 'RUS'),
('RW', 'RW', 'RWA'),
('SA', 'SA', 'SAU'),
('SB', 'SB', 'SLB'),
('SC', 'SC', 'SYC'),
('SD', 'SD', 'SDN'),
('SE', 'SE', 'SWE'),
('SG', 'SG', 'SGP'),
('SH', 'SH', 'SHN'),
('SI', 'SI', 'SVN'),
('SJ', 'SJ', 'SJM'),
('SK', 'SK', 'SVK'),
('SL', 'SL', 'SLE'),
('SM', 'SM', 'SMR'),
('SN', 'SN', 'SEN'),
('SO', 'SO', 'SOM'),
('SR', 'SR', 'SUR'),
('ST', 'ST', 'STP'),
('SV', 'SV', 'SLV'),
('SY', 'SY', 'SYR'),
('SZ', 'SZ', 'SWZ'),
('TC', 'TC', 'TCA'),
('TD', 'TD', 'TCD'),
('TF', 'TF', 'ATF'),
('TG', 'TG', 'TGO'),
('TH', 'TH', 'THA'),
('TJ', 'TJ', 'TJK'),
('TK', 'TK', 'TKL'),
('TL', 'TL', 'TLS'),
('TM', 'TM', 'TKM'),
('TN', 'TN', 'TUN'),
('TO', 'TO', 'TON'),
('TR', 'TR', 'TUR'),
('TT', 'TT', 'TTO'),
('TV', 'TV', 'TUV'),
('TW', 'TW', 'TWN'),
('TZ', 'TZ', 'TZA'),
('UA', 'UA', 'UKR'),
('UG', 'UG', 'UGA'),
('UM', 'UM', 'UMI'),
('US', 'US', 'USA'),
('UY', 'UY', 'URY'),
('UZ', 'UZ', 'UZB'),
('VA', 'VA', 'VAT'),
('VC', 'VC', 'VCT'),
('VE', 'VE', 'VEN'),
('VG', 'VG', 'VGB'),
('VI', 'VI', 'VIR'),
('VN', 'VN', 'VNM'),
('VU', 'VU', 'VUT'),
('WF', 'WF', 'WLF'),
('WS', 'WS', 'WSM'),
('YE', 'YE', 'YEM'),
('YT', 'YT', 'MYT'),
('ZA', 'ZA', 'ZAF'),
('ZM', 'ZM', 'ZMB'),
('ZW', 'ZW', 'ZWE');

-- --------------------------------------------------------

--
-- Table structure for table `directory_country_format`
--

CREATE TABLE `directory_country_format` (
  `country_format_id` int(10) UNSIGNED NOT NULL COMMENT 'Country Format Id',
  `country_id` varchar(2) DEFAULT NULL COMMENT 'Country Id in ISO-2',
  `type` varchar(30) DEFAULT NULL COMMENT 'Country Format Type',
  `format` text NOT NULL COMMENT 'Country Format'
) ENGINE=InnoDB DEFAULT CHARSET=utf8 COMMENT='Directory Country Format';

-- --------------------------------------------------------

--
-- Table structure for table `directory_country_region`
--

CREATE TABLE `directory_country_region` (
  `region_id` int(10) UNSIGNED NOT NULL COMMENT 'Region Id',
  `country_id` varchar(4) NOT NULL DEFAULT '0' COMMENT 'Country Id in ISO-2',
  `code` varchar(32) DEFAULT NULL COMMENT 'Region code',
  `default_name` varchar(255) DEFAULT NULL COMMENT 'Region Name'
) ENGINE=InnoDB DEFAULT CHARSET=utf8 COMMENT='Directory Country Region';

--
-- Dumping data for table `directory_country_region`
--

INSERT INTO `directory_country_region` (`region_id`, `country_id`, `code`, `default_name`) VALUES
(1, 'US', 'AL', 'Alabama'),
(2, 'US', 'AK', 'Alaska'),
(3, 'US', 'AS', 'American Samoa'),
(4, 'US', 'AZ', 'Arizona'),
(5, 'US', 'AR', 'Arkansas'),
(6, 'US', 'AE', 'Armed Forces Africa'),
(7, 'US', 'AA', 'Armed Forces Americas'),
(8, 'US', 'AE', 'Armed Forces Canada'),
(9, 'US', 'AE', 'Armed Forces Europe'),
(10, 'US', 'AE', 'Armed Forces Middle East'),
(11, 'US', 'AP', 'Armed Forces Pacific'),
(12, 'US', 'CA', 'California'),
(13, 'US', 'CO', 'Colorado'),
(14, 'US', 'CT', 'Connecticut'),
(15, 'US', 'DE', 'Delaware'),
(16, 'US', 'DC', 'District of Columbia'),
(17, 'US', 'FM', 'Federated States Of Micronesia'),
(18, 'US', 'FL', 'Florida'),
(19, 'US', 'GA', 'Georgia'),
(20, 'US', 'GU', 'Guam'),
(21, 'US', 'HI', 'Hawaii'),
(22, 'US', 'ID', 'Idaho'),
(23, 'US', 'IL', 'Illinois'),
(24, 'US', 'IN', 'Indiana'),
(25, 'US', 'IA', 'Iowa'),
(26, 'US', 'KS', 'Kansas'),
(27, 'US', 'KY', 'Kentucky'),
(28, 'US', 'LA', 'Louisiana'),
(29, 'US', 'ME', 'Maine'),
(30, 'US', 'MH', 'Marshall Islands'),
(31, 'US', 'MD', 'Maryland'),
(32, 'US', 'MA', 'Massachusetts'),
(33, 'US', 'MI', 'Michigan'),
(34, 'US', 'MN', 'Minnesota'),
(35, 'US', 'MS', 'Mississippi'),
(36, 'US', 'MO', 'Missouri'),
(37, 'US', 'MT', 'Montana'),
(38, 'US', 'NE', 'Nebraska'),
(39, 'US', 'NV', 'Nevada'),
(40, 'US', 'NH', 'New Hampshire'),
(41, 'US', 'NJ', 'New Jersey'),
(42, 'US', 'NM', 'New Mexico'),
(43, 'US', 'NY', 'New York'),
(44, 'US', 'NC', 'North Carolina'),
(45, 'US', 'ND', 'North Dakota'),
(46, 'US', 'MP', 'Northern Mariana Islands'),
(47, 'US', 'OH', 'Ohio'),
(48, 'US', 'OK', 'Oklahoma'),
(49, 'US', 'OR', 'Oregon'),
(50, 'US', 'PW', 'Palau'),
(51, 'US', 'PA', 'Pennsylvania'),
(52, 'US', 'PR', 'Puerto Rico'),
(53, 'US', 'RI', 'Rhode Island'),
(54, 'US', 'SC', 'South Carolina'),
(55, 'US', 'SD', 'South Dakota'),
(56, 'US', 'TN', 'Tennessee'),
(57, 'US', 'TX', 'Texas'),
(58, 'US', 'UT', 'Utah'),
(59, 'US', 'VT', 'Vermont'),
(60, 'US', 'VI', 'Virgin Islands'),
(61, 'US', 'VA', 'Virginia'),
(62, 'US', 'WA', 'Washington'),
(63, 'US', 'WV', 'West Virginia'),
(64, 'US', 'WI', 'Wisconsin'),
(65, 'US', 'WY', 'Wyoming'),
(66, 'CA', 'AB', 'Alberta'),
(67, 'CA', 'BC', 'British Columbia'),
(68, 'CA', 'MB', 'Manitoba'),
(69, 'CA', 'NL', 'Newfoundland and Labrador'),
(70, 'CA', 'NB', 'New Brunswick'),
(71, 'CA', 'NS', 'Nova Scotia'),
(72, 'CA', 'NT', 'Northwest Territories'),
(73, 'CA', 'NU', 'Nunavut'),
(74, 'CA', 'ON', 'Ontario'),
(75, 'CA', 'PE', 'Prince Edward Island'),
(76, 'CA', 'QC', 'Quebec'),
(77, 'CA', 'SK', 'Saskatchewan'),
(78, 'CA', 'YT', 'Yukon Territory'),
(79, 'DE', 'NDS', 'Niedersachsen'),
(80, 'DE', 'BAW', 'Baden-Württemberg'),
(81, 'DE', 'BAY', 'Bayern'),
(82, 'DE', 'BER', 'Berlin'),
(83, 'DE', 'BRG', 'Brandenburg'),
(84, 'DE', 'BRE', 'Bremen'),
(85, 'DE', 'HAM', 'Hamburg'),
(86, 'DE', 'HES', 'Hessen'),
(87, 'DE', 'MEC', 'Mecklenburg-Vorpommern'),
(88, 'DE', 'NRW', 'Nordrhein-Westfalen'),
(89, 'DE', 'RHE', 'Rheinland-Pfalz'),
(90, 'DE', 'SAR', 'Saarland'),
(91, 'DE', 'SAS', 'Sachsen'),
(92, 'DE', 'SAC', 'Sachsen-Anhalt'),
(93, 'DE', 'SCN', 'Schleswig-Holstein'),
(94, 'DE', 'THE', 'Thüringen'),
(95, 'AT', 'WI', 'Wien'),
(96, 'AT', 'NO', 'Niederösterreich'),
(97, 'AT', 'OO', 'Oberösterreich'),
(98, 'AT', 'SB', 'Salzburg'),
(99, 'AT', 'KN', 'Kärnten'),
(100, 'AT', 'ST', 'Steiermark'),
(101, 'AT', 'TI', 'Tirol'),
(102, 'AT', 'BL', 'Burgenland'),
(103, 'AT', 'VB', 'Vorarlberg'),
(104, 'CH', 'AG', 'Aargau'),
(105, 'CH', 'AI', 'Appenzell Innerrhoden'),
(106, 'CH', 'AR', 'Appenzell Ausserrhoden'),
(107, 'CH', 'BE', 'Bern'),
(108, 'CH', 'BL', 'Basel-Landschaft'),
(109, 'CH', 'BS', 'Basel-Stadt'),
(110, 'CH', 'FR', 'Freiburg'),
(111, 'CH', 'GE', 'Genf'),
(112, 'CH', 'GL', 'Glarus'),
(113, 'CH', 'GR', 'Graubünden'),
(114, 'CH', 'JU', 'Jura'),
(115, 'CH', 'LU', 'Luzern'),
(116, 'CH', 'NE', 'Neuenburg'),
(117, 'CH', 'NW', 'Nidwalden'),
(118, 'CH', 'OW', 'Obwalden'),
(119, 'CH', 'SG', 'St. Gallen'),
(120, 'CH', 'SH', 'Schaffhausen'),
(121, 'CH', 'SO', 'Solothurn'),
(122, 'CH', 'SZ', 'Schwyz'),
(123, 'CH', 'TG', 'Thurgau'),
(124, 'CH', 'TI', 'Tessin'),
(125, 'CH', 'UR', 'Uri'),
(126, 'CH', 'VD', 'Waadt'),
(127, 'CH', 'VS', 'Wallis'),
(128, 'CH', 'ZG', 'Zug'),
(129, 'CH', 'ZH', 'Zürich'),
(130, 'ES', 'A Coruсa', 'A Coruña'),
(131, 'ES', 'Alava', 'Alava'),
(132, 'ES', 'Albacete', 'Albacete'),
(133, 'ES', 'Alicante', 'Alicante'),
(134, 'ES', 'Almeria', 'Almeria'),
(135, 'ES', 'Asturias', 'Asturias'),
(136, 'ES', 'Avila', 'Avila'),
(137, 'ES', 'Badajoz', 'Badajoz'),
(138, 'ES', 'Baleares', 'Baleares'),
(139, 'ES', 'Barcelona', 'Barcelona'),
(140, 'ES', 'Burgos', 'Burgos'),
(141, 'ES', 'Caceres', 'Caceres'),
(142, 'ES', 'Cadiz', 'Cadiz'),
(143, 'ES', 'Cantabria', 'Cantabria'),
(144, 'ES', 'Castellon', 'Castellon'),
(145, 'ES', 'Ceuta', 'Ceuta'),
(146, 'ES', 'Ciudad Real', 'Ciudad Real'),
(147, 'ES', 'Cordoba', 'Cordoba'),
(148, 'ES', 'Cuenca', 'Cuenca'),
(149, 'ES', 'Girona', 'Girona'),
(150, 'ES', 'Granada', 'Granada'),
(151, 'ES', 'Guadalajara', 'Guadalajara'),
(152, 'ES', 'Guipuzcoa', 'Guipuzcoa'),
(153, 'ES', 'Huelva', 'Huelva'),
(154, 'ES', 'Huesca', 'Huesca'),
(155, 'ES', 'Jaen', 'Jaen'),
(156, 'ES', 'La Rioja', 'La Rioja'),
(157, 'ES', 'Las Palmas', 'Las Palmas'),
(158, 'ES', 'Leon', 'Leon'),
(159, 'ES', 'Lleida', 'Lleida'),
(160, 'ES', 'Lugo', 'Lugo'),
(161, 'ES', 'Madrid', 'Madrid'),
(162, 'ES', 'Malaga', 'Malaga'),
(163, 'ES', 'Melilla', 'Melilla'),
(164, 'ES', 'Murcia', 'Murcia'),
(165, 'ES', 'Navarra', 'Navarra'),
(166, 'ES', 'Ourense', 'Ourense'),
(167, 'ES', 'Palencia', 'Palencia'),
(168, 'ES', 'Pontevedra', 'Pontevedra'),
(169, 'ES', 'Salamanca', 'Salamanca'),
(170, 'ES', 'Santa Cruz de Tenerife', 'Santa Cruz de Tenerife'),
(171, 'ES', 'Segovia', 'Segovia'),
(172, 'ES', 'Sevilla', 'Sevilla'),
(173, 'ES', 'Soria', 'Soria'),
(174, 'ES', 'Tarragona', 'Tarragona'),
(175, 'ES', 'Teruel', 'Teruel'),
(176, 'ES', 'Toledo', 'Toledo'),
(177, 'ES', 'Valencia', 'Valencia'),
(178, 'ES', 'Valladolid', 'Valladolid'),
(179, 'ES', 'Vizcaya', 'Vizcaya'),
(180, 'ES', 'Zamora', 'Zamora'),
(181, 'ES', 'Zaragoza', 'Zaragoza'),
(182, 'FR', '1', 'Ain'),
(183, 'FR', '2', 'Aisne'),
(184, 'FR', '3', 'Allier'),
(185, 'FR', '4', 'Alpes-de-Haute-Provence'),
(186, 'FR', '5', 'Hautes-Alpes'),
(187, 'FR', '6', 'Alpes-Maritimes'),
(188, 'FR', '7', 'Ardèche'),
(189, 'FR', '8', 'Ardennes'),
(190, 'FR', '9', 'Ariège'),
(191, 'FR', '10', 'Aube'),
(192, 'FR', '11', 'Aude'),
(193, 'FR', '12', 'Aveyron'),
(194, 'FR', '13', 'Bouches-du-Rhône'),
(195, 'FR', '14', 'Calvados'),
(196, 'FR', '15', 'Cantal'),
(197, 'FR', '16', 'Charente'),
(198, 'FR', '17', 'Charente-Maritime'),
(199, 'FR', '18', 'Cher'),
(200, 'FR', '19', 'Corrèze'),
(201, 'FR', '2A', 'Corse-du-Sud'),
(202, 'FR', '2B', 'Haute-Corse'),
(203, 'FR', '21', 'Côte-d\'Or'),
(204, 'FR', '22', 'Côtes-d\'Armor'),
(205, 'FR', '23', 'Creuse'),
(206, 'FR', '24', 'Dordogne'),
(207, 'FR', '25', 'Doubs'),
(208, 'FR', '26', 'Drôme'),
(209, 'FR', '27', 'Eure'),
(210, 'FR', '28', 'Eure-et-Loir'),
(211, 'FR', '29', 'Finistère'),
(212, 'FR', '30', 'Gard'),
(213, 'FR', '31', 'Haute-Garonne'),
(214, 'FR', '32', 'Gers'),
(215, 'FR', '33', 'Gironde'),
(216, 'FR', '34', 'Hérault'),
(217, 'FR', '35', 'Ille-et-Vilaine'),
(218, 'FR', '36', 'Indre'),
(219, 'FR', '37', 'Indre-et-Loire'),
(220, 'FR', '38', 'Isère'),
(221, 'FR', '39', 'Jura'),
(222, 'FR', '40', 'Landes'),
(223, 'FR', '41', 'Loir-et-Cher'),
(224, 'FR', '42', 'Loire'),
(225, 'FR', '43', 'Haute-Loire'),
(226, 'FR', '44', 'Loire-Atlantique'),
(227, 'FR', '45', 'Loiret'),
(228, 'FR', '46', 'Lot'),
(229, 'FR', '47', 'Lot-et-Garonne'),
(230, 'FR', '48', 'Lozère'),
(231, 'FR', '49', 'Maine-et-Loire'),
(232, 'FR', '50', 'Manche'),
(233, 'FR', '51', 'Marne'),
(234, 'FR', '52', 'Haute-Marne'),
(235, 'FR', '53', 'Mayenne'),
(236, 'FR', '54', 'Meurthe-et-Moselle'),
(237, 'FR', '55', 'Meuse'),
(238, 'FR', '56', 'Morbihan'),
(239, 'FR', '57', 'Moselle'),
(240, 'FR', '58', 'Nièvre'),
(241, 'FR', '59', 'Nord'),
(242, 'FR', '60', 'Oise'),
(243, 'FR', '61', 'Orne'),
(244, 'FR', '62', 'Pas-de-Calais'),
(245, 'FR', '63', 'Puy-de-Dôme'),
(246, 'FR', '64', 'Pyrénées-Atlantiques'),
(247, 'FR', '65', 'Hautes-Pyrénées'),
(248, 'FR', '66', 'Pyrénées-Orientales'),
(249, 'FR', '67', 'Bas-Rhin'),
(250, 'FR', '68', 'Haut-Rhin'),
(251, 'FR', '69', 'Rhône'),
(252, 'FR', '70', 'Haute-Saône'),
(253, 'FR', '71', 'Saône-et-Loire'),
(254, 'FR', '72', 'Sarthe'),
(255, 'FR', '73', 'Savoie'),
(256, 'FR', '74', 'Haute-Savoie'),
(257, 'FR', '75', 'Paris'),
(258, 'FR', '76', 'Seine-Maritime'),
(259, 'FR', '77', 'Seine-et-Marne'),
(260, 'FR', '78', 'Yvelines'),
(261, 'FR', '79', 'Deux-Sèvres'),
(262, 'FR', '80', 'Somme'),
(263, 'FR', '81', 'Tarn'),
(264, 'FR', '82', 'Tarn-et-Garonne'),
(265, 'FR', '83', 'Var'),
(266, 'FR', '84', 'Vaucluse'),
(267, 'FR', '85', 'Vendée'),
(268, 'FR', '86', 'Vienne'),
(269, 'FR', '87', 'Haute-Vienne'),
(270, 'FR', '88', 'Vosges'),
(271, 'FR', '89', 'Yonne'),
(272, 'FR', '90', 'Territoire-de-Belfort'),
(273, 'FR', '91', 'Essonne'),
(274, 'FR', '92', 'Hauts-de-Seine'),
(275, 'FR', '93', 'Seine-Saint-Denis'),
(276, 'FR', '94', 'Val-de-Marne'),
(277, 'FR', '95', 'Val-d\'Oise'),
(278, 'RO', 'AB', 'Alba'),
(279, 'RO', 'AR', 'Arad'),
(280, 'RO', 'AG', 'Argeş'),
(281, 'RO', 'BC', 'Bacău'),
(282, 'RO', 'BH', 'Bihor'),
(283, 'RO', 'BN', 'Bistriţa-Năsăud'),
(284, 'RO', 'BT', 'Botoşani'),
(285, 'RO', 'BV', 'Braşov'),
(286, 'RO', 'BR', 'Brăila'),
(287, 'RO', 'B', 'Bucureşti'),
(288, 'RO', 'BZ', 'Buzău'),
(289, 'RO', 'CS', 'Caraş-Severin'),
(290, 'RO', 'CL', 'Călăraşi'),
(291, 'RO', 'CJ', 'Cluj'),
(292, 'RO', 'CT', 'Constanţa'),
(293, 'RO', 'CV', 'Covasna'),
(294, 'RO', 'DB', 'Dâmboviţa'),
(295, 'RO', 'DJ', 'Dolj'),
(296, 'RO', 'GL', 'Galaţi'),
(297, 'RO', 'GR', 'Giurgiu'),
(298, 'RO', 'GJ', 'Gorj'),
(299, 'RO', 'HR', 'Harghita'),
(300, 'RO', 'HD', 'Hunedoara'),
(301, 'RO', 'IL', 'Ialomiţa'),
(302, 'RO', 'IS', 'Iaşi'),
(303, 'RO', 'IF', 'Ilfov'),
(304, 'RO', 'MM', 'Maramureş'),
(305, 'RO', 'MH', 'Mehedinţi'),
(306, 'RO', 'MS', 'Mureş'),
(307, 'RO', 'NT', 'Neamţ'),
(308, 'RO', 'OT', 'Olt'),
(309, 'RO', 'PH', 'Prahova'),
(310, 'RO', 'SM', 'Satu-Mare'),
(311, 'RO', 'SJ', 'Sălaj'),
(312, 'RO', 'SB', 'Sibiu'),
(313, 'RO', 'SV', 'Suceava'),
(314, 'RO', 'TR', 'Teleorman'),
(315, 'RO', 'TM', 'Timiş'),
(316, 'RO', 'TL', 'Tulcea'),
(317, 'RO', 'VS', 'Vaslui'),
(318, 'RO', 'VL', 'Vâlcea'),
(319, 'RO', 'VN', 'Vrancea'),
(320, 'FI', 'Lappi', 'Lappi'),
(321, 'FI', 'Pohjois-Pohjanmaa', 'Pohjois-Pohjanmaa'),
(322, 'FI', 'Kainuu', 'Kainuu'),
(323, 'FI', 'Pohjois-Karjala', 'Pohjois-Karjala'),
(324, 'FI', 'Pohjois-Savo', 'Pohjois-Savo'),
(325, 'FI', 'Etelä-Savo', 'Etelä-Savo'),
(326, 'FI', 'Etelä-Pohjanmaa', 'Etelä-Pohjanmaa'),
(327, 'FI', 'Pohjanmaa', 'Pohjanmaa'),
(328, 'FI', 'Pirkanmaa', 'Pirkanmaa'),
(329, 'FI', 'Satakunta', 'Satakunta'),
(330, 'FI', 'Keski-Pohjanmaa', 'Keski-Pohjanmaa'),
(331, 'FI', 'Keski-Suomi', 'Keski-Suomi'),
(332, 'FI', 'Varsinais-Suomi', 'Varsinais-Suomi'),
(333, 'FI', 'Etelä-Karjala', 'Etelä-Karjala'),
(334, 'FI', 'Päijät-Häme', 'Päijät-Häme'),
(335, 'FI', 'Kanta-Häme', 'Kanta-Häme'),
(336, 'FI', 'Uusimaa', 'Uusimaa'),
(337, 'FI', 'Itä-Uusimaa', 'Itä-Uusimaa'),
(338, 'FI', 'Kymenlaakso', 'Kymenlaakso'),
(339, 'FI', 'Ahvenanmaa', 'Ahvenanmaa'),
(340, 'EE', 'EE-37', 'Harjumaa'),
(341, 'EE', 'EE-39', 'Hiiumaa'),
(342, 'EE', 'EE-44', 'Ida-Virumaa'),
(343, 'EE', 'EE-49', 'Jõgevamaa'),
(344, 'EE', 'EE-51', 'Järvamaa'),
(345, 'EE', 'EE-57', 'Läänemaa'),
(346, 'EE', 'EE-59', 'Lääne-Virumaa'),
(347, 'EE', 'EE-65', 'Põlvamaa'),
(348, 'EE', 'EE-67', 'Pärnumaa'),
(349, 'EE', 'EE-70', 'Raplamaa'),
(350, 'EE', 'EE-74', 'Saaremaa'),
(351, 'EE', 'EE-78', 'Tartumaa'),
(352, 'EE', 'EE-82', 'Valgamaa'),
(353, 'EE', 'EE-84', 'Viljandimaa'),
(354, 'EE', 'EE-86', 'Võrumaa'),
(355, 'LV', 'LV-DGV', 'Daugavpils'),
(356, 'LV', 'LV-JEL', 'Jelgava'),
(357, 'LV', 'Jēkabpils', 'Jēkabpils'),
(358, 'LV', 'LV-JUR', 'Jūrmala'),
(359, 'LV', 'LV-LPX', 'Liepāja'),
(360, 'LV', 'LV-LE', 'Liepājas novads'),
(361, 'LV', 'LV-REZ', 'Rēzekne'),
(362, 'LV', 'LV-RIX', 'Rīga'),
(363, 'LV', 'LV-RI', 'Rīgas novads'),
(364, 'LV', 'Valmiera', 'Valmiera'),
(365, 'LV', 'LV-VEN', 'Ventspils'),
(366, 'LV', 'Aglonas novads', 'Aglonas novads'),
(367, 'LV', 'LV-AI', 'Aizkraukles novads'),
(368, 'LV', 'Aizputes novads', 'Aizputes novads'),
(369, 'LV', 'Aknīstes novads', 'Aknīstes novads'),
(370, 'LV', 'Alojas novads', 'Alojas novads'),
(371, 'LV', 'Alsungas novads', 'Alsungas novads'),
(372, 'LV', 'LV-AL', 'Alūksnes novads'),
(373, 'LV', 'Amatas novads', 'Amatas novads'),
(374, 'LV', 'Apes novads', 'Apes novads'),
(375, 'LV', 'Auces novads', 'Auces novads'),
(376, 'LV', 'Babītes novads', 'Babītes novads'),
(377, 'LV', 'Baldones novads', 'Baldones novads'),
(378, 'LV', 'Baltinavas novads', 'Baltinavas novads'),
(379, 'LV', 'LV-BL', 'Balvu novads'),
(380, 'LV', 'LV-BU', 'Bauskas novads'),
(381, 'LV', 'Beverīnas novads', 'Beverīnas novads'),
(382, 'LV', 'Brocēnu novads', 'Brocēnu novads'),
(383, 'LV', 'Burtnieku novads', 'Burtnieku novads'),
(384, 'LV', 'Carnikavas novads', 'Carnikavas novads'),
(385, 'LV', 'Cesvaines novads', 'Cesvaines novads'),
(386, 'LV', 'Ciblas novads', 'Ciblas novads'),
(387, 'LV', 'LV-CE', 'Cēsu novads'),
(388, 'LV', 'Dagdas novads', 'Dagdas novads'),
(389, 'LV', 'LV-DA', 'Daugavpils novads'),
(390, 'LV', 'LV-DO', 'Dobeles novads'),
(391, 'LV', 'Dundagas novads', 'Dundagas novads'),
(392, 'LV', 'Durbes novads', 'Durbes novads'),
(393, 'LV', 'Engures novads', 'Engures novads'),
(394, 'LV', 'Garkalnes novads', 'Garkalnes novads'),
(395, 'LV', 'Grobiņas novads', 'Grobiņas novads'),
(396, 'LV', 'LV-GU', 'Gulbenes novads'),
(397, 'LV', 'Iecavas novads', 'Iecavas novads'),
(398, 'LV', 'Ikšķiles novads', 'Ikšķiles novads'),
(399, 'LV', 'Ilūkstes novads', 'Ilūkstes novads'),
(400, 'LV', 'Inčukalna novads', 'Inčukalna novads'),
(401, 'LV', 'Jaunjelgavas novads', 'Jaunjelgavas novads'),
(402, 'LV', 'Jaunpiebalgas novads', 'Jaunpiebalgas novads'),
(403, 'LV', 'Jaunpils novads', 'Jaunpils novads'),
(404, 'LV', 'LV-JL', 'Jelgavas novads'),
(405, 'LV', 'LV-JK', 'Jēkabpils novads'),
(406, 'LV', 'Kandavas novads', 'Kandavas novads'),
(407, 'LV', 'Kokneses novads', 'Kokneses novads'),
(408, 'LV', 'Krimuldas novads', 'Krimuldas novads'),
(409, 'LV', 'Krustpils novads', 'Krustpils novads'),
(410, 'LV', 'LV-KR', 'Krāslavas novads'),
(411, 'LV', 'LV-KU', 'Kuldīgas novads'),
(412, 'LV', 'Kārsavas novads', 'Kārsavas novads'),
(413, 'LV', 'Lielvārdes novads', 'Lielvārdes novads'),
(414, 'LV', 'LV-LM', 'Limbažu novads'),
(415, 'LV', 'Lubānas novads', 'Lubānas novads'),
(416, 'LV', 'LV-LU', 'Ludzas novads'),
(417, 'LV', 'Līgatnes novads', 'Līgatnes novads'),
(418, 'LV', 'Līvānu novads', 'Līvānu novads'),
(419, 'LV', 'LV-MA', 'Madonas novads'),
(420, 'LV', 'Mazsalacas novads', 'Mazsalacas novads'),
(421, 'LV', 'Mālpils novads', 'Mālpils novads'),
(422, 'LV', 'Mārupes novads', 'Mārupes novads'),
(423, 'LV', 'Naukšēnu novads', 'Naukšēnu novads'),
(424, 'LV', 'Neretas novads', 'Neretas novads'),
(425, 'LV', 'Nīcas novads', 'Nīcas novads'),
(426, 'LV', 'LV-OG', 'Ogres novads'),
(427, 'LV', 'Olaines novads', 'Olaines novads'),
(428, 'LV', 'Ozolnieku novads', 'Ozolnieku novads'),
(429, 'LV', 'LV-PR', 'Preiļu novads'),
(430, 'LV', 'Priekules novads', 'Priekules novads'),
(431, 'LV', 'Priekuļu novads', 'Priekuļu novads'),
(432, 'LV', 'Pārgaujas novads', 'Pārgaujas novads'),
(433, 'LV', 'Pāvilostas novads', 'Pāvilostas novads'),
(434, 'LV', 'Pļaviņu novads', 'Pļaviņu novads'),
(435, 'LV', 'Raunas novads', 'Raunas novads'),
(436, 'LV', 'Riebiņu novads', 'Riebiņu novads'),
(437, 'LV', 'Rojas novads', 'Rojas novads'),
(438, 'LV', 'Ropažu novads', 'Ropažu novads'),
(439, 'LV', 'Rucavas novads', 'Rucavas novads'),
(440, 'LV', 'Rugāju novads', 'Rugāju novads'),
(441, 'LV', 'Rundāles novads', 'Rundāles novads'),
(442, 'LV', 'LV-RE', 'Rēzeknes novads'),
(443, 'LV', 'Rūjienas novads', 'Rūjienas novads'),
(444, 'LV', 'Salacgrīvas novads', 'Salacgrīvas novads'),
(445, 'LV', 'Salas novads', 'Salas novads'),
(446, 'LV', 'Salaspils novads', 'Salaspils novads'),
(447, 'LV', 'LV-SA', 'Saldus novads'),
(448, 'LV', 'Saulkrastu novads', 'Saulkrastu novads'),
(449, 'LV', 'Siguldas novads', 'Siguldas novads'),
(450, 'LV', 'Skrundas novads', 'Skrundas novads'),
(451, 'LV', 'Skrīveru novads', 'Skrīveru novads'),
(452, 'LV', 'Smiltenes novads', 'Smiltenes novads'),
(453, 'LV', 'Stopiņu novads', 'Stopiņu novads'),
(454, 'LV', 'Strenču novads', 'Strenču novads'),
(455, 'LV', 'Sējas novads', 'Sējas novads'),
(456, 'LV', 'LV-TA', 'Talsu novads'),
(457, 'LV', 'LV-TU', 'Tukuma novads'),
(458, 'LV', 'Tērvetes novads', 'Tērvetes novads'),
(459, 'LV', 'Vaiņodes novads', 'Vaiņodes novads'),
(460, 'LV', 'LV-VK', 'Valkas novads'),
(461, 'LV', 'LV-VM', 'Valmieras novads'),
(462, 'LV', 'Varakļānu novads', 'Varakļānu novads'),
(463, 'LV', 'Vecpiebalgas novads', 'Vecpiebalgas novads'),
(464, 'LV', 'Vecumnieku novads', 'Vecumnieku novads'),
(465, 'LV', 'LV-VE', 'Ventspils novads'),
(466, 'LV', 'Viesītes novads', 'Viesītes novads'),
(467, 'LV', 'Viļakas novads', 'Viļakas novads'),
(468, 'LV', 'Viļānu novads', 'Viļānu novads'),
(469, 'LV', 'Vārkavas novads', 'Vārkavas novads'),
(470, 'LV', 'Zilupes novads', 'Zilupes novads'),
(471, 'LV', 'Ādažu novads', 'Ādažu novads'),
(472, 'LV', 'Ērgļu novads', 'Ērgļu novads'),
(473, 'LV', 'Ķeguma novads', 'Ķeguma novads'),
(474, 'LV', 'Ķekavas novads', 'Ķekavas novads'),
(475, 'LT', 'LT-AL', 'Alytaus Apskritis'),
(476, 'LT', 'LT-KU', 'Kauno Apskritis'),
(477, 'LT', 'LT-KL', 'Klaipėdos Apskritis'),
(478, 'LT', 'LT-MR', 'Marijampolės Apskritis'),
(479, 'LT', 'LT-PN', 'Panevėžio Apskritis'),
(480, 'LT', 'LT-SA', 'Šiaulių Apskritis'),
(481, 'LT', 'LT-TA', 'Tauragės Apskritis'),
(482, 'LT', 'LT-TE', 'Telšių Apskritis'),
(483, 'LT', 'LT-UT', 'Utenos Apskritis'),
(484, 'LT', 'LT-VL', 'Vilniaus Apskritis'),
(485, 'BR', 'AC', 'Acre'),
(486, 'BR', 'AL', 'Alagoas'),
(487, 'BR', 'AP', 'Amapá'),
(488, 'BR', 'AM', 'Amazonas'),
(489, 'BR', 'BA', 'Bahia'),
(490, 'BR', 'CE', 'Ceará'),
(491, 'BR', 'ES', 'Espírito Santo'),
(492, 'BR', 'GO', 'Goiás'),
(493, 'BR', 'MA', 'Maranhão'),
(494, 'BR', 'MT', 'Mato Grosso'),
(495, 'BR', 'MS', 'Mato Grosso do Sul'),
(496, 'BR', 'MG', 'Minas Gerais'),
(497, 'BR', 'PA', 'Pará'),
(498, 'BR', 'PB', 'Paraíba'),
(499, 'BR', 'PR', 'Paraná'),
(500, 'BR', 'PE', 'Pernambuco'),
(501, 'BR', 'PI', 'Piauí'),
(502, 'BR', 'RJ', 'Rio de Janeiro'),
(503, 'BR', 'RN', 'Rio Grande do Norte'),
(504, 'BR', 'RS', 'Rio Grande do Sul'),
(505, 'BR', 'RO', 'Rondônia'),
(506, 'BR', 'RR', 'Roraima'),
(507, 'BR', 'SC', 'Santa Catarina'),
(508, 'BR', 'SP', 'São Paulo'),
(509, 'BR', 'SE', 'Sergipe'),
(510, 'BR', 'TO', 'Tocantins'),
(511, 'BR', 'DF', 'Distrito Federal');

-- --------------------------------------------------------

--
-- Table structure for table `directory_country_region_name`
--

CREATE TABLE `directory_country_region_name` (
  `locale` varchar(8) NOT NULL COMMENT 'Locale',
  `region_id` int(10) UNSIGNED NOT NULL DEFAULT '0' COMMENT 'Region Id',
  `name` varchar(255) DEFAULT NULL COMMENT 'Region Name'
) ENGINE=InnoDB DEFAULT CHARSET=utf8 COMMENT='Directory Country Region Name';

--
-- Dumping data for table `directory_country_region_name`
--

INSERT INTO `directory_country_region_name` (`locale`, `region_id`, `name`) VALUES
('en_US', 1, 'Alabama'),
('en_US', 2, 'Alaska'),
('en_US', 3, 'American Samoa'),
('en_US', 4, 'Arizona'),
('en_US', 5, 'Arkansas'),
('en_US', 6, 'Armed Forces Africa'),
('en_US', 7, 'Armed Forces Americas'),
('en_US', 8, 'Armed Forces Canada'),
('en_US', 9, 'Armed Forces Europe'),
('en_US', 10, 'Armed Forces Middle East'),
('en_US', 11, 'Armed Forces Pacific'),
('en_US', 12, 'California'),
('en_US', 13, 'Colorado'),
('en_US', 14, 'Connecticut'),
('en_US', 15, 'Delaware'),
('en_US', 16, 'District of Columbia'),
('en_US', 17, 'Federated States Of Micronesia'),
('en_US', 18, 'Florida'),
('en_US', 19, 'Georgia'),
('en_US', 20, 'Guam'),
('en_US', 21, 'Hawaii'),
('en_US', 22, 'Idaho'),
('en_US', 23, 'Illinois'),
('en_US', 24, 'Indiana'),
('en_US', 25, 'Iowa'),
('en_US', 26, 'Kansas'),
('en_US', 27, 'Kentucky'),
('en_US', 28, 'Louisiana'),
('en_US', 29, 'Maine'),
('en_US', 30, 'Marshall Islands'),
('en_US', 31, 'Maryland'),
('en_US', 32, 'Massachusetts'),
('en_US', 33, 'Michigan'),
('en_US', 34, 'Minnesota'),
('en_US', 35, 'Mississippi'),
('en_US', 36, 'Missouri'),
('en_US', 37, 'Montana'),
('en_US', 38, 'Nebraska'),
('en_US', 39, 'Nevada'),
('en_US', 40, 'New Hampshire'),
('en_US', 41, 'New Jersey'),
('en_US', 42, 'New Mexico'),
('en_US', 43, 'New York'),
('en_US', 44, 'North Carolina'),
('en_US', 45, 'North Dakota'),
('en_US', 46, 'Northern Mariana Islands'),
('en_US', 47, 'Ohio'),
('en_US', 48, 'Oklahoma'),
('en_US', 49, 'Oregon'),
('en_US', 50, 'Palau'),
('en_US', 51, 'Pennsylvania'),
('en_US', 52, 'Puerto Rico'),
('en_US', 53, 'Rhode Island'),
('en_US', 54, 'South Carolina'),
('en_US', 55, 'South Dakota'),
('en_US', 56, 'Tennessee'),
('en_US', 57, 'Texas'),
('en_US', 58, 'Utah'),
('en_US', 59, 'Vermont'),
('en_US', 60, 'Virgin Islands'),
('en_US', 61, 'Virginia'),
('en_US', 62, 'Washington'),
('en_US', 63, 'West Virginia'),
('en_US', 64, 'Wisconsin'),
('en_US', 65, 'Wyoming'),
('en_US', 66, 'Alberta'),
('en_US', 67, 'British Columbia'),
('en_US', 68, 'Manitoba'),
('en_US', 69, 'Newfoundland and Labrador'),
('en_US', 70, 'New Brunswick'),
('en_US', 71, 'Nova Scotia'),
('en_US', 72, 'Northwest Territories'),
('en_US', 73, 'Nunavut'),
('en_US', 74, 'Ontario'),
('en_US', 75, 'Prince Edward Island'),
('en_US', 76, 'Quebec'),
('en_US', 77, 'Saskatchewan'),
('en_US', 78, 'Yukon Territory'),
('en_US', 79, 'Niedersachsen'),
('en_US', 80, 'Baden-Württemberg'),
('en_US', 81, 'Bayern'),
('en_US', 82, 'Berlin'),
('en_US', 83, 'Brandenburg'),
('en_US', 84, 'Bremen'),
('en_US', 85, 'Hamburg'),
('en_US', 86, 'Hessen'),
('en_US', 87, 'Mecklenburg-Vorpommern'),
('en_US', 88, 'Nordrhein-Westfalen'),
('en_US', 89, 'Rheinland-Pfalz'),
('en_US', 90, 'Saarland'),
('en_US', 91, 'Sachsen'),
('en_US', 92, 'Sachsen-Anhalt'),
('en_US', 93, 'Schleswig-Holstein'),
('en_US', 94, 'Thüringen'),
('en_US', 95, 'Wien'),
('en_US', 96, 'Niederösterreich'),
('en_US', 97, 'Oberösterreich'),
('en_US', 98, 'Salzburg'),
('en_US', 99, 'Kärnten'),
('en_US', 100, 'Steiermark'),
('en_US', 101, 'Tirol'),
('en_US', 102, 'Burgenland'),
('en_US', 103, 'Vorarlberg'),
('en_US', 104, 'Aargau'),
('en_US', 105, 'Appenzell Innerrhoden'),
('en_US', 106, 'Appenzell Ausserrhoden'),
('en_US', 107, 'Bern'),
('en_US', 108, 'Basel-Landschaft'),
('en_US', 109, 'Basel-Stadt'),
('en_US', 110, 'Freiburg'),
('en_US', 111, 'Genf'),
('en_US', 112, 'Glarus'),
('en_US', 113, 'Graubünden'),
('en_US', 114, 'Jura'),
('en_US', 115, 'Luzern'),
('en_US', 116, 'Neuenburg'),
('en_US', 117, 'Nidwalden'),
('en_US', 118, 'Obwalden'),
('en_US', 119, 'St. Gallen'),
('en_US', 120, 'Schaffhausen'),
('en_US', 121, 'Solothurn'),
('en_US', 122, 'Schwyz'),
('en_US', 123, 'Thurgau'),
('en_US', 124, 'Tessin'),
('en_US', 125, 'Uri'),
('en_US', 126, 'Waadt'),
('en_US', 127, 'Wallis'),
('en_US', 128, 'Zug'),
('en_US', 129, 'Zürich'),
('en_US', 130, 'A Coruña'),
('en_US', 131, 'Alava'),
('en_US', 132, 'Albacete'),
('en_US', 133, 'Alicante'),
('en_US', 134, 'Almeria'),
('en_US', 135, 'Asturias'),
('en_US', 136, 'Avila'),
('en_US', 137, 'Badajoz'),
('en_US', 138, 'Baleares'),
('en_US', 139, 'Barcelona'),
('en_US', 140, 'Burgos'),
('en_US', 141, 'Caceres'),
('en_US', 142, 'Cadiz'),
('en_US', 143, 'Cantabria'),
('en_US', 144, 'Castellon'),
('en_US', 145, 'Ceuta'),
('en_US', 146, 'Ciudad Real'),
('en_US', 147, 'Cordoba'),
('en_US', 148, 'Cuenca'),
('en_US', 149, 'Girona'),
('en_US', 150, 'Granada'),
('en_US', 151, 'Guadalajara'),
('en_US', 152, 'Guipuzcoa'),
('en_US', 153, 'Huelva'),
('en_US', 154, 'Huesca'),
('en_US', 155, 'Jaen'),
('en_US', 156, 'La Rioja'),
('en_US', 157, 'Las Palmas'),
('en_US', 158, 'Leon'),
('en_US', 159, 'Lleida'),
('en_US', 160, 'Lugo'),
('en_US', 161, 'Madrid'),
('en_US', 162, 'Malaga'),
('en_US', 163, 'Melilla'),
('en_US', 164, 'Murcia'),
('en_US', 165, 'Navarra'),
('en_US', 166, 'Ourense'),
('en_US', 167, 'Palencia'),
('en_US', 168, 'Pontevedra'),
('en_US', 169, 'Salamanca'),
('en_US', 170, 'Santa Cruz de Tenerife'),
('en_US', 171, 'Segovia'),
('en_US', 172, 'Sevilla'),
('en_US', 173, 'Soria'),
('en_US', 174, 'Tarragona'),
('en_US', 175, 'Teruel'),
('en_US', 176, 'Toledo'),
('en_US', 177, 'Valencia'),
('en_US', 178, 'Valladolid'),
('en_US', 179, 'Vizcaya'),
('en_US', 180, 'Zamora'),
('en_US', 181, 'Zaragoza'),
('en_US', 182, 'Ain'),
('en_US', 183, 'Aisne'),
('en_US', 184, 'Allier'),
('en_US', 185, 'Alpes-de-Haute-Provence'),
('en_US', 186, 'Hautes-Alpes'),
('en_US', 187, 'Alpes-Maritimes'),
('en_US', 188, 'Ardèche'),
('en_US', 189, 'Ardennes'),
('en_US', 190, 'Ariège'),
('en_US', 191, 'Aube'),
('en_US', 192, 'Aude'),
('en_US', 193, 'Aveyron'),
('en_US', 194, 'Bouches-du-Rhône'),
('en_US', 195, 'Calvados'),
('en_US', 196, 'Cantal'),
('en_US', 197, 'Charente'),
('en_US', 198, 'Charente-Maritime'),
('en_US', 199, 'Cher'),
('en_US', 200, 'Corrèze'),
('en_US', 201, 'Corse-du-Sud'),
('en_US', 202, 'Haute-Corse'),
('en_US', 203, 'Côte-d\'Or'),
('en_US', 204, 'Côtes-d\'Armor'),
('en_US', 205, 'Creuse'),
('en_US', 206, 'Dordogne'),
('en_US', 207, 'Doubs'),
('en_US', 208, 'Drôme'),
('en_US', 209, 'Eure'),
('en_US', 210, 'Eure-et-Loir'),
('en_US', 211, 'Finistère'),
('en_US', 212, 'Gard'),
('en_US', 213, 'Haute-Garonne'),
('en_US', 214, 'Gers'),
('en_US', 215, 'Gironde'),
('en_US', 216, 'Hérault'),
('en_US', 217, 'Ille-et-Vilaine'),
('en_US', 218, 'Indre'),
('en_US', 219, 'Indre-et-Loire'),
('en_US', 220, 'Isère'),
('en_US', 221, 'Jura'),
('en_US', 222, 'Landes'),
('en_US', 223, 'Loir-et-Cher'),
('en_US', 224, 'Loire'),
('en_US', 225, 'Haute-Loire'),
('en_US', 226, 'Loire-Atlantique'),
('en_US', 227, 'Loiret'),
('en_US', 228, 'Lot'),
('en_US', 229, 'Lot-et-Garonne'),
('en_US', 230, 'Lozère'),
('en_US', 231, 'Maine-et-Loire'),
('en_US', 232, 'Manche'),
('en_US', 233, 'Marne'),
('en_US', 234, 'Haute-Marne'),
('en_US', 235, 'Mayenne'),
('en_US', 236, 'Meurthe-et-Moselle'),
('en_US', 237, 'Meuse'),
('en_US', 238, 'Morbihan'),
('en_US', 239, 'Moselle'),
('en_US', 240, 'Nièvre'),
('en_US', 241, 'Nord'),
('en_US', 242, 'Oise'),
('en_US', 243, 'Orne'),
('en_US', 244, 'Pas-de-Calais'),
('en_US', 245, 'Puy-de-Dôme'),
('en_US', 246, 'Pyrénées-Atlantiques'),
('en_US', 247, 'Hautes-Pyrénées'),
('en_US', 248, 'Pyrénées-Orientales'),
('en_US', 249, 'Bas-Rhin'),
('en_US', 250, 'Haut-Rhin'),
('en_US', 251, 'Rhône'),
('en_US', 252, 'Haute-Saône'),
('en_US', 253, 'Saône-et-Loire'),
('en_US', 254, 'Sarthe'),
('en_US', 255, 'Savoie'),
('en_US', 256, 'Haute-Savoie'),
('en_US', 257, 'Paris'),
('en_US', 258, 'Seine-Maritime'),
('en_US', 259, 'Seine-et-Marne'),
('en_US', 260, 'Yvelines'),
('en_US', 261, 'Deux-Sèvres'),
('en_US', 262, 'Somme'),
('en_US', 263, 'Tarn'),
('en_US', 264, 'Tarn-et-Garonne'),
('en_US', 265, 'Var'),
('en_US', 266, 'Vaucluse'),
('en_US', 267, 'Vendée'),
('en_US', 268, 'Vienne'),
('en_US', 269, 'Haute-Vienne'),
('en_US', 270, 'Vosges'),
('en_US', 271, 'Yonne'),
('en_US', 272, 'Territoire-de-Belfort'),
('en_US', 273, 'Essonne'),
('en_US', 274, 'Hauts-de-Seine'),
('en_US', 275, 'Seine-Saint-Denis'),
('en_US', 276, 'Val-de-Marne'),
('en_US', 277, 'Val-d\'Oise'),
('en_US', 278, 'Alba'),
('en_US', 279, 'Arad'),
('en_US', 280, 'Argeş'),
('en_US', 281, 'Bacău'),
('en_US', 282, 'Bihor'),
('en_US', 283, 'Bistriţa-Năsăud'),
('en_US', 284, 'Botoşani'),
('en_US', 285, 'Braşov'),
('en_US', 286, 'Brăila'),
('en_US', 287, 'Bucureşti'),
('en_US', 288, 'Buzău'),
('en_US', 289, 'Caraş-Severin'),
('en_US', 290, 'Călăraşi'),
('en_US', 291, 'Cluj'),
('en_US', 292, 'Constanţa'),
('en_US', 293, 'Covasna'),
('en_US', 294, 'Dâmboviţa'),
('en_US', 295, 'Dolj'),
('en_US', 296, 'Galaţi'),
('en_US', 297, 'Giurgiu'),
('en_US', 298, 'Gorj'),
('en_US', 299, 'Harghita'),
('en_US', 300, 'Hunedoara'),
('en_US', 301, 'Ialomiţa'),
('en_US', 302, 'Iaşi'),
('en_US', 303, 'Ilfov'),
('en_US', 304, 'Maramureş'),
('en_US', 305, 'Mehedinţi'),
('en_US', 306, 'Mureş'),
('en_US', 307, 'Neamţ'),
('en_US', 308, 'Olt'),
('en_US', 309, 'Prahova'),
('en_US', 310, 'Satu-Mare'),
('en_US', 311, 'Sălaj'),
('en_US', 312, 'Sibiu'),
('en_US', 313, 'Suceava'),
('en_US', 314, 'Teleorman'),
('en_US', 315, 'Timiş'),
('en_US', 316, 'Tulcea'),
('en_US', 317, 'Vaslui'),
('en_US', 318, 'Vâlcea'),
('en_US', 319, 'Vrancea'),
('en_US', 320, 'Lappi'),
('en_US', 321, 'Pohjois-Pohjanmaa'),
('en_US', 322, 'Kainuu'),
('en_US', 323, 'Pohjois-Karjala'),
('en_US', 324, 'Pohjois-Savo'),
('en_US', 325, 'Etelä-Savo'),
('en_US', 326, 'Etelä-Pohjanmaa'),
('en_US', 327, 'Pohjanmaa'),
('en_US', 328, 'Pirkanmaa'),
('en_US', 329, 'Satakunta'),
('en_US', 330, 'Keski-Pohjanmaa'),
('en_US', 331, 'Keski-Suomi'),
('en_US', 332, 'Varsinais-Suomi'),
('en_US', 333, 'Etelä-Karjala'),
('en_US', 334, 'Päijät-Häme'),
('en_US', 335, 'Kanta-Häme'),
('en_US', 336, 'Uusimaa'),
('en_US', 337, 'Itä-Uusimaa'),
('en_US', 338, 'Kymenlaakso'),
('en_US', 339, 'Ahvenanmaa'),
('en_US', 340, 'Harjumaa'),
('en_US', 341, 'Hiiumaa'),
('en_US', 342, 'Ida-Virumaa'),
('en_US', 343, 'Jõgevamaa'),
('en_US', 344, 'Järvamaa'),
('en_US', 345, 'Läänemaa'),
('en_US', 346, 'Lääne-Virumaa'),
('en_US', 347, 'Põlvamaa'),
('en_US', 348, 'Pärnumaa'),
('en_US', 349, 'Raplamaa'),
('en_US', 350, 'Saaremaa'),
('en_US', 351, 'Tartumaa'),
('en_US', 352, 'Valgamaa'),
('en_US', 353, 'Viljandimaa'),
('en_US', 354, 'Võrumaa'),
('en_US', 355, 'Daugavpils'),
('en_US', 356, 'Jelgava'),
('en_US', 357, 'Jēkabpils'),
('en_US', 358, 'Jūrmala'),
('en_US', 359, 'Liepāja'),
('en_US', 360, 'Liepājas novads'),
('en_US', 361, 'Rēzekne'),
('en_US', 362, 'Rīga'),
('en_US', 363, 'Rīgas novads'),
('en_US', 364, 'Valmiera'),
('en_US', 365, 'Ventspils'),
('en_US', 366, 'Aglonas novads'),
('en_US', 367, 'Aizkraukles novads'),
('en_US', 368, 'Aizputes novads'),
('en_US', 369, 'Aknīstes novads'),
('en_US', 370, 'Alojas novads'),
('en_US', 371, 'Alsungas novads'),
('en_US', 372, 'Alūksnes novads'),
('en_US', 373, 'Amatas novads'),
('en_US', 374, 'Apes novads'),
('en_US', 375, 'Auces novads'),
('en_US', 376, 'Babītes novads'),
('en_US', 377, 'Baldones novads'),
('en_US', 378, 'Baltinavas novads'),
('en_US', 379, 'Balvu novads'),
('en_US', 380, 'Bauskas novads'),
('en_US', 381, 'Beverīnas novads'),
('en_US', 382, 'Brocēnu novads'),
('en_US', 383, 'Burtnieku novads'),
('en_US', 384, 'Carnikavas novads'),
('en_US', 385, 'Cesvaines novads'),
('en_US', 386, 'Ciblas novads'),
('en_US', 387, 'Cēsu novads'),
('en_US', 388, 'Dagdas novads'),
('en_US', 389, 'Daugavpils novads'),
('en_US', 390, 'Dobeles novads'),
('en_US', 391, 'Dundagas novads'),
('en_US', 392, 'Durbes novads'),
('en_US', 393, 'Engures novads'),
('en_US', 394, 'Garkalnes novads'),
('en_US', 395, 'Grobiņas novads'),
('en_US', 396, 'Gulbenes novads'),
('en_US', 397, 'Iecavas novads'),
('en_US', 398, 'Ikšķiles novads'),
('en_US', 399, 'Ilūkstes novads'),
('en_US', 400, 'Inčukalna novads'),
('en_US', 401, 'Jaunjelgavas novads'),
('en_US', 402, 'Jaunpiebalgas novads'),
('en_US', 403, 'Jaunpils novads'),
('en_US', 404, 'Jelgavas novads'),
('en_US', 405, 'Jēkabpils novads'),
('en_US', 406, 'Kandavas novads'),
('en_US', 407, 'Kokneses novads'),
('en_US', 408, 'Krimuldas novads'),
('en_US', 409, 'Krustpils novads'),
('en_US', 410, 'Krāslavas novads'),
('en_US', 411, 'Kuldīgas novads'),
('en_US', 412, 'Kārsavas novads'),
('en_US', 413, 'Lielvārdes novads'),
('en_US', 414, 'Limbažu novads'),
('en_US', 415, 'Lubānas novads'),
('en_US', 416, 'Ludzas novads'),
('en_US', 417, 'Līgatnes novads'),
('en_US', 418, 'Līvānu novads'),
('en_US', 419, 'Madonas novads'),
('en_US', 420, 'Mazsalacas novads'),
('en_US', 421, 'Mālpils novads'),
('en_US', 422, 'Mārupes novads'),
('en_US', 423, 'Naukšēnu novads'),
('en_US', 424, 'Neretas novads'),
('en_US', 425, 'Nīcas novads'),
('en_US', 426, 'Ogres novads'),
('en_US', 427, 'Olaines novads'),
('en_US', 428, 'Ozolnieku novads'),
('en_US', 429, 'Preiļu novads'),
('en_US', 430, 'Priekules novads'),
('en_US', 431, 'Priekuļu novads'),
('en_US', 432, 'Pārgaujas novads'),
('en_US', 433, 'Pāvilostas novads'),
('en_US', 434, 'Pļaviņu novads'),
('en_US', 435, 'Raunas novads'),
('en_US', 436, 'Riebiņu novads'),
('en_US', 437, 'Rojas novads'),
('en_US', 438, 'Ropažu novads'),
('en_US', 439, 'Rucavas novads'),
('en_US', 440, 'Rugāju novads'),
('en_US', 441, 'Rundāles novads'),
('en_US', 442, 'Rēzeknes novads'),
('en_US', 443, 'Rūjienas novads'),
('en_US', 444, 'Salacgrīvas novads'),
('en_US', 445, 'Salas novads'),
('en_US', 446, 'Salaspils novads'),
('en_US', 447, 'Saldus novads'),
('en_US', 448, 'Saulkrastu novads'),
('en_US', 449, 'Siguldas novads'),
('en_US', 450, 'Skrundas novads'),
('en_US', 451, 'Skrīveru novads'),
('en_US', 452, 'Smiltenes novads'),
('en_US', 453, 'Stopiņu novads'),
('en_US', 454, 'Strenču novads'),
('en_US', 455, 'Sējas novads'),
('en_US', 456, 'Talsu novads'),
('en_US', 457, 'Tukuma novads'),
('en_US', 458, 'Tērvetes novads'),
('en_US', 459, 'Vaiņodes novads'),
('en_US', 460, 'Valkas novads'),
('en_US', 461, 'Valmieras novads'),
('en_US', 462, 'Varakļānu novads'),
('en_US', 463, 'Vecpiebalgas novads'),
('en_US', 464, 'Vecumnieku novads'),
('en_US', 465, 'Ventspils novads'),
('en_US', 466, 'Viesītes novads'),
('en_US', 467, 'Viļakas novads'),
('en_US', 468, 'Viļānu novads'),
('en_US', 469, 'Vārkavas novads'),
('en_US', 470, 'Zilupes novads'),
('en_US', 471, 'Ādažu novads'),
('en_US', 472, 'Ērgļu novads'),
('en_US', 473, 'Ķeguma novads'),
('en_US', 474, 'Ķekavas novads'),
('en_US', 475, 'Alytaus Apskritis'),
('en_US', 476, 'Kauno Apskritis'),
('en_US', 477, 'Klaipėdos Apskritis'),
('en_US', 478, 'Marijampolės Apskritis'),
('en_US', 479, 'Panevėžio Apskritis'),
('en_US', 480, 'Šiaulių Apskritis'),
('en_US', 481, 'Tauragės Apskritis'),
('en_US', 482, 'Telšių Apskritis'),
('en_US', 483, 'Utenos Apskritis'),
('en_US', 484, 'Vilniaus Apskritis'),
('en_US', 485, 'Acre'),
('en_US', 486, 'Alagoas'),
('en_US', 487, 'Amapá'),
('en_US', 488, 'Amazonas'),
('en_US', 489, 'Bahia'),
('en_US', 490, 'Ceará'),
('en_US', 491, 'Espírito Santo'),
('en_US', 492, 'Goiás'),
('en_US', 493, 'Maranhão'),
('en_US', 494, 'Mato Grosso'),
('en_US', 495, 'Mato Grosso do Sul'),
('en_US', 496, 'Minas Gerais'),
('en_US', 497, 'Pará'),
('en_US', 498, 'Paraíba'),
('en_US', 499, 'Paraná'),
('en_US', 500, 'Pernambuco'),
('en_US', 501, 'Piauí'),
('en_US', 502, 'Rio de Janeiro'),
('en_US', 503, 'Rio Grande do Norte'),
('en_US', 504, 'Rio Grande do Sul'),
('en_US', 505, 'Rondônia'),
('en_US', 506, 'Roraima'),
('en_US', 507, 'Santa Catarina'),
('en_US', 508, 'São Paulo'),
('en_US', 509, 'Sergipe'),
('en_US', 510, 'Tocantins'),
('en_US', 511, 'Distrito Federal');

-- --------------------------------------------------------

--
-- Table structure for table `directory_currency_rate`
--

CREATE TABLE `directory_currency_rate` (
  `currency_from` varchar(3) NOT NULL COMMENT 'Currency Code Convert From',
  `currency_to` varchar(3) NOT NULL COMMENT 'Currency Code Convert To',
  `rate` decimal(24,12) NOT NULL DEFAULT '0.000000000000' COMMENT 'Currency Conversion Rate'
) ENGINE=InnoDB DEFAULT CHARSET=utf8 COMMENT='Directory Currency Rate';

--
-- Dumping data for table `directory_currency_rate`
--

INSERT INTO `directory_currency_rate` (`currency_from`, `currency_to`, `rate`) VALUES
('EUR', 'EUR', '1.000000000000'),
('EUR', 'USD', '1.415000000000'),
('USD', 'EUR', '0.706700000000'),
('USD', 'USD', '1.000000000000');

-- --------------------------------------------------------

--
-- Table structure for table `downloadable_link`
--

CREATE TABLE `downloadable_link` (
  `link_id` int(10) UNSIGNED NOT NULL COMMENT 'Link ID',
  `product_id` int(10) UNSIGNED NOT NULL DEFAULT '0' COMMENT 'Product ID',
  `sort_order` int(10) UNSIGNED NOT NULL DEFAULT '0' COMMENT 'Sort order',
  `number_of_downloads` int(11) DEFAULT NULL COMMENT 'Number of downloads',
  `is_shareable` smallint(5) UNSIGNED NOT NULL DEFAULT '0' COMMENT 'Shareable flag',
  `link_url` varchar(255) DEFAULT NULL COMMENT 'Link Url',
  `link_file` varchar(255) DEFAULT NULL COMMENT 'Link File',
  `link_type` varchar(20) DEFAULT NULL COMMENT 'Link Type',
  `sample_url` varchar(255) DEFAULT NULL COMMENT 'Sample Url',
  `sample_file` varchar(255) DEFAULT NULL COMMENT 'Sample File',
  `sample_type` varchar(20) DEFAULT NULL COMMENT 'Sample Type'
) ENGINE=InnoDB DEFAULT CHARSET=utf8 COMMENT='Downloadable Link Table';

--
-- Dumping data for table `downloadable_link`
--

INSERT INTO `downloadable_link` (`link_id`, `product_id`, `sort_order`, `number_of_downloads`, `is_shareable`, `link_url`, `link_file`, `link_type`, `sample_url`, `sample_file`, `sample_type`) VALUES
(1, 45, 1, 0, 2, NULL, '/l/u/luma_background_-_model_against_fence_4_sec_.mp4', 'file', NULL, NULL, NULL),
(2, 46, 1, 0, 2, NULL, '/l/u/luma_background_-_model_against_fence_4_sec_.mp4', 'file', NULL, NULL, NULL),
(3, 47, 1, 0, 2, NULL, '/l/u/luma_background_-_model_against_fence_4_sec_.mp4', 'file', NULL, NULL, NULL),
(4, 48, 1, 0, 2, NULL, '/l/u/luma_background_-_model_against_fence_4_sec_.mp4', 'file', NULL, NULL, NULL),
(5, 49, 1, 0, 2, NULL, '/l/u/luma_background_-_model_against_fence_4_sec_.mp4', 'file', NULL, NULL, NULL),
(6, 50, 1, 0, 2, NULL, '/l/u/luma_background_-_model_against_fence_4_sec_.mp4', 'file', NULL, NULL, NULL),
(7, 50, 1, 0, 2, NULL, '/l/u/luma_background_-_model_against_fence_4_sec_.mp4', 'file', NULL, NULL, NULL),
(8, 50, 1, 0, 2, NULL, '/l/u/luma_background_-_model_against_fence_4_sec_.mp4', 'file', NULL, NULL, NULL);

-- --------------------------------------------------------

--
-- Table structure for table `downloadable_link_price`
--

CREATE TABLE `downloadable_link_price` (
  `price_id` int(10) UNSIGNED NOT NULL COMMENT 'Price ID',
  `link_id` int(10) UNSIGNED NOT NULL DEFAULT '0' COMMENT 'Link ID',
  `website_id` smallint(5) UNSIGNED NOT NULL DEFAULT '0' COMMENT 'Website ID',
  `price` decimal(12,4) NOT NULL DEFAULT '0.0000' COMMENT 'Price'
) ENGINE=InnoDB DEFAULT CHARSET=utf8 COMMENT='Downloadable Link Price Table';

--
-- Dumping data for table `downloadable_link_price`
--

INSERT INTO `downloadable_link_price` (`price_id`, `link_id`, `website_id`, `price`) VALUES
(1, 1, 0, '6.0000'),
(2, 2, 0, '14.0000'),
(3, 3, 0, '22.0000'),
(4, 4, 0, '14.0000'),
(5, 5, 0, '18.0000'),
(6, 6, 0, '9.0000'),
(7, 7, 0, '9.0000'),
(8, 8, 0, '9.0000');

-- --------------------------------------------------------

--
-- Table structure for table `downloadable_link_purchased`
--

CREATE TABLE `downloadable_link_purchased` (
  `purchased_id` int(10) UNSIGNED NOT NULL COMMENT 'Purchased ID',
  `order_id` int(10) UNSIGNED DEFAULT '0' COMMENT 'Order ID',
  `order_increment_id` varchar(50) DEFAULT NULL COMMENT 'Order Increment ID',
  `order_item_id` int(10) UNSIGNED NOT NULL DEFAULT '0' COMMENT 'Order Item ID',
  `created_at` timestamp NOT NULL DEFAULT CURRENT_TIMESTAMP COMMENT 'Date of creation',
  `updated_at` timestamp NOT NULL DEFAULT CURRENT_TIMESTAMP ON UPDATE CURRENT_TIMESTAMP COMMENT 'Date of modification',
  `customer_id` int(10) UNSIGNED DEFAULT '0' COMMENT 'Customer ID',
  `product_name` varchar(255) DEFAULT NULL COMMENT 'Product name',
  `product_sku` varchar(255) DEFAULT NULL COMMENT 'Product sku',
  `link_section_title` varchar(255) DEFAULT NULL COMMENT 'Link_section_title'
) ENGINE=InnoDB DEFAULT CHARSET=utf8 COMMENT='Downloadable Link Purchased Table';

-- --------------------------------------------------------

--
-- Table structure for table `downloadable_link_purchased_item`
--

CREATE TABLE `downloadable_link_purchased_item` (
  `item_id` int(10) UNSIGNED NOT NULL COMMENT 'Item ID',
  `purchased_id` int(10) UNSIGNED NOT NULL DEFAULT '0' COMMENT 'Purchased ID',
  `order_item_id` int(10) UNSIGNED DEFAULT '0' COMMENT 'Order Item ID',
  `product_id` int(10) UNSIGNED DEFAULT '0' COMMENT 'Product ID',
  `link_hash` varchar(255) DEFAULT NULL COMMENT 'Link hash',
  `number_of_downloads_bought` int(10) UNSIGNED NOT NULL DEFAULT '0' COMMENT 'Number of downloads bought',
  `number_of_downloads_used` int(10) UNSIGNED NOT NULL DEFAULT '0' COMMENT 'Number of downloads used',
  `link_id` int(10) UNSIGNED NOT NULL DEFAULT '0' COMMENT 'Link ID',
  `link_title` varchar(255) DEFAULT NULL COMMENT 'Link Title',
  `is_shareable` smallint(5) UNSIGNED NOT NULL DEFAULT '0' COMMENT 'Shareable Flag',
  `link_url` varchar(255) DEFAULT NULL COMMENT 'Link Url',
  `link_file` varchar(255) DEFAULT NULL COMMENT 'Link File',
  `link_type` varchar(255) DEFAULT NULL COMMENT 'Link Type',
  `status` varchar(50) DEFAULT NULL COMMENT 'Status',
  `created_at` timestamp NOT NULL DEFAULT CURRENT_TIMESTAMP COMMENT 'Creation Time',
  `updated_at` timestamp NOT NULL DEFAULT CURRENT_TIMESTAMP ON UPDATE CURRENT_TIMESTAMP COMMENT 'Update Time'
) ENGINE=InnoDB DEFAULT CHARSET=utf8 COMMENT='Downloadable Link Purchased Item Table';

-- --------------------------------------------------------

--
-- Table structure for table `downloadable_link_title`
--

CREATE TABLE `downloadable_link_title` (
  `title_id` int(10) UNSIGNED NOT NULL COMMENT 'Title ID',
  `link_id` int(10) UNSIGNED NOT NULL DEFAULT '0' COMMENT 'Link ID',
  `store_id` smallint(5) UNSIGNED NOT NULL DEFAULT '0' COMMENT 'Store ID',
  `title` varchar(255) DEFAULT NULL COMMENT 'Title'
) ENGINE=InnoDB DEFAULT CHARSET=utf8 COMMENT='Link Title Table';

--
-- Dumping data for table `downloadable_link_title`
--

INSERT INTO `downloadable_link_title` (`title_id`, `link_id`, `store_id`, `title`) VALUES
(1, 1, 0, 'Beginner\'s Yoga'),
(2, 2, 0, 'LifeLong Fitness IV'),
(3, 3, 0, 'Yoga Adventure'),
(4, 4, 0, 'Solo Power Circuit'),
(5, 5, 0, 'Advanced Pilates & Yoga (Strength)'),
(6, 6, 0, 'Episode 1'),
(7, 7, 0, 'Episode 2'),
(8, 8, 0, 'Episode 3');

-- --------------------------------------------------------

--
-- Table structure for table `downloadable_sample`
--

CREATE TABLE `downloadable_sample` (
  `sample_id` int(10) UNSIGNED NOT NULL COMMENT 'Sample ID',
  `product_id` int(10) UNSIGNED NOT NULL DEFAULT '0' COMMENT 'Product ID',
  `sample_url` varchar(255) DEFAULT NULL COMMENT 'Sample URL',
  `sample_file` varchar(255) DEFAULT NULL COMMENT 'Sample file',
  `sample_type` varchar(20) DEFAULT NULL COMMENT 'Sample Type',
  `sort_order` int(10) UNSIGNED NOT NULL DEFAULT '0' COMMENT 'Sort Order'
) ENGINE=InnoDB DEFAULT CHARSET=utf8 COMMENT='Downloadable Sample Table';

--
-- Dumping data for table `downloadable_sample`
--

INSERT INTO `downloadable_sample` (`sample_id`, `product_id`, `sample_url`, `sample_file`, `sample_type`, `sort_order`) VALUES
(1, 45, NULL, '/l/u/luma_background_-_model_against_fence_4_sec_.mp4', 'file', 1),
(2, 45, NULL, '/l/u/luma_background_-_model_against_fence_4_sec_.mp4', 'file', 1),
(3, 45, NULL, '/l/u/luma_background_-_model_against_fence_4_sec_.mp4', 'file', 1),
(4, 46, NULL, '/l/u/luma_background_-_model_against_fence_4_sec_.mp4', 'file', 1),
(5, 46, NULL, '/l/u/luma_background_-_model_against_fence_4_sec_.mp4', 'file', 1),
(6, 46, NULL, '/l/u/luma_background_-_model_against_fence_4_sec_.mp4', 'file', 1),
(7, 47, NULL, '/l/u/luma_background_-_model_against_fence_4_sec_.mp4', 'file', 1),
(8, 47, NULL, '/l/u/luma_background_-_model_against_fence_4_sec_.mp4', 'file', 1),
(9, 47, NULL, '/l/u/luma_background_-_model_against_fence_4_sec_.mp4', 'file', 1),
(10, 48, NULL, '/l/u/luma_background_-_model_against_fence_4_sec_.mp4', 'file', 1),
(11, 48, NULL, '/l/u/luma_background_-_model_against_fence_4_sec_.mp4', 'file', 1),
(12, 48, NULL, '/l/u/luma_background_-_model_against_fence_4_sec_.mp4', 'file', 1),
(13, 49, NULL, '/l/u/luma_background_-_model_against_fence_4_sec_.mp4', 'file', 1),
(14, 49, NULL, '/l/u/luma_background_-_model_against_fence_4_sec_.mp4', 'file', 1),
(15, 49, NULL, '/l/u/luma_background_-_model_against_fence_4_sec_.mp4', 'file', 1),
(16, 50, NULL, '/l/u/luma_background_-_model_against_fence_4_sec_.mp4', 'file', 1),
(17, 50, NULL, '/l/u/luma_background_-_model_against_fence_4_sec_.mp4', 'file', 1),
(18, 50, NULL, '/l/u/luma_background_-_model_against_fence_4_sec_.mp4', 'file', 1);

-- --------------------------------------------------------

--
-- Table structure for table `downloadable_sample_title`
--

CREATE TABLE `downloadable_sample_title` (
  `title_id` int(10) UNSIGNED NOT NULL COMMENT 'Title ID',
  `sample_id` int(10) UNSIGNED NOT NULL DEFAULT '0' COMMENT 'Sample ID',
  `store_id` smallint(5) UNSIGNED NOT NULL DEFAULT '0' COMMENT 'Store ID',
  `title` varchar(255) DEFAULT NULL COMMENT 'Title'
) ENGINE=InnoDB DEFAULT CHARSET=utf8 COMMENT='Downloadable Sample Title Table';

--
-- Dumping data for table `downloadable_sample_title`
--

INSERT INTO `downloadable_sample_title` (`title_id`, `sample_id`, `store_id`, `title`) VALUES
(1, 1, 0, 'Trailer #1'),
(2, 2, 0, 'Trailer #2'),
(3, 3, 0, 'Trailer #3'),
(4, 4, 0, 'Trailer #1'),
(5, 5, 0, 'Trailer #2'),
(6, 6, 0, 'Trailer #3'),
(7, 7, 0, 'Trailer #1'),
(8, 8, 0, 'Trailer #2'),
(9, 9, 0, 'Trailer #3'),
(10, 10, 0, 'Trailer #1'),
(11, 11, 0, 'Trailer #2'),
(12, 12, 0, 'Trailer #3'),
(13, 13, 0, 'Trailer #1'),
(14, 14, 0, 'Trailer #2'),
(15, 15, 0, 'Trailer #3'),
(16, 16, 0, 'Trailer #1'),
(17, 17, 0, 'Trailer #2'),
(18, 18, 0, 'Trailer #3');

-- --------------------------------------------------------

--
-- Table structure for table `eav_attribute`
--

CREATE TABLE `eav_attribute` (
  `attribute_id` smallint(5) UNSIGNED NOT NULL COMMENT 'Attribute Id',
  `entity_type_id` smallint(5) UNSIGNED NOT NULL DEFAULT '0' COMMENT 'Entity Type Id',
  `attribute_code` varchar(255) DEFAULT NULL COMMENT 'Attribute Code',
  `attribute_model` varchar(255) DEFAULT NULL COMMENT 'Attribute Model',
  `backend_model` varchar(255) DEFAULT NULL COMMENT 'Backend Model',
  `backend_type` varchar(8) NOT NULL DEFAULT 'static' COMMENT 'Backend Type',
  `backend_table` varchar(255) DEFAULT NULL COMMENT 'Backend Table',
  `frontend_model` varchar(255) DEFAULT NULL COMMENT 'Frontend Model',
  `frontend_input` varchar(50) DEFAULT NULL COMMENT 'Frontend Input',
  `frontend_label` varchar(255) DEFAULT NULL COMMENT 'Frontend Label',
  `frontend_class` varchar(255) DEFAULT NULL COMMENT 'Frontend Class',
  `source_model` varchar(255) DEFAULT NULL COMMENT 'Source Model',
  `is_required` smallint(5) UNSIGNED NOT NULL DEFAULT '0' COMMENT 'Defines Is Required',
  `is_user_defined` smallint(5) UNSIGNED NOT NULL DEFAULT '0' COMMENT 'Defines Is User Defined',
  `default_value` text COMMENT 'Default Value',
  `is_unique` smallint(5) UNSIGNED NOT NULL DEFAULT '0' COMMENT 'Defines Is Unique',
  `note` varchar(255) DEFAULT NULL COMMENT 'Note'
) ENGINE=InnoDB DEFAULT CHARSET=utf8 COMMENT='Eav Attribute';

--
-- Dumping data for table `eav_attribute`
--

INSERT INTO `eav_attribute` (`attribute_id`, `entity_type_id`, `attribute_code`, `attribute_model`, `backend_model`, `backend_type`, `backend_table`, `frontend_model`, `frontend_input`, `frontend_label`, `frontend_class`, `source_model`, `is_required`, `is_user_defined`, `default_value`, `is_unique`, `note`) VALUES
(1, 1, 'website_id', NULL, 'Magento\\Customer\\Model\\Customer\\Attribute\\Backend\\Website', 'static', NULL, NULL, 'select', 'Associate to Website', NULL, 'Magento\\Customer\\Model\\Customer\\Attribute\\Source\\Website', 1, 0, NULL, 0, NULL),
(2, 1, 'store_id', NULL, 'Magento\\Customer\\Model\\Customer\\Attribute\\Backend\\Store', 'static', NULL, NULL, 'select', 'Create In', NULL, 'Magento\\Customer\\Model\\Customer\\Attribute\\Source\\Store', 1, 0, NULL, 0, NULL),
(3, 1, 'created_in', NULL, NULL, 'static', NULL, NULL, 'text', 'Created From', NULL, NULL, 0, 0, NULL, 0, NULL),
(4, 1, 'prefix', NULL, NULL, 'static', NULL, NULL, 'text', 'Prefix', NULL, NULL, 0, 0, NULL, 0, NULL),
(5, 1, 'firstname', NULL, NULL, 'static', NULL, NULL, 'text', 'First Name', NULL, NULL, 1, 0, NULL, 0, NULL),
(6, 1, 'middlename', NULL, NULL, 'static', NULL, NULL, 'text', 'Middle Name/Initial', NULL, NULL, 0, 0, NULL, 0, NULL),
(7, 1, 'lastname', NULL, NULL, 'static', NULL, NULL, 'text', 'Last Name', NULL, NULL, 1, 0, NULL, 0, NULL),
(8, 1, 'suffix', NULL, NULL, 'static', NULL, NULL, 'text', 'Suffix', NULL, NULL, 0, 0, NULL, 0, NULL),
(9, 1, 'email', NULL, NULL, 'static', NULL, NULL, 'text', 'Email', NULL, NULL, 1, 0, NULL, 0, NULL),
(10, 1, 'group_id', NULL, NULL, 'static', NULL, NULL, 'select', 'Group', NULL, 'Magento\\Customer\\Model\\Customer\\Attribute\\Source\\Group', 1, 0, NULL, 0, NULL),
(11, 1, 'dob', NULL, 'Magento\\Eav\\Model\\Entity\\Attribute\\Backend\\Datetime', 'static', NULL, 'Magento\\Eav\\Model\\Entity\\Attribute\\Frontend\\Datetime', 'date', 'Date of Birth', NULL, NULL, 0, 0, NULL, 0, NULL),
(12, 1, 'password_hash', NULL, 'Magento\\Customer\\Model\\Customer\\Attribute\\Backend\\Password', 'static', NULL, NULL, 'hidden', NULL, NULL, NULL, 0, 0, NULL, 0, NULL),
(13, 1, 'rp_token', NULL, NULL, 'static', NULL, NULL, 'hidden', NULL, NULL, NULL, 0, 0, NULL, 0, NULL),
(14, 1, 'rp_token_created_at', NULL, NULL, 'static', NULL, NULL, 'date', NULL, NULL, NULL, 0, 0, NULL, 0, NULL),
(15, 1, 'default_billing', NULL, 'Magento\\Customer\\Model\\Customer\\Attribute\\Backend\\Billing', 'static', NULL, NULL, 'text', 'Default Billing Address', NULL, NULL, 0, 0, NULL, 0, NULL),
(16, 1, 'default_shipping', NULL, 'Magento\\Customer\\Model\\Customer\\Attribute\\Backend\\Shipping', 'static', NULL, NULL, 'text', 'Default Shipping Address', NULL, NULL, 0, 0, NULL, 0, NULL),
(17, 1, 'taxvat', NULL, NULL, 'static', NULL, NULL, 'text', 'Tax/VAT Number', NULL, NULL, 0, 0, NULL, 0, NULL),
(18, 1, 'confirmation', NULL, NULL, 'static', NULL, NULL, 'text', 'Is Confirmed', NULL, NULL, 0, 0, NULL, 0, NULL),
(19, 1, 'created_at', NULL, NULL, 'static', NULL, NULL, 'date', 'Created At', NULL, NULL, 0, 0, NULL, 0, NULL),
(20, 1, 'gender', NULL, NULL, 'static', NULL, NULL, 'select', 'Gender', NULL, 'Magento\\Eav\\Model\\Entity\\Attribute\\Source\\Table', 0, 0, NULL, 0, NULL),
(21, 1, 'disable_auto_group_change', NULL, 'Magento\\Customer\\Model\\Attribute\\Backend\\Data\\Boolean', 'static', NULL, NULL, 'boolean', 'Disable Automatic Group Change Based on VAT ID', NULL, NULL, 0, 0, NULL, 0, NULL),
(22, 2, 'prefix', NULL, NULL, 'static', NULL, NULL, 'text', 'Prefix', NULL, NULL, 0, 0, NULL, 0, NULL),
(23, 2, 'firstname', NULL, NULL, 'static', NULL, NULL, 'text', 'First Name', NULL, NULL, 1, 0, NULL, 0, NULL),
(24, 2, 'middlename', NULL, NULL, 'static', NULL, NULL, 'text', 'Middle Name/Initial', NULL, NULL, 0, 0, NULL, 0, NULL),
(25, 2, 'lastname', NULL, NULL, 'static', NULL, NULL, 'text', 'Last Name', NULL, NULL, 1, 0, NULL, 0, NULL),
(26, 2, 'suffix', NULL, NULL, 'static', NULL, NULL, 'text', 'Suffix', NULL, NULL, 0, 0, NULL, 0, NULL),
(27, 2, 'company', NULL, NULL, 'static', NULL, NULL, 'text', 'Company', NULL, NULL, 0, 0, NULL, 0, NULL),
(28, 2, 'street', NULL, 'Magento\\Eav\\Model\\Entity\\Attribute\\Backend\\DefaultBackend', 'static', NULL, NULL, 'multiline', 'Street Address', NULL, NULL, 1, 0, NULL, 0, NULL),
(29, 2, 'city', NULL, NULL, 'static', NULL, NULL, 'text', 'City', NULL, NULL, 1, 0, NULL, 0, NULL),
(30, 2, 'country_id', NULL, NULL, 'static', NULL, NULL, 'select', 'Country', NULL, 'Magento\\Customer\\Model\\ResourceModel\\Address\\Attribute\\Source\\Country', 1, 0, NULL, 0, NULL),
(31, 2, 'region', NULL, 'Magento\\Customer\\Model\\ResourceModel\\Address\\Attribute\\Backend\\Region', 'static', NULL, NULL, 'text', 'State/Province', NULL, NULL, 0, 0, NULL, 0, NULL),
(32, 2, 'region_id', NULL, NULL, 'static', NULL, NULL, 'hidden', 'State/Province', NULL, 'Magento\\Customer\\Model\\ResourceModel\\Address\\Attribute\\Source\\Region', 0, 0, NULL, 0, NULL),
(33, 2, 'postcode', NULL, NULL, 'static', NULL, NULL, 'text', 'Zip/Postal Code', NULL, NULL, 0, 0, NULL, 0, NULL),
(34, 2, 'telephone', NULL, NULL, 'static', NULL, NULL, 'text', 'Phone Number', NULL, NULL, 1, 0, NULL, 0, NULL),
(35, 2, 'fax', NULL, NULL, 'static', NULL, NULL, 'text', 'Fax', NULL, NULL, 0, 0, NULL, 0, NULL),
(36, 2, 'vat_id', NULL, NULL, 'static', NULL, NULL, 'text', 'VAT number', NULL, NULL, 0, 0, NULL, 0, NULL),
(37, 2, 'vat_is_valid', NULL, NULL, 'static', NULL, NULL, 'text', 'VAT number validity', NULL, NULL, 0, 0, NULL, 0, NULL),
(38, 2, 'vat_request_id', NULL, NULL, 'static', NULL, NULL, 'text', 'VAT number validation request ID', NULL, NULL, 0, 0, NULL, 0, NULL),
(39, 2, 'vat_request_date', NULL, NULL, 'static', NULL, NULL, 'text', 'VAT number validation request date', NULL, NULL, 0, 0, NULL, 0, NULL),
(40, 2, 'vat_request_success', NULL, NULL, 'static', NULL, NULL, 'text', 'VAT number validation request success', NULL, NULL, 0, 0, NULL, 0, NULL),
(41, 1, 'updated_at', NULL, NULL, 'static', NULL, NULL, 'date', 'Updated At', NULL, NULL, 0, 0, NULL, 0, NULL),
(42, 1, 'failures_num', NULL, NULL, 'static', NULL, NULL, 'hidden', 'Failures Number', NULL, NULL, 0, 0, NULL, 0, NULL),
(43, 1, 'first_failure', NULL, NULL, 'static', NULL, NULL, 'date', 'First Failure Date', NULL, NULL, 0, 0, NULL, 0, NULL),
(44, 1, 'lock_expires', NULL, NULL, 'static', NULL, NULL, 'date', 'Failures Number', NULL, NULL, 0, 0, NULL, 0, NULL),
(45, 3, 'name', NULL, NULL, 'varchar', NULL, NULL, 'text', 'Name', NULL, NULL, 1, 0, NULL, 0, NULL),
(46, 3, 'is_active', NULL, NULL, 'int', NULL, NULL, 'select', 'Is Active', NULL, 'Magento\\Eav\\Model\\Entity\\Attribute\\Source\\Boolean', 1, 0, NULL, 0, NULL),
(47, 3, 'description', NULL, NULL, 'text', NULL, NULL, 'textarea', 'Description', NULL, NULL, 0, 0, NULL, 0, NULL),
(48, 3, 'image', NULL, 'Magento\\Catalog\\Model\\Category\\Attribute\\Backend\\Image', 'varchar', NULL, NULL, 'image', 'Image', NULL, NULL, 0, 0, NULL, 0, NULL),
(49, 3, 'meta_title', NULL, NULL, 'varchar', NULL, NULL, 'text', 'Page Title', NULL, NULL, 0, 0, NULL, 0, NULL),
(50, 3, 'meta_keywords', NULL, NULL, 'text', NULL, NULL, 'textarea', 'Meta Keywords', NULL, NULL, 0, 0, NULL, 0, NULL),
(51, 3, 'meta_description', NULL, NULL, 'text', NULL, NULL, 'textarea', 'Meta Description', NULL, NULL, 0, 0, NULL, 0, NULL),
(52, 3, 'display_mode', NULL, NULL, 'varchar', NULL, NULL, 'select', 'Display Mode', NULL, 'Magento\\Catalog\\Model\\Category\\Attribute\\Source\\Mode', 0, 0, NULL, 0, NULL),
(53, 3, 'landing_page', NULL, NULL, 'int', NULL, NULL, 'select', 'CMS Block', NULL, 'Magento\\Catalog\\Model\\Category\\Attribute\\Source\\Page', 0, 0, NULL, 0, NULL),
(54, 3, 'is_anchor', NULL, NULL, 'int', NULL, NULL, 'select', 'Is Anchor', NULL, 'Magento\\Eav\\Model\\Entity\\Attribute\\Source\\Boolean', 0, 0, '1', 0, NULL),
(55, 3, 'path', NULL, NULL, 'static', NULL, NULL, 'text', 'Path', NULL, NULL, 0, 0, NULL, 0, NULL),
(56, 3, 'position', NULL, NULL, 'static', NULL, NULL, 'text', 'Position', NULL, NULL, 0, 0, NULL, 0, NULL),
(57, 3, 'all_children', NULL, NULL, 'text', NULL, NULL, 'text', NULL, NULL, NULL, 0, 0, NULL, 0, NULL),
(58, 3, 'path_in_store', NULL, NULL, 'text', NULL, NULL, 'text', NULL, NULL, NULL, 0, 0, NULL, 0, NULL),
(59, 3, 'children', NULL, NULL, 'text', NULL, NULL, 'text', NULL, NULL, NULL, 0, 0, NULL, 0, NULL),
(60, 3, 'custom_design', NULL, NULL, 'varchar', NULL, NULL, 'select', 'Custom Design', NULL, 'Magento\\Theme\\Model\\Theme\\Source\\Theme', 0, 0, NULL, 0, NULL),
(61, 3, 'custom_design_from', 'Magento\\Catalog\\Model\\ResourceModel\\Eav\\Attribute', 'Magento\\Catalog\\Model\\Attribute\\Backend\\Startdate', 'datetime', NULL, 'Magento\\Eav\\Model\\Entity\\Attribute\\Frontend\\Datetime', 'date', 'Active From', NULL, NULL, 0, 0, NULL, 0, NULL),
(62, 3, 'custom_design_to', NULL, 'Magento\\Eav\\Model\\Entity\\Attribute\\Backend\\Datetime', 'datetime', NULL, NULL, 'date', 'Active To', NULL, NULL, 0, 0, NULL, 0, NULL),
(63, 3, 'page_layout', NULL, NULL, 'varchar', NULL, NULL, 'select', 'Page Layout', NULL, 'Magento\\Catalog\\Model\\Category\\Attribute\\Source\\Layout', 0, 0, NULL, 0, NULL),
(64, 3, 'custom_layout_update', NULL, 'Magento\\Catalog\\Model\\Attribute\\Backend\\Customlayoutupdate', 'text', NULL, NULL, 'textarea', 'Custom Layout Update', NULL, NULL, 0, 0, NULL, 0, NULL),
(65, 3, 'level', NULL, NULL, 'static', NULL, NULL, 'text', 'Level', NULL, NULL, 0, 0, NULL, 0, NULL),
(66, 3, 'children_count', NULL, NULL, 'static', NULL, NULL, 'text', 'Children Count', NULL, NULL, 0, 0, NULL, 0, NULL),
(67, 3, 'available_sort_by', NULL, 'Magento\\Catalog\\Model\\Category\\Attribute\\Backend\\Sortby', 'text', NULL, NULL, 'multiselect', 'Available Product Listing Sort By', NULL, 'Magento\\Catalog\\Model\\Category\\Attribute\\Source\\Sortby', 1, 0, NULL, 0, NULL),
(68, 3, 'default_sort_by', NULL, 'Magento\\Catalog\\Model\\Category\\Attribute\\Backend\\Sortby', 'varchar', NULL, NULL, 'select', 'Default Product Listing Sort By', NULL, 'Magento\\Catalog\\Model\\Category\\Attribute\\Source\\Sortby', 1, 0, NULL, 0, NULL),
(69, 3, 'include_in_menu', NULL, NULL, 'int', NULL, NULL, 'select', 'Include in Navigation Menu', NULL, 'Magento\\Eav\\Model\\Entity\\Attribute\\Source\\Boolean', 1, 0, '1', 0, NULL),
(70, 3, 'custom_use_parent_settings', NULL, NULL, 'int', NULL, NULL, 'select', 'Use Parent Category Settings', NULL, 'Magento\\Eav\\Model\\Entity\\Attribute\\Source\\Boolean', 0, 0, NULL, 0, NULL),
(71, 3, 'custom_apply_to_products', NULL, NULL, 'int', NULL, NULL, 'select', 'Apply To Products', NULL, 'Magento\\Eav\\Model\\Entity\\Attribute\\Source\\Boolean', 0, 0, NULL, 0, NULL),
(72, 3, 'filter_price_range', NULL, NULL, 'decimal', NULL, NULL, 'text', 'Layered Navigation Price Step', NULL, NULL, 0, 0, NULL, 0, NULL),
(73, 4, 'name', NULL, NULL, 'varchar', NULL, NULL, 'text', 'Product Name', 'validate-length maximum-length-255', NULL, 1, 0, NULL, 0, NULL),
(74, 4, 'sku', 'Magento\\Catalog\\Model\\ResourceModel\\Eav\\Attribute', 'Magento\\Catalog\\Model\\Product\\Attribute\\Backend\\Sku', 'static', NULL, NULL, 'text', 'SKU', 'validate-length maximum-length-64', NULL, 1, 0, NULL, 1, NULL),
(75, 4, 'description', NULL, NULL, 'text', NULL, NULL, 'textarea', 'Description', NULL, NULL, 0, 0, NULL, 0, NULL),
(76, 4, 'short_description', NULL, NULL, 'text', NULL, NULL, 'textarea', 'Short Description', NULL, NULL, 0, 0, NULL, 0, NULL),
(77, 4, 'price', NULL, 'Magento\\Catalog\\Model\\Product\\Attribute\\Backend\\Price', 'decimal', NULL, NULL, 'price', 'Price', NULL, NULL, 1, 0, NULL, 0, NULL),
(78, 4, 'special_price', NULL, 'Magento\\Catalog\\Model\\Product\\Attribute\\Backend\\Price', 'decimal', NULL, NULL, 'price', 'Special Price', NULL, NULL, 0, 0, NULL, 0, NULL),
(79, 4, 'special_from_date', NULL, 'Magento\\Catalog\\Model\\Attribute\\Backend\\Startdate', 'datetime', NULL, NULL, 'date', 'Special Price From Date', NULL, NULL, 0, 0, NULL, 0, NULL),
(80, 4, 'special_to_date', NULL, 'Magento\\Eav\\Model\\Entity\\Attribute\\Backend\\Datetime', 'datetime', NULL, NULL, 'date', 'Special Price To Date', NULL, NULL, 0, 0, NULL, 0, NULL),
(81, 4, 'cost', NULL, 'Magento\\Catalog\\Model\\Product\\Attribute\\Backend\\Price', 'decimal', NULL, NULL, 'price', 'Cost', NULL, NULL, 0, 1, NULL, 0, NULL),
(82, 4, 'weight', NULL, 'Magento\\Catalog\\Model\\Product\\Attribute\\Backend\\Weight', 'decimal', NULL, NULL, 'weight', 'Weight', NULL, NULL, 0, 0, NULL, 0, NULL),
(83, 4, 'manufacturer', NULL, NULL, 'int', NULL, NULL, 'select', 'Manufacturer', NULL, NULL, 0, 1, NULL, 0, NULL),
(84, 4, 'meta_title', NULL, NULL, 'varchar', NULL, NULL, 'text', 'Meta Title', NULL, NULL, 0, 0, NULL, 0, NULL),
(85, 4, 'meta_keyword', NULL, NULL, 'text', NULL, NULL, 'textarea', 'Meta Keywords', NULL, NULL, 0, 0, NULL, 0, NULL),
(86, 4, 'meta_description', NULL, NULL, 'varchar', NULL, NULL, 'textarea', 'Meta Description', NULL, NULL, 0, 0, NULL, 0, 'Maximum 255 chars. Meta Description should optimally be between 150-160 characters'),
(87, 4, 'image', NULL, NULL, 'varchar', NULL, 'Magento\\Catalog\\Model\\Product\\Attribute\\Frontend\\Image', 'media_image', 'Base', NULL, NULL, 0, 0, NULL, 0, NULL),
(88, 4, 'small_image', NULL, NULL, 'varchar', NULL, 'Magento\\Catalog\\Model\\Product\\Attribute\\Frontend\\Image', 'media_image', 'Small', NULL, NULL, 0, 0, NULL, 0, NULL),
(89, 4, 'thumbnail', NULL, NULL, 'varchar', NULL, 'Magento\\Catalog\\Model\\Product\\Attribute\\Frontend\\Image', 'media_image', 'Thumbnail', NULL, NULL, 0, 0, NULL, 0, NULL),
(90, 4, 'media_gallery', NULL, NULL, 'static', NULL, NULL, 'gallery', 'Media Gallery', NULL, NULL, 0, 0, NULL, 0, NULL),
(91, 4, 'old_id', NULL, NULL, 'int', NULL, NULL, 'text', NULL, NULL, NULL, 0, 0, NULL, 0, NULL),
(92, 4, 'tier_price', NULL, 'Magento\\Catalog\\Model\\Product\\Attribute\\Backend\\Tierprice', 'decimal', NULL, NULL, 'text', 'Tier Price', NULL, NULL, 0, 0, NULL, 0, NULL),
(93, 4, 'color', NULL, NULL, 'int', NULL, NULL, 'select', 'Color', NULL, NULL, 0, 1, '49', 0, NULL),
(94, 4, 'news_from_date', NULL, 'Magento\\Catalog\\Model\\Attribute\\Backend\\Startdate', 'datetime', NULL, NULL, 'date', 'Set Product as New from Date', NULL, NULL, 0, 0, NULL, 0, NULL),
(95, 4, 'news_to_date', NULL, 'Magento\\Eav\\Model\\Entity\\Attribute\\Backend\\Datetime', 'datetime', NULL, NULL, 'date', 'Set Product as New to Date', NULL, NULL, 0, 0, NULL, 0, NULL),
(96, 4, 'gallery', NULL, NULL, 'varchar', NULL, NULL, 'gallery', 'Image Gallery', NULL, NULL, 0, 0, NULL, 0, NULL),
(97, 4, 'status', NULL, NULL, 'int', NULL, NULL, 'select', 'Enable Product', NULL, 'Magento\\Catalog\\Model\\Product\\Attribute\\Source\\Status', 0, 0, '1', 0, NULL),
(98, 4, 'minimal_price', NULL, NULL, 'decimal', NULL, NULL, 'price', 'Minimal Price', NULL, NULL, 0, 0, NULL, 0, NULL),
(99, 4, 'visibility', NULL, NULL, 'int', NULL, NULL, 'select', 'Visibility', NULL, 'Magento\\Catalog\\Model\\Product\\Visibility', 0, 0, '4', 0, NULL),
(100, 4, 'custom_design', NULL, NULL, 'varchar', NULL, NULL, 'select', 'New Theme', NULL, 'Magento\\Theme\\Model\\Theme\\Source\\Theme', 0, 0, NULL, 0, NULL),
(101, 4, 'custom_design_from', NULL, 'Magento\\Catalog\\Model\\Attribute\\Backend\\Startdate', 'datetime', NULL, NULL, 'date', 'Active From', NULL, NULL, 0, 0, NULL, 0, NULL),
(102, 4, 'custom_design_to', NULL, 'Magento\\Eav\\Model\\Entity\\Attribute\\Backend\\Datetime', 'datetime', NULL, NULL, 'date', 'Active To', NULL, NULL, 0, 0, NULL, 0, NULL),
(103, 4, 'custom_layout_update', NULL, 'Magento\\Catalog\\Model\\Attribute\\Backend\\Customlayoutupdate', 'text', NULL, NULL, 'textarea', 'Layout Update XML', NULL, NULL, 0, 0, NULL, 0, NULL),
(104, 4, 'page_layout', NULL, NULL, 'varchar', NULL, NULL, 'select', 'Layout', NULL, 'Magento\\Catalog\\Model\\Product\\Attribute\\Source\\Layout', 0, 0, NULL, 0, NULL),
(105, 4, 'category_ids', NULL, 'Magento\\Catalog\\Model\\Product\\Attribute\\Backend\\Category', 'static', NULL, NULL, 'text', 'Categories', NULL, NULL, 0, 0, NULL, 0, NULL),
(106, 4, 'options_container', NULL, NULL, 'varchar', NULL, NULL, 'select', 'Display Product Options In', NULL, 'Magento\\Catalog\\Model\\Entity\\Product\\Attribute\\Design\\Options\\Container', 0, 0, 'container2', 0, NULL),
(107, 4, 'required_options', NULL, NULL, 'static', NULL, NULL, 'text', NULL, NULL, NULL, 0, 0, NULL, 0, NULL),
(108, 4, 'has_options', NULL, NULL, 'static', NULL, NULL, 'text', NULL, NULL, NULL, 0, 0, NULL, 0, NULL),
(109, 4, 'image_label', NULL, NULL, 'varchar', NULL, NULL, 'text', 'Image Label', NULL, NULL, 0, 0, NULL, 0, NULL),
(110, 4, 'small_image_label', NULL, NULL, 'varchar', NULL, NULL, 'text', 'Small Image Label', NULL, NULL, 0, 0, NULL, 0, NULL),
(111, 4, 'thumbnail_label', NULL, NULL, 'varchar', NULL, NULL, 'text', 'Thumbnail Label', NULL, NULL, 0, 0, NULL, 0, NULL),
(112, 4, 'created_at', NULL, NULL, 'static', NULL, NULL, 'date', NULL, NULL, NULL, 1, 0, NULL, 0, NULL),
(113, 4, 'updated_at', NULL, NULL, 'static', NULL, NULL, 'date', NULL, NULL, NULL, 1, 0, NULL, 0, NULL),
(114, 4, 'country_of_manufacture', NULL, NULL, 'varchar', NULL, NULL, 'select', 'Country of Manufacture', NULL, 'Magento\\Catalog\\Model\\Product\\Attribute\\Source\\Countryofmanufacture', 0, 0, NULL, 0, NULL),
(115, 4, 'quantity_and_stock_status', NULL, 'Magento\\Catalog\\Model\\Product\\Attribute\\Backend\\Stock', 'int', NULL, NULL, 'select', 'Quantity', NULL, 'Magento\\CatalogInventory\\Model\\Source\\Stock', 0, 0, '1', 0, NULL),
(116, 4, 'custom_layout', NULL, NULL, 'varchar', NULL, NULL, 'select', 'New Layout', NULL, 'Magento\\Catalog\\Model\\Product\\Attribute\\Source\\Layout', 0, 0, NULL, 0, NULL),
(117, 4, 'msrp', NULL, 'Magento\\Catalog\\Model\\Product\\Attribute\\Backend\\Price', 'decimal', NULL, NULL, 'price', 'Manufacturer\'s Suggested Retail Price', NULL, NULL, 0, 0, NULL, 0, NULL),
(118, 4, 'msrp_display_actual_price_type', NULL, 'Magento\\Catalog\\Model\\Product\\Attribute\\Backend\\Boolean', 'varchar', NULL, NULL, 'select', 'Display Actual Price', NULL, 'Magento\\Msrp\\Model\\Product\\Attribute\\Source\\Type\\Price', 0, 0, '0', 0, NULL),
(119, 4, 'price_type', NULL, NULL, 'int', NULL, NULL, 'boolean', 'Dynamic Price', NULL, NULL, 1, 0, '0', 0, NULL),
(120, 4, 'sku_type', NULL, NULL, 'int', NULL, NULL, 'boolean', 'Dynamic SKU', NULL, NULL, 1, 0, '0', 0, NULL),
(121, 4, 'weight_type', NULL, NULL, 'int', NULL, NULL, 'boolean', 'Dynamic Weight', NULL, NULL, 1, 0, '0', 0, NULL),
(122, 4, 'price_view', NULL, NULL, 'int', NULL, NULL, 'select', 'Price View', NULL, 'Magento\\Bundle\\Model\\Product\\Attribute\\Source\\Price\\View', 1, 0, NULL, 0, NULL),
(123, 4, 'shipment_type', NULL, NULL, 'int', NULL, NULL, 'select', 'Ship Bundle Items', NULL, 'Magento\\Bundle\\Model\\Product\\Attribute\\Source\\Shipment\\Type', 1, 0, '0', 0, NULL),
(124, 3, 'url_key', NULL, NULL, 'varchar', NULL, NULL, 'text', 'URL Key', NULL, NULL, 0, 0, NULL, 0, NULL),
(125, 3, 'url_path', NULL, NULL, 'varchar', NULL, NULL, 'text', NULL, NULL, NULL, 0, 0, NULL, 0, NULL),
(126, 4, 'url_key', NULL, NULL, 'varchar', NULL, NULL, 'text', 'URL Key', NULL, NULL, 0, 0, NULL, 0, NULL),
(127, 4, 'url_path', NULL, NULL, 'varchar', NULL, NULL, 'text', NULL, NULL, NULL, 0, 0, NULL, 0, NULL),
(128, 4, 'links_purchased_separately', NULL, NULL, 'int', NULL, NULL, NULL, 'Links can be purchased separately', NULL, NULL, 1, 0, NULL, 0, NULL),
(129, 4, 'samples_title', NULL, NULL, 'varchar', NULL, NULL, NULL, 'Samples title', NULL, NULL, 1, 0, NULL, 0, NULL),
(130, 4, 'links_title', NULL, NULL, 'varchar', NULL, NULL, NULL, 'Links title', NULL, NULL, 1, 0, NULL, 0, NULL),
(131, 4, 'links_exist', NULL, NULL, 'int', NULL, NULL, NULL, NULL, NULL, NULL, 0, 0, '0', 0, NULL),
(132, 4, 'gift_message_available', NULL, 'Magento\\Catalog\\Model\\Product\\Attribute\\Backend\\Boolean', 'varchar', NULL, NULL, 'select', 'Allow Gift Message', NULL, 'Magento\\Catalog\\Model\\Product\\Attribute\\Source\\Boolean', 0, 0, NULL, 0, NULL),
(133, 4, 'tax_class_id', NULL, NULL, 'int', NULL, NULL, 'select', 'Tax Class', NULL, 'Magento\\Tax\\Model\\TaxClass\\Source\\Product', 0, 0, '2', 0, NULL),
(134, 4, 'activity', NULL, 'Magento\\Eav\\Model\\Entity\\Attribute\\Backend\\ArrayBackend', 'varchar', NULL, NULL, 'multiselect', 'Activity', NULL, NULL, 0, 1, '', 0, NULL),
(135, 4, 'style_bags', NULL, 'Magento\\Eav\\Model\\Entity\\Attribute\\Backend\\ArrayBackend', 'varchar', NULL, NULL, 'multiselect', 'Style Bags', NULL, NULL, 0, 1, '', 0, NULL),
(136, 4, 'material', NULL, 'Magento\\Eav\\Model\\Entity\\Attribute\\Backend\\ArrayBackend', 'varchar', NULL, NULL, 'multiselect', 'Material', NULL, NULL, 0, 1, '', 0, NULL),
(137, 4, 'strap_bags', NULL, 'Magento\\Eav\\Model\\Entity\\Attribute\\Backend\\ArrayBackend', 'varchar', NULL, NULL, 'multiselect', 'Strap/Handle', NULL, NULL, 0, 1, '', 0, NULL),
(138, 4, 'features_bags', NULL, 'Magento\\Eav\\Model\\Entity\\Attribute\\Backend\\ArrayBackend', 'varchar', NULL, NULL, 'multiselect', 'Features', NULL, NULL, 0, 1, '', 0, NULL),
(139, 4, 'gender', NULL, 'Magento\\Eav\\Model\\Entity\\Attribute\\Backend\\ArrayBackend', 'varchar', NULL, NULL, 'multiselect', 'Gender', NULL, NULL, 0, 1, '', 0, NULL),
(140, 4, 'category_gear', NULL, 'Magento\\Eav\\Model\\Entity\\Attribute\\Backend\\ArrayBackend', 'varchar', NULL, NULL, 'multiselect', 'Category Gear', NULL, NULL, 0, 1, '', 0, NULL),
(141, 4, 'size', NULL, NULL, 'int', NULL, NULL, 'select', 'Size', NULL, NULL, 0, 1, '91', 0, NULL),
(142, 4, 'eco_collection', NULL, NULL, 'int', NULL, NULL, 'boolean', 'Eco Collection', NULL, 'Magento\\Eav\\Model\\Entity\\Attribute\\Source\\Boolean', 0, 1, '', 0, NULL),
(143, 4, 'performance_fabric', NULL, NULL, 'int', NULL, NULL, 'boolean', 'Performance Fabric', NULL, 'Magento\\Eav\\Model\\Entity\\Attribute\\Source\\Boolean', 0, 1, '', 0, NULL),
(144, 4, 'erin_recommends', NULL, NULL, 'int', NULL, NULL, 'boolean', 'Erin Recommends', NULL, 'Magento\\Eav\\Model\\Entity\\Attribute\\Source\\Boolean', 0, 1, '', 0, NULL),
(145, 4, 'new', NULL, NULL, 'int', NULL, NULL, 'boolean', 'New', NULL, 'Magento\\Eav\\Model\\Entity\\Attribute\\Source\\Boolean', 0, 1, '', 0, NULL),
(146, 4, 'sale', NULL, NULL, 'int', NULL, NULL, 'boolean', 'Sale', NULL, 'Magento\\Eav\\Model\\Entity\\Attribute\\Source\\Boolean', 0, 1, '', 0, NULL),
(147, 4, 'format', NULL, NULL, 'int', NULL, NULL, 'select', 'Format', NULL, 'Magento\\Eav\\Model\\Entity\\Attribute\\Source\\Table', 0, 1, '', 0, NULL),
(148, 4, 'style_bottom', NULL, 'Magento\\Eav\\Model\\Entity\\Attribute\\Backend\\ArrayBackend', 'varchar', NULL, NULL, 'multiselect', 'Style Bottom', NULL, NULL, 0, 1, '', 0, NULL),
(149, 4, 'style_general', NULL, 'Magento\\Eav\\Model\\Entity\\Attribute\\Backend\\ArrayBackend', 'varchar', NULL, NULL, 'multiselect', 'Style General', NULL, NULL, 0, 1, '', 0, NULL),
(150, 4, 'sleeve', NULL, 'Magento\\Eav\\Model\\Entity\\Attribute\\Backend\\ArrayBackend', 'varchar', NULL, NULL, 'multiselect', 'Sleeve', NULL, NULL, 0, 1, '', 0, NULL),
(151, 4, 'collar', NULL, 'Magento\\Eav\\Model\\Entity\\Attribute\\Backend\\ArrayBackend', 'varchar', NULL, NULL, 'multiselect', 'Collar', NULL, NULL, 0, 1, '', 0, NULL),
(152, 4, 'pattern', NULL, 'Magento\\Eav\\Model\\Entity\\Attribute\\Backend\\ArrayBackend', 'varchar', NULL, NULL, 'multiselect', 'Pattern', NULL, NULL, 0, 1, '', 0, NULL),
(153, 4, 'climate', NULL, 'Magento\\Eav\\Model\\Entity\\Attribute\\Backend\\ArrayBackend', 'varchar', NULL, NULL, 'multiselect', 'Climate', NULL, NULL, 0, 1, '', 0, NULL),
(154, 4, 'swatch_image', NULL, NULL, 'varchar', NULL, 'Magento\\Catalog\\Model\\Product\\Attribute\\Frontend\\Image', 'media_image', 'Swatch', NULL, NULL, 0, 0, NULL, 0, NULL),
(155, 4, 'featured', NULL, NULL, 'int', NULL, NULL, 'select', 'Featured', NULL, 'Magento\\Eav\\Model\\Entity\\Attribute\\Source\\Boolean', 0, 0, '0', 0, NULL),
(156, 3, 'thumb_nail', NULL, 'Magento\\Catalog\\Model\\Category\\Attribute\\Backend\\Image', 'varchar', NULL, NULL, 'image', 'Thumbnail', NULL, NULL, 0, 0, NULL, 0, NULL),
(157, 3, 'is_new', NULL, NULL, 'int', NULL, NULL, 'select', 'Is New', NULL, 'Magento\\Eav\\Model\\Entity\\Attribute\\Source\\Boolean', 1, 0, NULL, 0, NULL),
(158, 3, 'is_sale', NULL, NULL, 'int', NULL, NULL, 'select', 'Is Sale', NULL, 'Magento\\Eav\\Model\\Entity\\Attribute\\Source\\Boolean', 1, 0, NULL, 0, NULL),
(160, 4, 'size_defined1', NULL, NULL, 'int', NULL, NULL, 'select', 'Size_defined1', NULL, 'Magento\\Eav\\Model\\Entity\\Attribute\\Source\\Table', 1, 1, '215', 0, NULL),
(161, 4, 'size_sports_hats', NULL, NULL, 'int', NULL, NULL, 'select', 'Size_Sports_Hats', NULL, 'Magento\\Eav\\Model\\Entity\\Attribute\\Source\\Table', 0, 1, '217', 0, NULL),
(162, 4, 'basketball_shirt_size', NULL, NULL, 'int', NULL, NULL, 'select', 'basketball_shirt_size', NULL, 'Magento\\Eav\\Model\\Entity\\Attribute\\Source\\Table', 0, 1, '227', 0, NULL);

-- --------------------------------------------------------

--
-- Table structure for table `eav_attribute_group`
--

CREATE TABLE `eav_attribute_group` (
  `attribute_group_id` smallint(5) UNSIGNED NOT NULL COMMENT 'Attribute Group Id',
  `attribute_set_id` smallint(5) UNSIGNED NOT NULL DEFAULT '0' COMMENT 'Attribute Set Id',
  `attribute_group_name` varchar(255) DEFAULT NULL COMMENT 'Attribute Group Name',
  `sort_order` smallint(6) NOT NULL DEFAULT '0' COMMENT 'Sort Order',
  `default_id` smallint(5) UNSIGNED DEFAULT '0' COMMENT 'Default Id',
  `attribute_group_code` varchar(255) NOT NULL COMMENT 'Attribute Group Code',
  `tab_group_code` varchar(255) DEFAULT NULL COMMENT 'Tab Group Code'
) ENGINE=InnoDB DEFAULT CHARSET=utf8 COMMENT='Eav Attribute Group';

--
-- Dumping data for table `eav_attribute_group`
--

INSERT INTO `eav_attribute_group` (`attribute_group_id`, `attribute_set_id`, `attribute_group_name`, `sort_order`, `default_id`, `attribute_group_code`, `tab_group_code`) VALUES
(1, 1, 'General', 1, 1, 'general', NULL),
(2, 2, 'General', 1, 1, 'general', NULL),
(3, 3, 'General', 10, 1, 'general', NULL),
(4, 3, 'General Information', 2, 0, 'general-information', NULL),
(5, 3, 'Display Settings', 20, 0, 'display-settings', NULL),
(6, 3, 'Custom Design', 30, 0, 'custom-design', NULL),
(7, 4, 'Product Details', 1, 1, 'product-details', 'basic'),
(8, 4, 'Advanced Pricing', 6, 0, 'advanced-pricing', 'advanced'),
(9, 4, 'Search Engine Optimization', 5, 0, 'search-engine-optimization', 'basic'),
(10, 4, 'Images', 4, 0, 'image-management', 'basic'),
(11, 4, 'Design', 7, 0, 'design', 'advanced'),
(12, 4, 'Autosettings', 9, 0, 'autosettings', 'advanced'),
(13, 4, 'Content', 2, 0, 'content', 'basic'),
(14, 4, 'Schedule Design Update', 8, 0, 'schedule-design-update', 'advanced'),
(15, 4, 'Bundle Items', 3, 0, 'bundle-items', NULL),
(16, 5, 'General', 1, 1, 'general', NULL),
(17, 6, 'General', 1, 1, 'general', NULL),
(18, 7, 'General', 1, 1, 'general', NULL),
(19, 8, 'General', 1, 1, 'general', NULL),
(20, 4, 'Gift Options', 10, 0, 'gift-options', NULL),
(21, 9, 'Gift Options', 61, 0, 'gift-options', NULL),
(22, 9, 'Autosettings', 60, 0, 'autosettings', 'advanced'),
(23, 9, 'Schedule Design Update', 55, 0, 'schedule-design-update', 'advanced'),
(24, 9, 'Design', 50, 0, 'design', 'advanced'),
(25, 9, 'Advanced Pricing', 40, 0, 'advanced-pricing', 'advanced'),
(26, 9, 'Search Engine Optimization', 30, 0, 'search-engine-optimization', 'basic'),
(27, 9, 'Images', 20, 0, 'image-management', 'basic'),
(28, 9, 'Bundle Items', 16, 0, 'bundle-items', NULL),
(29, 9, 'Content', 15, 0, 'content', 'basic'),
(30, 9, 'Product Details', 10, 1, 'product-details', 'basic'),
(31, 10, 'Gift Options', 61, 0, 'gift-options', NULL),
(32, 10, 'Autosettings', 60, 0, 'autosettings', 'advanced'),
(33, 10, 'Schedule Design Update', 55, 0, 'schedule-design-update', 'advanced'),
(34, 10, 'Design', 50, 0, 'design', 'advanced'),
(35, 10, 'Advanced Pricing', 40, 0, 'advanced-pricing', 'advanced'),
(36, 10, 'Search Engine Optimization', 30, 0, 'search-engine-optimization', 'basic'),
(37, 10, 'Images', 20, 0, 'image-management', 'basic'),
(38, 10, 'Bundle Items', 16, 0, 'bundle-items', NULL),
(39, 10, 'Content', 15, 0, 'content', 'basic'),
(40, 10, 'Product Details', 10, 1, 'product-details', 'basic'),
(41, 11, 'Gift Options', 61, 0, 'gift-options', NULL),
(42, 11, 'Autosettings', 60, 0, 'autosettings', 'advanced'),
(43, 11, 'Schedule Design Update', 55, 0, 'schedule-design-update', 'advanced'),
(44, 11, 'Design', 50, 0, 'design', 'advanced'),
(45, 11, 'Advanced Pricing', 40, 0, 'advanced-pricing', 'advanced'),
(46, 11, 'Search Engine Optimization', 30, 0, 'search-engine-optimization', 'basic'),
(47, 11, 'Images', 20, 0, 'image-management', 'basic'),
(48, 11, 'Bundle Items', 16, 0, 'bundle-items', NULL),
(49, 11, 'Content', 15, 0, 'content', 'basic'),
(50, 11, 'Product Details', 10, 1, 'product-details', 'basic'),
(51, 12, 'Gift Options', 61, 0, 'gift-options', NULL),
(52, 12, 'Autosettings', 60, 0, 'autosettings', 'advanced'),
(53, 12, 'Schedule Design Update', 55, 0, 'schedule-design-update', 'advanced'),
(54, 12, 'Design', 50, 0, 'design', 'advanced'),
(55, 12, 'Advanced Pricing', 40, 0, 'advanced-pricing', 'advanced'),
(56, 12, 'Search Engine Optimization', 30, 0, 'search-engine-optimization', 'basic'),
(57, 12, 'Images', 20, 0, 'image-management', 'basic'),
(58, 12, 'Bundle Items', 16, 0, 'bundle-items', NULL),
(59, 12, 'Content', 15, 0, 'content', 'basic'),
(60, 12, 'Product Details', 10, 1, 'product-details', 'basic'),
(61, 13, 'Gift Options', 61, 0, 'gift-options', NULL),
(62, 13, 'Autosettings', 60, 0, 'autosettings', 'advanced'),
(63, 13, 'Schedule Design Update', 55, 0, 'schedule-design-update', 'advanced'),
(64, 13, 'Design', 50, 0, 'design', 'advanced'),
(65, 13, 'Advanced Pricing', 40, 0, 'advanced-pricing', 'advanced'),
(66, 13, 'Search Engine Optimization', 30, 0, 'search-engine-optimization', 'basic'),
(67, 13, 'Images', 20, 0, 'image-management', 'basic'),
(68, 13, 'Bundle Items', 16, 0, 'bundle-items', NULL),
(69, 13, 'Content', 15, 0, 'content', 'basic'),
(70, 13, 'Product Details', 10, 1, 'product-details', 'basic'),
(71, 14, 'Gift Options', 61, 0, 'gift-options', NULL),
(72, 14, 'Autosettings', 60, 0, 'autosettings', 'advanced'),
(73, 14, 'Schedule Design Update', 55, 0, 'schedule-design-update', 'advanced'),
(74, 14, 'Design', 50, 0, 'design', 'advanced'),
(75, 14, 'Advanced Pricing', 40, 0, 'advanced-pricing', 'advanced'),
(76, 14, 'Search Engine Optimization', 30, 0, 'search-engine-optimization', 'basic'),
(77, 14, 'Images', 20, 0, 'image-management', 'basic'),
(78, 14, 'Bundle Items', 16, 0, 'bundle-items', NULL),
(79, 14, 'Content', 15, 0, 'content', 'basic'),
(80, 14, 'Product Details', 10, 1, 'product-details', 'basic'),
(81, 15, 'Gift Options', 61, 0, 'gift-options', NULL),
(82, 15, 'Autosettings', 60, 0, 'autosettings', 'advanced'),
(83, 15, 'Schedule Design Update', 55, 0, 'schedule-design-update', 'advanced'),
(84, 15, 'Design', 50, 0, 'design', 'advanced'),
(85, 15, 'Advanced Pricing', 40, 0, 'advanced-pricing', 'advanced'),
(86, 15, 'Search Engine Optimization', 30, 0, 'search-engine-optimization', 'basic'),
(87, 15, 'Images', 20, 0, 'image-management', 'basic'),
(88, 15, 'Bundle Items', 16, 0, 'bundle-items', NULL),
(89, 15, 'Content', 15, 0, 'content', 'basic'),
(90, 15, 'Product Details', 10, 1, 'product-details', 'basic'),
(91, 16, 'Gift Options', 10, 0, 'gift-options', NULL),
(92, 16, 'Autosettings', 9, 0, 'autosettings', 'advanced'),
(93, 16, 'Schedule Design Update', 8, 0, 'schedule-design-update', 'advanced'),
(94, 16, 'Design', 7, 0, 'design', 'advanced'),
(95, 16, 'Advanced Pricing', 6, 0, 'advanced-pricing', 'advanced'),
(96, 16, 'Search Engine Optimization', 5, 0, 'search-engine-optimization', 'basic'),
(97, 16, 'Images', 4, 0, 'image-management', 'basic'),
(98, 16, 'Bundle Items', 3, 0, 'bundle-items', NULL),
(99, 16, 'Content', 2, 0, 'content', 'basic'),
(100, 16, 'Product Details', 1, 1, 'product-details', 'basic'),
(101, 17, 'Gift Options', 10, 0, 'gift-options', NULL),
(102, 17, 'Autosettings', 9, 0, 'autosettings', 'advanced'),
(103, 17, 'Schedule Design Update', 8, 0, 'schedule-design-update', 'advanced'),
(104, 17, 'Design', 7, 0, 'design', 'advanced'),
(105, 17, 'Advanced Pricing', 6, 0, 'advanced-pricing', 'advanced'),
(106, 17, 'Search Engine Optimization', 5, 0, 'search-engine-optimization', 'basic'),
(107, 17, 'Images', 4, 0, 'image-management', 'basic'),
(108, 17, 'Bundle Items', 3, 0, 'bundle-items', NULL),
(109, 17, 'Content', 2, 0, 'content', 'basic'),
(110, 17, 'Product Details', 1, 1, 'product-details', 'basic'),
(111, 18, 'Gift Options', 10, 0, 'gift-options', NULL),
(112, 18, 'Autosettings', 9, 0, 'autosettings', 'advanced'),
(113, 18, 'Schedule Design Update', 8, 0, 'schedule-design-update', 'advanced'),
(114, 18, 'Design', 7, 0, 'design', 'advanced'),
(115, 18, 'Advanced Pricing', 6, 0, 'advanced-pricing', 'advanced'),
(116, 18, 'Search Engine Optimization', 5, 0, 'search-engine-optimization', 'basic'),
(117, 18, 'Images', 4, 0, 'image-management', 'basic'),
(118, 18, 'Bundle Items', 3, 0, 'bundle-items', NULL),
(119, 18, 'Content', 2, 0, 'content', 'basic'),
(120, 18, 'Product Details', 1, 1, 'product-details', 'basic');

-- --------------------------------------------------------

--
-- Table structure for table `eav_attribute_label`
--

CREATE TABLE `eav_attribute_label` (
  `attribute_label_id` int(10) UNSIGNED NOT NULL COMMENT 'Attribute Label Id',
  `attribute_id` smallint(5) UNSIGNED NOT NULL DEFAULT '0' COMMENT 'Attribute Id',
  `store_id` smallint(5) UNSIGNED NOT NULL DEFAULT '0' COMMENT 'Store Id',
  `value` varchar(255) DEFAULT NULL COMMENT 'Value'
) ENGINE=InnoDB DEFAULT CHARSET=utf8 COMMENT='Eav Attribute Label';

--
-- Dumping data for table `eav_attribute_label`
--

INSERT INTO `eav_attribute_label` (`attribute_label_id`, `attribute_id`, `store_id`, `value`) VALUES
(2, 135, 1, 'Style'),
(6, 140, 1, 'Category'),
(11, 148, 1, 'Style'),
(13, 149, 1, 'Style'),
(17, 141, 1, 'Size'),
(22, 160, 1, 'Size'),
(24, 161, 1, 'Size'),
(29, 162, 1, 'Size');

-- --------------------------------------------------------

--
-- Table structure for table `eav_attribute_option`
--

CREATE TABLE `eav_attribute_option` (
  `option_id` int(10) UNSIGNED NOT NULL COMMENT 'Option Id',
  `attribute_id` smallint(5) UNSIGNED NOT NULL DEFAULT '0' COMMENT 'Attribute Id',
  `sort_order` smallint(5) UNSIGNED NOT NULL DEFAULT '0' COMMENT 'Sort Order'
) ENGINE=InnoDB DEFAULT CHARSET=utf8 COMMENT='Eav Attribute Option';

--
-- Dumping data for table `eav_attribute_option`
--

INSERT INTO `eav_attribute_option` (`option_id`, `attribute_id`, `sort_order`) VALUES
(1, 20, 0),
(2, 20, 1),
(3, 20, 3),
(4, 134, 0),
(5, 134, 1),
(6, 134, 2),
(7, 134, 3),
(8, 134, 4),
(9, 134, 5),
(10, 134, 6),
(11, 134, 7),
(12, 134, 8),
(13, 134, 9),
(14, 134, 10),
(15, 134, 11),
(16, 134, 12),
(17, 134, 13),
(18, 134, 14),
(19, 134, 15),
(20, 134, 16),
(21, 134, 17),
(22, 134, 18),
(23, 134, 19),
(24, 135, 0),
(25, 135, 1),
(26, 135, 2),
(27, 135, 3),
(28, 135, 4),
(29, 135, 5),
(30, 135, 6),
(31, 136, 0),
(32, 136, 1),
(33, 136, 2),
(34, 136, 3),
(35, 136, 4),
(36, 136, 5),
(37, 136, 6),
(38, 136, 7),
(39, 136, 8),
(40, 136, 9),
(41, 136, 10),
(42, 136, 11),
(43, 136, 12),
(44, 136, 13),
(45, 136, 14),
(46, 136, 15),
(47, 136, 16),
(48, 136, 17),
(49, 93, 0),
(50, 93, 1),
(51, 93, 2),
(52, 93, 3),
(53, 93, 4),
(54, 93, 5),
(55, 93, 6),
(56, 93, 7),
(57, 93, 8),
(58, 93, 9),
(59, 93, 10),
(60, 93, 11),
(61, 137, 0),
(62, 137, 1),
(63, 137, 2),
(64, 137, 3),
(65, 137, 4),
(66, 137, 5),
(67, 137, 6),
(68, 137, 7),
(69, 138, 0),
(70, 138, 1),
(71, 138, 2),
(72, 138, 3),
(73, 138, 4),
(74, 138, 5),
(75, 138, 6),
(76, 138, 7),
(77, 138, 8),
(78, 138, 9),
(79, 138, 10),
(80, 139, 0),
(81, 139, 1),
(82, 139, 2),
(83, 139, 3),
(84, 139, 4),
(85, 140, 0),
(86, 140, 1),
(87, 140, 2),
(88, 140, 3),
(89, 140, 4),
(90, 140, 5),
(91, 141, 0),
(92, 141, 2),
(93, 141, 4),
(94, 141, 6),
(95, 141, 8),
(96, 141, 10),
(97, 142, 0),
(98, 143, 0),
(99, 144, 0),
(100, 145, 0),
(101, 146, 0),
(102, 147, 0),
(103, 147, 1),
(104, 147, 2),
(105, 148, 0),
(106, 148, 1),
(107, 148, 2),
(108, 148, 3),
(109, 148, 4),
(110, 148, 5),
(111, 148, 6),
(112, 148, 7),
(113, 148, 8),
(114, 148, 9),
(115, 148, 10),
(116, 148, 11),
(117, 149, 0),
(118, 149, 1),
(119, 149, 2),
(120, 149, 3),
(121, 149, 4),
(122, 149, 5),
(123, 149, 6),
(124, 149, 7),
(125, 149, 8),
(126, 149, 9),
(127, 149, 10),
(128, 149, 11),
(129, 149, 12),
(130, 149, 13),
(131, 149, 14),
(132, 149, 15),
(133, 149, 16),
(134, 149, 17),
(135, 149, 18),
(136, 149, 19),
(137, 149, 20),
(138, 149, 21),
(139, 149, 22),
(140, 149, 23),
(141, 149, 24),
(142, 149, 25),
(143, 136, 0),
(144, 136, 1),
(145, 136, 2),
(146, 136, 3),
(147, 136, 4),
(148, 136, 5),
(149, 136, 6),
(150, 136, 7),
(151, 136, 8),
(152, 136, 9),
(153, 136, 10),
(154, 136, 11),
(155, 136, 12),
(156, 136, 13),
(157, 136, 14),
(158, 136, 15),
(159, 136, 16),
(160, 136, 17),
(161, 150, 0),
(162, 150, 1),
(163, 150, 2),
(164, 150, 3),
(165, 150, 4),
(166, 150, 5),
(167, 141, 1),
(168, 141, 3),
(169, 141, 5),
(170, 141, 7),
(171, 141, 9),
(172, 141, 11),
(173, 141, 12),
(174, 141, 13),
(175, 141, 14),
(176, 141, 15),
(177, 141, 16),
(178, 141, 17),
(179, 141, 18),
(180, 141, 19),
(181, 151, 0),
(182, 151, 1),
(183, 151, 2),
(184, 151, 3),
(185, 151, 4),
(186, 151, 5),
(187, 151, 6),
(188, 151, 7),
(189, 151, 8),
(190, 151, 9),
(191, 151, 10),
(192, 151, 11),
(193, 152, 0),
(194, 152, 1),
(195, 152, 2),
(196, 152, 3),
(197, 152, 4),
(198, 152, 5),
(199, 152, 6),
(200, 152, 7),
(201, 152, 8),
(202, 153, 0),
(203, 153, 1),
(204, 153, 2),
(205, 153, 3),
(206, 153, 4),
(207, 153, 5),
(208, 153, 6),
(209, 153, 7),
(210, 153, 8),
(211, 153, 9),
(212, 153, 10),
(215, 160, 1),
(216, 160, 2),
(217, 161, 1),
(218, 161, 2),
(219, 161, 3),
(220, 161, 4),
(221, 161, 5),
(222, 161, 6),
(223, 161, 7),
(224, 161, 8),
(225, 161, 9),
(226, 93, 13),
(227, 162, 1),
(228, 162, 2);

-- --------------------------------------------------------

--
-- Table structure for table `eav_attribute_option_swatch`
--

CREATE TABLE `eav_attribute_option_swatch` (
  `swatch_id` int(10) UNSIGNED NOT NULL COMMENT 'Swatch ID',
  `option_id` int(10) UNSIGNED NOT NULL COMMENT 'Option ID',
  `store_id` smallint(5) UNSIGNED NOT NULL COMMENT 'Store ID',
  `type` smallint(5) UNSIGNED NOT NULL COMMENT 'Swatch type: 0 - text, 1 - visual color, 2 - visual image',
  `value` varchar(255) DEFAULT NULL COMMENT 'Swatch Value'
) ENGINE=InnoDB DEFAULT CHARSET=utf8 COMMENT='Magento Swatches table';

--
-- Dumping data for table `eav_attribute_option_swatch`
--

INSERT INTO `eav_attribute_option_swatch` (`swatch_id`, `option_id`, `store_id`, `type`, `value`) VALUES
(1, 49, 0, 1, '#000000'),
(2, 50, 0, 1, '#1857f7'),
(3, 51, 0, 1, '#945454'),
(4, 52, 0, 1, '#8f8f8f'),
(5, 53, 0, 1, '#53a828'),
(6, 54, 0, 1, '#ce64d4'),
(7, 55, 0, 1, '#ffffff'),
(8, 56, 0, 1, '#eb6703'),
(9, 57, 0, 1, '#ef3dff'),
(10, 58, 0, 1, '#ff0000'),
(11, 59, 0, 1, '#ffffff'),
(12, 60, 0, 1, '#ffd500'),
(13, 91, 0, 0, '55 cm'),
(14, 91, 1, 0, NULL),
(15, 167, 0, 0, 'XS'),
(16, 167, 1, 0, NULL),
(17, 92, 0, 0, '65 cm'),
(18, 92, 1, 0, NULL),
(19, 168, 0, 0, 'S'),
(20, 168, 1, 0, NULL),
(21, 93, 0, 0, '75 cm'),
(22, 93, 1, 0, NULL),
(23, 169, 0, 0, 'M'),
(24, 169, 1, 0, NULL),
(25, 94, 0, 0, '6 foot'),
(26, 94, 1, 0, NULL),
(27, 170, 0, 0, 'L'),
(28, 170, 1, 0, NULL),
(29, 95, 0, 0, '8 foot'),
(30, 95, 1, 0, NULL),
(31, 171, 0, 0, 'XL'),
(32, 171, 1, 0, NULL),
(33, 96, 0, 0, '10 foot'),
(34, 96, 1, 0, NULL),
(35, 172, 0, 0, '28'),
(36, 172, 1, 0, NULL),
(37, 173, 0, 0, '29'),
(38, 173, 1, 0, NULL),
(39, 174, 0, 0, '30'),
(40, 174, 1, 0, NULL),
(41, 175, 0, 0, '31'),
(42, 175, 1, 0, NULL),
(43, 176, 0, 0, '32'),
(44, 176, 1, 0, NULL),
(45, 177, 0, 0, '33'),
(46, 177, 1, 0, NULL),
(47, 178, 0, 0, '34'),
(48, 178, 1, 0, NULL),
(49, 179, 0, 0, '36'),
(50, 179, 1, 0, NULL),
(51, 180, 0, 0, '38'),
(52, 180, 1, 0, NULL),
(53, 226, 0, 1, '#000080');

-- --------------------------------------------------------

--
-- Table structure for table `eav_attribute_option_value`
--

CREATE TABLE `eav_attribute_option_value` (
  `value_id` int(10) UNSIGNED NOT NULL COMMENT 'Value Id',
  `option_id` int(10) UNSIGNED NOT NULL DEFAULT '0' COMMENT 'Option Id',
  `store_id` smallint(5) UNSIGNED NOT NULL DEFAULT '0' COMMENT 'Store Id',
  `value` varchar(255) DEFAULT NULL COMMENT 'Value'
) ENGINE=InnoDB DEFAULT CHARSET=utf8 COMMENT='Eav Attribute Option Value';

--
-- Dumping data for table `eav_attribute_option_value`
--

INSERT INTO `eav_attribute_option_value` (`value_id`, `option_id`, `store_id`, `value`) VALUES
(1, 1, 0, 'Male'),
(2, 2, 0, 'Female'),
(3, 3, 0, 'Not Specified'),
(4, 4, 0, 'Hike'),
(5, 5, 0, 'Outdoor'),
(6, 6, 0, 'Running'),
(7, 7, 0, 'Warmup'),
(8, 8, 0, 'Yoga'),
(9, 9, 0, 'Recreation'),
(10, 10, 0, 'Lounge'),
(11, 11, 0, 'Gym'),
(12, 12, 0, 'Climbing'),
(13, 13, 0, 'Crosstraining'),
(14, 14, 0, 'Post-workout'),
(15, 15, 0, 'Cycling'),
(16, 16, 0, 'Athletic'),
(17, 17, 0, 'Sports'),
(18, 18, 0, 'Hiking'),
(19, 19, 0, 'Overnight'),
(20, 20, 0, 'School'),
(21, 21, 0, 'Trail'),
(22, 22, 0, 'Travel'),
(23, 23, 0, 'Urban'),
(24, 24, 0, 'Backpack'),
(25, 25, 0, 'Luggage'),
(26, 26, 0, 'Duffel'),
(27, 27, 0, 'Messenger'),
(28, 28, 0, 'Laptop'),
(29, 29, 0, 'Exercise'),
(30, 30, 0, 'Tote'),
(31, 31, 0, 'Burlap'),
(32, 32, 0, 'Canvas'),
(33, 33, 0, 'Cotton'),
(34, 34, 0, 'Faux Leather'),
(35, 35, 0, 'Leather'),
(36, 36, 0, 'Mesh'),
(37, 37, 0, 'Nylon'),
(38, 38, 0, 'Polyester'),
(39, 39, 0, 'Rayon'),
(40, 40, 0, 'Ripstop'),
(41, 41, 0, 'Suede'),
(42, 42, 0, 'Foam'),
(43, 43, 0, 'Metal'),
(44, 44, 0, 'Plastic'),
(45, 45, 0, 'Rubber'),
(46, 46, 0, 'Synthetic'),
(47, 47, 0, 'Stainless Steel'),
(48, 48, 0, 'Silicone'),
(61, 61, 0, 'Adjustable'),
(62, 62, 0, 'Cross Body'),
(63, 63, 0, 'Detachable'),
(64, 64, 0, 'Double'),
(65, 65, 0, 'Padded'),
(66, 66, 0, 'Shoulder'),
(67, 67, 0, 'Single'),
(68, 68, 0, 'Telescoping'),
(69, 69, 0, 'Audio Pocket'),
(70, 70, 0, 'Wheeled'),
(71, 71, 0, 'Hydration Pocket'),
(72, 72, 0, 'Audio Pocket'),
(73, 73, 0, 'Flapover'),
(74, 74, 0, 'Waterproof'),
(75, 75, 0, 'Lightweight'),
(76, 76, 0, 'TSA Approved'),
(77, 77, 0, 'Reflective'),
(78, 78, 0, 'Laptop Sleeve'),
(79, 79, 0, 'Lockable'),
(80, 80, 0, 'Men'),
(81, 81, 0, 'Women'),
(82, 82, 0, 'Boys'),
(83, 83, 0, 'Girls'),
(84, 84, 0, 'Unisex'),
(85, 85, 0, 'Cardio'),
(86, 86, 0, 'Electronic'),
(87, 87, 0, 'Exercise'),
(88, 88, 0, 'Fashion'),
(89, 89, 0, 'Hydration'),
(90, 90, 0, 'Timepiece'),
(97, 102, 0, 'Download'),
(98, 103, 0, 'DVD'),
(99, 105, 0, 'Base Layer'),
(100, 106, 0, 'Basic'),
(101, 107, 0, 'Capri'),
(102, 108, 0, 'Compression'),
(103, 109, 0, 'Leggings'),
(104, 110, 0, 'Parachute'),
(105, 111, 0, 'Skort'),
(106, 112, 0, 'Snug'),
(107, 113, 0, 'Sweatpants'),
(108, 114, 0, 'Tights'),
(109, 115, 0, 'Track Pants'),
(110, 116, 0, 'Workout Pants'),
(111, 117, 0, 'Insulated'),
(112, 118, 0, 'Jacket'),
(113, 119, 0, 'Vest'),
(114, 120, 0, 'Lightweight'),
(115, 121, 0, 'Hooded'),
(116, 122, 0, 'Heavy Duty'),
(117, 123, 0, 'Rain Coat'),
(118, 124, 0, 'Hard Shell'),
(119, 125, 0, 'Soft Shell'),
(120, 126, 0, 'Windbreaker'),
(121, 127, 0, '&frac12; zip'),
(122, 128, 0, '&frac14; zip'),
(123, 129, 0, 'Full Zip'),
(124, 130, 0, 'Reversible'),
(125, 131, 0, 'Bra'),
(126, 132, 0, 'Hoodie'),
(127, 133, 0, 'Sweatshirt'),
(128, 134, 0, 'Polo'),
(129, 135, 0, 'Tank'),
(130, 136, 0, 'Tee'),
(131, 137, 0, 'Pullover'),
(132, 138, 0, 'Hoodie'),
(133, 139, 0, 'Cardigan'),
(134, 140, 0, 'Henley'),
(135, 141, 0, 'Tunic'),
(136, 142, 0, 'Camisole'),
(137, 143, 0, 'Cocona&reg; performance fabric'),
(138, 144, 0, 'Wool'),
(139, 145, 0, 'Fleece'),
(140, 146, 0, 'Hemp'),
(141, 147, 0, 'Jersey'),
(142, 148, 0, 'LumaTech&trade;'),
(143, 149, 0, 'Lycra&reg;'),
(144, 150, 0, 'Microfiber'),
(145, 151, 0, 'Spandex'),
(146, 152, 0, 'HeatTec&reg;'),
(147, 153, 0, 'EverCool&trade;'),
(148, 154, 0, 'Organic Cotton'),
(149, 155, 0, 'TENCEL'),
(150, 156, 0, 'CoolTech&trade;'),
(151, 157, 0, 'Khaki'),
(152, 158, 0, 'Linen'),
(153, 159, 0, 'Wool'),
(154, 160, 0, 'Terry'),
(155, 161, 0, 'Sleeve'),
(156, 162, 0, 'Long-Sleeve'),
(157, 163, 0, 'Short-Sleeve'),
(158, 164, 0, 'Sleeveless'),
(159, 165, 0, 'Tank'),
(160, 166, 0, 'Strap'),
(175, 181, 0, 'N/A'),
(176, 182, 0, '? zip'),
(177, 183, 0, 'Boat Neck'),
(178, 184, 0, 'Crew'),
(179, 185, 0, 'Full zip'),
(180, 186, 0, 'V-neck'),
(181, 187, 0, 'Ballet'),
(182, 188, 0, 'Scoop'),
(183, 189, 0, 'High Collar'),
(184, 190, 0, 'Stand Collar'),
(185, 191, 0, 'Roll Neck'),
(186, 192, 0, 'Square Neck'),
(187, 193, 0, 'Color-Blocked'),
(188, 194, 0, 'Checked'),
(189, 195, 0, 'Color-Blocked'),
(190, 196, 0, 'Graphic Print'),
(191, 197, 0, 'Solid'),
(192, 198, 0, 'Solid-Highlight'),
(193, 199, 0, 'Striped'),
(194, 200, 0, 'Camo'),
(195, 201, 0, 'Geometric'),
(196, 202, 0, 'All-Weather'),
(197, 203, 0, 'Cold'),
(198, 204, 0, 'Cool'),
(199, 205, 0, 'Indoor'),
(200, 206, 0, 'Mild'),
(201, 207, 0, 'Rainy'),
(202, 208, 0, 'Spring'),
(203, 209, 0, 'Warm'),
(204, 210, 0, 'Windy'),
(205, 211, 0, 'Wintry'),
(206, 212, 0, 'Hot'),
(219, 91, 0, '55 cm'),
(220, 167, 0, 'XS'),
(221, 92, 0, '65 cm'),
(222, 168, 0, 'S'),
(223, 93, 0, '75 cm'),
(224, 169, 0, 'M'),
(225, 94, 0, '6 foot'),
(226, 170, 0, 'L'),
(227, 95, 0, '8 foot'),
(228, 171, 0, 'XL'),
(229, 96, 0, '10 foot'),
(230, 172, 0, '28'),
(231, 173, 0, '29'),
(232, 174, 0, '30'),
(233, 175, 0, '31'),
(234, 176, 0, '32'),
(235, 177, 0, '33'),
(236, 178, 0, '34'),
(237, 179, 0, '36'),
(238, 180, 0, '38'),
(243, 215, 1, '15'),
(244, 215, 0, '15'),
(245, 216, 1, '19'),
(246, 216, 0, '19'),
(247, 217, 1, '6 3/4'),
(248, 217, 0, '6 3/4'),
(249, 218, 1, '6 7/8'),
(250, 218, 0, '6 7/8'),
(251, 219, 0, '7'),
(252, 220, 1, '7 1/8'),
(253, 220, 0, '7 1/8'),
(254, 221, 1, '7 1/4'),
(255, 221, 0, '7 1/4'),
(256, 222, 1, '7 3/8'),
(257, 222, 0, '7 3/8'),
(258, 223, 1, '7 1/2'),
(259, 223, 0, '7 1/2'),
(260, 224, 1, '7 3/4'),
(261, 224, 0, '7 3/4'),
(262, 225, 1, '8'),
(263, 225, 0, '8'),
(264, 49, 0, 'Black'),
(265, 50, 0, 'Blue'),
(266, 51, 0, 'Brown'),
(267, 52, 0, 'Gray'),
(268, 53, 0, 'Green'),
(269, 54, 0, 'Lavender'),
(270, 55, 0, 'Multi'),
(271, 56, 0, 'Orange'),
(272, 57, 0, 'Purple'),
(273, 58, 0, 'Red'),
(274, 59, 0, 'White'),
(275, 60, 0, 'Yellow'),
(276, 226, 0, 'Navy'),
(289, 227, 1, 'L'),
(290, 227, 0, 'L'),
(291, 228, 1, 'XL'),
(292, 228, 0, 'XL');

-- --------------------------------------------------------

--
-- Table structure for table `eav_attribute_set`
--

CREATE TABLE `eav_attribute_set` (
  `attribute_set_id` smallint(5) UNSIGNED NOT NULL COMMENT 'Attribute Set Id',
  `entity_type_id` smallint(5) UNSIGNED NOT NULL DEFAULT '0' COMMENT 'Entity Type Id',
  `attribute_set_name` varchar(255) DEFAULT NULL COMMENT 'Attribute Set Name',
  `sort_order` smallint(6) NOT NULL DEFAULT '0' COMMENT 'Sort Order'
) ENGINE=InnoDB DEFAULT CHARSET=utf8 COMMENT='Eav Attribute Set';

--
-- Dumping data for table `eav_attribute_set`
--

INSERT INTO `eav_attribute_set` (`attribute_set_id`, `entity_type_id`, `attribute_set_name`, `sort_order`) VALUES
(1, 1, 'Default', 2),
(2, 2, 'Default', 2),
(3, 3, 'Default', 1),
(4, 4, 'Default', 1),
(5, 5, 'Default', 1),
(6, 6, 'Default', 1),
(7, 7, 'Default', 1),
(8, 8, 'Default', 1),
(9, 4, 'Top', 0),
(10, 4, 'Bottom', 0),
(11, 4, 'Gear', 0),
(12, 4, 'Sprite Stasis Ball', 0),
(13, 4, 'Sprite Yoga Strap', 0),
(14, 4, 'Downloadable', 0),
(15, 4, 'Bag', 0),
(16, 4, 'Honigs_Sports_Baseball_softball_Leg_Guards', 0),
(17, 4, 'Sports_Baseball_Softball _Stitch_Hat', 0),
(18, 4, 'Basketball_shirt_set', 0);

-- --------------------------------------------------------

--
-- Table structure for table `eav_entity`
--

CREATE TABLE `eav_entity` (
  `entity_id` int(10) UNSIGNED NOT NULL COMMENT 'Entity Id',
  `entity_type_id` smallint(5) UNSIGNED NOT NULL DEFAULT '0' COMMENT 'Entity Type Id',
  `attribute_set_id` smallint(5) UNSIGNED NOT NULL DEFAULT '0' COMMENT 'Attribute Set Id',
  `increment_id` varchar(50) DEFAULT NULL COMMENT 'Increment Id',
  `parent_id` int(10) UNSIGNED NOT NULL DEFAULT '0' COMMENT 'Parent Id',
  `store_id` smallint(5) UNSIGNED NOT NULL DEFAULT '0' COMMENT 'Store Id',
  `created_at` timestamp NOT NULL DEFAULT CURRENT_TIMESTAMP COMMENT 'Created At',
  `updated_at` timestamp NOT NULL DEFAULT CURRENT_TIMESTAMP ON UPDATE CURRENT_TIMESTAMP COMMENT 'Updated At',
  `is_active` smallint(5) UNSIGNED NOT NULL DEFAULT '1' COMMENT 'Defines Is Entity Active'
) ENGINE=InnoDB DEFAULT CHARSET=utf8 COMMENT='Eav Entity';

-- --------------------------------------------------------

--
-- Table structure for table `eav_entity_attribute`
--

CREATE TABLE `eav_entity_attribute` (
  `entity_attribute_id` int(10) UNSIGNED NOT NULL COMMENT 'Entity Attribute Id',
  `entity_type_id` smallint(5) UNSIGNED NOT NULL DEFAULT '0' COMMENT 'Entity Type Id',
  `attribute_set_id` smallint(5) UNSIGNED NOT NULL DEFAULT '0' COMMENT 'Attribute Set Id',
  `attribute_group_id` smallint(5) UNSIGNED NOT NULL DEFAULT '0' COMMENT 'Attribute Group Id',
  `attribute_id` smallint(5) UNSIGNED NOT NULL DEFAULT '0' COMMENT 'Attribute Id',
  `sort_order` smallint(6) NOT NULL DEFAULT '0' COMMENT 'Sort Order'
) ENGINE=InnoDB DEFAULT CHARSET=utf8 COMMENT='Eav Entity Attributes';

--
-- Dumping data for table `eav_entity_attribute`
--

INSERT INTO `eav_entity_attribute` (`entity_attribute_id`, `entity_type_id`, `attribute_set_id`, `attribute_group_id`, `attribute_id`, `sort_order`) VALUES
(1, 1, 1, 1, 1, 10),
(2, 1, 1, 1, 2, 20),
(3, 1, 1, 1, 3, 20),
(4, 1, 1, 1, 4, 30),
(5, 1, 1, 1, 5, 40),
(6, 1, 1, 1, 6, 50),
(7, 1, 1, 1, 7, 60),
(8, 1, 1, 1, 8, 70),
(9, 1, 1, 1, 9, 80),
(10, 1, 1, 1, 10, 25),
(11, 1, 1, 1, 11, 90),
(12, 1, 1, 1, 12, 81),
(13, 1, 1, 1, 13, 115),
(14, 1, 1, 1, 14, 120),
(15, 1, 1, 1, 15, 82),
(16, 1, 1, 1, 16, 83),
(17, 1, 1, 1, 17, 100),
(18, 1, 1, 1, 18, 85),
(19, 1, 1, 1, 19, 86),
(20, 1, 1, 1, 20, 110),
(21, 1, 1, 1, 21, 121),
(22, 2, 2, 2, 22, 10),
(23, 2, 2, 2, 23, 20),
(24, 2, 2, 2, 24, 30),
(25, 2, 2, 2, 25, 40),
(26, 2, 2, 2, 26, 50),
(27, 2, 2, 2, 27, 60),
(28, 2, 2, 2, 28, 70),
(29, 2, 2, 2, 29, 80),
(30, 2, 2, 2, 30, 90),
(31, 2, 2, 2, 31, 100),
(32, 2, 2, 2, 32, 100),
(33, 2, 2, 2, 33, 110),
(34, 2, 2, 2, 34, 120),
(35, 2, 2, 2, 35, 130),
(36, 2, 2, 2, 36, 131),
(37, 2, 2, 2, 37, 132),
(38, 2, 2, 2, 38, 133),
(39, 2, 2, 2, 39, 134),
(40, 2, 2, 2, 40, 135),
(41, 1, 1, 1, 41, 87),
(42, 1, 1, 1, 42, 100),
(43, 1, 1, 1, 43, 110),
(44, 1, 1, 1, 44, 120),
(45, 3, 3, 4, 45, 1),
(46, 3, 3, 4, 46, 2),
(47, 3, 3, 4, 47, 4),
(48, 3, 3, 4, 48, 5),
(49, 3, 3, 4, 49, 6),
(50, 3, 3, 4, 50, 7),
(51, 3, 3, 4, 51, 8),
(52, 3, 3, 5, 52, 10),
(53, 3, 3, 5, 53, 20),
(54, 3, 3, 5, 54, 30),
(55, 3, 3, 4, 55, 12),
(56, 3, 3, 4, 56, 13),
(57, 3, 3, 4, 57, 14),
(58, 3, 3, 4, 58, 15),
(59, 3, 3, 4, 59, 16),
(60, 3, 3, 6, 60, 10),
(61, 3, 3, 6, 61, 30),
(62, 3, 3, 6, 62, 40),
(63, 3, 3, 6, 63, 50),
(64, 3, 3, 6, 64, 60),
(65, 3, 3, 4, 65, 24),
(66, 3, 3, 4, 66, 25),
(67, 3, 3, 5, 67, 40),
(68, 3, 3, 5, 68, 50),
(69, 3, 3, 4, 69, 10),
(70, 3, 3, 6, 70, 5),
(71, 3, 3, 6, 71, 6),
(72, 3, 3, 5, 72, 51),
(90, 4, 4, 7, 91, 6),
(96, 4, 4, 8, 98, 8),
(105, 4, 4, 7, 107, 14),
(106, 4, 4, 7, 108, 15),
(107, 4, 4, 7, 109, 16),
(108, 4, 4, 7, 110, 17),
(109, 4, 4, 7, 111, 18),
(110, 4, 4, 7, 112, 19),
(111, 4, 4, 7, 113, 20),
(122, 3, 3, 4, 124, 3),
(123, 3, 3, 4, 125, 17),
(125, 4, 4, 7, 127, 11),
(126, 4, 4, 7, 128, 111),
(127, 4, 4, 7, 129, 112),
(128, 4, 4, 7, 130, 113),
(129, 4, 4, 7, 131, 114),
(133, 4, 9, 21, 132, 10),
(135, 4, 9, 23, 101, 20),
(137, 4, 9, 23, 102, 30),
(139, 4, 9, 23, 100, 40),
(141, 4, 9, 23, 116, 50),
(143, 4, 9, 24, 104, 5),
(145, 4, 9, 24, 106, 6),
(147, 4, 9, 24, 103, 10),
(149, 4, 9, 25, 78, 3),
(151, 4, 9, 25, 79, 4),
(153, 4, 9, 25, 80, 5),
(155, 4, 9, 25, 81, 6),
(157, 4, 9, 25, 92, 7),
(159, 4, 9, 25, 98, 8),
(161, 4, 9, 25, 117, 9),
(163, 4, 9, 25, 118, 10),
(165, 4, 9, 25, 122, 11),
(167, 4, 9, 26, 126, 10),
(169, 4, 9, 26, 84, 20),
(171, 4, 9, 26, 85, 30),
(173, 4, 9, 26, 86, 40),
(175, 4, 9, 27, 87, 1),
(177, 4, 9, 27, 88, 2),
(179, 4, 9, 27, 89, 3),
(181, 4, 9, 27, 90, 4),
(183, 4, 9, 27, 96, 5),
(185, 4, 9, 28, 123, 1),
(187, 4, 9, 29, 75, 90),
(189, 4, 9, 29, 76, 100),
(191, 4, 9, 30, 97, 5),
(193, 4, 9, 30, 91, 6),
(195, 4, 9, 30, 73, 10),
(197, 4, 9, 30, 127, 11),
(199, 4, 9, 30, 107, 14),
(201, 4, 9, 30, 108, 15),
(203, 4, 9, 30, 109, 16),
(205, 4, 9, 30, 110, 17),
(207, 4, 9, 30, 111, 18),
(209, 4, 9, 30, 112, 19),
(211, 4, 9, 30, 74, 20),
(213, 4, 9, 30, 113, 20),
(215, 4, 9, 30, 120, 21),
(217, 4, 9, 30, 77, 30),
(219, 4, 9, 30, 119, 31),
(221, 4, 9, 30, 133, 40),
(223, 4, 9, 30, 115, 60),
(225, 4, 9, 30, 82, 70),
(227, 4, 9, 30, 121, 71),
(229, 4, 9, 30, 105, 80),
(231, 4, 9, 30, 99, 80),
(233, 4, 9, 30, 94, 90),
(235, 4, 9, 30, 95, 100),
(237, 4, 9, 30, 114, 110),
(239, 4, 9, 30, 128, 111),
(241, 4, 9, 30, 129, 112),
(243, 4, 9, 30, 130, 113),
(245, 4, 9, 30, 131, 114),
(247, 4, 9, 30, 134, 1000),
(249, 4, 10, 31, 132, 10),
(251, 4, 10, 33, 101, 20),
(253, 4, 10, 33, 102, 30),
(255, 4, 10, 33, 100, 40),
(257, 4, 10, 33, 116, 50),
(259, 4, 10, 34, 104, 5),
(261, 4, 10, 34, 106, 6),
(263, 4, 10, 34, 103, 10),
(265, 4, 10, 35, 78, 3),
(267, 4, 10, 35, 79, 4),
(269, 4, 10, 35, 80, 5),
(271, 4, 10, 35, 81, 6),
(273, 4, 10, 35, 92, 7),
(275, 4, 10, 35, 98, 8),
(277, 4, 10, 35, 117, 9),
(279, 4, 10, 35, 118, 10),
(281, 4, 10, 35, 122, 11),
(283, 4, 10, 36, 126, 10),
(285, 4, 10, 36, 84, 20),
(287, 4, 10, 36, 85, 30),
(289, 4, 10, 36, 86, 40),
(291, 4, 10, 37, 87, 1),
(293, 4, 10, 37, 88, 2),
(295, 4, 10, 37, 89, 3),
(297, 4, 10, 37, 90, 4),
(299, 4, 10, 37, 96, 5),
(301, 4, 10, 38, 123, 1),
(303, 4, 10, 39, 75, 90),
(305, 4, 10, 39, 76, 100),
(307, 4, 10, 40, 97, 5),
(309, 4, 10, 40, 91, 6),
(311, 4, 10, 40, 73, 10),
(313, 4, 10, 40, 127, 11),
(315, 4, 10, 40, 107, 14),
(317, 4, 10, 40, 108, 15),
(319, 4, 10, 40, 109, 16),
(321, 4, 10, 40, 110, 17),
(323, 4, 10, 40, 111, 18),
(325, 4, 10, 40, 112, 19),
(327, 4, 10, 40, 74, 20),
(329, 4, 10, 40, 113, 20),
(331, 4, 10, 40, 120, 21),
(333, 4, 10, 40, 77, 30),
(335, 4, 10, 40, 119, 31),
(337, 4, 10, 40, 133, 40),
(339, 4, 10, 40, 115, 60),
(341, 4, 10, 40, 82, 70),
(343, 4, 10, 40, 121, 71),
(345, 4, 10, 40, 105, 80),
(347, 4, 10, 40, 99, 80),
(349, 4, 10, 40, 94, 90),
(351, 4, 10, 40, 95, 100),
(353, 4, 10, 40, 114, 110),
(355, 4, 10, 40, 128, 111),
(357, 4, 10, 40, 129, 112),
(359, 4, 10, 40, 130, 113),
(361, 4, 10, 40, 131, 114),
(363, 4, 10, 40, 134, 1001),
(365, 4, 11, 41, 132, 10),
(367, 4, 11, 43, 101, 20),
(369, 4, 11, 43, 102, 30),
(371, 4, 11, 43, 100, 40),
(373, 4, 11, 43, 116, 50),
(375, 4, 11, 44, 104, 5),
(377, 4, 11, 44, 106, 6),
(379, 4, 11, 44, 103, 10),
(381, 4, 11, 45, 78, 3),
(383, 4, 11, 45, 79, 4),
(385, 4, 11, 45, 80, 5),
(387, 4, 11, 45, 81, 6),
(389, 4, 11, 45, 92, 7),
(391, 4, 11, 45, 98, 8),
(393, 4, 11, 45, 117, 9),
(395, 4, 11, 45, 118, 10),
(397, 4, 11, 45, 122, 11),
(399, 4, 11, 46, 126, 10),
(401, 4, 11, 46, 84, 20),
(403, 4, 11, 46, 85, 30),
(405, 4, 11, 46, 86, 40),
(407, 4, 11, 47, 87, 1),
(409, 4, 11, 47, 88, 2),
(411, 4, 11, 47, 89, 3),
(413, 4, 11, 47, 90, 4),
(415, 4, 11, 47, 96, 5),
(417, 4, 11, 48, 123, 1),
(419, 4, 11, 49, 75, 90),
(421, 4, 11, 49, 76, 100),
(423, 4, 11, 50, 97, 5),
(425, 4, 11, 50, 91, 6),
(427, 4, 11, 50, 73, 10),
(429, 4, 11, 50, 127, 11),
(431, 4, 11, 50, 107, 14),
(433, 4, 11, 50, 108, 15),
(435, 4, 11, 50, 109, 16),
(437, 4, 11, 50, 110, 17),
(439, 4, 11, 50, 111, 18),
(441, 4, 11, 50, 112, 19),
(443, 4, 11, 50, 74, 20),
(445, 4, 11, 50, 113, 20),
(447, 4, 11, 50, 120, 21),
(449, 4, 11, 50, 77, 30),
(451, 4, 11, 50, 119, 31),
(453, 4, 11, 50, 133, 40),
(455, 4, 11, 50, 115, 60),
(457, 4, 11, 50, 82, 70),
(459, 4, 11, 50, 121, 71),
(461, 4, 11, 50, 105, 80),
(463, 4, 11, 50, 99, 80),
(465, 4, 11, 50, 94, 90),
(467, 4, 11, 50, 95, 100),
(469, 4, 11, 50, 114, 110),
(471, 4, 11, 50, 128, 111),
(473, 4, 11, 50, 129, 112),
(475, 4, 11, 50, 130, 113),
(477, 4, 11, 50, 131, 114),
(479, 4, 11, 50, 134, 1002),
(481, 4, 12, 51, 132, 10),
(483, 4, 12, 53, 101, 20),
(485, 4, 12, 53, 102, 30),
(487, 4, 12, 53, 100, 40),
(489, 4, 12, 53, 116, 50),
(491, 4, 12, 54, 104, 5),
(493, 4, 12, 54, 106, 6),
(495, 4, 12, 54, 103, 10),
(497, 4, 12, 55, 78, 3),
(499, 4, 12, 55, 79, 4),
(501, 4, 12, 55, 80, 5),
(503, 4, 12, 55, 81, 6),
(505, 4, 12, 55, 92, 7),
(507, 4, 12, 55, 98, 8),
(509, 4, 12, 55, 117, 9),
(511, 4, 12, 55, 118, 10),
(513, 4, 12, 55, 122, 11),
(515, 4, 12, 56, 126, 10),
(517, 4, 12, 56, 84, 20),
(519, 4, 12, 56, 85, 30),
(521, 4, 12, 56, 86, 40),
(523, 4, 12, 57, 87, 1),
(525, 4, 12, 57, 88, 2),
(527, 4, 12, 57, 89, 3),
(529, 4, 12, 57, 90, 4),
(531, 4, 12, 57, 96, 5),
(533, 4, 12, 58, 123, 1),
(535, 4, 12, 59, 75, 90),
(537, 4, 12, 59, 76, 100),
(539, 4, 12, 60, 97, 5),
(541, 4, 12, 60, 91, 6),
(543, 4, 12, 60, 73, 10),
(545, 4, 12, 60, 127, 11),
(547, 4, 12, 60, 107, 14),
(549, 4, 12, 60, 108, 15),
(551, 4, 12, 60, 109, 16),
(553, 4, 12, 60, 110, 17),
(555, 4, 12, 60, 111, 18),
(557, 4, 12, 60, 112, 19),
(559, 4, 12, 60, 74, 20),
(561, 4, 12, 60, 113, 20),
(563, 4, 12, 60, 120, 21),
(565, 4, 12, 60, 77, 30),
(567, 4, 12, 60, 119, 31),
(569, 4, 12, 60, 133, 40),
(571, 4, 12, 60, 115, 60),
(573, 4, 12, 60, 82, 70),
(575, 4, 12, 60, 121, 71),
(577, 4, 12, 60, 105, 80),
(579, 4, 12, 60, 99, 80),
(581, 4, 12, 60, 94, 90),
(583, 4, 12, 60, 95, 100),
(585, 4, 12, 60, 114, 110),
(587, 4, 12, 60, 128, 111),
(589, 4, 12, 60, 129, 112),
(591, 4, 12, 60, 130, 113),
(593, 4, 12, 60, 131, 114),
(595, 4, 12, 60, 134, 1003),
(597, 4, 13, 61, 132, 10),
(599, 4, 13, 63, 101, 20),
(601, 4, 13, 63, 102, 30),
(603, 4, 13, 63, 100, 40),
(605, 4, 13, 63, 116, 50),
(607, 4, 13, 64, 104, 5),
(609, 4, 13, 64, 106, 6),
(611, 4, 13, 64, 103, 10),
(613, 4, 13, 65, 78, 3),
(615, 4, 13, 65, 79, 4),
(617, 4, 13, 65, 80, 5),
(619, 4, 13, 65, 81, 6),
(621, 4, 13, 65, 92, 7),
(623, 4, 13, 65, 98, 8),
(625, 4, 13, 65, 117, 9),
(627, 4, 13, 65, 118, 10),
(629, 4, 13, 65, 122, 11),
(631, 4, 13, 66, 126, 10),
(633, 4, 13, 66, 84, 20),
(635, 4, 13, 66, 85, 30),
(637, 4, 13, 66, 86, 40),
(639, 4, 13, 67, 87, 1),
(641, 4, 13, 67, 88, 2),
(643, 4, 13, 67, 89, 3),
(645, 4, 13, 67, 90, 4),
(647, 4, 13, 67, 96, 5),
(649, 4, 13, 68, 123, 1),
(651, 4, 13, 69, 75, 90),
(653, 4, 13, 69, 76, 100),
(655, 4, 13, 70, 97, 5),
(657, 4, 13, 70, 91, 6),
(659, 4, 13, 70, 73, 10),
(661, 4, 13, 70, 127, 11),
(663, 4, 13, 70, 107, 14),
(665, 4, 13, 70, 108, 15),
(667, 4, 13, 70, 109, 16),
(669, 4, 13, 70, 110, 17),
(671, 4, 13, 70, 111, 18),
(673, 4, 13, 70, 112, 19),
(675, 4, 13, 70, 74, 20),
(677, 4, 13, 70, 113, 20),
(679, 4, 13, 70, 120, 21),
(681, 4, 13, 70, 77, 30),
(683, 4, 13, 70, 119, 31),
(685, 4, 13, 70, 133, 40),
(687, 4, 13, 70, 115, 60),
(689, 4, 13, 70, 82, 70),
(691, 4, 13, 70, 121, 71),
(693, 4, 13, 70, 105, 80),
(695, 4, 13, 70, 99, 80),
(697, 4, 13, 70, 94, 90),
(699, 4, 13, 70, 95, 100),
(701, 4, 13, 70, 114, 110),
(703, 4, 13, 70, 128, 111),
(705, 4, 13, 70, 129, 112),
(707, 4, 13, 70, 130, 113),
(709, 4, 13, 70, 131, 114),
(711, 4, 13, 70, 134, 1004),
(713, 4, 14, 71, 132, 10),
(715, 4, 14, 73, 101, 20),
(717, 4, 14, 73, 102, 30),
(719, 4, 14, 73, 100, 40),
(721, 4, 14, 73, 116, 50),
(723, 4, 14, 74, 104, 5),
(725, 4, 14, 74, 106, 6),
(727, 4, 14, 74, 103, 10),
(729, 4, 14, 75, 78, 3),
(731, 4, 14, 75, 79, 4),
(733, 4, 14, 75, 80, 5),
(735, 4, 14, 75, 81, 6),
(737, 4, 14, 75, 92, 7),
(739, 4, 14, 75, 98, 8),
(741, 4, 14, 75, 117, 9),
(743, 4, 14, 75, 118, 10),
(745, 4, 14, 75, 122, 11),
(747, 4, 14, 76, 126, 10),
(749, 4, 14, 76, 84, 20),
(751, 4, 14, 76, 85, 30),
(753, 4, 14, 76, 86, 40),
(755, 4, 14, 77, 87, 1),
(757, 4, 14, 77, 88, 2),
(759, 4, 14, 77, 89, 3),
(761, 4, 14, 77, 90, 4),
(763, 4, 14, 77, 96, 5),
(765, 4, 14, 78, 123, 1),
(767, 4, 14, 79, 75, 90),
(769, 4, 14, 79, 76, 100),
(771, 4, 14, 80, 97, 5),
(773, 4, 14, 80, 91, 6),
(775, 4, 14, 80, 73, 10),
(777, 4, 14, 80, 127, 11),
(779, 4, 14, 80, 107, 14),
(781, 4, 14, 80, 108, 15),
(783, 4, 14, 80, 109, 16),
(785, 4, 14, 80, 110, 17),
(787, 4, 14, 80, 111, 18),
(789, 4, 14, 80, 112, 19),
(791, 4, 14, 80, 74, 20),
(793, 4, 14, 80, 113, 20),
(795, 4, 14, 80, 120, 21),
(797, 4, 14, 80, 77, 30),
(799, 4, 14, 80, 119, 31),
(801, 4, 14, 80, 133, 40),
(803, 4, 14, 80, 115, 60),
(805, 4, 14, 80, 82, 70),
(807, 4, 14, 80, 121, 71),
(809, 4, 14, 80, 105, 80),
(811, 4, 14, 80, 99, 80),
(813, 4, 14, 80, 94, 90),
(815, 4, 14, 80, 95, 100),
(817, 4, 14, 80, 114, 110),
(819, 4, 14, 80, 128, 111),
(821, 4, 14, 80, 129, 112),
(823, 4, 14, 80, 130, 113),
(825, 4, 14, 80, 131, 114),
(827, 4, 14, 80, 134, 1005),
(829, 4, 15, 81, 132, 10),
(831, 4, 15, 83, 101, 20),
(833, 4, 15, 83, 102, 30),
(835, 4, 15, 83, 100, 40),
(837, 4, 15, 83, 116, 50),
(839, 4, 15, 84, 104, 5),
(841, 4, 15, 84, 106, 6),
(843, 4, 15, 84, 103, 10),
(845, 4, 15, 85, 78, 3),
(847, 4, 15, 85, 79, 4),
(849, 4, 15, 85, 80, 5),
(851, 4, 15, 85, 81, 6),
(853, 4, 15, 85, 92, 7),
(855, 4, 15, 85, 98, 8),
(857, 4, 15, 85, 117, 9),
(859, 4, 15, 85, 118, 10),
(861, 4, 15, 85, 122, 11),
(863, 4, 15, 86, 126, 10),
(865, 4, 15, 86, 84, 20),
(867, 4, 15, 86, 85, 30),
(869, 4, 15, 86, 86, 40),
(871, 4, 15, 87, 87, 1),
(873, 4, 15, 87, 88, 2),
(875, 4, 15, 87, 89, 3),
(877, 4, 15, 87, 90, 4),
(879, 4, 15, 87, 96, 5),
(881, 4, 15, 88, 123, 1),
(883, 4, 15, 89, 75, 90),
(885, 4, 15, 89, 76, 100),
(887, 4, 15, 90, 97, 5),
(889, 4, 15, 90, 91, 6),
(891, 4, 15, 90, 73, 10),
(893, 4, 15, 90, 127, 11),
(895, 4, 15, 90, 107, 14),
(897, 4, 15, 90, 108, 15),
(899, 4, 15, 90, 109, 16),
(901, 4, 15, 90, 110, 17),
(903, 4, 15, 90, 111, 18),
(905, 4, 15, 90, 112, 19),
(907, 4, 15, 90, 74, 20),
(909, 4, 15, 90, 113, 20),
(911, 4, 15, 90, 120, 21),
(913, 4, 15, 90, 77, 30),
(915, 4, 15, 90, 119, 31),
(917, 4, 15, 90, 133, 40),
(919, 4, 15, 90, 115, 60),
(921, 4, 15, 90, 82, 70),
(923, 4, 15, 90, 121, 71),
(925, 4, 15, 90, 105, 80),
(927, 4, 15, 90, 99, 80),
(929, 4, 15, 90, 94, 90),
(931, 4, 15, 90, 95, 100),
(933, 4, 15, 90, 114, 110),
(935, 4, 15, 90, 128, 111),
(937, 4, 15, 90, 129, 112),
(939, 4, 15, 90, 130, 113),
(941, 4, 15, 90, 131, 114),
(943, 4, 15, 90, 134, 1006),
(945, 4, 15, 90, 135, 1007),
(947, 4, 11, 50, 136, 1008),
(949, 4, 12, 60, 136, 1009),
(951, 4, 13, 70, 136, 1010),
(957, 4, 15, 90, 136, 1013),
(959, 4, 9, 30, 93, 1014),
(961, 4, 10, 40, 93, 1015),
(963, 4, 15, 90, 93, 1016),
(965, 4, 11, 50, 93, 1017),
(967, 4, 12, 60, 93, 1018),
(969, 4, 13, 70, 93, 1019),
(971, 4, 15, 90, 137, 1020),
(973, 4, 15, 90, 138, 1021),
(975, 4, 11, 50, 139, 1022),
(977, 4, 12, 60, 139, 1023),
(979, 4, 13, 70, 139, 1024),
(981, 4, 11, 50, 140, 1025),
(983, 4, 12, 60, 140, 1026),
(985, 4, 13, 70, 140, 1027),
(987, 4, 12, 60, 141, 1028),
(989, 4, 13, 70, 141, 1029),
(991, 4, 11, 50, 142, 1030),
(993, 4, 15, 90, 142, 1031),
(995, 4, 9, 30, 142, 1032),
(997, 4, 10, 40, 142, 1033),
(999, 4, 11, 50, 143, 1034),
(1001, 4, 15, 90, 143, 1035),
(1003, 4, 9, 30, 143, 1036),
(1005, 4, 10, 40, 143, 1037),
(1007, 4, 11, 50, 144, 1038),
(1009, 4, 15, 90, 144, 1039),
(1011, 4, 9, 30, 144, 1040),
(1013, 4, 10, 40, 144, 1041),
(1015, 4, 11, 50, 145, 1042),
(1017, 4, 15, 90, 145, 1043),
(1019, 4, 9, 30, 145, 1044),
(1021, 4, 10, 40, 145, 1045),
(1023, 4, 11, 50, 146, 1046),
(1025, 4, 15, 90, 146, 1047),
(1027, 4, 9, 30, 146, 1048),
(1029, 4, 10, 40, 146, 1049),
(1031, 4, 14, 80, 147, 1000),
(1033, 4, 10, 40, 148, 1000),
(1035, 4, 9, 30, 149, 1001),
(1037, 4, 9, 30, 136, 1002),
(1039, 4, 10, 40, 136, 1003),
(1041, 4, 9, 30, 150, 1004),
(1043, 4, 10, 40, 141, 1005),
(1045, 4, 9, 30, 141, 1006),
(1047, 4, 9, 30, 151, 1007),
(1049, 4, 9, 30, 152, 1008),
(1051, 4, 10, 40, 152, 1009),
(1053, 4, 9, 30, 153, 1010),
(1055, 4, 10, 40, 153, 1011),
(1056, 4, 15, 90, 154, 3),
(1057, 4, 10, 40, 154, 3),
(1059, 4, 14, 80, 154, 3),
(1060, 4, 11, 50, 154, 3),
(1061, 4, 12, 60, 154, 3),
(1062, 4, 13, 70, 154, 3),
(1063, 4, 9, 30, 154, 3),
(1064, 4, 15, 90, 155, 1048),
(1065, 4, 10, 40, 155, 1050),
(1067, 4, 14, 80, 155, 1006),
(1068, 4, 11, 50, 155, 1047),
(1069, 4, 12, 60, 155, 1029),
(1070, 4, 13, 70, 155, 1030),
(1071, 4, 9, 30, 155, 1049),
(1072, 3, 3, 4, 156, 50),
(1073, 3, 3, 4, 157, 51),
(1074, 3, 3, 4, 158, 52),
(1102, 4, 16, 95, 98, 8),
(1138, 4, 16, 100, 91, 6),
(1142, 4, 16, 100, 127, 11),
(1144, 4, 16, 100, 107, 14),
(1146, 4, 16, 100, 108, 15),
(1148, 4, 16, 100, 109, 16),
(1150, 4, 16, 100, 110, 17),
(1152, 4, 16, 100, 111, 18),
(1154, 4, 16, 100, 112, 19),
(1158, 4, 16, 100, 113, 20),
(1184, 4, 16, 100, 128, 111),
(1186, 4, 16, 100, 129, 112),
(1188, 4, 16, 100, 130, 113),
(1190, 4, 16, 100, 131, 114),
(1194, 4, 16, 100, 73, 2),
(1196, 4, 16, 100, 74, 3),
(1198, 4, 16, 100, 77, 5),
(1200, 4, 16, 100, 82, 9),
(1202, 4, 16, 100, 94, 13),
(1204, 4, 16, 100, 95, 14),
(1206, 4, 16, 100, 97, 1),
(1208, 4, 16, 100, 99, 12),
(1210, 4, 16, 100, 105, 11),
(1212, 4, 16, 100, 114, 15),
(1214, 4, 16, 100, 115, 8),
(1216, 4, 16, 100, 119, 6),
(1218, 4, 16, 100, 120, 4),
(1220, 4, 16, 100, 121, 10),
(1222, 4, 16, 100, 133, 7),
(1224, 4, 16, 100, 155, 16),
(1228, 4, 16, 99, 75, 1),
(1230, 4, 16, 99, 76, 2),
(1232, 4, 16, 98, 123, 1),
(1234, 4, 16, 97, 87, 1),
(1236, 4, 16, 97, 88, 2),
(1238, 4, 16, 97, 89, 3),
(1240, 4, 16, 97, 90, 5),
(1242, 4, 16, 97, 96, 6),
(1244, 4, 16, 97, 154, 4),
(1246, 4, 16, 96, 84, 2),
(1248, 4, 16, 96, 85, 3),
(1250, 4, 16, 96, 86, 4),
(1252, 4, 16, 96, 126, 1),
(1254, 4, 16, 95, 78, 1),
(1256, 4, 16, 95, 79, 2),
(1258, 4, 16, 95, 80, 3),
(1260, 4, 16, 95, 81, 4),
(1262, 4, 16, 95, 92, 5),
(1264, 4, 16, 95, 117, 6),
(1266, 4, 16, 95, 118, 7),
(1268, 4, 16, 95, 122, 8),
(1270, 4, 16, 94, 103, 3),
(1272, 4, 16, 94, 104, 1),
(1274, 4, 16, 94, 106, 2),
(1276, 4, 16, 93, 100, 3),
(1278, 4, 16, 93, 101, 1),
(1280, 4, 16, 93, 102, 2),
(1282, 4, 16, 93, 116, 4),
(1284, 4, 16, 91, 132, 1),
(1286, 4, 4, 7, 73, 2),
(1288, 4, 4, 7, 74, 3),
(1290, 4, 4, 7, 77, 5),
(1292, 4, 4, 7, 82, 9),
(1294, 4, 4, 7, 94, 13),
(1296, 4, 4, 7, 95, 15),
(1298, 4, 4, 7, 97, 1),
(1300, 4, 4, 7, 99, 12),
(1302, 4, 4, 7, 105, 11),
(1304, 4, 4, 7, 114, 16),
(1306, 4, 4, 7, 115, 8),
(1308, 4, 4, 7, 119, 6),
(1310, 4, 4, 7, 120, 4),
(1312, 4, 4, 7, 121, 10),
(1314, 4, 4, 7, 133, 7),
(1316, 4, 4, 7, 155, 17),
(1320, 4, 4, 13, 75, 1),
(1322, 4, 4, 13, 76, 2),
(1324, 4, 4, 15, 123, 1),
(1326, 4, 4, 10, 87, 1),
(1328, 4, 4, 10, 88, 2),
(1330, 4, 4, 10, 89, 3),
(1332, 4, 4, 10, 90, 5),
(1334, 4, 4, 10, 96, 6),
(1336, 4, 4, 10, 154, 4),
(1338, 4, 4, 9, 84, 2),
(1340, 4, 4, 9, 85, 3),
(1342, 4, 4, 9, 86, 4),
(1344, 4, 4, 9, 126, 1),
(1346, 4, 4, 8, 78, 1),
(1348, 4, 4, 8, 79, 2),
(1350, 4, 4, 8, 80, 3),
(1352, 4, 4, 8, 81, 4),
(1354, 4, 4, 8, 92, 5),
(1356, 4, 4, 8, 117, 6),
(1358, 4, 4, 8, 118, 7),
(1360, 4, 4, 8, 122, 8),
(1362, 4, 4, 11, 103, 3),
(1364, 4, 4, 11, 104, 1),
(1366, 4, 4, 11, 106, 2),
(1368, 4, 4, 14, 100, 3),
(1370, 4, 4, 14, 101, 1),
(1372, 4, 4, 14, 102, 2),
(1374, 4, 4, 14, 116, 4),
(1376, 4, 4, 20, 132, 1),
(1378, 4, 16, 100, 160, 116),
(1380, 4, 17, 101, 132, 1),
(1382, 4, 17, 103, 101, 1),
(1384, 4, 17, 103, 102, 2),
(1386, 4, 17, 103, 100, 3),
(1388, 4, 17, 103, 116, 4),
(1390, 4, 17, 104, 104, 1),
(1392, 4, 17, 104, 106, 2),
(1394, 4, 17, 104, 103, 3),
(1396, 4, 17, 105, 78, 1),
(1398, 4, 17, 105, 79, 2),
(1400, 4, 17, 105, 80, 3),
(1402, 4, 17, 105, 81, 4),
(1404, 4, 17, 105, 92, 5),
(1406, 4, 17, 105, 117, 6),
(1408, 4, 17, 105, 118, 7),
(1410, 4, 17, 105, 98, 8),
(1412, 4, 17, 105, 122, 8),
(1414, 4, 17, 106, 126, 1),
(1416, 4, 17, 106, 84, 2),
(1418, 4, 17, 106, 85, 3),
(1420, 4, 17, 106, 86, 4),
(1422, 4, 17, 107, 87, 1),
(1424, 4, 17, 107, 88, 2),
(1426, 4, 17, 107, 89, 3),
(1428, 4, 17, 107, 154, 4),
(1430, 4, 17, 107, 90, 5),
(1432, 4, 17, 107, 96, 6),
(1434, 4, 17, 108, 123, 1),
(1436, 4, 17, 109, 75, 1),
(1438, 4, 17, 109, 76, 2),
(1440, 4, 17, 110, 97, 1),
(1442, 4, 17, 110, 73, 2),
(1444, 4, 17, 110, 74, 3),
(1446, 4, 17, 110, 120, 4),
(1448, 4, 17, 110, 77, 5),
(1450, 4, 17, 110, 119, 6),
(1452, 4, 17, 110, 91, 6),
(1454, 4, 17, 110, 133, 7),
(1456, 4, 17, 110, 115, 8),
(1458, 4, 17, 110, 82, 9),
(1460, 4, 17, 110, 121, 10),
(1462, 4, 17, 110, 105, 11),
(1464, 4, 17, 110, 127, 11),
(1466, 4, 17, 110, 99, 12),
(1468, 4, 17, 110, 94, 13),
(1470, 4, 17, 110, 107, 14),
(1472, 4, 17, 110, 108, 15),
(1474, 4, 17, 110, 95, 15),
(1476, 4, 17, 110, 109, 16),
(1478, 4, 17, 110, 114, 16),
(1480, 4, 17, 110, 155, 17),
(1482, 4, 17, 110, 110, 17),
(1484, 4, 17, 110, 111, 18),
(1486, 4, 17, 110, 112, 19),
(1488, 4, 17, 110, 113, 20),
(1490, 4, 17, 110, 128, 111),
(1492, 4, 17, 110, 129, 112),
(1494, 4, 17, 110, 130, 113),
(1496, 4, 17, 110, 131, 114),
(1498, 4, 17, 110, 93, 116),
(1500, 4, 17, 110, 161, 118),
(1502, 4, 18, 111, 132, 1),
(1504, 4, 18, 113, 101, 1),
(1506, 4, 18, 113, 102, 2),
(1508, 4, 18, 113, 100, 3),
(1510, 4, 18, 113, 116, 4),
(1512, 4, 18, 114, 104, 1),
(1514, 4, 18, 114, 106, 2),
(1516, 4, 18, 114, 103, 3),
(1518, 4, 18, 115, 78, 1),
(1520, 4, 18, 115, 79, 2),
(1522, 4, 18, 115, 80, 3),
(1524, 4, 18, 115, 81, 4),
(1526, 4, 18, 115, 92, 5),
(1528, 4, 18, 115, 117, 6),
(1530, 4, 18, 115, 118, 7),
(1532, 4, 18, 115, 98, 8),
(1534, 4, 18, 115, 122, 8),
(1536, 4, 18, 116, 126, 1),
(1538, 4, 18, 116, 84, 2),
(1540, 4, 18, 116, 85, 3),
(1542, 4, 18, 116, 86, 4),
(1544, 4, 18, 117, 87, 1),
(1546, 4, 18, 117, 88, 2),
(1548, 4, 18, 117, 89, 3),
(1550, 4, 18, 117, 154, 4),
(1552, 4, 18, 117, 90, 5),
(1554, 4, 18, 117, 96, 6),
(1556, 4, 18, 118, 123, 1),
(1558, 4, 18, 119, 75, 1),
(1560, 4, 18, 119, 76, 2),
(1562, 4, 18, 120, 97, 1),
(1564, 4, 18, 120, 73, 2),
(1566, 4, 18, 120, 74, 3),
(1568, 4, 18, 120, 120, 4),
(1570, 4, 18, 120, 77, 5),
(1572, 4, 18, 120, 119, 6),
(1574, 4, 18, 120, 91, 6),
(1576, 4, 18, 120, 133, 7),
(1578, 4, 18, 120, 115, 8),
(1580, 4, 18, 120, 82, 9),
(1582, 4, 18, 120, 121, 10),
(1584, 4, 18, 120, 105, 11),
(1586, 4, 18, 120, 127, 11),
(1588, 4, 18, 120, 99, 12),
(1590, 4, 18, 120, 94, 13),
(1592, 4, 18, 120, 107, 14),
(1594, 4, 18, 120, 108, 15),
(1596, 4, 18, 120, 95, 15),
(1598, 4, 18, 120, 109, 16),
(1600, 4, 18, 120, 114, 16),
(1602, 4, 18, 120, 155, 17),
(1604, 4, 18, 120, 110, 17),
(1606, 4, 18, 120, 111, 18),
(1608, 4, 18, 120, 112, 19),
(1610, 4, 18, 120, 113, 20),
(1612, 4, 18, 120, 128, 111),
(1614, 4, 18, 120, 129, 112),
(1616, 4, 18, 120, 130, 113),
(1618, 4, 18, 120, 131, 114),
(1620, 4, 18, 120, 162, 116);

-- --------------------------------------------------------

--
