-- Dumping data for table `customer_group`
--

INSERT INTO `customer_group` (`customer_group_id`, `customer_group_code`, `tax_class_id`) VALUES
(0, 'NOT LOGGED IN', 3),
(1, 'General', 3),
(2, 'Wholesale', 3),
(3, 'Retailer', 3);

-- --------------------------------------------------------

--
-- Table structure for table `customer_log`
--

CREATE TABLE `customer_log` (
  `log_id` int(11) NOT NULL COMMENT 'Log ID',
  `customer_id` int(11) NOT NULL COMMENT 'Customer ID',
  `last_login_at` timestamp NULL DEFAULT NULL COMMENT 'Last Login Time',
  `last_logout_at` timestamp NULL DEFAULT NULL COMMENT 'Last Logout Time'
) ENGINE=InnoDB DEFAULT CHARSET=utf8 COMMENT='Customer Log Table';

--
-- Dumping data for table `customer_log`
--

INSERT INTO `customer_log` (`log_id`, `customer_id`, `last_login_at`, `last_logout_at`) VALUES
(1, 3, '2017-12-04 07:21:11', '2017-12-04 07:33:27'),
(2, 4, '2018-02-07 06:37:19', NULL),
(6, 5, '2017-12-06 11:31:20', '2017-12-06 11:22:18'),
(18, 7, '2018-01-17 06:43:03', '2018-01-17 06:43:13'),
(20, 8, '2018-01-17 09:52:36', '2018-01-17 09:56:27');

-- --------------------------------------------------------

--
-- Table structure for table `design_change`
--

CREATE TABLE `design_change` (
  `design_change_id` int(11) NOT NULL COMMENT 'Design Change Id',
  `store_id` smallint(5) UNSIGNED NOT NULL DEFAULT '0' COMMENT 'Store Id',
  `design` varchar(255) DEFAULT NULL COMMENT 'Design',
  `date_from` date DEFAULT NULL COMMENT 'First Date of Design Activity',
  `date_to` date DEFAULT NULL COMMENT 'Last Date of Design Activity'
) ENGINE=InnoDB DEFAULT CHARSET=utf8 COMMENT='Design Changes';

-- --------------------------------------------------------

--
-- Table structure for table `design_config_grid_flat`
--

CREATE TABLE `design_config_grid_flat` (
  `entity_id` int(10) UNSIGNED NOT NULL COMMENT 'Entity ID',
  `store_website_id` int(11) DEFAULT NULL COMMENT 'Store_website_id',
  `store_group_id` int(11) DEFAULT NULL COMMENT 'Store_group_id',
  `store_id` int(11) DEFAULT NULL COMMENT 'Store_id',
  `theme_theme_id` varchar(255) DEFAULT NULL COMMENT 'Theme_theme_id'
) ENGINE=InnoDB DEFAULT CHARSET=utf8 COMMENT='design_config_grid_flat';

--
-- Dumping data for table `design_config_grid_flat`
--

INSERT INTO `design_config_grid_flat` (`entity_id`, `store_website_id`, `store_group_id`, `store_id`, `theme_theme_id`) VALUES
(0, NULL, NULL, NULL, '2'),
(1, 1, NULL, NULL, '2'),
(2, 1, 1, 1, '6');

-- --------------------------------------------------------

--
-- Table structure for table `directory_country`
--

CREATE TABLE `directory_country` (
  `country_id` varchar(2) NOT NULL COMMENT 'Country Id in ISO-2',
  `iso2_code` varchar(2) DEFAULT NULL COMMENT 'Country ISO-2 format',
  `iso3_code` varchar(3) DEFAULT NULL COMMENT 'Country ISO-3'
) ENGINE=InnoDB DEFAULT CHARSET=utf8 COMMENT='Directory Country';

--
-- Dumping data for table `directory_country`
--

INSERT INTO `directory_country` (`country_id`, `iso2_code`, `iso3_code`) VALUES
('AD', 'AD', 'AND'),
('AE', 'AE', 'ARE'),
('AF', 'AF', 'AFG'),
('AG', 'AG', 'ATG'),
('AI', 'AI', 'AIA'),
('AL', 'AL', 'ALB'),
('AM', 'AM', 'ARM'),
('AN', 'AN', 'ANT'),
('AO', 'AO', 'AGO'),
('AQ', 'AQ', 'ATA'),
('AR', 'AR', 'ARG'),
('AS', 'AS', 'ASM'),
('AT', 'AT', 'AUT'),
('AU', 'AU', 'AUS'),
('AW', 'AW', 'ABW'),
('AX', 'AX', 'ALA'),
('AZ', 'AZ', 'AZE'),
('BA', 'BA', 'BIH'),
('BB', 'BB', 'BRB'),
('BD', 'BD', 'BGD'),
('BE', 'BE', 'BEL'),
('BF', 'BF', 'BFA'),
('BG', 'BG', 'BGR'),
('BH', 'BH', 'BHR'),
('BI', 'BI', 'BDI'),
('BJ', 'BJ', 'BEN'),
('BL', 'BL', 'BLM'),
('BM', 'BM', 'BMU'),
('BN', 'BN', 'BRN'),
('BO', 'BO', 'BOL'),
('BR', 'BR', 'BRA'),
('BS', 'BS', 'BHS'),
('BT', 'BT', 'BTN'),
('BV', 'BV', 'BVT'),
('BW', 'BW', 'BWA'),
('BY', 'BY', 'BLR'),
('BZ', 'BZ', 'BLZ'),
('CA', 'CA', 'CAN'),
('CC', 'CC', 'CCK'),
('CD', 'CD', 'COD'),
('CF', 'CF', 'CAF'),
('CG', 'CG', 'COG'),
('CH', 'CH', 'CHE'),
('CI', 'CI', 'CIV'),
('CK', 'CK', 'COK'),
('CL', 'CL', 'CHL'),
('CM', 'CM', 'CMR'),
('CN', 'CN', 'CHN'),
('CO', 'CO', 'COL'),
('CR', 'CR', 'CRI'),
('CU', 'CU', 'CUB'),
('CV', 'CV', 'CPV'),
('CX', 'CX', 'CXR'),
('CY', 'CY', 'CYP'),
('CZ', 'CZ', 'CZE'),
('DE', 'DE', 'DEU'),
('DJ', 'DJ', 'DJI'),
('DK', 'DK', 'DNK'),
('DM', 'DM', 'DMA'),
('DO', 'DO', 'DOM'),
('DZ', 'DZ', 'DZA'),
('EC', 'EC', 'ECU'),
('EE', 'EE', 'EST'),
('EG', 'EG', 'EGY'),
('EH', 'EH', 'ESH'),
('ER', 'ER', 'ERI'),
('ES', 'ES', 'ESP'),
('ET', 'ET', 'ETH'),
('FI', 'FI', 'FIN'),
('FJ', 'FJ', 'FJI'),
('FK', 'FK', 'FLK'),
('FM', 'FM', 'FSM'),
('FO', 'FO', 'FRO'),
('FR', 'FR', 'FRA'),
('GA', 'GA', 'GAB'),
('GB', 'GB', 'GBR'),
('GD', 'GD', 'GRD'),
('GE', 'GE', 'GEO'),
('GF', 'GF', 'GUF'),
('GG', 'GG', 'GGY'),
('GH', 'GH', 'GHA'),
('GI', 'GI', 'GIB'),
('GL', 'GL', 'GRL'),
('GM', 'GM', 'GMB'),
('GN', 'GN', 'GIN'),
('GP', 'GP', 'GLP'),
('GQ', 'GQ', 'GNQ'),
('GR', 'GR', 'GRC'),
('GS', 'GS', 'SGS'),
('GT', 'GT', 'GTM'),
('GU', 'GU', 'GUM'),
('GW', 'GW', 'GNB'),
('GY', 'GY', 'GUY'),
('HK', 'HK', 'HKG'),
('HM', 'HM', 'HMD'),
('HN', 'HN', 'HND'),
('HR', 'HR', 'HRV'),
('HT', 'HT', 'HTI'),
('HU', 'HU', 'HUN'),
('ID', 'ID', 'IDN'),
('IE', 'IE', 'IRL'),
('IL', 'IL', 'ISR'),
('IM', 'IM', 'IMN'),
('IN', 'IN', 'IND'),
('IO', 'IO', 'IOT'),
('IQ', 'IQ', 'IRQ'),
('IR', 'IR', 'IRN'),
('IS', 'IS', 'ISL'),
('IT', 'IT', 'ITA'),
('JE', 'JE', 'JEY'),
('JM', 'JM', 'JAM'),
('JO', 'JO', 'JOR'),
('JP', 'JP', 'JPN'),
('KE', 'KE', 'KEN'),
('KG', 'KG', 'KGZ'),
('KH', 'KH', 'KHM'),
('KI', 'KI', 'KIR'),
('KM', 'KM', 'COM'),
('KN', 'KN', 'KNA'),
('KP', 'KP', 'PRK'),
('KR', 'KR', 'KOR'),
('KW', 'KW', 'KWT'),
('KY', 'KY', 'CYM'),
('KZ', 'KZ', 'KAZ'),
('LA', 'LA', 'LAO'),
('LB', 'LB', 'LBN'),
('LC', 'LC', 'LCA'),
('LI', 'LI', 'LIE'),
('LK', 'LK', 'LKA'),
('LR', 'LR', 'LBR'),
('LS', 'LS', 'LSO'),
('LT', 'LT', 'LTU'),
('LU', 'LU', 'LUX'),
('LV', 'LV', 'LVA'),
('LY', 'LY', 'LBY'),
('MA', 'MA', 'MAR'),
('MC', 'MC', 'MCO'),
('MD', 'MD', 'MDA'),
('ME', 'ME', 'MNE'),
('MF', 'MF', 'MAF'),
('MG', 'MG', 'MDG'),
('MH', 'MH', 'MHL'),
('MK', 'MK', 'MKD'),
('ML', 'ML', 'MLI'),
('MM', 'MM', 'MMR'),
('MN', 'MN', 'MNG'),
('MO', 'MO', 'MAC'),
('MP', 'MP', 'MNP'),
('MQ', 'MQ', 'MTQ'),
('MR', 'MR', 'MRT'),
('MS', 'MS', 'MSR'),
('MT', 'MT', 'MLT'),
('MU', 'MU', 'MUS'),
('MV', 'MV', 'MDV'),
('MW', 'MW', 'MWI'),
('MX', 'MX', 'MEX'),
('MY', 'MY', 'MYS'),
('MZ', 'MZ', 'MOZ'),
('NA', 'NA', 'NAM'),
('NC', 'NC', 'NCL'),
('NE', 'NE', 'NER'),
('NF', 'NF', 'NFK'),
('NG', 'NG', 'NGA'),
('NI', 'NI', 'NIC'),
('NL', 'NL', 'NLD'),
('NO', 'NO', 'NOR'),
('NP', 'NP', 'NPL'),
('NR', 'NR', 'NRU'),
('NU', 'NU', 'NIU'),
('NZ', 'NZ', 'NZL'),
('OM', 'OM', 'OMN'),
('PA', 'PA', 'PAN'),
('PE', 'PE', 'PER'),
('PF', 'PF', 'PYF'),
('PG', 'PG', 'PNG'),
('PH', 'PH', 'PHL'),
('PK', 'PK', 'PAK'),
('PL', 'PL', 'POL'),
('PM', 'PM', 'SPM'),
('PN', 'PN', 'PCN'),
('PS', 'PS', 'PSE'),
('PT', 'PT', 'PRT'),
('PW', 'PW', 'PLW'),
('PY', 'PY', 'PRY'),
('QA', 'QA', 'QAT'),
('RE', 'RE', 'REU'),
('RO', 'RO', 'ROU'),
('RS', 'RS', 'SRB'),
('RU', 'RU', 'RUS'),
('RW', 'RW', 'RWA'),
('SA', 'SA', 'SAU'),
('SB', 'SB', 'SLB'),
('SC', 'SC', 'SYC'),
('SD', 'SD', 'SDN'),
('SE', 'SE', 'SWE'),
('SG', 'SG', 'SGP'),
('SH', 'SH', 'SHN'),
('SI', 'SI', 'SVN'),
('SJ', 'SJ', 'SJM'),
('SK', 'SK', 'SVK'),
('SL', 'SL', 'SLE'),
('SM', 'SM', 'SMR'),
('SN', 'SN', 'SEN'),
('SO', 'SO', 'SOM'),
('SR', 'SR', 'SUR'),
('ST', 'ST', 'STP'),
('SV', 'SV', 'SLV'),
('SY', 'SY', 'SYR'),
('SZ', 'SZ', 'SWZ'),
('TC', 'TC', 'TCA'),
('TD', 'TD', 'TCD'),
('TF', 'TF', 'ATF'),
('TG', 'TG', 'TGO'),
('TH', 'TH', 'THA'),
('TJ', 'TJ', 'TJK'),
('TK', 'TK', 'TKL'),
('TL', 'TL', 'TLS'),
('TM', 'TM', 'TKM'),
('TN', 'TN', 'TUN'),
('TO', 'TO', 'TON'),
('TR', 'TR', 'TUR'),
('TT', 'TT', 'TTO'),
('TV', 'TV', 'TUV'),
('TW', 'TW', 'TWN'),
('TZ', 'TZ', 'TZA'),
('UA', 'UA', 'UKR'),
('UG', 'UG', 'UGA'),
('UM', 'UM', 'UMI'),
('US', 'US', 'USA'),
('UY', 'UY', 'URY'),
('UZ', 'UZ', 'UZB'),
('VA', 'VA', 'VAT'),
('VC', 'VC', 'VCT'),
('VE', 'VE', 'VEN'),
('VG', 'VG', 'VGB'),
('VI', 'VI', 'VIR'),
('VN', 'VN', 'VNM'),
('VU', 'VU', 'VUT'),
('WF', 'WF', 'WLF'),
('WS', 'WS', 'WSM'),
('YE', 'YE', 'YEM'),
('YT', 'YT', 'MYT'),
('ZA', 'ZA', 'ZAF'),
('ZM', 'ZM', 'ZMB'),
('ZW', 'ZW', 'ZWE');

-- --------------------------------------------------------

--
-- Table structure for table `directory_country_format`
--

CREATE TABLE `directory_country_format` (
  `country_format_id` int(10) UNSIGNED NOT NULL COMMENT 'Country Format Id',
  `country_id` varchar(2) DEFAULT NULL COMMENT 'Country Id in ISO-2',
  `type` varchar(30) DEFAULT NULL COMMENT 'Country Format Type',
  `format` text NOT NULL COMMENT 'Country Format'
) ENGINE=InnoDB DEFAULT CHARSET=utf8 COMMENT='Directory Country Format';

-- --------------------------------------------------------

--
-- Table structure for table `directory_country_region`
--

CREATE TABLE `directory_country_region` (
  `region_id` int(10) UNSIGNED NOT NULL COMMENT 'Region Id',
  `country_id` varchar(4) NOT NULL DEFAULT '0' COMMENT 'Country Id in ISO-2',
  `code` varchar(32) DEFAULT NULL COMMENT 'Region code',
  `default_name` varchar(255) DEFAULT NULL COMMENT 'Region Name'
) ENGINE=InnoDB DEFAULT CHARSET=utf8 COMMENT='Directory Country Region';

--
-- Dumping data for table `directory_country_region`
--

INSERT INTO `directory_country_region` (`region_id`, `country_id`, `code`, `default_name`) VALUES
(1, 'US', 'AL', 'Alabama'),
(2, 'US', 'AK', 'Alaska'),
(3, 'US', 'AS', 'American Samoa'),
(4, 'US', 'AZ', 'Arizona'),
(5, 'US', 'AR', 'Arkansas'),
(6, 'US', 'AE', 'Armed Forces Africa'),
(7, 'US', 'AA', 'Armed Forces Americas'),
(8, 'US', 'AE', 'Armed Forces Canada'),
(9, 'US', 'AE', 'Armed Forces Europe'),
(10, 'US', 'AE', 'Armed Forces Middle East'),
(11, 'US', 'AP', 'Armed Forces Pacific'),
(12, 'US', 'CA', 'California'),
(13, 'US', 'CO', 'Colorado'),
(14, 'US', 'CT', 'Connecticut'),
(15, 'US', 'DE', 'Delaware'),
(16, 'US', 'DC', 'District of Columbia'),
(17, 'US', 'FM', 'Federated States Of Micronesia'),
(18, 'US', 'FL', 'Florida'),
(19, 'US', 'GA', 'Georgia'),
(20, 'US', 'GU', 'Guam'),
(21, 'US', 'HI', 'Hawaii'),
(22, 'US', 'ID', 'Idaho'),
(23, 'US', 'IL', 'Illinois'),
(24, 'US', 'IN', 'Indiana'),
(25, 'US', 'IA', 'Iowa'),
(26, 'US', 'KS', 'Kansas'),
(27, 'US', 'KY', 'Kentucky'),
(28, 'US', 'LA', 'Louisiana'),
(29, 'US', 'ME', 'Maine'),
(30, 'US', 'MH', 'Marshall Islands'),
(31, 'US', 'MD', 'Maryland'),
(32, 'US', 'MA', 'Massachusetts'),
(33, 'US', 'MI', 'Michigan'),
(34, 'US', 'MN', 'Minnesota'),
(35, 'US', 'MS', 'Mississippi'),
(36, 'US', 'MO', 'Missouri'),
(37, 'US', 'MT', 'Montana'),
(38, 'US', 'NE', 'Nebraska'),
(39, 'US', 'NV', 'Nevada'),
(40, 'US', 'NH', 'New Hampshire'),
(41, 'US', 'NJ', 'New Jersey'),
(42, 'US', 'NM', 'New Mexico'),
(43, 'US', 'NY', 'New York'),
(44, 'US', 'NC', 'North Carolina'),
(45, 'US', 'ND', 'North Dakota'),
(46, 'US', 'MP', 'Northern Mariana Islands'),
(47, 'US', 'OH', 'Ohio'),
(48, 'US', 'OK', 'Oklahoma'),
(49, 'US', 'OR', 'Oregon'),
(50, 'US', 'PW', 'Palau'),
(51, 'US', 'PA', 'Pennsylvania'),
(52, 'US', 'PR', 'Puerto Rico'),
(53, 'US', 'RI', 'Rhode Island'),
(54, 'US', 'SC', 'South Carolina'),
(55, 'US', 'SD', 'South Dakota'),
(56, 'US', 'TN', 'Tennessee'),
(57, 'US', 'TX', 'Texas'),
(58, 'US', 'UT', 'Utah'),
(59, 'US', 'VT', 'Vermont'),
(60, 'US', 'VI', 'Virgin Islands'),
(61, 'US', 'VA', 'Virginia'),
(62, 'US', 'WA', 'Washington'),
(63, 'US', 'WV', 'West Virginia'),
(64, 'US', 'WI', 'Wisconsin'),
(65, 'US', 'WY', 'Wyoming'),
(66, 'CA', 'AB', 'Alberta'),
(67, 'CA', 'BC', 'British Columbia'),
(68, 'CA', 'MB', 'Manitoba'),
(69, 'CA', 'NL', 'Newfoundland and Labrador'),
(70, 'CA', 'NB', 'New Brunswick'),
(71, 'CA', 'NS', 'Nova Scotia'),
(72, 'CA', 'NT', 'Northwest Territories'),
(73, 'CA', 'NU', 'Nunavut'),
(74, 'CA', 'ON', 'Ontario'),
(75, 'CA', 'PE', 'Prince Edward Island'),
(76, 'CA', 'QC', 'Quebec'),
(77, 'CA', 'SK', 'Saskatchewan'),
(78, 'CA', 'YT', 'Yukon Territory'),
(79, 'DE', 'NDS', 'Niedersachsen'),
(80, 'DE', 'BAW', 'Baden-Württemberg'),
(81, 'DE', 'BAY', 'Bayern'),
(82, 'DE', 'BER', 'Berlin'),
(83, 'DE', 'BRG', 'Brandenburg'),
(84, 'DE', 'BRE', 'Bremen'),
(85, 'DE', 'HAM', 'Hamburg'),
(86, 'DE', 'HES', 'Hessen'),
(87, 'DE', 'MEC', 'Mecklenburg-Vorpommern'),
(88, 'DE', 'NRW', 'Nordrhein-Westfalen'),
(89, 'DE', 'RHE', 'Rheinland-Pfalz'),
(90, 'DE', 'SAR', 'Saarland'),
(91, 'DE', 'SAS', 'Sachsen'),
(92, 'DE', 'SAC', 'Sachsen-Anhalt'),
(93, 'DE', 'SCN', 'Schleswig-Holstein'),
(94, 'DE', 'THE', 'Thüringen'),
(95, 'AT', 'WI', 'Wien'),
(96, 'AT', 'NO', 'Niederösterreich'),
(97, 'AT', 'OO', 'Oberösterreich'),
(98, 'AT', 'SB', 'Salzburg'),
(99, 'AT', 'KN', 'Kärnten'),
(100, 'AT', 'ST', 'Steiermark'),
(101, 'AT', 'TI', 'Tirol'),
(102, 'AT', 'BL', 'Burgenland'),
(103, 'AT', 'VB', 'Vorarlberg'),
(104, 'CH', 'AG', 'Aargau'),
(105, 'CH', 'AI', 'Appenzell Innerrhoden'),
(106, 'CH', 'AR', 'Appenzell Ausserrhoden'),
(107, 'CH', 'BE', 'Bern'),
(108, 'CH', 'BL', 'Basel-Landschaft'),
(109, 'CH', 'BS', 'Basel-Stadt'),
(110, 'CH', 'FR', 'Freiburg'),
(111, 'CH', 'GE', 'Genf'),
(112, 'CH', 'GL', 'Glarus'),
(113, 'CH', 'GR', 'Graubünden'),
(114, 'CH', 'JU', 'Jura'),
(115, 'CH', 'LU', 'Luzern'),
(116, 'CH', 'NE', 'Neuenburg'),
(117, 'CH', 'NW', 'Nidwalden'),
(118, 'CH', 'OW', 'Obwalden'),
(119, 'CH', 'SG', 'St. Gallen'),
(120, 'CH', 'SH', 'Schaffhausen'),
(121, 'CH', 'SO', 'Solothurn'),
(122, 'CH', 'SZ', 'Schwyz'),
(123, 'CH', 'TG', 'Thurgau'),
(124, 'CH', 'TI', 'Tessin'),
(125, 'CH', 'UR', 'Uri'),
(126, 'CH', 'VD', 'Waadt'),
(127, 'CH', 'VS', 'Wallis'),
(128, 'CH', 'ZG', 'Zug'),
(129, 'CH', 'ZH', 'Zürich'),
(130, 'ES', 'A Coruсa', 'A Coruña'),
(131, 'ES', 'Alava', 'Alava'),
(132, 'ES', 'Albacete', 'Albacete'),
(133, 'ES', 'Alicante', 'Alicante'),
(134, 'ES', 'Almeria', 'Almeria'),
(135, 'ES', 'Asturias', 'Asturias'),
(136, 'ES', 'Avila', 'Avila'),
(137, 'ES', 'Badajoz', 'Badajoz'),
(138, 'ES', 'Baleares', 'Baleares'),
(139, 'ES', 'Barcelona', 'Barcelona'),
(140, 'ES', 'Burgos', 'Burgos'),
(141, 'ES', 'Caceres', 'Caceres'),
(142, 'ES', 'Cadiz', 'Cadiz'),
(143, 'ES', 'Cantabria', 'Cantabria'),
(144, 'ES', 'Castellon', 'Castellon'),
(145, 'ES', 'Ceuta', 'Ceuta'),
(146, 'ES', 'Ciudad Real', 'Ciudad Real'),
(147, 'ES', 'Cordoba', 'Cordoba'),
(148, 'ES', 'Cuenca', 'Cuenca'),
(149, 'ES', 'Girona', 'Girona'),
(150, 'ES', 'Granada', 'Granada'),
(151, 'ES', 'Guadalajara', 'Guadalajara'),
(152, 'ES', 'Guipuzcoa', 'Guipuzcoa'),
(153, 'ES', 'Huelva', 'Huelva'),
(154, 'ES', 'Huesca', 'Huesca'),
(155, 'ES', 'Jaen', 'Jaen'),
(156, 'ES', 'La Rioja', 'La Rioja'),
(157, 'ES', 'Las Palmas', 'Las Palmas'),
(158, 'ES', 'Leon', 'Leon'),
(159, 'ES', 'Lleida', 'Lleida'),
(160, 'ES', 'Lugo', 'Lugo'),
(161, 'ES', 'Madrid', 'Madrid'),
(162, 'ES', 'Malaga', 'Malaga'),
(163, 'ES', 'Melilla', 'Melilla'),
(164, 'ES', 'Murcia', 'Murcia'),
(165, 'ES', 'Navarra', 'Navarra'),
(166, 'ES', 'Ourense', 'Ourense'),
(167, 'ES', 'Palencia', 'Palencia'),
(168, 'ES', 'Pontevedra', 'Pontevedra'),
(169, 'ES', 'Salamanca', 'Salamanca'),
(170, 'ES', 'Santa Cruz de Tenerife', 'Santa Cruz de Tenerife'),
(171, 'ES', 'Segovia', 'Segovia'),
(172, 'ES', 'Sevilla', 'Sevilla'),
(173, 'ES', 'Soria', 'Soria'),
(174, 'ES', 'Tarragona', 'Tarragona'),
(175, 'ES', 'Teruel', 'Teruel'),
(176, 'ES', 'Toledo', 'Toledo'),
(177, 'ES', 'Valencia', 'Valencia'),
(178, 'ES', 'Valladolid', 'Valladolid'),
(179, 'ES', 'Vizcaya', 'Vizcaya'),
(180, 'ES', 'Zamora', 'Zamora'),
(181, 'ES', 'Zaragoza', 'Zaragoza'),
(182, 'FR', '1', 'Ain'),
(183, 'FR', '2', 'Aisne'),
(184, 'FR', '3', 'Allier'),
(185, 'FR', '4', 'Alpes-de-Haute-Provence'),
(186, 'FR', '5', 'Hautes-Alpes'),
(187, 'FR', '6', 'Alpes-Maritimes'),
(188, 'FR', '7', 'Ardèche'),
(189, 'FR', '8', 'Ardennes'),
(190, 'FR', '9', 'Ariège'),
(191, 'FR', '10', 'Aube'),
(192, 'FR', '11', 'Aude'),
(193, 'FR', '12', 'Aveyron'),
(194, 'FR', '13', 'Bouches-du-Rhône'),
(195, 'FR', '14', 'Calvados'),
(196, 'FR', '15', 'Cantal'),
(197, 'FR', '16', 'Charente'),
(198, 'FR', '17', 'Charente-Maritime'),
(199, 'FR', '18', 'Cher'),
(200, 'FR', '19', 'Corrèze'),
(201, 'FR', '2A', 'Corse-du-Sud'),
(202, 'FR', '2B', 'Haute-Corse'),
(203, 'FR', '21', 'Côte-d\'Or'),
(204, 'FR', '22', 'Côtes-d\'Armor'),
(205, 'FR', '23', 'Creuse'),
(206, 'FR', '24', 'Dordogne'),
(207, 'FR', '25', 'Doubs'),
(208, 'FR', '26', 'Drôme'),
(209, 'FR', '27', 'Eure'),
(210, 'FR', '28', 'Eure-et-Loir'),
(211, 'FR', '29', 'Finistère'),
(212, 'FR', '30', 'Gard'),
(213, 'FR', '31', 'Haute-Garonne'),
(214, 'FR', '32', 'Gers'),
(215, 'FR', '33', 'Gironde'),
(216, 'FR', '34', 'Hérault'),
(217, 'FR', '35', 'Ille-et-Vilaine'),
(218, 'FR', '36', 'Indre'),
(219, 'FR', '37', 'Indre-et-Loire'),
(220, 'FR', '38', 'Isère'),
(221, 'FR', '39', 'Jura'),
(222, 'FR', '40', 'Landes'),
(223, 'FR', '41', 'Loir-et-Cher'),
(224, 'FR', '42', 'Loire'),
(225, 'FR', '43', 'Haute-Loire'),
(226, 'FR', '44', 'Loire-Atlantique'),
(227, 'FR', '45', 'Loiret'),
(228, 'FR', '46', 'Lot'),
(229, 'FR', '47', 'Lot-et-Garonne'),
(230, 'FR', '48', 'Lozère'),
(231, 'FR', '49', 'Maine-et-Loire'),
(232, 'FR', '50', 'Manche'),
(233, 'FR', '51', 'Marne'),
(234, 'FR', '52', 'Haute-Marne'),
(235, 'FR', '53', 'Mayenne'),
(236, 'FR', '54', 'Meurthe-et-Moselle'),
(237, 'FR', '55', 'Meuse'),
(238, 'FR', '56', 'Morbihan'),
(239, 'FR', '57', 'Moselle'),
(240, 'FR', '58', 'Nièvre'),
(241, 'FR', '59', 'Nord'),
(242, 'FR', '60', 'Oise'),
(243, 'FR', '61', 'Orne'),
(244, 'FR', '62', 'Pas-de-Calais'),
(245, 'FR', '63', 'Puy-de-Dôme'),
(246, 'FR', '64', 'Pyrénées-Atlantiques'),
(247, 'FR', '65', 'Hautes-Pyrénées'),
(248, 'FR', '66', 'Pyrénées-Orientales'),
(249, 'FR', '67', 'Bas-Rhin'),
(250, 'FR', '68', 'Haut-Rhin'),
(251, 'FR', '69', 'Rhône'),
(252, 'FR', '70', 'Haute-Saône'),
(253, 'FR', '71', 'Saône-et-Loire'),
(254, 'FR', '72', 'Sarthe'),
(255, 'FR', '73', 'Savoie'),
(256, 'FR', '74', 'Haute-Savoie'),
(257, 'FR', '75', 'Paris'),
(258, 'FR', '76', 'Seine-Maritime'),
(259, 'FR', '77', 'Seine-et-Marne'),
(260, 'FR', '78', 'Yvelines'),
(261, 'FR', '79', 'Deux-Sèvres'),
(262, 'FR', '80', 'Somme'),
(263, 'FR', '81', 'Tarn'),
(264, 'FR', '82', 'Tarn-et-Garonne'),
(265, 'FR', '83', 'Var'),
(266, 'FR', '84', 'Vaucluse'),
(267, 'FR', '85', 'Vendée'),
(268, 'FR', '86', 'Vienne'),
(269, 'FR', '87', 'Haute-Vienne'),
(270, 'FR', '88', 'Vosges'),
(271, 'FR', '89', 'Yonne'),
(272, 'FR', '90', 'Territoire-de-Belfort'),
(273, 'FR', '91', 'Essonne'),
(274, 'FR', '92', 'Hauts-de-Seine'),
(275, 'FR', '93', 'Seine-Saint-Denis'),
(276, 'FR', '94', 'Val-de-Marne'),
(277, 'FR', '95', 'Val-d\'Oise'),
(278, 'RO', 'AB', 'Alba'),
(279, 'RO', 'AR', 'Arad'),
(280, 'RO', 'AG', 'Argeş'),
(281, 'RO', 'BC', 'Bacău'),
(282, 'RO', 'BH', 'Bihor'),
(283, 'RO', 'BN', 'Bistriţa-Năsăud'),
(284, 'RO', 'BT', 'Botoşani'),
(285, 'RO', 'BV', 'Braşov'),
(286, 'RO', 'BR', 'Brăila'),
(287, 'RO', 'B', 'Bucureşti'),
(288, 'RO', 'BZ', 'Buzău'),
(289, 'RO', 'CS', 'Caraş-Severin'),
(290, 'RO', 'CL', 'Călăraşi'),
(291, 'RO', 'CJ', 'Cluj'),
(292, 'RO', 'CT', 'Constanţa'),
(293, 'RO', 'CV', 'Covasna'),
(294, 'RO', 'DB', 'Dâmboviţa'),
(295, 'RO', 'DJ', 'Dolj'),
(296, 'RO', 'GL', 'Galaţi'),
(297, 'RO', 'GR', 'Giurgiu'),
(298, 'RO', 'GJ', 'Gorj'),
(299, 'RO', 'HR', 'Harghita'),
(300, 'RO', 'HD', 'Hunedoara'),
(301, 'RO', 'IL', 'Ialomiţa'),
(302, 'RO', 'IS', 'Iaşi'),
(303, 'RO', 'IF', 'Ilfov'),
(304, 'RO', 'MM', 'Maramureş'),
(305, 'RO', 'MH', 'Mehedinţi'),
(306, 'RO', 'MS', 'Mureş'),
(307, 'RO', 'NT', 'Neamţ'),
(308, 'RO', 'OT', 'Olt'),
(309, 'RO', 'PH', 'Prahova'),
(310, 'RO', 'SM', 'Satu-Mare'),
(311, 'RO', 'SJ', 'Sălaj'),
(312, 'RO', 'SB', 'Sibiu'),
(313, 'RO', 'SV', 'Suceava'),
(314, 'RO', 'TR', 'Teleorman'),
(315, 'RO', 'TM', 'Timiş'),
(316, 'RO', 'TL', 'Tulcea'),
(317, 'RO', 'VS', 'Vaslui'),
(318, 'RO', 'VL', 'Vâlcea'),
(319, 'RO', 'VN', 'Vrancea'),
(320, 'FI', 'Lappi', 'Lappi'),
(321, 'FI', 'Pohjois-Pohjanmaa', 'Pohjois-Pohjanmaa'),
(322, 'FI', 'Kainuu', 'Kainuu'),
(323, 'FI', 'Pohjois-Karjala', 'Pohjois-Karjala'),
(324, 'FI', 'Pohjois-Savo', 'Pohjois-Savo'),
(325, 'FI', 'Etelä-Savo', 'Etelä-Savo'),
(326, 'FI', 'Etelä-Pohjanmaa', 'Etelä-Pohjanmaa'),
(327, 'FI', 'Pohjanmaa', 'Pohjanmaa'),
(328, 'FI', 'Pirkanmaa', 'Pirkanmaa'),
(329, 'FI', 'Satakunta', 'Satakunta'),
(330, 'FI', 'Keski-Pohjanmaa', 'Keski-Pohjanmaa'),
(331, 'FI', 'Keski-Suomi', 'Keski-Suomi'),
(332, 'FI', 'Varsinais-Suomi', 'Varsinais-Suomi'),
(333, 'FI', 'Etelä-Karjala', 'Etelä-Karjala'),
(334, 'FI', 'Päijät-Häme', 'Päijät-Häme'),
(335, 'FI', 'Kanta-Häme', 'Kanta-Häme'),
(336, 'FI', 'Uusimaa', 'Uusimaa'),
(337, 'FI', 'Itä-Uusimaa', 'Itä-Uusimaa'),
(338, 'FI', 'Kymenlaakso', 'Kymenlaakso'),
(339, 'FI', 'Ahvenanmaa', 'Ahvenanmaa'),
(340, 'EE', 'EE-37', 'Harjumaa'),
(341, 'EE', 'EE-39', 'Hiiumaa'),
(342, 'EE', 'EE-44', 'Ida-Virumaa'),
(343, 'EE', 'EE-49', 'Jõgevamaa'),
(344, 'EE', 'EE-51', 'Järvamaa'),
(345, 'EE', 'EE-57', 'Läänemaa'),
(346, 'EE', 'EE-59', 'Lääne-Virumaa'),
(347, 'EE', 'EE-65', 'Põlvamaa'),
(348, 'EE', 'EE-67', 'Pärnumaa'),
(349, 'EE', 'EE-70', 'Raplamaa'),
(350, 'EE', 'EE-74', 'Saaremaa'),
(351, 'EE', 'EE-78', 'Tartumaa'),
(352, 'EE', 'EE-82', 'Valgamaa'),
(353, 'EE', 'EE-84', 'Viljandimaa'),
(354, 'EE', 'EE-86', 'Võrumaa'),
(355, 'LV', 'LV-DGV', 'Daugavpils'),
(356, 'LV', 'LV-JEL', 'Jelgava'),
(357, 'LV', 'Jēkabpils', 'Jēkabpils'),
(358, 'LV', 'LV-JUR', 'Jūrmala'),
(359, 'LV', 'LV-LPX', 'Liepāja'),
(360, 'LV', 'LV-LE', 'Liepājas novads'),
(361, 'LV', 'LV-REZ', 'Rēzekne'),
(362, 'LV', 'LV-RIX', 'Rīga'),
(363, 'LV', 'LV-RI', 'Rīgas novads'),
(364, 'LV', 'Valmiera', 'Valmiera'),
(365, 'LV', 'LV-VEN', 'Ventspils'),
(366, 'LV', 'Aglonas novads', 'Aglonas novads'),
(367, 'LV', 'LV-AI', 'Aizkraukles novads'),
(368, 'LV', 'Aizputes novads', 'Aizputes novads'),
(369, 'LV', 'Aknīstes novads', 'Aknīstes novads'),
(370, 'LV', 'Alojas novads', 'Alojas novads'),
(371, 'LV', 'Alsungas novads', 'Alsungas novads'),
(372, 'LV', 'LV-AL', 'Alūksnes novads'),
(373, 'LV', 'Amatas novads', 'Amatas novads'),
(374, 'LV', 'Apes novads', 'Apes novads'),
(375, 'LV', 'Auces novads', 'Auces novads'),
(376, 'LV', 'Babītes novads', 'Babītes novads'),
(377, 'LV', 'Baldones novads', 'Baldones novads'),
(378, 'LV', 'Baltinavas novads', 'Baltinavas novads'),
(379, 'LV', 'LV-BL', 'Balvu novads'),
(380, 'LV', 'LV-BU', 'Bauskas novads'),
(381, 'LV', 'Beverīnas novads', 'Beverīnas novads'),
(382, 'LV', 'Brocēnu novads', 'Brocēnu novads'),
(383, 'LV', 'Burtnieku novads', 'Burtnieku novads'),
(384, 'LV', 'Carnikavas novads', 'Carnikavas novads'),
(385, 'LV', 'Cesvaines novads', 'Cesvaines novads'),
(386, 'LV', 'Ciblas novads', 'Ciblas novads'),
(387, 'LV', 'LV-CE', 'Cēsu novads'),
(388, 'LV', 'Dagdas novads', 'Dagdas novads'),
(389, 'LV', 'LV-DA', 'Daugavpils novads'),
(390, 'LV', 'LV-DO', 'Dobeles novads'),
(391, 'LV', 'Dundagas novads', 'Dundagas novads'),
(392, 'LV', 'Durbes novads', 'Durbes novads'),
(393, 'LV', 'Engures novads', 'Engures novads'),
(394, 'LV', 'Garkalnes novads', 'Garkalnes novads'),
(395, 'LV', 'Grobiņas novads', 'Grobiņas novads'),
(396, 'LV', 'LV-GU', 'Gulbenes novads'),
(397, 'LV', 'Iecavas novads', 'Iecavas novads'),
(398, 'LV', 'Ikšķiles novads', 'Ikšķiles novads'),
(399, 'LV', 'Ilūkstes novads', 'Ilūkstes novads'),
(400, 'LV', 'Inčukalna novads', 'Inčukalna novads'),
(401, 'LV', 'Jaunjelgavas novads', 'Jaunjelgavas novads'),
(402, 'LV', 'Jaunpiebalgas novads', 'Jaunpiebalgas novads'),
(403, 'LV', 'Jaunpils novads', 'Jaunpils novads'),
(404, 'LV', 'LV-JL', 'Jelgavas novads'),
(405, 'LV', 'LV-JK', 'Jēkabpils novads'),
(406, 'LV', 'Kandavas novads', 'Kandavas novads'),
(407, 'LV', 'Kokneses novads', 'Kokneses novads'),
(408, 'LV', 'Krimuldas novads', 'Krimuldas novads'),
(409, 'LV', 'Krustpils novads', 'Krustpils novads'),
(410, 'LV', 'LV-KR', 'Krāslavas novads'),
(411, 'LV', 'LV-KU', 'Kuldīgas novads'),
(412, 'LV', 'Kārsavas novads', 'Kārsavas novads'),
(413, 'LV', 'Lielvārdes novads', 'Lielvārdes novads'),
(414, 'LV', 'LV-LM', 'Limbažu novads'),
(415, 'LV', 'Lubānas novads', 'Lubānas novads'),
(416, 'LV', 'LV-LU', 'Ludzas novads'),
(417, 'LV', 'Līgatnes novads', 'Līgatnes novads'),
(418, 'LV', 'Līvānu novads', 'Līvānu novads'),
(419, 'LV', 'LV-MA', 'Madonas novads'),
(420, 'LV', 'Mazsalacas novads', 'Mazsalacas novads'),
(421, 'LV', 'Mālpils novads', 'Mālpils novads'),
(422, 'LV', 'Mārupes novads', 'Mārupes novads'),
(423, 'LV', 'Naukšēnu novads', 'Naukšēnu novads'),
(424, 'LV', 'Neretas novads', 'Neretas novads'),
(425, 'LV', 'Nīcas novads', 'Nīcas novads'),
(426, 'LV', 'LV-OG', 'Ogres novads'),
(427, 'LV', 'Olaines novads', 'Olaines novads'),
(428, 'LV', 'Ozolnieku novads', 'Ozolnieku novads'),
(429, 'LV', 'LV-PR', 'Preiļu novads'),
(430, 'LV', 'Priekules novads', 'Priekules novads'),
(431, 'LV', 'Priekuļu novads', 'Priekuļu novads'),
(432, 'LV', 'Pārgaujas novads', 'Pārgaujas novads'),
(433, 'LV', 'Pāvilostas novads', 'Pāvilostas novads'),
(434, 'LV', 'Pļaviņu novads', 'Pļaviņu novads'),
(435, 'LV', 'Raunas novads', 'Raunas novads'),
(436, 'LV', 'Riebiņu novads', 'Riebiņu novads'),
(437, 'LV', 'Rojas novads', 'Rojas novads'),
(438, 'LV', 'Ropažu novads', 'Ropažu novads'),
(439, 'LV', 'Rucavas novads', 'Rucavas novads'),
(440, 'LV', 'Rugāju novads', 'Rugāju novads'),
(441, 'LV', 'Rundāles novads', 'Rundāles novads'),
(442, 'LV', 'LV-RE', 'Rēzeknes novads'),
(443, 'LV', 'Rūjienas novads', 'Rūjienas novads'),
(444, 'LV', 'Salacgrīvas novads', 'Salacgrīvas novads'),
(445, 'LV', 'Salas novads', 'Salas novads'),
(446, 'LV', 'Salaspils novads', 'Salaspils novads'),
(447, 'LV', 'LV-SA', 'Saldus novads'),
(448, 'LV', 'Saulkrastu novads', 'Saulkrastu novads'),
(449, 'LV', 'Siguldas novads', 'Siguldas novads'),
(450, 'LV', 'Skrundas novads', 'Skrundas novads'),
(451, 'LV', 'Skrīveru novads', 'Skrīveru novads'),
(452, 'LV', 'Smiltenes novads', 'Smiltenes novads'),
(453, 'LV', 'Stopiņu novads', 'Stopiņu novads'),
(454, 'LV', 'Strenču novads', 'Strenču novads'),
(455, 'LV', 'Sējas novads', 'Sējas novads'),
(456, 'LV', 'LV-TA', 'Talsu novads'),
(457, 'LV', 'LV-TU', 'Tukuma novads'),
(458, 'LV', 'Tērvetes novads', 'Tērvetes novads'),
(459, 'LV', 'Vaiņodes novads', 'Vaiņodes novads'),
(460, 'LV', 'LV-VK', 'Valkas novads'),
(461, 'LV', 'LV-VM', 'Valmieras novads'),
(462, 'LV', 'Varakļānu novads', 'Varakļānu novads'),
(463, 'LV', 'Vecpiebalgas novads', 'Vecpiebalgas novads'),
(464, 'LV', 'Vecumnieku novads', 'Vecumnieku novads'),
(465, 'LV', 'LV-VE', 'Ventspils novads'),
(466, 'LV', 'Viesītes novads', 'Viesītes novads'),
(467, 'LV', 'Viļakas novads', 'Viļakas novads'),
(468, 'LV', 'Viļānu novads', 'Viļānu novads'),
(469, 'LV', 'Vārkavas novads', 'Vārkavas novads'),
(470, 'LV', 'Zilupes novads', 'Zilupes novads'),
(471, 'LV', 'Ādažu novads', 'Ādažu novads'),
(472, 'LV', 'Ērgļu novads', 'Ērgļu novads'),
(473, 'LV', 'Ķeguma novads', 'Ķeguma novads'),
(474, 'LV', 'Ķekavas novads', 'Ķekavas novads'),
(475, 'LT', 'LT-AL', 'Alytaus Apskritis'),
(476, 'LT', 'LT-KU', 'Kauno Apskritis'),
(477, 'LT', 'LT-KL', 'Klaipėdos Apskritis'),
(478, 'LT', 'LT-MR', 'Marijampolės Apskritis'),
(479, 'LT', 'LT-PN', 'Panevėžio Apskritis'),
(480, 'LT', 'LT-SA', 'Šiaulių Apskritis'),
(481, 'LT', 'LT-TA', 'Tauragės Apskritis'),
(482, 'LT', 'LT-TE', 'Telšių Apskritis'),
(483, 'LT', 'LT-UT', 'Utenos Apskritis'),
(484, 'LT', 'LT-VL', 'Vilniaus Apskritis'),
(485, 'BR', 'AC', 'Acre'),
(486, 'BR', 'AL', 'Alagoas'),
(487, 'BR', 'AP', 'Amapá'),
(488, 'BR', 'AM', 'Amazonas'),
(489, 'BR', 'BA', 'Bahia'),
(490, 'BR', 'CE', 'Ceará'),
(491, 'BR', 'ES', 'Espírito Santo'),
(492, 'BR', 'GO', 'Goiás'),
(493, 'BR', 'MA', 'Maranhão'),
(494, 'BR', 'MT', 'Mato Grosso'),
(495, 'BR', 'MS', 'Mato Grosso do Sul'),
(496, 'BR', 'MG', 'Minas Gerais'),
(497, 'BR', 'PA', 'Pará'),
(498, 'BR', 'PB', 'Paraíba'),
(499, 'BR', 'PR', 'Paraná'),
(500, 'BR', 'PE', 'Pernambuco'),
(501, 'BR', 'PI', 'Piauí'),
(502, 'BR', 'RJ', 'Rio de Janeiro'),
(503, 'BR', 'RN', 'Rio Grande do Norte'),
(504, 'BR', 'RS', 'Rio Grande do Sul'),
(505, 'BR', 'RO', 'Rondônia'),
(506, 'BR', 'RR', 'Roraima'),
(507, 'BR', 'SC', 'Santa Catarina'),
(508, 'BR', 'SP', 'São Paulo'),
(509, 'BR', 'SE', 'Sergipe'),
(510, 'BR', 'TO', 'Tocantins'),
(511, 'BR', 'DF', 'Distrito Federal');

-- --------------------------------------------------------

--
-- Table structure for table `directory_country_region_name`
--

CREATE TABLE `directory_country_region_name` (
  `locale` varchar(8) NOT NULL COMMENT 'Locale',
  `region_id` int(10) UNSIGNED NOT NULL DEFAULT '0' COMMENT 'Region Id',
  `name` varchar(255) DEFAULT NULL COMMENT 'Region Name'
) ENGINE=InnoDB DEFAULT CHARSET=utf8 COMMENT='Directory Country Region Name';

--
-- Dumping data for table `directory_country_region_name`
--

INSERT INTO `directory_country_region_name` (`locale`, `region_id`, `name`) VALUES
('en_US', 1, 'Alabama'),
('en_US', 2, 'Alaska'),
('en_US', 3, 'American Samoa'),
('en_US', 4, 'Arizona'),
('en_US', 5, 'Arkansas'),
('en_US', 6, 'Armed Forces Africa'),
('en_US', 7, 'Armed Forces Americas'),
('en_US', 8, 'Armed Forces Canada'),
('en_US', 9, 'Armed Forces Europe'),
('en_US', 10, 'Armed Forces Middle East'),
('en_US', 11, 'Armed Forces Pacific'),
('en_US', 12, 'California'),
('en_US', 13, 'Colorado'),
('en_US', 14, 'Connecticut'),
('en_US', 15, 'Delaware'),
('en_US', 16, 'District of Columbia'),
('en_US', 17, 'Federated States Of Micronesia'),
('en_US', 18, 'Florida'),
('en_US', 19, 'Georgia'),
('en_US', 20, 'Guam'),
('en_US', 21, 'Hawaii'),
('en_US', 22, 'Idaho'),
('en_US', 23, 'Illinois'),
('en_US', 24, 'Indiana'),
('en_US', 25, 'Iowa'),
('en_US', 26, 'Kansas'),
('en_US', 27, 'Kentucky'),
('en_US', 28, 'Louisiana'),
('en_US', 29, 'Maine'),
('en_US', 30, 'Marshall Islands'),
('en_US', 31, 'Maryland'),
('en_US', 32, 'Massachusetts'),
('en_US', 33, 'Michigan'),
('en_US', 34, 'Minnesota'),
('en_US', 35, 'Mississippi'),
('en_US', 36, 'Missouri'),
('en_US', 37, 'Montana'),
('en_US', 38, 'Nebraska'),
('en_US', 39, 'Nevada'),
('en_US', 40, 'New Hampshire'),
('en_US', 41, 'New Jersey'),
('en_US', 42, 'New Mexico'),
('en_US', 43, 'New York'),
('en_US', 44, 'North Carolina'),
('en_US', 45, 'North Dakota'),
('en_US', 46, 'Northern Mariana Islands'),
('en_US', 47, 'Ohio'),
('en_US', 48, 'Oklahoma'),
('en_US', 49, 'Oregon'),
('en_US', 50, 'Palau'),
('en_US', 51, 'Pennsylvania'),
('en_US', 52, 'Puerto Rico'),
('en_US', 53, 'Rhode Island'),
('en_US', 54, 'South Carolina'),
('en_US', 55, 'South Dakota'),
('en_US', 56, 'Tennessee'),
('en_US', 57, 'Texas'),
('en_US', 58, 'Utah'),
('en_US', 59, 'Vermont'),
('en_US', 60, 'Virgin Islands'),
('en_US', 61, 'Virginia'),
('en_US', 62, 'Washington'),
('en_US', 63, 'West Virginia'),
('en_US', 64, 'Wisconsin'),
('en_US', 65, 'Wyoming'),
('en_US', 66, 'Alberta'),
('en_US', 67, 'British Columbia'),
('en_US', 68, 'Manitoba'),
('en_US', 69, 'Newfoundland and Labrador'),
('en_US', 70, 'New Brunswick'),
('en_US', 71, 'Nova Scotia'),
('en_US', 72, 'Northwest Territories'),
('en_US', 73, 'Nunavut'),
('en_US', 74, 'Ontario'),
('en_US', 75, 'Prince Edward Island'),
('en_US', 76, 'Quebec'),
('en_US', 77, 'Saskatchewan'),
('en_US', 78, 'Yukon Territory'),
('en_US', 79, 'Niedersachsen'),
('en_US', 80, 'Baden-Württemberg'),
('en_US', 81, 'Bayern'),
('en_US', 82, 'Berlin'),
('en_US', 83, 'Brandenburg'),
('en_US', 84, 'Bremen'),
('en_US', 85, 'Hamburg'),
('en_US', 86, 'Hessen'),
('en_US', 87, 'Mecklenburg-Vorpommern'),
('en_US', 88, 'Nordrhein-Westfalen'),
('en_US', 89, 'Rheinland-Pfalz'),
('en_US', 90, 'Saarland'),
('en_US', 91, 'Sachsen'),
('en_US', 92, 'Sachsen-Anhalt'),
('en_US', 93, 'Schleswig-Holstein'),
('en_US', 94, 'Thüringen'),
('en_US', 95, 'Wien'),
('en_US', 96, 'Niederösterreich'),
('en_US', 97, 'Oberösterreich'),
('en_US', 98, 'Salzburg'),
('en_US', 99, 'Kärnten'),
('en_US', 100, 'Steiermark'),
('en_US', 101, 'Tirol'),
('en_US', 102, 'Burgenland'),
('en_US', 103, 'Vorarlberg'),
('en_US', 104, 'Aargau'),
('en_US', 105, 'Appenzell Innerrhoden'),
('en_US', 106, 'Appenzell Ausserrhoden'),
('en_US', 107, 'Bern'),
('en_US', 108, 'Basel-Landschaft'),
('en_US', 109, 'Basel-Stadt'),
('en_US', 110, 'Freiburg'),
('en_US', 111, 'Genf'),
('en_US', 112, 'Glarus'),
('en_US', 113, 'Graubünden'),
('en_US', 114, 'Jura'),
('en_US', 115, 'Luzern'),
('en_US', 116, 'Neuenburg'),
('en_US', 117, 'Nidwalden'),
('en_US', 118, 'Obwalden'),
('en_US', 119, 'St. Gallen'),
('en_US', 120, 'Schaffhausen'),
('en_US', 121, 'Solothurn'),
('en_US', 122, 'Schwyz'),
('en_US', 123, 'Thurgau'),
('en_US', 124, 'Tessin'),
('en_US', 125, 'Uri'),
('en_US', 126, 'Waadt'),
('en_US', 127, 'Wallis'),
('en_US', 128, 'Zug'),
('en_US', 129, 'Zürich'),
('en_US', 130, 'A Coruña'),
('en_US', 131, 'Alava'),
('en_US', 132, 'Albacete'),
('en_US', 133, 'Alicante'),
('en_US', 134, 'Almeria'),
('en_US', 135, 'Asturias'),
('en_US', 136, 'Avila'),
('en_US', 137, 'Badajoz'),
('en_US', 138, 'Baleares'),
('en_US', 139, 'Barcelona'),
('en_US', 140, 'Burgos'),
('en_US', 141, 'Caceres'),
('en_US', 142, 'Cadiz'),
('en_US', 143, 'Cantabria'),
('en_US', 144, 'Castellon'),
('en_US', 145, 'Ceuta'),
('en_US', 146, 'Ciudad Real'),
('en_US', 147, 'Cordoba'),
('en_US', 148, 'Cuenca'),
('en_US', 149, 'Girona'),
('en_US', 150, 'Granada'),
('en_US', 151, 'Guadalajara'),
('en_US', 152, 'Guipuzcoa'),
('en_US', 153, 'Huelva'),
('en_US', 154, 'Huesca'),
('en_US', 155, 'Jaen'),
('en_US', 156, 'La Rioja'),
('en_US', 157, 'Las Palmas'),
('en_US', 158, 'Leon'),
('en_US', 159, 'Lleida'),
('en_US', 160, 'Lugo'),
('en_US', 161, 'Madrid'),
('en_US', 162, 'Malaga'),
('en_US', 163, 'Melilla'),
('en_US', 164, 'Murcia'),
('en_US', 165, 'Navarra'),
('en_US', 166, 'Ourense'),
('en_US', 167, 'Palencia'),
('en_US', 168, 'Pontevedra'),
('en_US', 169, 'Salamanca'),
('en_US', 170, 'Santa Cruz de Tenerife'),
('en_US', 171, 'Segovia'),
('en_US', 172, 'Sevilla'),
('en_US', 173, 'Soria'),
('en_US', 174, 'Tarragona'),
('en_US', 175, 'Teruel'),
('en_US', 176, 'Toledo'),
('en_US', 177, 'Valencia'),
('en_US', 178, 'Valladolid'),
('en_US', 179, 'Vizcaya'),
('en_US', 180, 'Zamora'),
('en_US', 181, 'Zaragoza'),
('en_US', 182, 'Ain'),
('en_US', 183, 'Aisne'),
('en_US', 184, 'Allier'),
('en_US', 185, 'Alpes-de-Haute-Provence'),
('en_US', 186, 'Hautes-Alpes'),
('en_US', 187, 'Alpes-Maritimes'),
('en_US', 188, 'Ardèche'),
('en_US', 189, 'Ardennes'),
('en_US', 190, 'Ariège'),
('en_US', 191, 'Aube'),
('en_US', 192, 'Aude'),
('en_US', 193, 'Aveyron'),
('en_US', 194, 'Bouches-du-Rhône'),
('en_US', 195, 'Calvados'),
('en_US', 196, 'Cantal'),
('en_US', 197, 'Charente'),
('en_US', 198, 'Charente-Maritime'),
('en_US', 199, 'Cher'),
('en_US', 200, 'Corrèze'),
('en_US', 201, 'Corse-du-Sud'),
('en_US', 202, 'Haute-Corse'),
('en_US', 203, 'Côte-d\'Or'),
('en_US', 204, 'Côtes-d\'Armor'),
('en_US', 205, 'Creuse'),
('en_US', 206, 'Dordogne'),
('en_US', 207, 'Doubs'),
('en_US', 208, 'Drôme'),
('en_US', 209, 'Eure'),
('en_US', 210, 'Eure-et-Loir'),
('en_US', 211, 'Finistère'),
('en_US', 212, 'Gard'),
('en_US', 213, 'Haute-Garonne'),
('en_US', 214, 'Gers'),
('en_US', 215, 'Gironde'),
('en_US', 216, 'Hérault'),
('en_US', 217, 'Ille-et-Vilaine'),
('en_US', 218, 'Indre'),
('en_US', 219, 'Indre-et-Loire'),
('en_US', 220, 'Isère'),
('en_US', 221, 'Jura'),
('en_US', 222, 'Landes'),
('en_US', 223, 'Loir-et-Cher'),
('en_US', 224, 'Loire'),
('en_US', 225, 'Haute-Loire'),
('en_US', 226, 'Loire-Atlantique'),
('en_US', 227, 'Loiret'),
('en_US', 228, 'Lot'),
('en_US', 229, 'Lot-et-Garonne'),
('en_US', 230, 'Lozère'),
('en_US', 231, 'Maine-et-Loire'),
('en_US', 232, 'Manche'),
('en_US', 233, 'Marne'),
('en_US', 234, 'Haute-Marne'),
('en_US', 235, 'Mayenne'),
('en_US', 236, 'Meurthe-et-Moselle'),
('en_US', 237, 'Meuse'),
('en_US', 238, 'Morbihan'),
('en_US', 239, 'Moselle'),
('en_US', 240, 'Nièvre'),
('en_US', 241, 'Nord'),
('en_US', 242, 'Oise'),
('en_US', 243, 'Orne'),
('en_US', 244, 'Pas-de-Calais'),
('en_US', 245, 'Puy-de-Dôme'),
('en_US', 246, 'Pyrénées-Atlantiques'),
('en_US', 247, 'Hautes-Pyrénées'),
('en_US', 248, 'Pyrénées-Orientales'),
('en_US', 249, 'Bas-Rhin'),
('en_US', 250, 'Haut-Rhin'),
('en_US', 251, 'Rhône'),
('en_US', 252, 'Haute-Saône'),
('en_US', 253, 'Saône-et-Loire'),
('en_US', 254, 'Sarthe'),
('en_US', 255, 'Savoie'),
('en_US', 256, 'Haute-Savoie'),
('en_US', 257, 'Paris'),
('en_US', 258, 'Seine-Maritime'),
('en_US', 259, 'Seine-et-Marne'),
('en_US', 260, 'Yvelines'),
('en_US', 261, 'Deux-Sèvres'),
('en_US', 262, 'Somme'),
('en_US', 263, 'Tarn'),
('en_US', 264, 'Tarn-et-Garonne'),
('en_US', 265, 'Var'),
('en_US', 266, 'Vaucluse'),
('en_US', 267, 'Vendée'),
('en_US', 268, 'Vienne'),
('en_US', 269, 'Haute-Vienne'),
('en_US', 270, 'Vosges'),
('en_US', 271, 'Yonne'),
('en_US', 272, 'Territoire-de-Belfort'),
('en_US', 273, 'Essonne'),
('en_US', 274, 'Hauts-de-Seine'),
('en_US', 275, 'Seine-Saint-Denis'),
('en_US', 276, 'Val-de-Marne'),
('en_US', 277, 'Val-d\'Oise'),
('en_US', 278, 'Alba'),
('en_US', 279, 'Arad'),
('en_US', 280, 'Argeş'),
('en_US', 281, 'Bacău'),
('en_US', 282, 'Bihor'),
('en_US', 283, 'Bistriţa-Năsăud'),
('en_US', 284, 'Botoşani'),
('en_US', 285, 'Braşov'),
('en_US', 286, 'Brăila'),
('en_US', 287, 'Bucureşti'),
('en_US', 288, 'Buzău'),
('en_US', 289, 'Caraş-Severin'),
('en_US', 290, 'Călăraşi'),
('en_US', 291, 'Cluj'),
('en_US', 292, 'Constanţa'),
('en_US', 293, 'Covasna'),
('en_US', 294, 'Dâmboviţa'),
('en_US', 295, 'Dolj'),
('en_US', 296, 'Galaţi'),
('en_US', 297, 'Giurgiu'),
('en_US', 298, 'Gorj'),
('en_US', 299, 'Harghita'),
('en_US', 300, 'Hunedoara'),
('en_US', 301, 'Ialomiţa'),
('en_US', 302, 'Iaşi'),
('en_US', 303, 'Ilfov'),
('en_US', 304, 'Maramureş'),
('en_US', 305, 'Mehedinţi'),
('en_US', 306, 'Mureş'),
('en_US', 307, 'Neamţ'),
('en_US', 308, 'Olt'),
('en_US', 309, 'Prahova'),
('en_US', 310, 'Satu-Mare'),
('en_US', 311, 'Sălaj'),
('en_US', 312, 'Sibiu'),
('en_US', 313, 'Suceava'),
('en_US', 314, 'Teleorman'),
('en_US', 315, 'Timiş'),
('en_US', 316, 'Tulcea'),
('en_US', 317, 'Vaslui'),
('en_US', 318, 'Vâlcea'),
('en_US', 319, 'Vrancea'),
('en_US', 320, 'Lappi'),
('en_US', 321, 'Pohjois-Pohjanmaa'),
('en_US', 322, 'Kainuu'),
('en_US', 323, 'Pohjois-Karjala'),
('en_US', 324, 'Pohjois-Savo'),
('en_US', 325, 'Etelä-Savo'),
('en_US', 326, 'Etelä-Pohjanmaa'),
('en_US', 327, 'Pohjanmaa'),
('en_US', 328, 'Pirkanmaa'),
('en_US', 329, 'Satakunta'),
('en_US', 330, 'Keski-Pohjanmaa'),
('en_US', 331, 'Keski-Suomi'),
('en_US', 332, 'Varsinais-Suomi'),
('en_US', 333, 'Etelä-Karjala'),
('en_US', 334, 'Päijät-Häme'),
('en_US', 335, 'Kanta-Häme'),
('en_US', 336, 'Uusimaa'),
('en_US', 337, 'Itä-Uusimaa'),
('en_US', 338, 'Kymenlaakso'),
('en_US', 339, 'Ahvenanmaa'),
('en_US', 340, 'Harjumaa'),
('en_US', 341, 'Hiiumaa'),
('en_US', 342, 'Ida-Virumaa'),
('en_US', 343, 'Jõgevamaa'),
('en_US', 344, 'Järvamaa'),
('en_US', 345, 'Läänemaa'),
('en_US', 346, 'Lääne-Virumaa'),
('en_US', 347, 'Põlvamaa'),
('en_US', 348, 'Pärnumaa'),
('en_US', 349, 'Raplamaa'),
('en_US', 350, 'Saaremaa'),
('en_US', 351, 'Tartumaa'),
('en_US', 352, 'Valgamaa'),
('en_US', 353, 'Viljandimaa'),
('en_US', 354, 'Võrumaa'),
('en_US', 355, 'Daugavpils'),
('en_US', 356, 'Jelgava'),
('en_US', 357, 'Jēkabpils'),
('en_US', 358, 'Jūrmala'),
('en_US', 359, 'Liepāja'),
('en_US', 360, 'Liepājas novads'),
('en_US', 361, 'Rēzekne'),
('en_US', 362, 'Rīga'),
('en_US', 363, 'Rīgas novads'),
('en_US', 364, 'Valmiera'),
('en_US', 365, 'Ventspils'),
('en_US', 366, 'Aglonas novads'),
('en_US', 367, 'Aizkraukles novads'),
('en_US', 368, 'Aizputes novads'),
('en_US', 369, 'Aknīstes novads'),
('en_US', 370, 'Alojas novads'),
('en_US', 371, 'Alsungas novads'),
('en_US', 372, 'Alūksnes novads'),
('en_US', 373, 'Amatas novads'),
('en_US', 374, 'Apes novads'),
('en_US', 375, 'Auces novads'),
('en_US', 376, 'Babītes novads'),
('en_US', 377, 'Baldones novads'),
('en_US', 378, 'Baltinavas novads'),
('en_US', 379, 'Balvu novads'),
('en_US', 380, 'Bauskas novads'),
('en_US', 381, 'Beverīnas novads'),
('en_US', 382, 'Brocēnu novads'),
('en_US', 383, 'Burtnieku novads'),
('en_US', 384, 'Carnikavas novads'),
('en_US', 385, 'Cesvaines novads'),
('en_US', 386, 'Ciblas novads'),
('en_US', 387, 'Cēsu novads'),
('en_US', 388, 'Dagdas novads'),
('en_US', 389, 'Daugavpils novads'),
('en_US', 390, 'Dobeles novads'),
('en_US', 391, 'Dundagas novads'),
('en_US', 392, 'Durbes novads'),
('en_US', 393, 'Engures novads'),
('en_US', 394, 'Garkalnes novads'),
('en_US', 395, 'Grobiņas novads'),
('en_US', 396, 'Gulbenes novads'),
('en_US', 397, 'Iecavas novads'),
('en_US', 398, 'Ikšķiles novads'),
('en_US', 399, 'Ilūkstes novads'),
('en_US', 400, 'Inčukalna novads'),
('en_US', 401, 'Jaunjelgavas novads'),
('en_US', 402, 'Jaunpiebalgas novads'),
('en_US', 403, 'Jaunpils novads'),
('en_US', 404, 'Jelgavas novads'),
('en_US', 405, 'Jēkabpils novads'),
('en_US', 406, 'Kandavas novads'),
('en_US', 407, 'Kokneses novads'),
('en_US', 408, 'Krimuldas novads'),
('en_US', 409, 'Krustpils novads'),
('en_US', 410, 'Krāslavas novads'),
('en_US', 411, 'Kuldīgas novads'),
('en_US', 412, 'Kārsavas novads'),
('en_US', 413, 'Lielvārdes novads'),
('en_US', 414, 'Limbažu novads'),
('en_US', 415, 'Lubānas novads'),
('en_US', 416, 'Ludzas novads'),
('en_US', 417, 'Līgatnes novads'),
('en_US', 418, 'Līvānu novads'),
('en_US', 419, 'Madonas novads'),
('en_US', 420, 'Mazsalacas novads'),
('en_US', 421, 'Mālpils novads'),
('en_US', 422, 'Mārupes novads'),
('en_US', 423, 'Naukšēnu novads'),
('en_US', 424, 'Neretas novads'),
('en_US', 425, 'Nīcas novads'),
('en_US', 426, 'Ogres novads'),
('en_US', 427, 'Olaines novads'),
('en_US', 428, 'Ozolnieku novads'),
('en_US', 429, 'Preiļu novads'),
('en_US', 430, 'Priekules novads'),
('en_US', 431, 'Priekuļu novads'),
('en_US', 432, 'Pārgaujas novads'),
('en_US', 433, 'Pāvilostas novads'),
('en_US', 434, 'Pļaviņu novads'),
('en_US', 435, 'Raunas novads'),
('en_US', 436, 'Riebiņu novads'),
('en_US', 437, 'Rojas novads'),
('en_US', 438, 'Ropažu novads'),
('en_US', 439, 'Rucavas novads'),
('en_US', 440, 'Rugāju novads'),
('en_US', 441, 'Rundāles novads'),
('en_US', 442, 'Rēzeknes novads'),
('en_US', 443, 'Rūjienas novads'),
('en_US', 444, 'Salacgrīvas novads'),
('en_US', 445, 'Salas novads'),
('en_US', 446, 'Salaspils novads'),
('en_US', 447, 'Saldus novads'),
('en_US', 448, 'Saulkrastu novads'),
('en_US', 449, 'Siguldas novads'),
('en_US', 450, 'Skrundas novads'),
('en_US', 451, 'Skrīveru novads'),
('en_US', 452, 'Smiltenes novads'),
('en_US', 453, 'Stopiņu novads'),
('en_US', 454, 'Strenču novads'),
('en_US', 455, 'Sējas novads'),
('en_US', 456, 'Talsu novads'),
('en_US', 457, 'Tukuma novads'),
('en_US', 458, 'Tērvetes novads'),
('en_US', 459, 'Vaiņodes novads'),
('en_US', 460, 'Valkas novads'),
('en_US', 461, 'Valmieras novads'),
('en_US', 462, 'Varakļānu novads'),
('en_US', 463, 'Vecpiebalgas novads'),
('en_US', 464, 'Vecumnieku novads'),
('en_US', 465, 'Ventspils novads'),
('en_US', 466, 'Viesītes novads'),
('en_US', 467, 'Viļakas novads'),
('en_US', 468, 'Viļānu novads'),
('en_US', 469, 'Vārkavas novads'),
('en_US', 470, 'Zilupes novads'),
('en_US', 471, 'Ādažu novads'),
('en_US', 472, 'Ērgļu novads'),
('en_US', 473, 'Ķeguma novads'),
('en_US', 474, 'Ķekavas novads'),
('en_US', 475, 'Alytaus Apskritis'),
('en_US', 476, 'Kauno Apskritis'),
('en_US', 477, 'Klaipėdos Apskritis'),
('en_US', 478, 'Marijampolės Apskritis'),
('en_US', 479, 'Panevėžio Apskritis'),
('en_US', 480, 'Šiaulių Apskritis'),
('en_US', 481, 'Tauragės Apskritis'),
('en_US', 482, 'Telšių Apskritis'),
('en_US', 483, 'Utenos Apskritis'),
('en_US', 484, 'Vilniaus Apskritis'),
('en_US', 485, 'Acre'),
('en_US', 486, 'Alagoas'),
('en_US', 487, 'Amapá'),
('en_US', 488, 'Amazonas'),
('en_US', 489, 'Bahia'),
('en_US', 490, 'Ceará'),
('en_US', 491, 'Espírito Santo'),
('en_US', 492, 'Goiás'),
('en_US', 493, 'Maranhão'),
('en_US', 494, 'Mato Grosso'),
('en_US', 495, 'Mato Grosso do Sul'),
('en_US', 496, 'Minas Gerais'),
('en_US', 497, 'Pará'),
('en_US', 498, 'Paraíba'),
('en_US', 499, 'Paraná'),
('en_US', 500, 'Pernambuco'),
('en_US', 501, 'Piauí'),
('en_US', 502, 'Rio de Janeiro'),
('en_US', 503, 'Rio Grande do Norte'),
('en_US', 504, 'Rio Grande do Sul'),
('en_US', 505, 'Rondônia'),
('en_US', 506, 'Roraima'),
('en_US', 507, 'Santa Catarina'),
('en_US', 508, 'São Paulo'),
('en_US', 509, 'Sergipe'),
('en_US', 510, 'Tocantins'),
('en_US', 511, 'Distrito Federal');

-- --------------------------------------------------------

--
-- Table structure for table `directory_currency_rate`
--

CREATE TABLE `directory_currency_rate` (
  `currency_from` varchar(3) NOT NULL COMMENT 'Currency Code Convert From',
  `currency_to` varchar(3) NOT NULL COMMENT 'Currency Code Convert To',
  `rate` decimal(24,12) NOT NULL DEFAULT '0.000000000000' COMMENT 'Currency Conversion Rate'
) ENGINE=InnoDB DEFAULT CHARSET=utf8 COMMENT='Directory Currency Rate';

--
-- Dumping data for table `directory_currency_rate`
--

INSERT INTO `directory_currency_rate` (`currency_from`, `currency_to`, `rate`) VALUES
('EUR', 'EUR', '1.000000000000'),
('EUR', 'USD', '1.415000000000'),
('USD', 'EUR', '0.706700000000'),
('USD', 'USD', '1.000000000000');

-- --------------------------------------------------------

--
-- Table structure for table `downloadable_link`
--

CREATE TABLE `downloadable_link` (
  `link_id` int(10) UNSIGNED NOT NULL COMMENT 'Link ID',
  `product_id` int(10) UNSIGNED NOT NULL DEFAULT '0' COMMENT 'Product ID',
  `sort_order` int(10) UNSIGNED NOT NULL DEFAULT '0' COMMENT 'Sort order',
  `number_of_downloads` int(11) DEFAULT NULL COMMENT 'Number of downloads',
  `is_shareable` smallint(5) UNSIGNED NOT NULL DEFAULT '0' COMMENT 'Shareable flag',
  `link_url` varchar(255) DEFAULT NULL COMMENT 'Link Url',
  `link_file` varchar(255) DEFAULT NULL COMMENT 'Link File',
  `link_type` varchar(20) DEFAULT NULL COMMENT 'Link Type',
  `sample_url` varchar(255) DEFAULT NULL COMMENT 'Sample Url',
  `sample_file` varchar(255) DEFAULT NULL COMMENT 'Sample File',
  `sample_type` varchar(20) DEFAULT NULL COMMENT 'Sample Type'
) ENGINE=InnoDB DEFAULT CHARSET=utf8 COMMENT='Downloadable Link Table';

--
-- Dumping data for table `downloadable_link`
--

INSERT INTO `downloadable_link` (`link_id`, `product_id`, `sort_order`, `number_of_downloads`, `is_shareable`, `link_url`, `link_file`, `link_type`, `sample_url`, `sample_file`, `sample_type`) VALUES
(1, 45, 1, 0, 2, NULL, '/l/u/luma_background_-_model_against_fence_4_sec_.mp4', 'file', NULL, NULL, NULL),
(2, 46, 1, 0, 2, NULL, '/l/u/luma_background_-_model_against_fence_4_sec_.mp4', 'file', NULL, NULL, NULL),
(3, 47, 1, 0, 2, NULL, '/l/u/luma_background_-_model_against_fence_4_sec_.mp4', 'file', NULL, NULL, NULL),
(4, 48, 1, 0, 2, NULL, '/l/u/luma_background_-_model_against_fence_4_sec_.mp4', 'file', NULL, NULL, NULL),
(5, 49, 1, 0, 2, NULL, '/l/u/luma_background_-_model_against_fence_4_sec_.mp4', 'file', NULL, NULL, NULL),
(6, 50, 1, 0, 2, NULL, '/l/u/luma_background_-_model_against_fence_4_sec_.mp4', 'file', NULL, NULL, NULL),
(7, 50, 1, 0, 2, NULL, '/l/u/luma_background_-_model_against_fence_4_sec_.mp4', 'file', NULL, NULL, NULL),
(8, 50, 1, 0, 2, NULL, '/l/u/luma_background_-_model_against_fence_4_sec_.mp4', 'file', NULL, NULL, NULL);

-- --------------------------------------------------------

--
-- Table structure for table `downloadable_link_price`
--

CREATE TABLE `downloadable_link_price` (
  `price_id` int(10) UNSIGNED NOT NULL COMMENT 'Price ID',
  `link_id` int(10) UNSIGNED NOT NULL DEFAULT '0' COMMENT 'Link ID',
  `website_id` smallint(5) UNSIGNED NOT NULL DEFAULT '0' COMMENT 'Website ID',
  `price` decimal(12,4) NOT NULL DEFAULT '0.0000' COMMENT 'Price'
) ENGINE=InnoDB DEFAULT CHARSET=utf8 COMMENT='Downloadable Link Price Table';

--
-- Dumping data for table `downloadable_link_price`
--

INSERT INTO `downloadable_link_price` (`price_id`, `link_id`, `website_id`, `price`) VALUES
(1, 1, 0, '6.0000'),
(2, 2, 0, '14.0000'),
(3, 3, 0, '22.0000'),
(4, 4, 0, '14.0000'),
(5, 5, 0, '18.0000'),
(6, 6, 0, '9.0000'),
(7, 7, 0, '9.0000'),
(8, 8, 0, '9.0000');

-- --------------------------------------------------------

--
-- Table structure for table `downloadable_link_purchased`
--

CREATE TABLE `downloadable_link_purchased` (
  `purchased_id` int(10) UNSIGNED NOT NULL COMMENT 'Purchased ID',
  `order_id` int(10) UNSIGNED DEFAULT '0' COMMENT 'Order ID',
  `order_increment_id` varchar(50) DEFAULT NULL COMMENT 'Order Increment ID',
  `order_item_id` int(10) UNSIGNED NOT NULL DEFAULT '0' COMMENT 'Order Item ID',
  `created_at` timestamp NOT NULL DEFAULT CURRENT_TIMESTAMP COMMENT 'Date of creation',
  `updated_at` timestamp NOT NULL DEFAULT CURRENT_TIMESTAMP ON UPDATE CURRENT_TIMESTAMP COMMENT 'Date of modification',
  `customer_id` int(10) UNSIGNED DEFAULT '0' COMMENT 'Customer ID',
  `product_name` varchar(255) DEFAULT NULL COMMENT 'Product name',
  `product_sku` varchar(255) DEFAULT NULL COMMENT 'Product sku',
  `link_section_title` varchar(255) DEFAULT NULL COMMENT 'Link_section_title'
) ENGINE=InnoDB DEFAULT CHARSET=utf8 COMMENT='Downloadable Link Purchased Table';

-- --------------------------------------------------------

--
-- Table structure for table `downloadable_link_purchased_item`
--

CREATE TABLE `downloadable_link_purchased_item` (
  `item_id` int(10) UNSIGNED NOT NULL COMMENT 'Item ID',
  `purchased_id` int(10) UNSIGNED NOT NULL DEFAULT '0' COMMENT 'Purchased ID',
  `order_item_id` int(10) UNSIGNED DEFAULT '0' COMMENT 'Order Item ID',
  `product_id` int(10) UNSIGNED DEFAULT '0' COMMENT 'Product ID',
  `link_hash` varchar(255) DEFAULT NULL COMMENT 'Link hash',
  `number_of_downloads_bought` int(10) UNSIGNED NOT NULL DEFAULT '0' COMMENT 'Number of downloads bought',
  `number_of_downloads_used` int(10) UNSIGNED NOT NULL DEFAULT '0' COMMENT 'Number of downloads used',
  `link_id` int(10) UNSIGNED NOT NULL DEFAULT '0' COMMENT 'Link ID',
  `link_title` varchar(255) DEFAULT NULL COMMENT 'Link Title',
  `is_shareable` smallint(5) UNSIGNED NOT NULL DEFAULT '0' COMMENT 'Shareable Flag',
  `link_url` varchar(255) DEFAULT NULL COMMENT 'Link Url',
  `link_file` varchar(255) DEFAULT NULL COMMENT 'Link File',
  `link_type` varchar(255) DEFAULT NULL COMMENT 'Link Type',
  `status` varchar(50) DEFAULT NULL COMMENT 'Status',
  `created_at` timestamp NOT NULL DEFAULT CURRENT_TIMESTAMP COMMENT 'Creation Time',
  `updated_at` timestamp NOT NULL DEFAULT CURRENT_TIMESTAMP ON UPDATE CURRENT_TIMESTAMP COMMENT 'Update Time'
) ENGINE=InnoDB DEFAULT CHARSET=utf8 COMMENT='Downloadable Link Purchased Item Table';

-- --------------------------------------------------------

--
-- Table structure for table `downloadable_link_title`
--

CREATE TABLE `downloadable_link_title` (
  `title_id` int(10) UNSIGNED NOT NULL COMMENT 'Title ID',
  `link_id` int(10) UNSIGNED NOT NULL DEFAULT '0' COMMENT 'Link ID',
  `store_id` smallint(5) UNSIGNED NOT NULL DEFAULT '0' COMMENT 'Store ID',
  `title` varchar(255) DEFAULT NULL COMMENT 'Title'
) ENGINE=InnoDB DEFAULT CHARSET=utf8 COMMENT='Link Title Table';

--
-- Dumping data for table `downloadable_link_title`
--

INSERT INTO `downloadable_link_title` (`title_id`, `link_id`, `store_id`, `title`) VALUES
(1, 1, 0, 'Beginner\'s Yoga'),
(2, 2, 0, 'LifeLong Fitness IV'),
(3, 3, 0, 'Yoga Adventure'),
(4, 4, 0, 'Solo Power Circuit'),
(5, 5, 0, 'Advanced Pilates & Yoga (Strength)'),
(6, 6, 0, 'Episode 1'),
(7, 7, 0, 'Episode 2'),
(8, 8, 0, 'Episode 3');

-- --------------------------------------------------------

--
-- Table structure for table `downloadable_sample`
--

CREATE TABLE `downloadable_sample` (
  `sample_id` int(10) UNSIGNED NOT NULL COMMENT 'Sample ID',
  `product_id` int(10) UNSIGNED NOT NULL DEFAULT '0' COMMENT 'Product ID',
  `sample_url` varchar(255) DEFAULT NULL COMMENT 'Sample URL',
  `sample_file` varchar(255) DEFAULT NULL COMMENT 'Sample file',
  `sample_type` varchar(20) DEFAULT NULL COMMENT 'Sample Type',
  `sort_order` int(10) UNSIGNED NOT NULL DEFAULT '0' COMMENT 'Sort Order'
) ENGINE=InnoDB DEFAULT CHARSET=utf8 COMMENT='Downloadable Sample Table';

--
-- Dumping data for table `downloadable_sample`
--

INSERT INTO `downloadable_sample` (`sample_id`, `product_id`, `sample_url`, `sample_file`, `sample_type`, `sort_order`) VALUES
(1, 45, NULL, '/l/u/luma_background_-_model_against_fence_4_sec_.mp4', 'file', 1),
(2, 45, NULL, '/l/u/luma_background_-_model_against_fence_4_sec_.mp4', 'file', 1),
(3, 45, NULL, '/l/u/luma_background_-_model_against_fence_4_sec_.mp4', 'file', 1),
(4, 46, NULL, '/l/u/luma_background_-_model_against_fence_4_sec_.mp4', 'file', 1),
(5, 46, NULL, '/l/u/luma_background_-_model_against_fence_4_sec_.mp4', 'file', 1),
(6, 46, NULL, '/l/u/luma_background_-_model_against_fence_4_sec_.mp4', 'file', 1),
(7, 47, NULL, '/l/u/luma_background_-_model_against_fence_4_sec_.mp4', 'file', 1),
(8, 47, NULL, '/l/u/luma_background_-_model_against_fence_4_sec_.mp4', 'file', 1),
(9, 47, NULL, '/l/u/luma_background_-_model_against_fence_4_sec_.mp4', 'file', 1),
(10, 48, NULL, '/l/u/luma_background_-_model_against_fence_4_sec_.mp4', 'file', 1),
(11, 48, NULL, '/l/u/luma_background_-_model_against_fence_4_sec_.mp4', 'file', 1),
(12, 48, NULL, '/l/u/luma_background_-_model_against_fence_4_sec_.mp4', 'file', 1),
(13, 49, NULL, '/l/u/luma_background_-_model_against_fence_4_sec_.mp4', 'file', 1),
(14, 49, NULL, '/l/u/luma_background_-_model_against_fence_4_sec_.mp4', 'file', 1),
(15, 49, NULL, '/l/u/luma_background_-_model_against_fence_4_sec_.mp4', 'file', 1),
(16, 50, NULL, '/l/u/luma_background_-_model_against_fence_4_sec_.mp4', 'file', 1),
(17, 50, NULL, '/l/u/luma_background_-_model_against_fence_4_sec_.mp4', 'file', 1),
(18, 50, NULL, '/l/u/luma_background_-_model_against_fence_4_sec_.mp4', 'file', 1);

-- --------------------------------------------------------

--
-- Table structure for table `downloadable_sample_title`
--

CREATE TABLE `downloadable_sample_title` (
  `title_id` int(10) UNSIGNED NOT NULL COMMENT 'Title ID',
  `sample_id` int(10) UNSIGNED NOT NULL DEFAULT '0' COMMENT 'Sample ID',
  `store_id` smallint(5) UNSIGNED NOT NULL DEFAULT '0' COMMENT 'Store ID',
  `title` varchar(255) DEFAULT NULL COMMENT 'Title'
) ENGINE=InnoDB DEFAULT CHARSET=utf8 COMMENT='Downloadable Sample Title Table';

--
-- Dumping data for table `downloadable_sample_title`
--

INSERT INTO `downloadable_sample_title` (`title_id`, `sample_id`, `store_id`, `title`) VALUES
(1, 1, 0, 'Trailer #1'),
(2, 2, 0, 'Trailer #2'),
(3, 3, 0, 'Trailer #3'),
(4, 4, 0, 'Trailer #1'),
(5, 5, 0, 'Trailer #2'),
(6, 6, 0, 'Trailer #3'),
(7, 7, 0, 'Trailer #1'),
(8, 8, 0, 'Trailer #2'),
(9, 9, 0, 'Trailer #3'),
(10, 10, 0, 'Trailer #1'),
(11, 11, 0, 'Trailer #2'),
(12, 12, 0, 'Trailer #3'),
(13, 13, 0, 'Trailer #1'),
(14, 14, 0, 'Trailer #2'),
(15, 15, 0, 'Trailer #3'),
(16, 16, 0, 'Trailer #1'),
(17, 17, 0, 'Trailer #2'),
(18, 18, 0, 'Trailer #3');

-- --------------------------------------------------------

--
-- Table structure for table `eav_attribute`
--

CREATE TABLE `eav_attribute` (
  `attribute_id` smallint(5) UNSIGNED NOT NULL COMMENT 'Attribute Id',
  `entity_type_id` smallint(5) UNSIGNED NOT NULL DEFAULT '0' COMMENT 'Entity Type Id',
  `attribute_code` varchar(255) DEFAULT NULL COMMENT 'Attribute Code',
  `attribute_model` varchar(255) DEFAULT NULL COMMENT 'Attribute Model',
  `backend_model` varchar(255) DEFAULT NULL COMMENT 'Backend Model',
  `backend_type` varchar(8) NOT NULL DEFAULT 'static' COMMENT 'Backend Type',
  `backend_table` varchar(255) DEFAULT NULL COMMENT 'Backend Table',
  `frontend_model` varchar(255) DEFAULT NULL COMMENT 'Frontend Model',
  `frontend_input` varchar(50) DEFAULT NULL COMMENT 'Frontend Input',
  `frontend_label` varchar(255) DEFAULT NULL COMMENT 'Frontend Label',
  `frontend_class` varchar(255) DEFAULT NULL COMMENT 'Frontend Class',
  `source_model` varchar(255) DEFAULT NULL COMMENT 'Source Model',
  `is_required` smallint(5) UNSIGNED NOT NULL DEFAULT '0' COMMENT 'Defines Is Required',
  `is_user_defined` smallint(5) UNSIGNED NOT NULL DEFAULT '0' COMMENT 'Defines Is User Defined',
  `default_value` text COMMENT 'Default Value',
  `is_unique` smallint(5) UNSIGNED NOT NULL DEFAULT '0' COMMENT 'Defines Is Unique',
  `note` varchar(255) DEFAULT NULL COMMENT 'Note'
) ENGINE=InnoDB DEFAULT CHARSET=utf8 COMMENT='Eav Attribute';



-- --------------------------------------------------------

--
-- Table structure for table `eav_attribute_group`
--

CREATE TABLE `eav_attribute_group` (
  `attribute_group_id` smallint(5) UNSIGNED NOT NULL COMMENT 'Attribute Group Id',
  `attribute_set_id` smallint(5) UNSIGNED NOT NULL DEFAULT '0' COMMENT 'Attribute Set Id',
  `attribute_group_name` varchar(255) DEFAULT NULL COMMENT 'Attribute Group Name',
  `sort_order` smallint(6) NOT NULL DEFAULT '0' COMMENT 'Sort Order',
  `default_id` smallint(5) UNSIGNED DEFAULT '0' COMMENT 'Default Id',
  `attribute_group_code` varchar(255) NOT NULL COMMENT 'Attribute Group Code',
  `tab_group_code` varchar(255) DEFAULT NULL COMMENT 'Tab Group Code'
) ENGINE=InnoDB DEFAULT CHARSET=utf8 COMMENT='Eav Attribute Group';

--
-- Dumping data for table `eav_attribute_group`
--

INSERT INTO `eav_attribute_group` (`attribute_group_id`, `attribute_set_id`, `attribute_group_name`, `sort_order`, `default_id`, `attribute_group_code`, `tab_group_code`) VALUES
(1, 1, 'General', 1, 1, 'general', NULL),
(2, 2, 'General', 1, 1, 'general', NULL),
(3, 3, 'General', 10, 1, 'general', NULL),
(4, 3, 'General Information', 2, 0, 'general-information', NULL),
(5, 3, 'Display Settings', 20, 0, 'display-settings', NULL),
(6, 3, 'Custom Design', 30, 0, 'custom-design', NULL),
(7, 4, 'Product Details', 1, 1, 'product-details', 'basic'),
(8, 4, 'Advanced Pricing', 6, 0, 'advanced-pricing', 'advanced'),
(9, 4, 'Search Engine Optimization', 5, 0, 'search-engine-optimization', 'basic'),
(10, 4, 'Images', 4, 0, 'image-management', 'basic'),
(11, 4, 'Design', 7, 0, 'design', 'advanced'),
(12, 4, 'Autosettings', 9, 0, 'autosettings', 'advanced'),
(13, 4, 'Content', 2, 0, 'content', 'basic'),
(14, 4, 'Schedule Design Update', 8, 0, 'schedule-design-update', 'advanced'),
(15, 4, 'Bundle Items', 3, 0, 'bundle-items', NULL),
(16, 5, 'General', 1, 1, 'general', NULL),
(17, 6, 'General', 1, 1, 'general', NULL),
(18, 7, 'General', 1, 1, 'general', NULL),
(19, 8, 'General', 1, 1, 'general', NULL),
(20, 4, 'Gift Options', 10, 0, 'gift-options', NULL),
(21, 9, 'Gift Options', 61, 0, 'gift-options', NULL),
(22, 9, 'Autosettings', 60, 0, 'autosettings', 'advanced'),
(23, 9, 'Schedule Design Update', 55, 0, 'schedule-design-update', 'advanced'),
(24, 9, 'Design', 50, 0, 'design', 'advanced'),
(25, 9, 'Advanced Pricing', 40, 0, 'advanced-pricing', 'advanced'),
(26, 9, 'Search Engine Optimization', 30, 0, 'search-engine-optimization', 'basic'),
(27, 9, 'Images', 20, 0, 'image-management', 'basic'),
(28, 9, 'Bundle Items', 16, 0, 'bundle-items', NULL),
(29, 9, 'Content', 15, 0, 'content', 'basic'),
(30, 9, 'Product Details', 10, 1, 'product-details', 'basic'),
(31, 10, 'Gift Options', 61, 0, 'gift-options', NULL),
(32, 10, 'Autosettings', 60, 0, 'autosettings', 'advanced'),
(33, 10, 'Schedule Design Update', 55, 0, 'schedule-design-update', 'advanced'),
(34, 10, 'Design', 50, 0, 'design', 'advanced'),
(35, 10, 'Advanced Pricing', 40, 0, 'advanced-pricing', 'advanced'),
(36, 10, 'Search Engine Optimization', 30, 0, 'search-engine-optimization', 'basic'),
(37, 10, 'Images', 20, 0, 'image-management', 'basic'),
(38, 10, 'Bundle Items', 16, 0, 'bundle-items', NULL),
(39, 10, 'Content', 15, 0, 'content', 'basic'),
(40, 10, 'Product Details', 10, 1, 'product-details', 'basic'),
(41, 11, 'Gift Options', 61, 0, 'gift-options', NULL),
(42, 11, 'Autosettings', 60, 0, 'autosettings', 'advanced'),
(43, 11, 'Schedule Design Update', 55, 0, 'schedule-design-update', 'advanced'),
(44, 11, 'Design', 50, 0, 'design', 'advanced'),
(45, 11, 'Advanced Pricing', 40, 0, 'advanced-pricing', 'advanced'),
(46, 11, 'Search Engine Optimization', 30, 0, 'search-engine-optimization', 'basic'),
(47, 11, 'Images', 20, 0, 'image-management', 'basic'),
(48, 11, 'Bundle Items', 16, 0, 'bundle-items', NULL),
(49, 11, 'Content', 15, 0, 'content', 'basic'),
(50, 11, 'Product Details', 10, 1, 'product-details', 'basic'),
(51, 12, 'Gift Options', 61, 0, 'gift-options', NULL),
(52, 12, 'Autosettings', 60, 0, 'autosettings', 'advanced'),
(53, 12, 'Schedule Design Update', 55, 0, 'schedule-design-update', 'advanced'),
(54, 12, 'Design', 50, 0, 'design', 'advanced'),
(55, 12, 'Advanced Pricing', 40, 0, 'advanced-pricing', 'advanced'),
(56, 12, 'Search Engine Optimization', 30, 0, 'search-engine-optimization', 'basic'),
(57, 12, 'Images', 20, 0, 'image-management', 'basic'),
(58, 12, 'Bundle Items', 16, 0, 'bundle-items', NULL),
(59, 12, 'Content', 15, 0, 'content', 'basic'),
(60, 12, 'Product Details', 10, 1, 'product-details', 'basic'),
(61, 13, 'Gift Options', 61, 0, 'gift-options', NULL),
(62, 13, 'Autosettings', 60, 0, 'autosettings', 'advanced'),
(63, 13, 'Schedule Design Update', 55, 0, 'schedule-design-update', 'advanced'),
(64, 13, 'Design', 50, 0, 'design', 'advanced'),
(65, 13, 'Advanced Pricing', 40, 0, 'advanced-pricing', 'advanced'),
(66, 13, 'Search Engine Optimization', 30, 0, 'search-engine-optimization', 'basic'),
(67, 13, 'Images', 20, 0, 'image-management', 'basic'),
(68, 13, 'Bundle Items', 16, 0, 'bundle-items', NULL),
(69, 13, 'Content', 15, 0, 'content', 'basic'),
(70, 13, 'Product Details', 10, 1, 'product-details', 'basic'),
(71, 14, 'Gift Options', 61, 0, 'gift-options', NULL),
(72, 14, 'Autosettings', 60, 0, 'autosettings', 'advanced'),
(73, 14, 'Schedule Design Update', 55, 0, 'schedule-design-update', 'advanced'),
(74, 14, 'Design', 50, 0, 'design', 'advanced'),
(75, 14, 'Advanced Pricing', 40, 0, 'advanced-pricing', 'advanced'),
(76, 14, 'Search Engine Optimization', 30, 0, 'search-engine-optimization', 'basic'),
(77, 14, 'Images', 20, 0, 'image-management', 'basic'),
(78, 14, 'Bundle Items', 16, 0, 'bundle-items', NULL),
(79, 14, 'Content', 15, 0, 'content', 'basic'),
(80, 14, 'Product Details', 10, 1, 'product-details', 'basic'),
(81, 15, 'Gift Options', 61, 0, 'gift-options', NULL),
(82, 15, 'Autosettings', 60, 0, 'autosettings', 'advanced'),
(83, 15, 'Schedule Design Update', 55, 0, 'schedule-design-update', 'advanced'),
(84, 15, 'Design', 50, 0, 'design', 'advanced'),
(85, 15, 'Advanced Pricing', 40, 0, 'advanced-pricing', 'advanced'),
(86, 15, 'Search Engine Optimization', 30, 0, 'search-engine-optimization', 'basic'),
(87, 15, 'Images', 20, 0, 'image-management', 'basic'),
(88, 15, 'Bundle Items', 16, 0, 'bundle-items', NULL),
(89, 15, 'Content', 15, 0, 'content', 'basic'),
(90, 15, 'Product Details', 10, 1, 'product-details', 'basic'),
(91, 16, 'Gift Options', 10, 0, 'gift-options', NULL),
(92, 16, 'Autosettings', 9, 0, 'autosettings', 'advanced'),
(93, 16, 'Schedule Design Update', 8, 0, 'schedule-design-update', 'advanced'),
(94, 16, 'Design', 7, 0, 'design', 'advanced'),
(95, 16, 'Advanced Pricing', 6, 0, 'advanced-pricing', 'advanced'),
(96, 16, 'Search Engine Optimization', 5, 0, 'search-engine-optimization', 'basic'),
(97, 16, 'Images', 4, 0, 'image-management', 'basic'),
(98, 16, 'Bundle Items', 3, 0, 'bundle-items', NULL),
(99, 16, 'Content', 2, 0, 'content', 'basic'),
(100, 16, 'Product Details', 1, 1, 'product-details', 'basic'),
(101, 17, 'Gift Options', 10, 0, 'gift-options', NULL),
(102, 17, 'Autosettings', 9, 0, 'autosettings', 'advanced'),
(103, 17, 'Schedule Design Update', 8, 0, 'schedule-design-update', 'advanced'),
(104, 17, 'Design', 7, 0, 'design', 'advanced'),
(105, 17, 'Advanced Pricing', 6, 0, 'advanced-pricing', 'advanced'),
(106, 17, 'Search Engine Optimization', 5, 0, 'search-engine-optimization', 'basic'),
(107, 17, 'Images', 4, 0, 'image-management', 'basic'),
(108, 17, 'Bundle Items', 3, 0, 'bundle-items', NULL),
(109, 17, 'Content', 2, 0, 'content', 'basic'),
(110, 17, 'Product Details', 1, 1, 'product-details', 'basic'),
(111, 18, 'Gift Options', 10, 0, 'gift-options', NULL),
(112, 18, 'Autosettings', 9, 0, 'autosettings', 'advanced'),
(113, 18, 'Schedule Design Update', 8, 0, 'schedule-design-update', 'advanced'),
(114, 18, 'Design', 7, 0, 'design', 'advanced'),
(115, 18, 'Advanced Pricing', 6, 0, 'advanced-pricing', 'advanced'),
(116, 18, 'Search Engine Optimization', 5, 0, 'search-engine-optimization', 'basic'),
(117, 18, 'Images', 4, 0, 'image-management', 'basic'),
(118, 18, 'Bundle Items', 3, 0, 'bundle-items', NULL),
(119, 18, 'Content', 2, 0, 'content', 'basic'),
(120, 18, 'Product Details', 1, 1, 'product-details', 'basic');

-- --------------------------------------------------------

--
-- Table structure for table `eav_attribute_label`
--

CREATE TABLE `eav_attribute_label` (
  `attribute_label_id` int(10) UNSIGNED NOT NULL COMMENT 'Attribute Label Id',
  `attribute_id` smallint(5) UNSIGNED NOT NULL DEFAULT '0' COMMENT 'Attribute Id',
  `store_id` smallint(5) UNSIGNED NOT NULL DEFAULT '0' COMMENT 'Store Id',
  `value` varchar(255) DEFAULT NULL COMMENT 'Value'
) ENGINE=InnoDB DEFAULT CHARSET=utf8 COMMENT='Eav Attribute Label';

--
-- Dumping data for table `eav_attribute_label`
--

INSERT INTO `eav_attribute_label` (`attribute_label_id`, `attribute_id`, `store_id`, `value`) VALUES
(2, 135, 1, 'Style'),
(6, 140, 1, 'Category'),
(11, 148, 1, 'Style'),
(13, 149, 1, 'Style'),
(17, 141, 1, 'Size'),
(22, 160, 1, 'Size'),
(24, 161, 1, 'Size'),
(29, 162, 1, 'Size');

-- --------------------------------------------------------

--
-- Table structure for table `eav_attribute_option`
--

CREATE TABLE `eav_attribute_option` (
  `option_id` int(10) UNSIGNED NOT NULL COMMENT 'Option Id',
  `attribute_id` smallint(5) UNSIGNED NOT NULL DEFAULT '0' COMMENT 'Attribute Id',
  `sort_order` smallint(5) UNSIGNED NOT NULL DEFAULT '0' COMMENT 'Sort Order'
) ENGINE=InnoDB DEFAULT CHARSET=utf8 COMMENT='Eav Attribute Option';

--
-- Dumping data for table `eav_attribute_option`
--

INSERT INTO `eav_attribute_option` (`option_id`, `attribute_id`, `sort_order`) VALUES
(1, 20, 0),
(2, 20, 1),
(3, 20, 3),
(4, 134, 0),
(5, 134, 1),
(6, 134, 2),
(7, 134, 3),
(8, 134, 4),
(9, 134, 5),
(10, 134, 6),
(11, 134, 7),
(12, 134, 8),
(13, 134, 9),
(14, 134, 10),
(15, 134, 11),
(16, 134, 12),
(17, 134, 13),
(18, 134, 14),
(19, 134, 15),
(20, 134, 16),
(21, 134, 17),
(22, 134, 18),
(23, 134, 19),
(24, 135, 0),
(25, 135, 1),
(26, 135, 2),
(27, 135, 3),
(28, 135, 4),
(29, 135, 5),
(30, 135, 6),
(31, 136, 0),
(32, 136, 1),
(33, 136, 2),
(34, 136, 3),
(35, 136, 4),
(36, 136, 5),
(37, 136, 6),
(38, 136, 7),
(39, 136, 8),
(40, 136, 9),
(41, 136, 10),
(42, 136, 11),
(43, 136, 12),
(44, 136, 13),
(45, 136, 14),
(46, 136, 15),
(47, 136, 16),
(48, 136, 17),
(49, 93, 0),
(50, 93, 1),
(51, 93, 2),
(52, 93, 3),
(53, 93, 4),
(54, 93, 5),
(55, 93, 6),
(56, 93, 7),
(57, 93, 8),
(58, 93, 9),
(59, 93, 10),
(60, 93, 11),
(61, 137, 0),
(62, 137, 1),
(63, 137, 2),
(64, 137, 3),
(65, 137, 4),
(66, 137, 5),
(67, 137, 6),
(68, 137, 7),
(69, 138, 0),
(70, 138, 1),
(71, 138, 2),
(72, 138, 3),
(73, 138, 4),
(74, 138, 5),
(75, 138, 6),
(76, 138, 7),
(77, 138, 8),
(78, 138, 9),
(79, 138, 10),
(80, 139, 0),
(81, 139, 1),
(82, 139, 2),
(83, 139, 3),
(84, 139, 4),
(85, 140, 0),
(86, 140, 1),
(87, 140, 2),
(88, 140, 3),
(89, 140, 4),
(90, 140, 5),
(91, 141, 0),
(92, 141, 2),
(93, 141, 4),
(94, 141, 6),
(95, 141, 8),
(96, 141, 10),
(97, 142, 0),
(98, 143, 0),
(99, 144, 0),
(100, 145, 0),
(101, 146, 0),
(102, 147, 0),
(103, 147, 1),
(104, 147, 2),
(105, 148, 0),
(106, 148, 1),
(107, 148, 2),
(108, 148, 3),
(109, 148, 4),
(110, 148, 5),
(111, 148, 6),
(112, 148, 7),
(113, 148, 8),
(114, 148, 9),
(115, 148, 10),
(116, 148, 11),
(117, 149, 0),
(118, 149, 1),
(119, 149, 2),
(120, 149, 3),
(121, 149, 4),
(122, 149, 5),
(123, 149, 6),
(124, 149, 7),
(125, 149, 8),
(126, 149, 9),
(127, 149, 10),
(128, 149, 11),
(129, 149, 12),
(130, 149, 13),
(131, 149, 14),
(132, 149, 15),
(133, 149, 16),
(134, 149, 17),
(135, 149, 18),
(136, 149, 19),
(137, 149, 20),
(138, 149, 21),
(139, 149, 22),
(140, 149, 23),
(141, 149, 24),
(142, 149, 25),
(143, 136, 0),
(144, 136, 1),
(145, 136, 2),
(146, 136, 3),
(147, 136, 4),
(148, 136, 5),
(149, 136, 6),
(150, 136, 7),
(151, 136, 8),
(152, 136, 9),
(153, 136, 10),
(154, 136, 11),
(155, 136, 12),
(156, 136, 13),
(157, 136, 14),
(158, 136, 15),
(159, 136, 16),
(160, 136, 17),
(161, 150, 0),
(162, 150, 1),
(163, 150, 2),
(164, 150, 3),
(165, 150, 4),
(166, 150, 5),
(167, 141, 1),
(168, 141, 3),
(169, 141, 5),
(170, 141, 7),
(171, 141, 9),
(172, 141, 11),
(173, 141, 12),
(174, 141, 13),
(175, 141, 14),
(176, 141, 15),
(177, 141, 16),
(178, 141, 17),
(179, 141, 18),
(180, 141, 19),
(181, 151, 0),
(182, 151, 1),
(183, 151, 2),
(184, 151, 3),
(185, 151, 4),
(186, 151, 5),
(187, 151, 6),
(188, 151, 7),
(189, 151, 8),
(190, 151, 9),
(191, 151, 10),
(192, 151, 11),
(193, 152, 0),
(194, 152, 1),
(195, 152, 2),
(196, 152, 3),
(197, 152, 4),
(198, 152, 5),
(199, 152, 6),
(200, 152, 7),
(201, 152, 8),
(202, 153, 0),
(203, 153, 1),
(204, 153, 2),
(205, 153, 3),
(206, 153, 4),
(207, 153, 5),
(208, 153, 6),
(209, 153, 7),
(210, 153, 8),
(211, 153, 9),
(212, 153, 10),
(215, 160, 1),
(216, 160, 2),
(217, 161, 1),
(218, 161, 2),
(219, 161, 3),
(220, 161, 4),
(221, 161, 5),
(222, 161, 6),
(223, 161, 7),
(224, 161, 8),
(225, 161, 9),
(226, 93, 13),
(227, 162, 1),
(228, 162, 2);

-- --------------------------------------------------------

--
-- Table structure for table `eav_attribute_option_swatch`
--

CREATE TABLE `eav_attribute_option_swatch` (
  `swatch_id` int(10) UNSIGNED NOT NULL COMMENT 'Swatch ID',
  `option_id` int(10) UNSIGNED NOT NULL COMMENT 'Option ID',
  `store_id` smallint(5) UNSIGNED NOT NULL COMMENT 'Store ID',
  `type` smallint(5) UNSIGNED NOT NULL COMMENT 'Swatch type: 0 - text, 1 - visual color, 2 - visual image',
  `value` varchar(255) DEFAULT NULL COMMENT 'Swatch Value'
) ENGINE=InnoDB DEFAULT CHARSET=utf8 COMMENT='Magento Swatches table';

--
-- Dumping data for table `eav_attribute_option_swatch`
--

INSERT INTO `eav_attribute_option_swatch` (`swatch_id`, `option_id`, `store_id`, `type`, `value`) VALUES
(1, 49, 0, 1, '#000000'),
(2, 50, 0, 1, '#1857f7'),
(3, 51, 0, 1, '#945454'),
(4, 52, 0, 1, '#8f8f8f'),
(5, 53, 0, 1, '#53a828'),
(6, 54, 0, 1, '#ce64d4'),
(7, 55, 0, 1, '#ffffff'),
(8, 56, 0, 1, '#eb6703'),
(9, 57, 0, 1, '#ef3dff'),
(10, 58, 0, 1, '#ff0000'),
(11, 59, 0, 1, '#ffffff'),
(12, 60, 0, 1, '#ffd500'),
(13, 91, 0, 0, '55 cm'),
(14, 91, 1, 0, NULL),
(15, 167, 0, 0, 'XS'),
(16, 167, 1, 0, NULL),
(17, 92, 0, 0, '65 cm'),
(18, 92, 1, 0, NULL),
(19, 168, 0, 0, 'S'),
(20, 168, 1, 0, NULL),
(21, 93, 0, 0, '75 cm'),
(22, 93, 1, 0, NULL),
(23, 169, 0, 0, 'M'),
(24, 169, 1, 0, NULL),
(25, 94, 0, 0, '6 foot'),
(26, 94, 1, 0, NULL),
(27, 170, 0, 0, 'L'),
(28, 170, 1, 0, NULL),
(29, 95, 0, 0, '8 foot'),
(30, 95, 1, 0, NULL),
(31, 171, 0, 0, 'XL'),
(32, 171, 1, 0, NULL),
(33, 96, 0, 0, '10 foot'),
(34, 96, 1, 0, NULL),
(35, 172, 0, 0, '28'),
(36, 172, 1, 0, NULL),
(37, 173, 0, 0, '29'),
(38, 173, 1, 0, NULL),
(39, 174, 0, 0, '30'),
(40, 174, 1, 0, NULL),
(41, 175, 0, 0, '31'),
(42, 175, 1, 0, NULL),
(43, 176, 0, 0, '32'),
(44, 176, 1, 0, NULL),
(45, 177, 0, 0, '33'),
(46, 177, 1, 0, NULL),
(47, 178, 0, 0, '34'),
(48, 178, 1, 0, NULL),
(49, 179, 0, 0, '36'),
(50, 179, 1, 0, NULL),
(51, 180, 0, 0, '38'),
(52, 180, 1, 0, NULL),
(53, 226, 0, 1, '#000080');

-- --------------------------------------------------------

--
-- Table structure for table `eav_attribute_option_value`
--

CREATE TABLE `eav_attribute_option_value` (
  `value_id` int(10) UNSIGNED NOT NULL COMMENT 'Value Id',
  `option_id` int(10) UNSIGNED NOT NULL DEFAULT '0' COMMENT 'Option Id',
  `store_id` smallint(5) UNSIGNED NOT NULL DEFAULT '0' COMMENT 'Store Id',
  `value` varchar(255) DEFAULT NULL COMMENT 'Value'
) ENGINE=InnoDB DEFAULT CHARSET=utf8 COMMENT='Eav Attribute Option Value';

--
-- Dumping data for table `eav_attribute_option_value`
--

INSERT INTO `eav_attribute_option_value` (`value_id`, `option_id`, `store_id`, `value`) VALUES
(1, 1, 0, 'Male'),
(2, 2, 0, 'Female'),
(3, 3, 0, 'Not Specified'),
(4, 4, 0, 'Hike'),
(5, 5, 0, 'Outdoor'),
(6, 6, 0, 'Running'),
(7, 7, 0, 'Warmup'),
(8, 8, 0, 'Yoga'),
(9, 9, 0, 'Recreation'),
(10, 10, 0, 'Lounge'),
(11, 11, 0, 'Gym'),
(12, 12, 0, 'Climbing'),
(13, 13, 0, 'Crosstraining'),
(14, 14, 0, 'Post-workout'),
(15, 15, 0, 'Cycling'),
(16, 16, 0, 'Athletic'),
(17, 17, 0, 'Sports'),
(18, 18, 0, 'Hiking'),
(19, 19, 0, 'Overnight'),
(20, 20, 0, 'School'),
(21, 21, 0, 'Trail'),
(22, 22, 0, 'Travel'),
(23, 23, 0, 'Urban'),
(24, 24, 0, 'Backpack'),
(25, 25, 0, 'Luggage'),
(26, 26, 0, 'Duffel'),
(27, 27, 0, 'Messenger'),
(28, 28, 0, 'Laptop'),
(29, 29, 0, 'Exercise'),
(30, 30, 0, 'Tote'),
(31, 31, 0, 'Burlap'),
(32, 32, 0, 'Canvas'),
(33, 33, 0, 'Cotton'),
(34, 34, 0, 'Faux Leather'),
(35, 35, 0, 'Leather'),
(36, 36, 0, 'Mesh'),
(37, 37, 0, 'Nylon'),
(38, 38, 0, 'Polyester'),
(39, 39, 0, 'Rayon'),
(40, 40, 0, 'Ripstop'),
(41, 41, 0, 'Suede'),
(42, 42, 0, 'Foam'),
(43, 43, 0, 'Metal'),
(44, 44, 0, 'Plastic'),
(45, 45, 0, 'Rubber'),
(46, 46, 0, 'Synthetic'),
(47, 47, 0, 'Stainless Steel'),
(48, 48, 0, 'Silicone'),
(61, 61, 0, 'Adjustable'),
(62, 62, 0, 'Cross Body'),
(63, 63, 0, 'Detachable'),
(64, 64, 0, 'Double'),
(65, 65, 0, 'Padded'),
(66, 66, 0, 'Shoulder'),
(67, 67, 0, 'Single'),
(68, 68, 0, 'Telescoping'),
(69, 69, 0, 'Audio Pocket'),
(70, 70, 0, 'Wheeled'),
(71, 71, 0, 'Hydration Pocket'),
(72, 72, 0, 'Audio Pocket'),
(73, 73, 0, 'Flapover'),
(74, 74, 0, 'Waterproof'),
(75, 75, 0, 'Lightweight'),
(76, 76, 0, 'TSA Approved'),
(77, 77, 0, 'Reflective'),
(78, 78, 0, 'Laptop Sleeve'),
(79, 79, 0, 'Lockable'),
(80, 80, 0, 'Men'),
(81, 81, 0, 'Women'),
(82, 82, 0, 'Boys'),
(83, 83, 0, 'Girls'),
(84, 84, 0, 'Unisex'),
(85, 85, 0, 'Cardio'),
(86, 86, 0, 'Electronic'),
(87, 87, 0, 'Exercise'),
(88, 88, 0, 'Fashion'),
(89, 89, 0, 'Hydration'),
(90, 90, 0, 'Timepiece'),
(97, 102, 0, 'Download'),
(98, 103, 0, 'DVD'),
(99, 105, 0, 'Base Layer'),
(100, 106, 0, 'Basic'),
(101, 107, 0, 'Capri'),
(102, 108, 0, 'Compression'),
(103, 109, 0, 'Leggings'),
(104, 110, 0, 'Parachute'),
(105, 111, 0, 'Skort'),
(106, 112, 0, 'Snug'),
(107, 113, 0, 'Sweatpants'),
(108, 114, 0, 'Tights'),
(109, 115, 0, 'Track Pants'),
(110, 116, 0, 'Workout Pants'),
(111, 117, 0, 'Insulated'),
(112, 118, 0, 'Jacket'),
(113, 119, 0, 'Vest'),
(114, 120, 0, 'Lightweight'),
(115, 121, 0, 'Hooded'),
(116, 122, 0, 'Heavy Duty'),
(117, 123, 0, 'Rain Coat'),
(118, 124, 0, 'Hard Shell'),
(119, 125, 0, 'Soft Shell'),
(120, 126, 0, 'Windbreaker'),
(121, 127, 0, '&frac12; zip'),
(122, 128, 0, '&frac14; zip'),
(123, 129, 0, 'Full Zip'),
(124, 130, 0, 'Reversible'),
(125, 131, 0, 'Bra'),
(126, 132, 0, 'Hoodie'),
(127, 133, 0, 'Sweatshirt'),
(128, 134, 0, 'Polo'),
(129, 135, 0, 'Tank'),
(130, 136, 0, 'Tee'),
(131, 137, 0, 'Pullover'),
(132, 138, 0, 'Hoodie'),
(133, 139, 0, 'Cardigan'),
(134, 140, 0, 'Henley'),
(135, 141, 0, 'Tunic'),
(136, 142, 0, 'Camisole'),
(137, 143, 0, 'Cocona&reg; performance fabric'),
(138, 144, 0, 'Wool'),
(139, 145, 0, 'Fleece'),
(140, 146, 0, 'Hemp'),
(141, 147, 0, 'Jersey'),
(142, 148, 0, 'LumaTech&trade;'),
(143, 149, 0, 'Lycra&reg;'),
(144, 150, 0, 'Microfiber'),
(145, 151, 0, 'Spandex'),
(146, 152, 0, 'HeatTec&reg;'),
(147, 153, 0, 'EverCool&trade;'),
(148, 154, 0, 'Organic Cotton'),
(149, 155, 0, 'TENCEL'),
(150, 156, 0, 'CoolTech&trade;'),
(151, 157, 0, 'Khaki'),
(152, 158, 0, 'Linen'),
(153, 159, 0, 'Wool'),
(154, 160, 0, 'Terry'),
(155, 161, 0, 'Sleeve'),
(156, 162, 0, 'Long-Sleeve'),
(157, 163, 0, 'Short-Sleeve'),
(158, 164, 0, 'Sleeveless'),
(159, 165, 0, 'Tank'),
(160, 166, 0, 'Strap'),
(175, 181, 0, 'N/A'),
(176, 182, 0, '? zip'),
(177, 183, 0, 'Boat Neck'),
(178, 184, 0, 'Crew'),
(179, 185, 0, 'Full zip'),
(180, 186, 0, 'V-neck'),
(181, 187, 0, 'Ballet'),
(182, 188, 0, 'Scoop'),
(183, 189, 0, 'High Collar'),
(184, 190, 0, 'Stand Collar'),
(185, 191, 0, 'Roll Neck'),
(186, 192, 0, 'Square Neck'),
(187, 193, 0, 'Color-Blocked'),
(188, 194, 0, 'Checked'),
(189, 195, 0, 'Color-Blocked'),
(190, 196, 0, 'Graphic Print'),
(191, 197, 0, 'Solid'),
(192, 198, 0, 'Solid-Highlight'),
(193, 199, 0, 'Striped'),
(194, 200, 0, 'Camo'),
(195, 201, 0, 'Geometric'),
(196, 202, 0, 'All-Weather'),
(197, 203, 0, 'Cold'),
(198, 204, 0, 'Cool'),
(199, 205, 0, 'Indoor'),
(200, 206, 0, 'Mild'),
(201, 207, 0, 'Rainy'),
(202, 208, 0, 'Spring'),
(203, 209, 0, 'Warm'),
(204, 210, 0, 'Windy'),
(205, 211, 0, 'Wintry'),
(206, 212, 0, 'Hot'),
(219, 91, 0, '55 cm'),
(220, 167, 0, 'XS'),
(221, 92, 0, '65 cm'),
(222, 168, 0, 'S'),
(223, 93, 0, '75 cm'),
(224, 169, 0, 'M'),
(225, 94, 0, '6 foot'),
(226, 170, 0, 'L'),
(227, 95, 0, '8 foot'),
(228, 171, 0, 'XL'),
(229, 96, 0, '10 foot'),
(230, 172, 0, '28'),
(231, 173, 0, '29'),
(232, 174, 0, '30'),
(233, 175, 0, '31'),
(234, 176, 0, '32'),
(235, 177, 0, '33'),
(236, 178, 0, '34'),
(237, 179, 0, '36'),
(238, 180, 0, '38'),
(243, 215, 1, '15'),
(244, 215, 0, '15'),
(245, 216, 1, '19'),
(246, 216, 0, '19'),
(247, 217, 1, '6 3/4'),
(248, 217, 0, '6 3/4'),
(249, 218, 1, '6 7/8'),
(250, 218, 0, '6 7/8'),
(251, 219, 0, '7'),
(252, 220, 1, '7 1/8'),
(253, 220, 0, '7 1/8'),
(254, 221, 1, '7 1/4'),
(255, 221, 0, '7 1/4'),
(256, 222, 1, '7 3/8'),
(257, 222, 0, '7 3/8'),
(258, 223, 1, '7 1/2'),
(259, 223, 0, '7 1/2'),
(260, 224, 1, '7 3/4'),
(261, 224, 0, '7 3/4'),
(262, 225, 1, '8'),
(263, 225, 0, '8'),
(264, 49, 0, 'Black'),
(265, 50, 0, 'Blue'),
(266, 51, 0, 'Brown'),
(267, 52, 0, 'Gray'),
(268, 53, 0, 'Green'),
(269, 54, 0, 'Lavender'),
(270, 55, 0, 'Multi'),
(271, 56, 0, 'Orange'),
(272, 57, 0, 'Purple'),
(273, 58, 0, 'Red'),
(274, 59, 0, 'White'),
(275, 60, 0, 'Yellow'),
(276, 226, 0, 'Navy'),
(289, 227, 1, 'L'),
(290, 227, 0, 'L'),
(291, 228, 1, 'XL'),
(292, 228, 0, 'XL');

-- --------------------------------------------------------

--
-- Table structure for table `eav_attribute_set`
--

CREATE TABLE `eav_attribute_set` (
  `attribute_set_id` smallint(5) UNSIGNED NOT NULL COMMENT 'Attribute Set Id',
  `entity_type_id` smallint(5) UNSIGNED NOT NULL DEFAULT '0' COMMENT 'Entity Type Id',
  `attribute_set_name` varchar(255) DEFAULT NULL COMMENT 'Attribute Set Name',
  `sort_order` smallint(6) NOT NULL DEFAULT '0' COMMENT 'Sort Order'
) ENGINE=InnoDB DEFAULT CHARSET=utf8 COMMENT='Eav Attribute Set';

--
-- Dumping data for table `eav_attribute_set`
--

INSERT INTO `eav_attribute_set` (`attribute_set_id`, `entity_type_id`, `attribute_set_name`, `sort_order`) VALUES
(1, 1, 'Default', 2),
(2, 2, 'Default', 2),
(3, 3, 'Default', 1),
(4, 4, 'Default', 1),
(5, 5, 'Default', 1),
(6, 6, 'Default', 1),
(7, 7, 'Default', 1),
(8, 8, 'Default', 1),
(9, 4, 'Top', 0),
(10, 4, 'Bottom', 0),
(11, 4, 'Gear', 0),
(12, 4, 'Sprite Stasis Ball', 0),
(13, 4, 'Sprite Yoga Strap', 0),
(14, 4, 'Downloadable', 0),
(15, 4, 'Bag', 0),
(16, 4, 'Honigs_Sports_Baseball_softball_Leg_Guards', 0),
(17, 4, 'Sports_Baseball_Softball _Stitch_Hat', 0),
(18, 4, 'Basketball_shirt_set', 0);

-- --------------------------------------------------------

--
-- Table structure for table `eav_entity`
--

CREATE TABLE `eav_entity` (
  `entity_id` int(10) UNSIGNED NOT NULL COMMENT 'Entity Id',
  `entity_type_id` smallint(5) UNSIGNED NOT NULL DEFAULT '0' COMMENT 'Entity Type Id',
  `attribute_set_id` smallint(5) UNSIGNED NOT NULL DEFAULT '0' COMMENT 'Attribute Set Id',
  `increment_id` varchar(50) DEFAULT NULL COMMENT 'Increment Id',
  `parent_id` int(10) UNSIGNED NOT NULL DEFAULT '0' COMMENT 'Parent Id',
  `store_id` smallint(5) UNSIGNED NOT NULL DEFAULT '0' COMMENT 'Store Id',
  `created_at` timestamp NOT NULL DEFAULT CURRENT_TIMESTAMP COMMENT 'Created At',
  `updated_at` timestamp NOT NULL DEFAULT CURRENT_TIMESTAMP ON UPDATE CURRENT_TIMESTAMP COMMENT 'Updated At',
  `is_active` smallint(5) UNSIGNED NOT NULL DEFAULT '1' COMMENT 'Defines Is Entity Active'
) ENGINE=InnoDB DEFAULT CHARSET=utf8 COMMENT='Eav Entity';

-- --------------------------------------------------------

--
-- Table structure for table `eav_entity_attribute`
--

CREATE TABLE `eav_entity_attribute` (
  `entity_attribute_id` int(10) UNSIGNED NOT NULL COMMENT 'Entity Attribute Id',
  `entity_type_id` smallint(5) UNSIGNED NOT NULL DEFAULT '0' COMMENT 'Entity Type Id',
  `attribute_set_id` smallint(5) UNSIGNED NOT NULL DEFAULT '0' COMMENT 'Attribute Set Id',
  `attribute_group_id` smallint(5) UNSIGNED NOT NULL DEFAULT '0' COMMENT 'Attribute Group Id',
  `attribute_id` smallint(5) UNSIGNED NOT NULL DEFAULT '0' COMMENT 'Attribute Id',
  `sort_order` smallint(6) NOT NULL DEFAULT '0' COMMENT 'Sort Order'
) ENGINE=InnoDB DEFAULT CHARSET=utf8 COMMENT='Eav Entity Attributes';

--
-- Dumping data for table `eav_entity_attribute`
--

INSERT INTO `eav_entity_attribute` (`entity_attribute_id`, `entity_type_id`, `attribute_set_id`, `attribute_group_id`, `attribute_id`, `sort_order`) VALUES
(1, 1, 1, 1, 1, 10),
(2, 1, 1, 1, 2, 20),
(3, 1, 1, 1, 3, 20),
(4, 1, 1, 1, 4, 30),
(5, 1, 1, 1, 5, 40),
(6, 1, 1, 1, 6, 50),
(7, 1, 1, 1, 7, 60),
(8, 1, 1, 1, 8, 70),
(9, 1, 1, 1, 9, 80),
(10, 1, 1, 1, 10, 25),
(11, 1, 1, 1, 11, 90),
(12, 1, 1, 1, 12, 81),
(13, 1, 1, 1, 13, 115),
(14, 1, 1, 1, 14, 120),
(15, 1, 1, 1, 15, 82),
(16, 1, 1, 1, 16, 83),
(17, 1, 1, 1, 17, 100),
(18, 1, 1, 1, 18, 85),
(19, 1, 1, 1, 19, 86),
(20, 1, 1, 1, 20, 110),
(21, 1, 1, 1, 21, 121),
(22, 2, 2, 2, 22, 10),
(23, 2, 2, 2, 23, 20),
(24, 2, 2, 2, 24, 30),
(25, 2, 2, 2, 25, 40),
(26, 2, 2, 2, 26, 50),
(27, 2, 2, 2, 27, 60),
(28, 2, 2, 2, 28, 70),
(29, 2, 2, 2, 29, 80),
(30, 2, 2, 2, 30, 90),
(31, 2, 2, 2, 31, 100),
(32, 2, 2, 2, 32, 100),
(33, 2, 2, 2, 33, 110),
(34, 2, 2, 2, 34, 120),
(35, 2, 2, 2, 35, 130),
(36, 2, 2, 2, 36, 131),
(37, 2, 2, 2, 37, 132),
(38, 2, 2, 2, 38, 133),
(39, 2, 2, 2, 39, 134),
(40, 2, 2, 2, 40, 135),
(41, 1, 1, 1, 41, 87),
(42, 1, 1, 1, 42, 100),
(43, 1, 1, 1, 43, 110),
(44, 1, 1, 1, 44, 120),
(45, 3, 3, 4, 45, 1),
(46, 3, 3, 4, 46, 2),
(47, 3, 3, 4, 47, 4),
(48, 3, 3, 4, 48, 5),
(49, 3, 3, 4, 49, 6),
(50, 3, 3, 4, 50, 7),
(51, 3, 3, 4, 51, 8),
(52, 3, 3, 5, 52, 10),
(53, 3, 3, 5, 53, 20),
(54, 3, 3, 5, 54, 30),
(55, 3, 3, 4, 55, 12),
(56, 3, 3, 4, 56, 13),
(57, 3, 3, 4, 57, 14),
(58, 3, 3, 4, 58, 15),
(59, 3, 3, 4, 59, 16),
(60, 3, 3, 6, 60, 10),
(61, 3, 3, 6, 61, 30),
(62, 3, 3, 6, 62, 40),
(63, 3, 3, 6, 63, 50),
(64, 3, 3, 6, 64, 60),
(65, 3, 3, 4, 65, 24),
(66, 3, 3, 4, 66, 25),
(67, 3, 3, 5, 67, 40),
(68, 3, 3, 5, 68, 50),
(69, 3, 3, 4, 69, 10),
(70, 3, 3, 6, 70, 5),
(71, 3, 3, 6, 71, 6),
(72, 3, 3, 5, 72, 51),
(90, 4, 4, 7, 91, 6),
(96, 4, 4, 8, 98, 8),
(105, 4, 4, 7, 107, 14),
(106, 4, 4, 7, 108, 15),
(107, 4, 4, 7, 109, 16),
(108, 4, 4, 7, 110, 17),
(109, 4, 4, 7, 111, 18),
(110, 4, 4, 7, 112, 19),
(111, 4, 4, 7, 113, 20),
(122, 3, 3, 4, 124, 3),
(123, 3, 3, 4, 125, 17),
(125, 4, 4, 7, 127, 11),
(126, 4, 4, 7, 128, 111),
(127, 4, 4, 7, 129, 112),
(128, 4, 4, 7, 130, 113),
(129, 4, 4, 7, 131, 114),
(133, 4, 9, 21, 132, 10),
(135, 4, 9, 23, 101, 20),
(137, 4, 9, 23, 102, 30),
(139, 4, 9, 23, 100, 40),
(141, 4, 9, 23, 116, 50),
(143, 4, 9, 24, 104, 5),
(145, 4, 9, 24, 106, 6),
(147, 4, 9, 24, 103, 10),
(149, 4, 9, 25, 78, 3),
(151, 4, 9, 25, 79, 4),
(153, 4, 9, 25, 80, 5),
(155, 4, 9, 25, 81, 6),
(157, 4, 9, 25, 92, 7),
(159, 4, 9, 25, 98, 8),
(161, 4, 9, 25, 117, 9),
(163, 4, 9, 25, 118, 10),
(165, 4, 9, 25, 122, 11),
(167, 4, 9, 26, 126, 10),
(169, 4, 9, 26, 84, 20),
(171, 4, 9, 26, 85, 30),
(173, 4, 9, 26, 86, 40),
(175, 4, 9, 27, 87, 1),
(177, 4, 9, 27, 88, 2),
(179, 4, 9, 27, 89, 3),
(181, 4, 9, 27, 90, 4),
(183, 4, 9, 27, 96, 5),
(185, 4, 9, 28, 123, 1),
(187, 4, 9, 29, 75, 90),
(189, 4, 9, 29, 76, 100),
(191, 4, 9, 30, 97, 5),
(193, 4, 9, 30, 91, 6),
(195, 4, 9, 30, 73, 10),
(197, 4, 9, 30, 127, 11),
(199, 4, 9, 30, 107, 14),
(201, 4, 9, 30, 108, 15),
(203, 4, 9, 30, 109, 16),
(205, 4, 9, 30, 110, 17),
(207, 4, 9, 30, 111, 18),
(209, 4, 9, 30, 112, 19),
(211, 4, 9, 30, 74, 20),
(213, 4, 9, 30, 113, 20),
(215, 4, 9, 30, 120, 21),
(217, 4, 9, 30, 77, 30),
(219, 4, 9, 30, 119, 31),
(221, 4, 9, 30, 133, 40),
(223, 4, 9, 30, 115, 60),
(225, 4, 9, 30, 82, 70),
(227, 4, 9, 30, 121, 71),
(229, 4, 9, 30, 105, 80),
(231, 4, 9, 30, 99, 80),
(233, 4, 9, 30, 94, 90),
(235, 4, 9, 30, 95, 100),
(237, 4, 9, 30, 114, 110),
(239, 4, 9, 30, 128, 111),
(241, 4, 9, 30, 129, 112),
(243, 4, 9, 30, 130, 113),
(245, 4, 9, 30, 131, 114),
(247, 4, 9, 30, 134, 1000),
(249, 4, 10, 31, 132, 10),
(251, 4, 10, 33, 101, 20),
(253, 4, 10, 33, 102, 30),
(255, 4, 10, 33, 100, 40),
(257, 4, 10, 33, 116, 50),
(259, 4, 10, 34, 104, 5),
(261, 4, 10, 34, 106, 6),
(263, 4, 10, 34, 103, 10),
(265, 4, 10, 35, 78, 3),
(267, 4, 10, 35, 79, 4),
(269, 4, 10, 35, 80, 5),
(271, 4, 10, 35, 81, 6),
(273, 4, 10, 35, 92, 7),
(275, 4, 10, 35, 98, 8),
(277, 4, 10, 35, 117, 9),
(279, 4, 10, 35, 118, 10),
(281, 4, 10, 35, 122, 11),
(283, 4, 10, 36, 126, 10),
(285, 4, 10, 36, 84, 20),
(287, 4, 10, 36, 85, 30),
(289, 4, 10, 36, 86, 40),
(291, 4, 10, 37, 87, 1),
(293, 4, 10, 37, 88, 2),
(295, 4, 10, 37, 89, 3),
(297, 4, 10, 37, 90, 4),
(299, 4, 10, 37, 96, 5),
(301, 4, 10, 38, 123, 1),
(303, 4, 10, 39, 75, 90),
(305, 4, 10, 39, 76, 100),
(307, 4, 10, 40, 97, 5),
(309, 4, 10, 40, 91, 6),
(311, 4, 10, 40, 73, 10),
(313, 4, 10, 40, 127, 11),
(315, 4, 10, 40, 107, 14),
(317, 4, 10, 40, 108, 15),
(319, 4, 10, 40, 109, 16),
(321, 4, 10, 40, 110, 17),
(323, 4, 10, 40, 111, 18),
(325, 4, 10, 40, 112, 19),
(327, 4, 10, 40, 74, 20),
(329, 4, 10, 40, 113, 20),
(331, 4, 10, 40, 120, 21),
(333, 4, 10, 40, 77, 30),
(335, 4, 10, 40, 119, 31),
(337, 4, 10, 40, 133, 40),
(339, 4, 10, 40, 115, 60),
(341, 4, 10, 40, 82, 70),
(343, 4, 10, 40, 121, 71),
(345, 4, 10, 40, 105, 80),
(347, 4, 10, 40, 99, 80),
(349, 4, 10, 40, 94, 90),
(351, 4, 10, 40, 95, 100),
(353, 4, 10, 40, 114, 110),
(355, 4, 10, 40, 128, 111),
(357, 4, 10, 40, 129, 112),
(359, 4, 10, 40, 130, 113),
(361, 4, 10, 40, 131, 114),
(363, 4, 10, 40, 134, 1001),
(365, 4, 11, 41, 132, 10),
(367, 4, 11, 43, 101, 20),
(369, 4, 11, 43, 102, 30),
(371, 4, 11, 43, 100, 40),
(373, 4, 11, 43, 116, 50),
(375, 4, 11, 44, 104, 5),
(377, 4, 11, 44, 106, 6),
(379, 4, 11, 44, 103, 10),
(381, 4, 11, 45, 78, 3),
(383, 4, 11, 45, 79, 4),
(385, 4, 11, 45, 80, 5),
(387, 4, 11, 45, 81, 6),
(389, 4, 11, 45, 92, 7),
(391, 4, 11, 45, 98, 8),
(393, 4, 11, 45, 117, 9),
(395, 4, 11, 45, 118, 10),
(397, 4, 11, 45, 122, 11),
(399, 4, 11, 46, 126, 10),
(401, 4, 11, 46, 84, 20),
(403, 4, 11, 46, 85, 30),
(405, 4, 11, 46, 86, 40),
(407, 4, 11, 47, 87, 1),
(409, 4, 11, 47, 88, 2),
(411, 4, 11, 47, 89, 3),
(413, 4, 11, 47, 90, 4),
(415, 4, 11, 47, 96, 5),
(417, 4, 11, 48, 123, 1),
(419, 4, 11, 49, 75, 90),
(421, 4, 11, 49, 76, 100),
(423, 4, 11, 50, 97, 5),
(425, 4, 11, 50, 91, 6),
(427, 4, 11, 50, 73, 10),
(429, 4, 11, 50, 127, 11),
(431, 4, 11, 50, 107, 14),
(433, 4, 11, 50, 108, 15),
(435, 4, 11, 50, 109, 16),
(437, 4, 11, 50, 110, 17),
(439, 4, 11, 50, 111, 18),
(441, 4, 11, 50, 112, 19),
(443, 4, 11, 50, 74, 20),
(445, 4, 11, 50, 113, 20),
(447, 4, 11, 50, 120, 21),
(449, 4, 11, 50, 77, 30),
(451, 4, 11, 50, 119, 31),
(453, 4, 11, 50, 133, 40),
(455, 4, 11, 50, 115, 60),
(457, 4, 11, 50, 82, 70),
(459, 4, 11, 50, 121, 71),
(461, 4, 11, 50, 105, 80),
(463, 4, 11, 50, 99, 80),
(465, 4, 11, 50, 94, 90),
(467, 4, 11, 50, 95, 100),
(469, 4, 11, 50, 114, 110),
(471, 4, 11, 50, 128, 111),
(473, 4, 11, 50, 129, 112),
(475, 4, 11, 50, 130, 113),
(477, 4, 11, 50, 131, 114),
(479, 4, 11, 50, 134, 1002),
(481, 4, 12, 51, 132, 10),
(483, 4, 12, 53, 101, 20),
(485, 4, 12, 53, 102, 30),
(487, 4, 12, 53, 100, 40),
(489, 4, 12, 53, 116, 50),
(491, 4, 12, 54, 104, 5),
(493, 4, 12, 54, 106, 6),
(495, 4, 12, 54, 103, 10),
(497, 4, 12, 55, 78, 3),
(499, 4, 12, 55, 79, 4),
(501, 4, 12, 55, 80, 5),
(503, 4, 12, 55, 81, 6),
(505, 4, 12, 55, 92, 7),
(507, 4, 12, 55, 98, 8),
(509, 4, 12, 55, 117, 9),
(511, 4, 12, 55, 118, 10),
(513, 4, 12, 55, 122, 11),
(515, 4, 12, 56, 126, 10),
(517, 4, 12, 56, 84, 20),
(519, 4, 12, 56, 85, 30),
(521, 4, 12, 56, 86, 40),
(523, 4, 12, 57, 87, 1),
(525, 4, 12, 57, 88, 2),
(527, 4, 12, 57, 89, 3),
(529, 4, 12, 57, 90, 4),
(531, 4, 12, 57, 96, 5),
(533, 4, 12, 58, 123, 1),
(535, 4, 12, 59, 75, 90),
(537, 4, 12, 59, 76, 100),
(539, 4, 12, 60, 97, 5),
(541, 4, 12, 60, 91, 6),
(543, 4, 12, 60, 73, 10),
(545, 4, 12, 60, 127, 11),
(547, 4, 12, 60, 107, 14),
(549, 4, 12, 60, 108, 15),
(551, 4, 12, 60, 109, 16),
(553, 4, 12, 60, 110, 17),
(555, 4, 12, 60, 111, 18),
(557, 4, 12, 60, 112, 19),
(559, 4, 12, 60, 74, 20),
(561, 4, 12, 60, 113, 20),
(563, 4, 12, 60, 120, 21),
(565, 4, 12, 60, 77, 30),
(567, 4, 12, 60, 119, 31),
(569, 4, 12, 60, 133, 40),
(571, 4, 12, 60, 115, 60),
(573, 4, 12, 60, 82, 70),
(575, 4, 12, 60, 121, 71),
(577, 4, 12, 60, 105, 80),
(579, 4, 12, 60, 99, 80),
(581, 4, 12, 60, 94, 90),
(583, 4, 12, 60, 95, 100),
(585, 4, 12, 60, 114, 110),
(587, 4, 12, 60, 128, 111),
(589, 4, 12, 60, 129, 112),
(591, 4, 12, 60, 130, 113),
(593, 4, 12, 60, 131, 114),
(595, 4, 12, 60, 134, 1003),
(597, 4, 13, 61, 132, 10),
(599, 4, 13, 63, 101, 20),
(601, 4, 13, 63, 102, 30),
(603, 4, 13, 63, 100, 40),
(605, 4, 13, 63, 116, 50),
(607, 4, 13, 64, 104, 5),
(609, 4, 13, 64, 106, 6),
(611, 4, 13, 64, 103, 10),
(613, 4, 13, 65, 78, 3),
(615, 4, 13, 65, 79, 4),
(617, 4, 13, 65, 80, 5),
(619, 4, 13, 65, 81, 6),
(621, 4, 13, 65, 92, 7),
(623, 4, 13, 65, 98, 8),
(625, 4, 13, 65, 117, 9),
(627, 4, 13, 65, 118, 10),
(629, 4, 13, 65, 122, 11),
(631, 4, 13, 66, 126, 10),
(633, 4, 13, 66, 84, 20),
(635, 4, 13, 66, 85, 30),
(637, 4, 13, 66, 86, 40),
(639, 4, 13, 67, 87, 1),
(641, 4, 13, 67, 88, 2),
(643, 4, 13, 67, 89, 3),
(645, 4, 13, 67, 90, 4),
(647, 4, 13, 67, 96, 5),
(649, 4, 13, 68, 123, 1),
(651, 4, 13, 69, 75, 90),
(653, 4, 13, 69, 76, 100),
(655, 4, 13, 70, 97, 5),
(657, 4, 13, 70, 91, 6),
(659, 4, 13, 70, 73, 10),
(661, 4, 13, 70, 127, 11),
(663, 4, 13, 70, 107, 14),
(665, 4, 13, 70, 108, 15),
(667, 4, 13, 70, 109, 16),
(669, 4, 13, 70, 110, 17),
(671, 4, 13, 70, 111, 18),
(673, 4, 13, 70, 112, 19),
(675, 4, 13, 70, 74, 20),
(677, 4, 13, 70, 113, 20),
(679, 4, 13, 70, 120, 21),
(681, 4, 13, 70, 77, 30),
(683, 4, 13, 70, 119, 31),
(685, 4, 13, 70, 133, 40),
(687, 4, 13, 70, 115, 60),
(689, 4, 13, 70, 82, 70),
(691, 4, 13, 70, 121, 71),
(693, 4, 13, 70, 105, 80),
(695, 4, 13, 70, 99, 80),
(697, 4, 13, 70, 94, 90),
(699, 4, 13, 70, 95, 100),
(701, 4, 13, 70, 114, 110),
(703, 4, 13, 70, 128, 111),
(705, 4, 13, 70, 129, 112),
(707, 4, 13, 70, 130, 113),
(709, 4, 13, 70, 131, 114),
(711, 4, 13, 70, 134, 1004),
(713, 4, 14, 71, 132, 10),
(715, 4, 14, 73, 101, 20),
(717, 4, 14, 73, 102, 30),
(719, 4, 14, 73, 100, 40),
(721, 4, 14, 73, 116, 50),
(723, 4, 14, 74, 104, 5),
(725, 4, 14, 74, 106, 6),
(727, 4, 14, 74, 103, 10),
(729, 4, 14, 75, 78, 3),
(731, 4, 14, 75, 79, 4),
(733, 4, 14, 75, 80, 5),
(735, 4, 14, 75, 81, 6),
(737, 4, 14, 75, 92, 7),
(739, 4, 14, 75, 98, 8),
(741, 4, 14, 75, 117, 9),
(743, 4, 14, 75, 118, 10),
(745, 4, 14, 75, 122, 11),
(747, 4, 14, 76, 126, 10),
(749, 4, 14, 76, 84, 20),
(751, 4, 14, 76, 85, 30),
(753, 4, 14, 76, 86, 40),
(755, 4, 14, 77, 87, 1),
(757, 4, 14, 77, 88, 2),
(759, 4, 14, 77, 89, 3),
(761, 4, 14, 77, 90, 4),
(763, 4, 14, 77, 96, 5),
(765, 4, 14, 78, 123, 1),
(767, 4, 14, 79, 75, 90),
(769, 4, 14, 79, 76, 100),
(771, 4, 14, 80, 97, 5),
(773, 4, 14, 80, 91, 6),
(775, 4, 14, 80, 73, 10),
(777, 4, 14, 80, 127, 11),
(779, 4, 14, 80, 107, 14),
(781, 4, 14, 80, 108, 15),
(783, 4, 14, 80, 109, 16),
(785, 4, 14, 80, 110, 17),
(787, 4, 14, 80, 111, 18),
(789, 4, 14, 80, 112, 19),
(791, 4, 14, 80, 74, 20),
(793, 4, 14, 80, 113, 20),
(795, 4, 14, 80, 120, 21),
(797, 4, 14, 80, 77, 30),
(799, 4, 14, 80, 119, 31),
(801, 4, 14, 80, 133, 40),
(803, 4, 14, 80, 115, 60),
(805, 4, 14, 80, 82, 70),
(807, 4, 14, 80, 121, 71),
(809, 4, 14, 80, 105, 80),
(811, 4, 14, 80, 99, 80),
(813, 4, 14, 80, 94, 90),
(815, 4, 14, 80, 95, 100),
(817, 4, 14, 80, 114, 110),
(819, 4, 14, 80, 128, 111),
(821, 4, 14, 80, 129, 112),
(823, 4, 14, 80, 130, 113),
(825, 4, 14, 80, 131, 114),
(827, 4, 14, 80, 134, 1005),
(829, 4, 15, 81, 132, 10),
(831, 4, 15, 83, 101, 20),
(833, 4, 15, 83, 102, 30),
(835, 4, 15, 83, 100, 40),
(837, 4, 15, 83, 116, 50),
(839, 4, 15, 84, 104, 5),
(841, 4, 15, 84, 106, 6),
(843, 4, 15, 84, 103, 10),
(845, 4, 15, 85, 78, 3),
(847, 4, 15, 85, 79, 4),
(849, 4, 15, 85, 80, 5),
(851, 4, 15, 85, 81, 6),
(853, 4, 15, 85, 92, 7),
(855, 4, 15, 85, 98, 8),
(857, 4, 15, 85, 117, 9),
(859, 4, 15, 85, 118, 10),
(861, 4, 15, 85, 122, 11),
(863, 4, 15, 86, 126, 10),
(865, 4, 15, 86, 84, 20),
(867, 4, 15, 86, 85, 30),
(869, 4, 15, 86, 86, 40),
(871, 4, 15, 87, 87, 1),
(873, 4, 15, 87, 88, 2),
(875, 4, 15, 87, 89, 3),
(877, 4, 15, 87, 90, 4),
(879, 4, 15, 87, 96, 5),
(881, 4, 15, 88, 123, 1),
(883, 4, 15, 89, 75, 90),
(885, 4, 15, 89, 76, 100),
(887, 4, 15, 90, 97, 5),
(889, 4, 15, 90, 91, 6),
(891, 4, 15, 90, 73, 10),
(893, 4, 15, 90, 127, 11),
(895, 4, 15, 90, 107, 14),
(897, 4, 15, 90, 108, 15),
(899, 4, 15, 90, 109, 16),
(901, 4, 15, 90, 110, 17),
(903, 4, 15, 90, 111, 18),
(905, 4, 15, 90, 112, 19),
(907, 4, 15, 90, 74, 20),
(909, 4, 15, 90, 113, 20),
(911, 4, 15, 90, 120, 21),
(913, 4, 15, 90, 77, 30),
(915, 4, 15, 90, 119, 31),
(917, 4, 15, 90, 133, 40),
(919, 4, 15, 90, 115, 60),
(921, 4, 15, 90, 82, 70),
(923, 4, 15, 90, 121, 71),
(925, 4, 15, 90, 105, 80),
(927, 4, 15, 90, 99, 80),
(929, 4, 15, 90, 94, 90),
(931, 4, 15, 90, 95, 100),
(933, 4, 15, 90, 114, 110),
(935, 4, 15, 90, 128, 111),
(937, 4, 15, 90, 129, 112),
(939, 4, 15, 90, 130, 113),
(941, 4, 15, 90, 131, 114),
(943, 4, 15, 90, 134, 1006),
(945, 4, 15, 90, 135, 1007),
(947, 4, 11, 50, 136, 1008),
(949, 4, 12, 60, 136, 1009),
(951, 4, 13, 70, 136, 1010),
(957, 4, 15, 90, 136, 1013),
(959, 4, 9, 30, 93, 1014),
(961, 4, 10, 40, 93, 1015),
(963, 4, 15, 90, 93, 1016),
(965, 4, 11, 50, 93, 1017),
(967, 4, 12, 60, 93, 1018),
(969, 4, 13, 70, 93, 1019),
(971, 4, 15, 90, 137, 1020),
(973, 4, 15, 90, 138, 1021),
(975, 4, 11, 50, 139, 1022),
(977, 4, 12, 60, 139, 1023),
(979, 4, 13, 70, 139, 1024),
(981, 4, 11, 50, 140, 1025),
(983, 4, 12, 60, 140, 1026),
(985, 4, 13, 70, 140, 1027),
(987, 4, 12, 60, 141, 1028),
(989, 4, 13, 70, 141, 1029),
(991, 4, 11, 50, 142, 1030),
(993, 4, 15, 90, 142, 1031),
(995, 4, 9, 30, 142, 1032),
(997, 4, 10, 40, 142, 1033),
(999, 4, 11, 50, 143, 1034),
(1001, 4, 15, 90, 143, 1035),
(1003, 4, 9, 30, 143, 1036),
(1005, 4, 10, 40, 143, 1037),
(1007, 4, 11, 50, 144, 1038),
(1009, 4, 15, 90, 144, 1039),
(1011, 4, 9, 30, 144, 1040),
(1013, 4, 10, 40, 144, 1041),
(1015, 4, 11, 50, 145, 1042),
(1017, 4, 15, 90, 145, 1043),
(1019, 4, 9, 30, 145, 1044),
(1021, 4, 10, 40, 145, 1045),
(1023, 4, 11, 50, 146, 1046),
(1025, 4, 15, 90, 146, 1047),
(1027, 4, 9, 30, 146, 1048),
(1029, 4, 10, 40, 146, 1049),
(1031, 4, 14, 80, 147, 1000),
(1033, 4, 10, 40, 148, 1000),
(1035, 4, 9, 30, 149, 1001),
(1037, 4, 9, 30, 136, 1002),
(1039, 4, 10, 40, 136, 1003),
(1041, 4, 9, 30, 150, 1004),
(1043, 4, 10, 40, 141, 1005),
(1045, 4, 9, 30, 141, 1006),
(1047, 4, 9, 30, 151, 1007),
(1049, 4, 9, 30, 152, 1008),
(1051, 4, 10, 40, 152, 1009),
(1053, 4, 9, 30, 153, 1010),
(1055, 4, 10, 40, 153, 1011),
(1056, 4, 15, 90, 154, 3),
(1057, 4, 10, 40, 154, 3),
(1059, 4, 14, 80, 154, 3),
(1060, 4, 11, 50, 154, 3),
(1061, 4, 12, 60, 154, 3),
(1062, 4, 13, 70, 154, 3),
(1063, 4, 9, 30, 154, 3),
(1064, 4, 15, 90, 155, 1048),
(1065, 4, 10, 40, 155, 1050),
(1067, 4, 14, 80, 155, 1006),
(1068, 4, 11, 50, 155, 1047),
(1069, 4, 12, 60, 155, 1029),
(1070, 4, 13, 70, 155, 1030),
(1071, 4, 9, 30, 155, 1049),
(1072, 3, 3, 4, 156, 50),
(1073, 3, 3, 4, 157, 51),
(1074, 3, 3, 4, 158, 52),
(1102, 4, 16, 95, 98, 8),
(1138, 4, 16, 100, 91, 6),
(1142, 4, 16, 100, 127, 11),
(1144, 4, 16, 100, 107, 14),
(1146, 4, 16, 100, 108, 15),
(1148, 4, 16, 100, 109, 16),
(1150, 4, 16, 100, 110, 17),
(1152, 4, 16, 100, 111, 18),
(1154, 4, 16, 100, 112, 19),
(1158, 4, 16, 100, 113, 20),
(1184, 4, 16, 100, 128, 111),
(1186, 4, 16, 100, 129, 112),
(1188, 4, 16, 100, 130, 113),
(1190, 4, 16, 100, 131, 114),
(1194, 4, 16, 100, 73, 2),
(1196, 4, 16, 100, 74, 3),
(1198, 4, 16, 100, 77, 5),
(1200, 4, 16, 100, 82, 9),
(1202, 4, 16, 100, 94, 13),
(1204, 4, 16, 100, 95, 14),
(1206, 4, 16, 100, 97, 1),
(1208, 4, 16, 100, 99, 12),
(1210, 4, 16, 100, 105, 11),
(1212, 4, 16, 100, 114, 15),
(1214, 4, 16, 100, 115, 8),
(1216, 4, 16, 100, 119, 6),
(1218, 4, 16, 100, 120, 4),
(1220, 4, 16, 100, 121, 10),
(1222, 4, 16, 100, 133, 7),
(1224, 4, 16, 100, 155, 16),
(1228, 4, 16, 99, 75, 1),
(1230, 4, 16, 99, 76, 2),
(1232, 4, 16, 98, 123, 1),
(1234, 4, 16, 97, 87, 1),
(1236, 4, 16, 97, 88, 2),
(1238, 4, 16, 97, 89, 3),
(1240, 4, 16, 97, 90, 5),
(1242, 4, 16, 97, 96, 6),
(1244, 4, 16, 97, 154, 4),
(1246, 4, 16, 96, 84, 2),
(1248, 4, 16, 96, 85, 3),
(1250, 4, 16, 96, 86, 4),
(1252, 4, 16, 96, 126, 1),
(1254, 4, 16, 95, 78, 1),
(1256, 4, 16, 95, 79, 2),
(1258, 4, 16, 95, 80, 3),
(1260, 4, 16, 95, 81, 4),
(1262, 4, 16, 95, 92, 5),
(1264, 4, 16, 95, 117, 6),
(1266, 4, 16, 95, 118, 7),
(1268, 4, 16, 95, 122, 8),
(1270, 4, 16, 94, 103, 3),
(1272, 4, 16, 94, 104, 1),
(1274, 4, 16, 94, 106, 2),
(1276, 4, 16, 93, 100, 3),
(1278, 4, 16, 93, 101, 1),
(1280, 4, 16, 93, 102, 2),
(1282, 4, 16, 93, 116, 4),
(1284, 4, 16, 91, 132, 1),
(1286, 4, 4, 7, 73, 2),
(1288, 4, 4, 7, 74, 3),
(1290, 4, 4, 7, 77, 5),
(1292, 4, 4, 7, 82, 9),
(1294, 4, 4, 7, 94, 13),
(1296, 4, 4, 7, 95, 15),
(1298, 4, 4, 7, 97, 1),
(1300, 4, 4, 7, 99, 12),
(1302, 4, 4, 7, 105, 11),
(1304, 4, 4, 7, 114, 16),
(1306, 4, 4, 7, 115, 8),
(1308, 4, 4, 7, 119, 6),
(1310, 4, 4, 7, 120, 4),
(1312, 4, 4, 7, 121, 10),
(1314, 4, 4, 7, 133, 7),
(1316, 4, 4, 7, 155, 17),
(1320, 4, 4, 13, 75, 1),
(1322, 4, 4, 13, 76, 2),
(1324, 4, 4, 15, 123, 1),
(1326, 4, 4, 10, 87, 1),
(1328, 4, 4, 10, 88, 2),
(1330, 4, 4, 10, 89, 3),
(1332, 4, 4, 10, 90, 5),
(1334, 4, 4, 10, 96, 6),
(1336, 4, 4, 10, 154, 4),
(1338, 4, 4, 9, 84, 2),
(1340, 4, 4, 9, 85, 3),
(1342, 4, 4, 9, 86, 4),
(1344, 4, 4, 9, 126, 1),
(1346, 4, 4, 8, 78, 1),
(1348, 4, 4, 8, 79, 2),
(1350, 4, 4, 8, 80, 3),
(1352, 4, 4, 8, 81, 4),
(1354, 4, 4, 8, 92, 5),
(1356, 4, 4, 8, 117, 6),
(1358, 4, 4, 8, 118, 7),
(1360, 4, 4, 8, 122, 8),
(1362, 4, 4, 11, 103, 3),
(1364, 4, 4, 11, 104, 1),
(1366, 4, 4, 11, 106, 2),
(1368, 4, 4, 14, 100, 3),
(1370, 4, 4, 14, 101, 1),
(1372, 4, 4, 14, 102, 2),
(1374, 4, 4, 14, 116, 4),
(1376, 4, 4, 20, 132, 1),
(1378, 4, 16, 100, 160, 116),
(1380, 4, 17, 101, 132, 1),
(1382, 4, 17, 103, 101, 1),
(1384, 4, 17, 103, 102, 2),
(1386, 4, 17, 103, 100, 3),
(1388, 4, 17, 103, 116, 4),
(1390, 4, 17, 104, 104, 1),
(1392, 4, 17, 104, 106, 2),
(1394, 4, 17, 104, 103, 3),
(1396, 4, 17, 105, 78, 1),
(1398, 4, 17, 105, 79, 2),
(1400, 4, 17, 105, 80, 3),
(1402, 4, 17, 105, 81, 4),
(1404, 4, 17, 105, 92, 5),
(1406, 4, 17, 105, 117, 6),
(1408, 4, 17, 105, 118, 7),
(1410, 4, 17, 105, 98, 8),
(1412, 4, 17, 105, 122, 8),
(1414, 4, 17, 106, 126, 1),
(1416, 4, 17, 106, 84, 2),
(1418, 4, 17, 106, 85, 3),
(1420, 4, 17, 106, 86, 4),
(1422, 4, 17, 107, 87, 1),
(1424, 4, 17, 107, 88, 2),
(1426, 4, 17, 107, 89, 3),
(1428, 4, 17, 107, 154, 4),
(1430, 4, 17, 107, 90, 5),
(1432, 4, 17, 107, 96, 6),
(1434, 4, 17, 108, 123, 1),
(1436, 4, 17, 109, 75, 1),
(1438, 4, 17, 109, 76, 2),
(1440, 4, 17, 110, 97, 1),
(1442, 4, 17, 110, 73, 2),
(1444, 4, 17, 110, 74, 3),
(1446, 4, 17, 110, 120, 4),
(1448, 4, 17, 110, 77, 5),
(1450, 4, 17, 110, 119, 6),
(1452, 4, 17, 110, 91, 6),
(1454, 4, 17, 110, 133, 7),
(1456, 4, 17, 110, 115, 8),
(1458, 4, 17, 110, 82, 9),
(1460, 4, 17, 110, 121, 10),
(1462, 4, 17, 110, 105, 11),
(1464, 4, 17, 110, 127, 11),
(1466, 4, 17, 110, 99, 12),
(1468, 4, 17, 110, 94, 13),
(1470, 4, 17, 110, 107, 14),
(1472, 4, 17, 110, 108, 15),
(1474, 4, 17, 110, 95, 15),
(1476, 4, 17, 110, 109, 16),
(1478, 4, 17, 110, 114, 16),
(1480, 4, 17, 110, 155, 17),
(1482, 4, 17, 110, 110, 17),
(1484, 4, 17, 110, 111, 18),
(1486, 4, 17, 110, 112, 19),
(1488, 4, 17, 110, 113, 20),
(1490, 4, 17, 110, 128, 111),
(1492, 4, 17, 110, 129, 112),
(1494, 4, 17, 110, 130, 113),
(1496, 4, 17, 110, 131, 114),
(1498, 4, 17, 110, 93, 116),
(1500, 4, 17, 110, 161, 118),
(1502, 4, 18, 111, 132, 1),
(1504, 4, 18, 113, 101, 1),
(1506, 4, 18, 113, 102, 2),
(1508, 4, 18, 113, 100, 3),
(1510, 4, 18, 113, 116, 4),
(1512, 4, 18, 114, 104, 1),
(1514, 4, 18, 114, 106, 2),
(1516, 4, 18, 114, 103, 3),
(1518, 4, 18, 115, 78, 1),
(1520, 4, 18, 115, 79, 2),
(1522, 4, 18, 115, 80, 3),
(1524, 4, 18, 115, 81, 4),
(1526, 4, 18, 115, 92, 5),
(1528, 4, 18, 115, 117, 6),
(1530, 4, 18, 115, 118, 7),
(1532, 4, 18, 115, 98, 8),
(1534, 4, 18, 115, 122, 8),
(1536, 4, 18, 116, 126, 1),
(1538, 4, 18, 116, 84, 2),
(1540, 4, 18, 116, 85, 3),
(1542, 4, 18, 116, 86, 4),
(1544, 4, 18, 117, 87, 1),
(1546, 4, 18, 117, 88, 2),
(1548, 4, 18, 117, 89, 3),
(1550, 4, 18, 117, 154, 4),
(1552, 4, 18, 117, 90, 5),
(1554, 4, 18, 117, 96, 6),
(1556, 4, 18, 118, 123, 1),
(1558, 4, 18, 119, 75, 1),
(1560, 4, 18, 119, 76, 2),
(1562, 4, 18, 120, 97, 1),
(1564, 4, 18, 120, 73, 2),
(1566, 4, 18, 120, 74, 3),
(1568, 4, 18, 120, 120, 4),
(1570, 4, 18, 120, 77, 5),
(1572, 4, 18, 120, 119, 6),
(1574, 4, 18, 120, 91, 6),
(1576, 4, 18, 120, 133, 7),
(1578, 4, 18, 120, 115, 8),
(1580, 4, 18, 120, 82, 9),
(1582, 4, 18, 120, 121, 10),
(1584, 4, 18, 120, 105, 11),
(1586, 4, 18, 120, 127, 11),
(1588, 4, 18, 120, 99, 12),
(1590, 4, 18, 120, 94, 13),
(1592, 4, 18, 120, 107, 14),
(1594, 4, 18, 120, 108, 15),
(1596, 4, 18, 120, 95, 15),
(1598, 4, 18, 120, 109, 16),
(1600, 4, 18, 120, 114, 16),
(1602, 4, 18, 120, 155, 17),
(1604, 4, 18, 120, 110, 17),
(1606, 4, 18, 120, 111, 18),
(1608, 4, 18, 120, 112, 19),
(1610, 4, 18, 120, 113, 20),
(1612, 4, 18, 120, 128, 111),
(1614, 4, 18, 120, 129, 112),
(1616, 4, 18, 120, 130, 113),
(1618, 4, 18, 120, 131, 114),
(1620, 4, 18, 120, 162, 116);

-- --------------------------------------------------------

--
-- Table structure for table `eav_entity_datetime`
--

CREATE TABLE `eav_entity_datetime` (
  `value_id` int(11) NOT NULL COMMENT 'Value Id',
  `entity_type_id` smallint(5) UNSIGNED NOT NULL DEFAULT '0' COMMENT 'Entity Type Id',
  `attribute_id` smallint(5) UNSIGNED NOT NULL DEFAULT '0' COMMENT 'Attribute Id',
  `store_id` smallint(5) UNSIGNED NOT NULL DEFAULT '0' COMMENT 'Store Id',
  `entity_id` int(10) UNSIGNED NOT NULL DEFAULT '0' COMMENT 'Entity Id',
  `value` datetime DEFAULT NULL COMMENT 'Attribute Value'
) ENGINE=InnoDB DEFAULT CHARSET=utf8 COMMENT='Eav Entity Value Prefix';

-- --------------------------------------------------------

--
-- Table structure for table `eav_entity_decimal`
--

CREATE TABLE `eav_entity_decimal` (
  `value_id` int(11) NOT NULL COMMENT 'Value Id',
  `entity_type_id` smallint(5) UNSIGNED NOT NULL DEFAULT '0' COMMENT 'Entity Type Id',
  `attribute_id` smallint(5) UNSIGNED NOT NULL DEFAULT '0' COMMENT 'Attribute Id',
  `store_id` smallint(5) UNSIGNED NOT NULL DEFAULT '0' COMMENT 'Store Id',
  `entity_id` int(10) UNSIGNED NOT NULL DEFAULT '0' COMMENT 'Entity Id',
  `value` decimal(12,4) NOT NULL DEFAULT '0.0000' COMMENT 'Attribute Value'
) ENGINE=InnoDB DEFAULT CHARSET=utf8 COMMENT='Eav Entity Value Prefix';

-- --------------------------------------------------------

--
-- Table structure for table `eav_entity_int`
--

CREATE TABLE `eav_entity_int` (
  `value_id` int(11) NOT NULL COMMENT 'Value Id',
  `entity_type_id` smallint(5) UNSIGNED NOT NULL DEFAULT '0' COMMENT 'Entity Type Id',
  `attribute_id` smallint(5) UNSIGNED NOT NULL DEFAULT '0' COMMENT 'Attribute Id',
  `store_id` smallint(5) UNSIGNED NOT NULL DEFAULT '0' COMMENT 'Store Id',
  `entity_id` int(10) UNSIGNED NOT NULL DEFAULT '0' COMMENT 'Entity Id',
  `value` int(11) NOT NULL DEFAULT '0' COMMENT 'Attribute Value'
) ENGINE=InnoDB DEFAULT CHARSET=utf8 COMMENT='Eav Entity Value Prefix';

-- --------------------------------------------------------

--
-- Table structure for table `eav_entity_store`
--

CREATE TABLE `eav_entity_store` (
  `entity_store_id` int(10) UNSIGNED NOT NULL COMMENT 'Entity Store Id',
  `entity_type_id` smallint(5) UNSIGNED NOT NULL DEFAULT '0' COMMENT 'Entity Type Id',
  `store_id` smallint(5) UNSIGNED NOT NULL DEFAULT '0' COMMENT 'Store Id',
  `increment_prefix` varchar(20) DEFAULT NULL COMMENT 'Increment Prefix',
  `increment_last_id` varchar(50) DEFAULT NULL COMMENT 'Last Incremented Id'
) ENGINE=InnoDB DEFAULT CHARSET=utf8 COMMENT='Eav Entity Store';

-- --------------------------------------------------------

--
-- Table structure for table `eav_entity_text`
--

CREATE TABLE `eav_entity_text` (
  `value_id` int(11) NOT NULL COMMENT 'Value Id',
  `entity_type_id` smallint(5) UNSIGNED NOT NULL DEFAULT '0' COMMENT 'Entity Type Id',
  `attribute_id` smallint(5) UNSIGNED NOT NULL DEFAULT '0' COMMENT 'Attribute Id',
  `store_id` smallint(5) UNSIGNED NOT NULL DEFAULT '0' COMMENT 'Store Id',
  `entity_id` int(10) UNSIGNED NOT NULL DEFAULT '0' COMMENT 'Entity Id',
  `value` text NOT NULL COMMENT 'Attribute Value'
) ENGINE=InnoDB DEFAULT CHARSET=utf8 COMMENT='Eav Entity Value Prefix';

-- --------------------------------------------------------

--
-- Table structure for table `eav_entity_type`
--

CREATE TABLE `eav_entity_type` (
  `entity_type_id` smallint(5) UNSIGNED NOT NULL COMMENT 'Entity Type Id',
  `entity_type_code` varchar(50) NOT NULL COMMENT 'Entity Type Code',
  `entity_model` varchar(255) NOT NULL COMMENT 'Entity Model',
  `attribute_model` varchar(255) DEFAULT NULL COMMENT 'Attribute Model',
  `entity_table` varchar(255) DEFAULT NULL COMMENT 'Entity Table',
  `value_table_prefix` varchar(255) DEFAULT NULL COMMENT 'Value Table Prefix',
  `entity_id_field` varchar(255) DEFAULT NULL COMMENT 'Entity Id Field',
  `is_data_sharing` smallint(5) UNSIGNED NOT NULL DEFAULT '1' COMMENT 'Defines Is Data Sharing',
  `data_sharing_key` varchar(100) DEFAULT 'default' COMMENT 'Data Sharing Key',
  `default_attribute_set_id` smallint(5) UNSIGNED NOT NULL DEFAULT '0' COMMENT 'Default Attribute Set Id',
  `increment_model` varchar(255) DEFAULT NULL COMMENT 'Increment Model',
  `increment_per_store` smallint(5) UNSIGNED NOT NULL DEFAULT '0' COMMENT 'Increment Per Store',
  `increment_pad_length` smallint(5) UNSIGNED NOT NULL DEFAULT '8' COMMENT 'Increment Pad Length',
  `increment_pad_char` varchar(1) NOT NULL DEFAULT '0' COMMENT 'Increment Pad Char',
  `additional_attribute_table` varchar(255) DEFAULT NULL COMMENT 'Additional Attribute Table',
  `entity_attribute_collection` varchar(255) DEFAULT NULL COMMENT 'Entity Attribute Collection'
) ENGINE=InnoDB DEFAULT CHARSET=utf8 COMMENT='Eav Entity Type';

--
-- Dumping data for table `eav_entity_type`
--

INSERT INTO `eav_entity_type` (`entity_type_id`, `entity_type_code`, `entity_model`, `attribute_model`, `entity_table`, `value_table_prefix`, `entity_id_field`, `is_data_sharing`, `data_sharing_key`, `default_attribute_set_id`, `increment_model`, `increment_per_store`, `increment_pad_length`, `increment_pad_char`, `additional_attribute_table`, `entity_attribute_collection`) VALUES
(1, 'customer', 'Magento\\Customer\\Model\\ResourceModel\\Customer', 'Magento\\Customer\\Model\\Attribute', 'customer_entity', NULL, NULL, 1, 'default', 1, 'Magento\\Eav\\Model\\Entity\\Increment\\NumericValue', 0, 8, '0', 'customer_eav_attribute', 'Magento\\Customer\\Model\\ResourceModel\\Attribute\\Collection'),
(2, 'customer_address', 'Magento\\Customer\\Model\\ResourceModel\\Address', 'Magento\\Customer\\Model\\Attribute', 'customer_address_entity', NULL, NULL, 1, 'default', 2, NULL, 0, 8, '0', 'customer_eav_attribute', 'Magento\\Customer\\Model\\ResourceModel\\Address\\Attribute\\Collection'),
(3, 'catalog_category', 'Magento\\Catalog\\Model\\ResourceModel\\Category', 'Magento\\Catalog\\Model\\ResourceModel\\Eav\\Attribute', 'catalog_category_entity', NULL, NULL, 1, 'default', 3, NULL, 0, 8, '0', 'catalog_eav_attribute', 'Magento\\Catalog\\Model\\ResourceModel\\Category\\Attribute\\Collection'),
(4, 'catalog_product', 'Magento\\Catalog\\Model\\ResourceModel\\Product', 'Magento\\Catalog\\Model\\ResourceModel\\Eav\\Attribute', 'catalog_product_entity', NULL, NULL, 1, 'default', 4, NULL, 0, 8, '0', 'catalog_eav_attribute', 'Magento\\Catalog\\Model\\ResourceModel\\Product\\Attribute\\Collection'),
(5, 'order', 'Magento\\Sales\\Model\\ResourceModel\\Order', NULL, 'sales_order', NULL, NULL, 1, 'default', 5, 'Magento\\Eav\\Model\\Entity\\Increment\\NumericValue', 1, 8, '0', NULL, NULL),
(6, 'invoice', 'Magento\\Sales\\Model\\ResourceModel\\Order', NULL, 'sales_invoice', NULL, NULL, 1, 'default', 6, 'Magento\\Eav\\Model\\Entity\\Increment\\NumericValue', 1, 8, '0', NULL, NULL),
(7, 'creditmemo', 'Magento\\Sales\\Model\\ResourceModel\\Order\\Creditmemo', NULL, 'sales_creditmemo', NULL, NULL, 1, 'default', 7, 'Magento\\Eav\\Model\\Entity\\Increment\\NumericValue', 1, 8, '0', NULL, NULL),
(8, 'shipment', 'Magento\\Sales\\Model\\ResourceModel\\Order\\Shipment', NULL, 'sales_shipment', NULL, NULL, 1, 'default', 8, 'Magento\\Eav\\Model\\Entity\\Increment\\NumericValue', 1, 8, '0', NULL, NULL);

-- --------------------------------------------------------

--
-- Table structure for table `eav_entity_varchar`
--

CREATE TABLE `eav_entity_varchar` (
  `value_id` int(11) NOT NULL COMMENT 'Value Id',
  `entity_type_id` smallint(5) UNSIGNED NOT NULL DEFAULT '0' COMMENT 'Entity Type Id',
  `attribute_id` smallint(5) UNSIGNED NOT NULL DEFAULT '0' COMMENT 'Attribute Id',
  `store_id` smallint(5) UNSIGNED NOT NULL DEFAULT '0' COMMENT 'Store Id',
  `entity_id` int(10) UNSIGNED NOT NULL DEFAULT '0' COMMENT 'Entity Id',
  `value` varchar(255) DEFAULT NULL COMMENT 'Attribute Value'
) ENGINE=InnoDB DEFAULT CHARSET=utf8 COMMENT='Eav Entity Value Prefix';

-- --------------------------------------------------------

--
-- Table structure for table `eav_form_element`
--

CREATE TABLE `eav_form_element` (
  `element_id` int(10) UNSIGNED NOT NULL COMMENT 'Element Id',
  `type_id` smallint(5) UNSIGNED NOT NULL COMMENT 'Type Id',
  `fieldset_id` smallint(5) UNSIGNED DEFAULT NULL COMMENT 'Fieldset Id',
  `attribute_id` smallint(5) UNSIGNED NOT NULL COMMENT 'Attribute Id',
  `sort_order` int(11) NOT NULL DEFAULT '0' COMMENT 'Sort Order'
) ENGINE=InnoDB DEFAULT CHARSET=utf8 COMMENT='Eav Form Element';

--
-- Dumping data for table `eav_form_element`
--

INSERT INTO `eav_form_element` (`element_id`, `type_id`, `fieldset_id`, `attribute_id`, `sort_order`) VALUES
(1, 1, NULL, 23, 0),
(2, 1, NULL, 25, 1),
(3, 1, NULL, 27, 2),
(4, 1, NULL, 9, 3),
(5, 1, NULL, 28, 4),
(6, 1, NULL, 29, 5),
(7, 1, NULL, 31, 6),
(8, 1, NULL, 33, 7),
(9, 1, NULL, 30, 8),
(10, 1, NULL, 34, 9),
(11, 1, NULL, 35, 10),
(12, 2, NULL, 23, 0),
(13, 2, NULL, 25, 1),
(14, 2, NULL, 27, 2),
(15, 2, NULL, 9, 3),
(16, 2, NULL, 28, 4),
(17, 2, NULL, 29, 5),
(18, 2, NULL, 31, 6),
(19, 2, NULL, 33, 7),
(20, 2, NULL, 30, 8),
(21, 2, NULL, 34, 9),
(22, 2, NULL, 35, 10),
(23, 3, NULL, 23, 0),
(24, 3, NULL, 25, 1),
(25, 3, NULL, 27, 2),
(26, 3, NULL, 28, 3),
(27, 3, NULL, 29, 4),
(28, 3, NULL, 31, 5),
(29, 3, NULL, 33, 6),
(30, 3, NULL, 30, 7),
(31, 3, NULL, 34, 8),
(32, 3, NULL, 35, 9),
(33, 4, NULL, 23, 0),
(34, 4, NULL, 25, 1),
(35, 4, NULL, 27, 2),
(36, 4, NULL, 28, 3),
(37, 4, NULL, 29, 4),
(38, 4, NULL, 31, 5),
(39, 4, NULL, 33, 6),
(40, 4, NULL, 30, 7),
(41, 4, NULL, 34, 8),
(42, 4, NULL, 35, 9);

-- --------------------------------------------------------

--
-- Table structure for table `eav_form_fieldset`
--

CREATE TABLE `eav_form_fieldset` (
  `fieldset_id` smallint(5) UNSIGNED NOT NULL COMMENT 'Fieldset Id',
  `type_id` smallint(5) UNSIGNED NOT NULL COMMENT 'Type Id',
  `code` varchar(64) NOT NULL COMMENT 'Code',
  `sort_order` int(11) NOT NULL DEFAULT '0' COMMENT 'Sort Order'
) ENGINE=InnoDB DEFAULT CHARSET=utf8 COMMENT='Eav Form Fieldset';

-- --------------------------------------------------------

--
-- Table structure for table `eav_form_fieldset_label`
--

CREATE TABLE `eav_form_fieldset_label` (
  `fieldset_id` smallint(5) UNSIGNED NOT NULL COMMENT 'Fieldset Id',
  `store_id` smallint(5) UNSIGNED NOT NULL COMMENT 'Store Id',
  `label` varchar(255) NOT NULL COMMENT 'Label'
) ENGINE=InnoDB DEFAULT CHARSET=utf8 COMMENT='Eav Form Fieldset Label';

-- --------------------------------------------------------

--
-- Table structure for table `eav_form_type`
--

CREATE TABLE `eav_form_type` (
  `type_id` smallint(5) UNSIGNED NOT NULL COMMENT 'Type Id',
  `code` varchar(64) NOT NULL COMMENT 'Code',
  `label` varchar(255) NOT NULL COMMENT 'Label',
  `is_system` smallint(5) UNSIGNED NOT NULL DEFAULT '0' COMMENT 'Is System',
  `theme` varchar(64) DEFAULT NULL COMMENT 'Theme',
  `store_id` smallint(5) UNSIGNED NOT NULL COMMENT 'Store Id'
) ENGINE=InnoDB DEFAULT CHARSET=utf8 COMMENT='Eav Form Type';

--
-- Dumping data for table `eav_form_type`
--

INSERT INTO `eav_form_type` (`type_id`, `code`, `label`, `is_system`, `theme`, `store_id`) VALUES
(1, 'checkout_onepage_register', 'checkout_onepage_register', 1, '', 0),
(2, 'checkout_onepage_register_guest', 'checkout_onepage_register_guest', 1, '', 0),
(3, 'checkout_onepage_billing_address', 'checkout_onepage_billing_address', 1, '', 0),
(4, 'checkout_onepage_shipping_address', 'checkout_onepage_shipping_address', 1, '', 0);

-- --------------------------------------------------------

--
-- Table structure for table `eav_form_type_entity`
--

CREATE TABLE `eav_form_type_entity` (
  `type_id` smallint(5) UNSIGNED NOT NULL COMMENT 'Type Id',
  `entity_type_id` smallint(5) UNSIGNED NOT NULL COMMENT 'Entity Type Id'
) ENGINE=InnoDB DEFAULT CHARSET=utf8 COMMENT='Eav Form Type Entity';

--
-- Dumping data for table `eav_form_type_entity`
--

INSERT INTO `eav_form_type_entity` (`type_id`, `entity_type_id`) VALUES
(1, 1),
(2, 1),
(1, 2),
(2, 2),
(3, 2),
(4, 2);

-- --------------------------------------------------------

--
-- Table structure for table `email_template`
--

CREATE TABLE `email_template` (
  `template_id` int(10) UNSIGNED NOT NULL COMMENT 'Template ID',
  `template_code` varchar(150) NOT NULL COMMENT 'Template Name',
  `template_text` text NOT NULL COMMENT 'Template Content',
  `template_styles` text COMMENT 'Templste Styles',
  `template_type` int(10) UNSIGNED DEFAULT NULL COMMENT 'Template Type',
  `template_subject` varchar(200) NOT NULL COMMENT 'Template Subject',
  `template_sender_name` varchar(200) DEFAULT NULL COMMENT 'Template Sender Name',
  `template_sender_email` varchar(200) DEFAULT NULL COMMENT 'Template Sender Email',
  `added_at` timestamp NOT NULL DEFAULT CURRENT_TIMESTAMP COMMENT 'Date of Template Creation',
  `modified_at` timestamp NOT NULL DEFAULT CURRENT_TIMESTAMP ON UPDATE CURRENT_TIMESTAMP COMMENT 'Date of Template Modification',
  `orig_template_code` varchar(200) DEFAULT NULL COMMENT 'Original Template Code',
  `orig_template_variables` text COMMENT 'Original Template Variables'
) ENGINE=InnoDB DEFAULT CHARSET=utf8 COMMENT='Email Templates';

-- --------------------------------------------------------

--
-- Table structure for table `flag`
--

CREATE TABLE `flag` (
  `flag_id` int(10) UNSIGNED NOT NULL COMMENT 'Flag Id',
  `flag_code` varchar(255) NOT NULL COMMENT 'Flag Code',
  `state` smallint(5) UNSIGNED NOT NULL DEFAULT '0' COMMENT 'Flag State',
  `flag_data` text COMMENT 'Flag Data',
  `last_update` timestamp NOT NULL DEFAULT CURRENT_TIMESTAMP ON UPDATE CURRENT_TIMESTAMP COMMENT 'Date of Last Flag Update'
) ENGINE=InnoDB DEFAULT CHARSET=utf8 COMMENT='Flag';

-- --------------------------------------------------------

--
-- Table structure for table `gift_message`
--

CREATE TABLE `gift_message` (
  `gift_message_id` int(10) UNSIGNED NOT NULL COMMENT 'GiftMessage Id',
  `customer_id` int(10) UNSIGNED NOT NULL DEFAULT '0' COMMENT 'Customer id',
  `sender` varchar(255) DEFAULT NULL COMMENT 'Sender',
  `recipient` varchar(255) DEFAULT NULL COMMENT 'Registrant',
  `message` text COMMENT 'Message'
) ENGINE=InnoDB DEFAULT CHARSET=utf8 COMMENT='Gift Message';

-- --------------------------------------------------------

--
-- Table structure for table `googleoptimizer_code`
--

CREATE TABLE `googleoptimizer_code` (
  `code_id` int(10) UNSIGNED NOT NULL COMMENT 'Google experiment code id',
  `entity_id` int(10) UNSIGNED NOT NULL COMMENT 'Optimized entity id product id or catalog id',
  `entity_type` varchar(50) DEFAULT NULL COMMENT 'Optimized entity type',
  `store_id` smallint(5) UNSIGNED NOT NULL COMMENT 'Store id',
  `experiment_script` text COMMENT 'Google experiment script'
) ENGINE=InnoDB DEFAULT CHARSET=utf8 COMMENT='Google Experiment code';

-- --------------------------------------------------------

--
-- Table structure for table `hozmegamenu`
--

CREATE TABLE `hozmegamenu` (
  `hozmegamenu_id` int(10) UNSIGNED NOT NULL COMMENT 'hozmegamenu ID',
  `status` smallint(6) NOT NULL DEFAULT '1' COMMENT 'hozmegamenu status',
  `type_menu` smallint(6) NOT NULL DEFAULT '1' COMMENT 'hozmegamenu type_menu',
  `is_home` smallint(6) NOT NULL DEFAULT '1' COMMENT 'hozmegamenu is_home',
  `is_mobile` smallint(6) NOT NULL DEFAULT '1' COMMENT 'hozmegamenu is_home',
  `is_new` varchar(255) DEFAULT '' COMMENT 'hozmegamenu is_new',
  `is_sale` varchar(255) DEFAULT '' COMMENT 'hozmegamenu is_sale',
  `is_level` varchar(255) DEFAULT '' COMMENT 'hozmegamenu Level',
  `is_column` varchar(255) DEFAULT '' COMMENT 'hozmegamenu Column',
  `items` varchar(255) DEFAULT '' COMMENT 'hozmegamenu items',
  `is_link` varchar(255) DEFAULT '' COMMENT 'hozmegamenu is_link',
  `effect` varchar(255) DEFAULT '' COMMENT 'hozmegamenu Effect',
  `image` varchar(255) DEFAULT NULL COMMENT 'hozmegamenu image',
  `store` smallint(6) NOT NULL DEFAULT '0' COMMENT 'store'
) ENGINE=InnoDB DEFAULT CHARSET=utf8 COMMENT='hozmegamenu';

--
-- Dumping data for table `hozmegamenu`
--

INSERT INTO `hozmegamenu` (`hozmegamenu_id`, `status`, `type_menu`, `is_home`, `is_mobile`, `is_new`, `is_sale`, `is_level`, `is_column`, `items`, `is_link`, `effect`, `image`, `store`) VALUES
(1, 1, 1, 2, 1, NULL, NULL, NULL, NULL, '[\"category_42\",\"category_82\",\"category_52\",\"category_62\",\"category_66\",\"block_42\",\"category_68\",\"block_43\"]', '[\"42\",\"52\",\"62\",\"66\",\"68\",\"82\"]', '0', NULL, 0);

-- --------------------------------------------------------

--
-- Table structure for table `importexport_importdata`
--

CREATE TABLE `importexport_importdata` (
  `id` int(10) UNSIGNED NOT NULL COMMENT 'Id',
  `entity` varchar(50) NOT NULL COMMENT 'Entity',
  `behavior` varchar(10) NOT NULL DEFAULT 'append' COMMENT 'Behavior',
  `data` longtext COMMENT 'Data'
) ENGINE=InnoDB DEFAULT CHARSET=utf8 COMMENT='Import Data Table';

--
-- Dumping data for table `importexport_importdata`
--

INSERT INTO `importexport_importdata` (`id`, `entity`, `behavior`, `data`) VALUES
(1, 'catalog_product', 'append', '[{\"sku\":\"MH01-XS-Black\",\"store_view_code\":null,\"attribute_set_code\":\"Top\",\"product_type\":\"simple\",\"categories\":\"Default Category\\/Men\\/Tops\\/Hoodies & Sweatshirts,Default Category\\/Collections\\/Eco Friendly,Default Category\",\"product_websites\":\"base\",\"name\":\"Chaz Kangeroo Hoodie-XS-Black\",\"description\":\"<p>Ideal for cold-weather training or work outdoors, the Chaz Hoodie promises superior warmth with every wear. Thick material blocks out the wind as ribbed cuffs and bottom band seal in body heat.<\\/p>\\n<p>&bull; Two-tone gray heather hoodie.<br \\/>&bull; Drawstring-adjustable hood. <br \\/>&bull; Machine wash\\/dry.<\\/p>\",\"short_description\":null,\"weight\":\"1\",\"product_online\":\"1\",\"tax_class_name\":\"Taxable Goods\",\"visibility\":\"Not Visible Individually\",\"price\":\"52\",\"special_price\":null,\"special_price_from_date\":null,\"special_price_to_date\":null,\"url_key\":\"chaz-kangeroo-hoodie-xs-black\",\"meta_title\":null,\"meta_keywords\":null,\"meta_description\":null,\"base_image\":\"\\/m\\/h\\/mh01-black_main.jpg\",\"base_image_label\":null,\"small_image\":\"\\/m\\/h\\/mh01-black_main.jpg\",\"small_image_label\":null,\"thumbnail_image\":\"\\/m\\/h\\/mh01-black_main.jpg\",\"thumbnail_image_label\":null,\"created_at\":null,\"updated_at\":null,\"new_from_date\":null,\"new_to_date\":null,\"display_product_options_in\":null,\"map_price\":null,\"msrp_price\":null,\"map_enabled\":null,\"gift_message_available\":null,\"custom_design\":null,\"custom_design_from\":null,\"custom_design_to\":null,\"custom_layout_update\":null,\"page_layout\":null,\"product_options_container\":null,\"msrp_display_actual_price_type\":null,\"country_of_manufacture\":null,\"additional_attributes\":\"has_options=0,required_options=0,size=XS,color=Black\",\"qty\":\"100\",\"out_of_stock_qty\":\"0\",\"use_config_min_qty\":\"1\",\"is_qty_decimal\":\"0\",\"allow_backorders\":\"0\",\"use_config_backorders\":\"1\",\"min_cart_qty\":\"1\",\"use_config_min_sale_qty\":\"1\",\"max_cart_qty\":\"0\",\"use_config_max_sale_qty\":\"1\",\"is_in_stock\":\"1\",\"notify_on_stock_below\":null,\"use_config_notify_stock_qty\":\"1\",\"manage_stock\":\"0\",\"use_config_manage_stock\":\"1\",\"use_config_qty_increments\":\"1\",\"qty_increments\":\"0\",\"use_config_enable_qty_inc\":\"1\",\"enable_qty_increments\":\"0\",\"is_decimal_divided\":\"0\",\"website_id\":\"1\",\"configurable_variations\":null,\"configurable_variation_prices\":null,\"configurable_variation_labels\":null,\"additional_images\":null,\"image\":\"\\/m\\/h\\/mh01-black_main.jpg\",\"image_label\":null,\"thumbnail\":\"\\/m\\/h\\/mh01-black_main.jpg\",\"thumbnail_label\":null,\"_media_image\":null,\"_store\":null,\"_attribute_set\":\"Top\",\"_product_websites\":\"base\",\"status\":\"1\",\"news_from_date\":null,\"news_to_date\":null,\"options_container\":null,\"minimal_price\":null,\"msrp\":null,\"msrp_enabled\":null,\"special_from_date\":null,\"special_to_date\":null,\"min_qty\":\"0\",\"backorders\":\"0\",\"min_sale_qty\":\"1\",\"max_sale_qty\":\"0\",\"notify_stock_qty\":null,\"meta_keyword\":null,\"has_options\":\"0\",\"required_options\":\"0\",\"size\":\"XS\",\"color\":\"Black\"},{\"sku\":\"MH01-XS-Gray\",\"store_view_code\":null,\"attribute_set_code\":\"Top\",\"product_type\":\"simple\",\"categories\":\"Default Category\\/Men\\/Tops\\/Hoodies & Sweatshirts,Default Category\\/Collections\\/Eco Friendly,Default Category\",\"product_websites\":\"base\",\"name\":\"Chaz Kangeroo Hoodie-XS-Gray\",\"description\":\"<p>Ideal for cold-weather training or work outdoors, the Chaz Hoodie promises superior warmth with every wear. Thick material blocks out the wind as ribbed cuffs and bottom band seal in body heat.<\\/p>\\n<p>&bull; Two-tone gray heather hoodie.<br \\/>&bull; Drawstring-adjustable hood. <br \\/>&bull; Machine wash\\/dry.<\\/p>\",\"short_description\":null,\"weight\":\"1\",\"product_online\":\"1\",\"tax_class_name\":\"Taxable Goods\",\"visibility\":\"Not Visible Individually\",\"price\":\"52\",\"special_price\":null,\"special_price_from_date\":null,\"special_price_to_date\":null,\"url_key\":\"chaz-kangeroo-hoodie-xs-gray\",\"meta_title\":null,\"meta_keywords\":null,\"meta_description\":null,\"base_image\":\"\\/m\\/h\\/mh01-gray_main.jpg\",\"base_image_label\":null,\"small_image\":\"\\/m\\/h\\/mh01-gray_main.jpg\",\"small_image_label\":null,\"thumbnail_image\":\"\\/m\\/h\\/mh01-gray_main.jpg\",\"thumbnail_image_label\":null,\"created_at\":null,\"updated_at\":null,\"new_from_date\":null,\"new_to_date\":null,\"display_product_options_in\":null,\"map_price\":null,\"msrp_price\":null,\"map_enabled\":null,\"gift_message_available\":null,\"custom_design\":null,\"custom_design_from\":null,\"custom_design_to\":null,\"custom_layout_update\":null,\"page_layout\":null,\"product_options_container\":null,\"msrp_display_actual_price_type\":null,\"country_of_manufacture\":null,\"additional_attributes\":\"has_options=0,required_options=0,size=XS,color=Gray\",\"qty\":\"100\",\"out_of_stock_qty\":\"0\",\"use_config_min_qty\":\"1\",\"is_qty_decimal\":\"0\",\"allow_backorders\":\"0\",\"use_config_backorders\":\"1\",\"min_cart_qty\":\"1\",\"use_config_min_sale_qty\":\"1\",\"max_cart_qty\":\"0\",\"use_config_max_sale_qty\":\"1\",\"is_in_stock\":\"1\",\"notify_on_stock_below\":null,\"use_config_notify_stock_qty\":\"1\",\"manage_stock\":\"0\",\"use_config_manage_stock\":\"1\",\"use_config_qty_increments\":\"1\",\"qty_increments\":\"0\",\"use_config_enable_qty_inc\":\"1\",\"enable_qty_increments\":\"0\",\"is_decimal_divided\":\"0\",\"website_id\":\"1\",\"configurable_variations\":null,\"configurable_variation_prices\":null,\"configurable_variation_labels\":null,\"additional_images\":\"\\/m\\/h\\/mh01-gray_alt1.jpg,\\/m\\/h\\/mh01-gray_back.jpg\",\"image\":\"\\/m\\/h\\/mh01-gray_main.jpg\",\"image_label\":null,\"thumbnail\":\"\\/m\\/h\\/mh01-gray_main.jpg\",\"thumbnail_label\":null,\"_media_image\":\"\\/m\\/h\\/mh01-gray_alt1.jpg,\\/m\\/h\\/mh01-gray_back.jpg\",\"_store\":null,\"_attribute_set\":\"Top\",\"_product_websites\":\"base\",\"status\":\"1\",\"news_from_date\":null,\"news_to_date\":null,\"options_container\":null,\"minimal_price\":null,\"msrp\":null,\"msrp_enabled\":null,\"special_from_date\":null,\"special_to_date\":null,\"min_qty\":\"0\",\"backorders\":\"0\",\"min_sale_qty\":\"1\",\"max_sale_qty\":\"0\",\"notify_stock_qty\":null,\"meta_keyword\":null,\"has_options\":\"0\",\"required_options\":\"0\",\"size\":\"XS\",\"color\":\"Gray\"},{\"sku\":\"MH01-XS-Orange\",\"store_view_code\":null,\"attribute_set_code\":\"Top\",\"product_type\":\"simple\",\"categories\":\"Default Category\\/Men\\/Tops\\/Hoodies & Sweatshirts,Default Category\\/Collections\\/Eco Friendly,Default Category\",\"product_websites\":\"base\",\"name\":\"Chaz Kangeroo Hoodie-XS-Orange\",\"description\":\"<p>Ideal for cold-weather training or work outdoors, the Chaz Hoodie promises superior warmth with every wear. Thick material blocks out the wind as ribbed cuffs and bottom band seal in body heat.<\\/p>\\n<p>&bull; Two-tone gray heather hoodie.<br \\/>&bull; Drawstring-adjustable hood. <br \\/>&bull; Machine wash\\/dry.<\\/p>\",\"short_description\":null,\"weight\":\"1\",\"product_online\":\"1\",\"tax_class_name\":\"Taxable Goods\",\"visibility\":\"Not Visible Individually\",\"price\":\"52\",\"special_price\":null,\"special_price_from_date\":null,\"special_price_to_date\":null,\"url_key\":\"chaz-kangeroo-hoodie-xs-orange\",\"meta_title\":null,\"meta_keywords\":null,\"meta_description\":null,\"base_image\":\"\\/m\\/h\\/mh01-orange_main.jpg\",\"base_image_label\":null,\"small_image\":\"\\/m\\/h\\/mh01-orange_main.jpg\",\"small_image_label\":null,\"thumbnail_image\":\"\\/m\\/h\\/mh01-orange_main.jpg\",\"thumbnail_image_label\":null,\"created_at\":null,\"updated_at\":null,\"new_from_date\":null,\"new_to_date\":null,\"display_product_options_in\":null,\"map_price\":null,\"msrp_price\":null,\"map_enabled\":null,\"gift_message_available\":null,\"custom_design\":null,\"custom_design_from\":null,\"custom_design_to\":null,\"custom_layout_update\":null,\"page_layout\":null,\"product_options_container\":null,\"msrp_display_actual_price_type\":null,\"country_of_manufacture\":null,\"additional_attributes\":\"has_options=0,required_options=0,size=XS,color=Orange\",\"qty\":\"100\",\"out_of_stock_qty\":\"0\",\"use_config_min_qty\":\"1\",\"is_qty_decimal\":\"0\",\"allow_backorders\":\"0\",\"use_config_backorders\":\"1\",\"min_cart_qty\":\"1\",\"use_config_min_sale_qty\":\"1\",\"max_cart_qty\":\"0\",\"use_config_max_sale_qty\":\"1\",\"is_in_stock\":\"1\",\"notify_on_stock_below\":null,\"use_config_notify_stock_qty\":\"1\",\"manage_stock\":\"0\",\"use_config_manage_stock\":\"1\",\"use_config_qty_increments\":\"1\",\"qty_increments\":\"0\",\"use_config_enable_qty_inc\":\"1\",\"enable_qty_increments\":\"0\",\"is_decimal_divided\":\"0\",\"website_id\":\"1\",\"configurable_variations\":null,\"configurable_variation_prices\":null,\"configurable_variation_labels\":null,\"additional_images\":null,\"image\":\"\\/m\\/h\\/mh01-orange_main.jpg\",\"image_label\":null,\"thumbnail\":\"\\/m\\/h\\/mh01-orange_main.jpg\",\"thumbnail_label\":null,\"_media_image\":null,\"_store\":null,\"_attribute_set\":\"Top\",\"_product_websites\":\"base\",\"status\":\"1\",\"news_from_date\":null,\"news_to_date\":null,\"options_container\":null,\"minimal_price\":null,\"msrp\":null,\"msrp_enabled\":null,\"special_from_date\":null,\"special_to_date\":null,\"min_qty\":\"0\",\"backorders\":\"0\",\"min_sale_qty\":\"1\",\"max_sale_qty\":\"0\",\"notify_stock_qty\":null,\"meta_keyword\":null,\"has_options\":\"0\",\"required_options\":\"0\",\"size\":\"XS\",\"color\":\"Orange\"},{\"sku\":\"MH01-S-Black\",\"store_view_code\":null,\"attribute_set_code\":\"Top\",\"product_type\":\"simple\",\"categories\":\"Default Category\\/Men\\/Tops\\/Hoodies & Sweatshirts,Default Category\\/Collections\\/Eco Friendly,Default Category\",\"product_websites\":\"base\",\"name\":\"Chaz Kangeroo Hoodie-S-Black\",\"description\":\"<p>Ideal for cold-weather training or work outdoors, the Chaz Hoodie promises superior warmth with every wear. Thick material blocks out the wind as ribbed cuffs and bottom band seal in body heat.<\\/p>\\n<p>&bull; Two-tone gray heather hoodie.<br \\/>&bull; Drawstring-adjustable hood. <br \\/>&bull; Machine wash\\/dry.<\\/p>\",\"short_description\":null,\"weight\":\"1\",\"product_online\":\"1\",\"tax_class_name\":\"Taxable Goods\",\"visibility\":\"Not Visible Individually\",\"price\":\"52\",\"special_price\":null,\"special_price_from_date\":null,\"special_price_to_date\":null,\"url_key\":\"chaz-kangeroo-hoodie-s-black\",\"meta_title\":null,\"meta_keywords\":null,\"meta_description\":null,\"base_image\":\"\\/m\\/h\\/mh01-black_main.jpg\",\"base_image_label\":null,\"small_image\":\"\\/m\\/h\\/mh01-black_main.jpg\",\"small_image_label\":null,\"thumbnail_image\":\"\\/m\\/h\\/mh01-black_main.jpg\",\"thumbnail_image_label\":null,\"created_at\":null,\"updated_at\":null,\"new_from_date\":null,\"new_to_date\":null,\"display_product_options_in\":null,\"map_price\":null,\"msrp_price\":null,\"map_enabled\":null,\"gift_message_available\":null,\"custom_design\":null,\"custom_design_from\":null,\"custom_design_to\":null,\"custom_layout_update\":null,\"page_layout\":null,\"product_options_container\":null,\"msrp_display_actual_price_type\":null,\"country_of_manufacture\":null,\"additional_attributes\":\"has_options=0,required_options=0,size=S,color=Black\",\"qty\":\"100\",\"out_of_stock_qty\":\"0\",\"use_config_min_qty\":\"1\",\"is_qty_decimal\":\"0\",\"allow_backorders\":\"0\",\"use_config_backorders\":\"1\",\"min_cart_qty\":\"1\",\"use_config_min_sale_qty\":\"1\",\"max_cart_qty\":\"0\",\"use_config_max_sale_qty\":\"1\",\"is_in_stock\":\"1\",\"notify_on_stock_below\":null,\"use_config_notify_stock_qty\":\"1\",\"manage_stock\":\"0\",\"use_config_manage_stock\":\"1\",\"use_config_qty_increments\":\"1\",\"qty_increments\":\"0\",\"use_config_enable_qty_inc\":\"1\",\"enable_qty_increments\":\"0\",\"is_decimal_divided\":\"0\",\"website_id\":\"1\",\"configurable_variations\":null,\"configurable_variation_prices\":null,\"configurable_variation_labels\":null,\"additional_images\":null,\"image\":\"\\/m\\/h\\/mh01-black_main.jpg\",\"image_label\":null,\"thumbnail\":\"\\/m\\/h\\/mh01-black_main.jpg\",\"thumbnail_label\":null,\"_media_image\":null,\"_store\":null,\"_attribute_set\":\"Top\",\"_product_websites\":\"base\",\"status\":\"1\",\"news_from_date\":null,\"news_to_date\":null,\"options_container\":null,\"minimal_price\":null,\"msrp\":null,\"msrp_enabled\":null,\"special_from_date\":null,\"special_to_date\":null,\"min_qty\":\"0\",\"backorders\":\"0\",\"min_sale_qty\":\"1\",\"max_sale_qty\":\"0\",\"notify_stock_qty\":null,\"meta_keyword\":null,\"has_options\":\"0\",\"required_options\":\"0\",\"size\":\"S\",\"color\":\"Black\"},{\"sku\":\"MH01-S-Gray\",\"store_view_code\":null,\"attribute_set_code\":\"Top\",\"product_type\":\"simple\",\"categories\":\"Default Category\\/Men\\/Tops\\/Hoodies & Sweatshirts,Default Category\\/Collections\\/Eco Friendly,Default Category\",\"product_websites\":\"base\",\"name\":\"Chaz Kangeroo Hoodie-S-Gray\",\"description\":\"<p>Ideal for cold-weather training or work outdoors, the Chaz Hoodie promises superior warmth with every wear. Thick material blocks out the wind as ribbed cuffs and bottom band seal in body heat.<\\/p>\\n<p>&bull; Two-tone gray heather hoodie.<br \\/>&bull; Drawstring-adjustable hood. <br \\/>&bull; Machine wash\\/dry.<\\/p>\",\"short_description\":null,\"weight\":\"1\",\"product_online\":\"1\",\"tax_class_name\":\"Taxable Goods\",\"visibility\":\"Not Visible Individually\",\"price\":\"52\",\"special_price\":null,\"special_price_from_date\":null,\"special_price_to_date\":null,\"url_key\":\"chaz-kangeroo-hoodie-s-gray\",\"meta_title\":null,\"meta_keywords\":null,\"meta_description\":null,\"base_image\":\"\\/m\\/h\\/mh01-gray_main.jpg\",\"base_image_label\":null,\"small_image\":\"\\/m\\/h\\/mh01-gray_main.jpg\",\"small_image_label\":null,\"thumbnail_image\":\"\\/m\\/h\\/mh01-gray_main.jpg\",\"thumbnail_image_label\":null,\"created_at\":null,\"updated_at\":null,\"new_from_date\":null,\"new_to_date\":null,\"display_product_options_in\":null,\"map_price\":null,\"msrp_price\":null,\"map_enabled\":null,\"gift_message_available\":null,\"custom_design\":null,\"custom_design_from\":null,\"custom_design_to\":null,\"custom_layout_update\":null,\"page_layout\":null,\"product_options_container\":null,\"msrp_display_actual_price_type\":null,\"country_of_manufacture\":null,\"additional_attributes\":\"has_options=0,required_options=0,size=S,color=Gray\",\"qty\":\"100\",\"out_of_stock_qty\":\"0\",\"use_config_min_qty\":\"1\",\"is_qty_decimal\":\"0\",\"allow_backorders\":\"0\",\"use_config_backorders\":\"1\",\"min_cart_qty\":\"1\",\"use_config_min_sale_qty\":\"1\",\"max_cart_qty\":\"0\",\"use_config_max_sale_qty\":\"1\",\"is_in_stock\":\"1\",\"notify_on_stock_below\":null,\"use_config_notify_stock_qty\":\"1\",\"manage_stock\":\"0\",\"use_config_manage_stock\":\"1\",\"use_config_qty_increments\":\"1\",\"qty_increments\":\"0\",\"use_config_enable_qty_inc\":\"1\",\"enable_qty_increments\":\"0\",\"is_decimal_divided\":\"0\",\"website_id\":\"1\",\"configurable_variations\":null,\"configurable_variation_prices\":null,\"configurable_variation_labels\":null,\"additional_images\":\"\\/m\\/h\\/mh01-gray_alt1.jpg,\\/m\\/h\\/mh01-gray_back.jpg\",\"image\":\"\\/m\\/h\\/mh01-gray_main.jpg\",\"image_label\":null,\"thumbnail\":\"\\/m\\/h\\/mh01-gray_main.jpg\",\"thumbnail_label\":null,\"_media_image\":\"\\/m\\/h\\/mh01-gray_alt1.jpg,\\/m\\/h\\/mh01-gray_back.jpg\",\"_store\":null,\"_attribute_set\":\"Top\",\"_product_websites\":\"base\",\"status\":\"1\",\"news_from_date\":null,\"news_to_date\":null,\"options_container\":null,\"minimal_price\":null,\"msrp\":null,\"msrp_enabled\":null,\"special_from_date\":null,\"special_to_date\":null,\"min_qty\":\"0\",\"backorders\":\"0\",\"min_sale_qty\":\"1\",\"max_sale_qty\":\"0\",\"notify_stock_qty\":null,\"meta_keyword\":null,\"has_options\":\"0\",\"required_options\":\"0\",\"size\":\"S\",\"color\":\"Gray\"},{\"sku\":\"MH01-S-Orange\",\"store_view_code\":null,\"attribute_set_code\":\"Top\",\"product_type\":\"simple\",\"categories\":\"Default Category\\/Men\\/Tops\\/Hoodies & Sweatshirts,Default Category\\/Collections\\/Eco Friendly,Default Category\",\"product_websites\":\"base\",\"name\":\"Chaz Kangeroo Hoodie-S-Orange\",\"description\":\"<p>Ideal for cold-weather training or work outdoors, the Chaz Hoodie promises superior warmth with every wear. Thick material blocks out the wind as ribbed cuffs and bottom band seal in body heat.<\\/p>\\n<p>&bull; Two-tone gray heather hoodie.<br \\/>&bull; Drawstring-adjustable hood. <br \\/>&bull; Machine wash\\/dry.<\\/p>\",\"short_description\":null,\"weight\":\"1\",\"product_online\":\"1\",\"tax_class_name\":\"Taxable Goods\",\"visibility\":\"Not Visible Individually\",\"price\":\"52\",\"special_price\":null,\"special_price_from_date\":null,\"special_price_to_date\":null,\"url_key\":\"chaz-kangeroo-hoodie-s-orange\",\"meta_title\":null,\"meta_keywords\":null,\"meta_description\":null,\"base_image\":\"\\/m\\/h\\/mh01-orange_main.jpg\",\"base_image_label\":null,\"small_image\":\"\\/m\\/h\\/mh01-orange_main.jpg\",\"small_image_label\":null,\"thumbnail_image\":\"\\/m\\/h\\/mh01-orange_main.jpg\",\"thumbnail_image_label\":null,\"created_at\":null,\"updated_at\":null,\"new_from_date\":null,\"new_to_date\":null,\"display_product_options_in\":null,\"map_price\":null,\"msrp_price\":null,\"map_enabled\":null,\"gift_message_available\":null,\"custom_design\":null,\"custom_design_from\":null,\"custom_design_to\":null,\"custom_layout_update\":null,\"page_layout\":null,\"product_options_container\":null,\"msrp_display_actual_price_type\":null,\"country_of_manufacture\":null,\"additional_attributes\":\"has_options=0,required_options=0,size=S,color=Orange\",\"qty\":\"100\",\"out_of_stock_qty\":\"0\",\"use_config_min_qty\":\"1\",\"is_qty_decimal\":\"0\",\"allow_backorders\":\"0\",\"use_config_backorders\":\"1\",\"min_cart_qty\":\"1\",\"use_config_min_sale_qty\":\"1\",\"max_cart_qty\":\"0\",\"use_config_max_sale_qty\":\"1\",\"is_in_stock\":\"1\",\"notify_on_stock_below\":null,\"use_config_notify_stock_qty\":\"1\",\"manage_stock\":\"0\",\"use_config_manage_stock\":\"1\",\"use_config_qty_increments\":\"1\",\"qty_increments\":\"0\",\"use_config_enable_qty_inc\":\"1\",\"enable_qty_increments\":\"0\",\"is_decimal_divided\":\"0\",\"website_id\":\"1\",\"configurable_variations\":null,\"configurable_variation_prices\":null,\"configurable_variation_labels\":null,\"additional_images\":null,\"image\":\"\\/m\\/h\\/mh01-orange_main.jpg\",\"image_label\":null,\"thumbnail\":\"\\/m\\/h\\/mh01-orange_main.jpg\",\"thumbnail_label\":null,\"_media_image\":null,\"_store\":null,\"_attribute_set\":\"Top\",\"_product_websites\":\"base\",\"status\":\"1\",\"news_from_date\":null,\"news_to_date\":null,\"options_container\":null,\"minimal_price\":null,\"msrp\":null,\"msrp_enabled\":null,\"special_from_date\":null,\"special_to_date\":null,\"min_qty\":\"0\",\"backorders\":\"0\",\"min_sale_qty\":\"1\",\"max_sale_qty\":\"0\",\"notify_stock_qty\":null,\"meta_keyword\":null,\"has_options\":\"0\",\"required_options\":\"0\",\"size\":\"S\",\"color\":\"Orange\"},{\"sku\":\"MH01-M-Black\",\"store_view_code\":null,\"attribute_set_code\":\"Top\",\"product_type\":\"simple\",\"categories\":\"Default Category\\/Men\\/Tops\\/Hoodies & Sweatshirts,Default Category\\/Collections\\/Eco Friendly,Default Category\",\"product_websites\":\"base\",\"name\":\"Chaz Kangeroo Hoodie-M-Black\",\"description\":\"<p>Ideal for cold-weather training or work outdoors, the Chaz Hoodie promises superior warmth with every wear. Thick material blocks out the wind as ribbed cuffs and bottom band seal in body heat.<\\/p>\\n<p>&bull; Two-tone gray heather hoodie.<br \\/>&bull; Drawstring-adjustable hood. <br \\/>&bull; Machine wash\\/dry.<\\/p>\",\"short_description\":null,\"weight\":\"1\",\"product_online\":\"1\",\"tax_class_name\":\"Taxable Goods\",\"visibility\":\"Not Visible Individually\",\"price\":\"52\",\"special_price\":null,\"special_price_from_date\":null,\"special_price_to_date\":null,\"url_key\":\"chaz-kangeroo-hoodie-m-black\",\"meta_title\":null,\"meta_keywords\":null,\"meta_description\":null,\"base_image\":\"\\/m\\/h\\/mh01-black_main.jpg\",\"base_image_label\":null,\"small_image\":\"\\/m\\/h\\/mh01-black_main.jpg\",\"small_image_label\":null,\"thumbnail_image\":\"\\/m\\/h\\/mh01-black_main.jpg\",\"thumbnail_image_label\":null,\"created_at\":null,\"updated_at\":null,\"new_from_date\":null,\"new_to_date\":null,\"display_product_options_in\":null,\"map_price\":null,\"msrp_price\":null,\"map_enabled\":null,\"gift_message_available\":null,\"custom_design\":null,\"custom_design_from\":null,\"custom_design_to\":null,\"custom_layout_update\":null,\"page_layout\":null,\"product_options_container\":null,\"msrp_display_actual_price_type\":null,\"country_of_manufacture\":null,\"additional_attributes\":\"has_options=0,required_options=0,size=M,color=Black\",\"qty\":\"100\",\"out_of_stock_qty\":\"0\",\"use_config_min_qty\":\"1\",\"is_qty_decimal\":\"0\",\"allow_backorders\":\"0\",\"use_config_backorders\":\"1\",\"min_cart_qty\":\"1\",\"use_config_min_sale_qty\":\"1\",\"max_cart_qty\":\"0\",\"use_config_max_sale_qty\":\"1\",\"is_in_stock\":\"1\",\"notify_on_stock_below\":null,\"use_config_notify_stock_qty\":\"1\",\"manage_stock\":\"0\",\"use_config_manage_stock\":\"1\",\"use_config_qty_increments\":\"1\",\"qty_increments\":\"0\",\"use_config_enable_qty_inc\":\"1\",\"enable_qty_increments\":\"0\",\"is_decimal_divided\":\"0\",\"website_id\":\"1\",\"configurable_variations\":null,\"configurable_variation_prices\":null,\"configurable_variation_labels\":null,\"additional_images\":null,\"image\":\"\\/m\\/h\\/mh01-black_main.jpg\",\"image_label\":null,\"thumbnail\":\"\\/m\\/h\\/mh01-black_main.jpg\",\"thumbnail_label\":null,\"_media_image\":null,\"_store\":null,\"_attribute_set\":\"Top\",\"_product_websites\":\"base\",\"status\":\"1\",\"news_from_date\":null,\"news_to_date\":null,\"options_container\":null,\"minimal_price\":null,\"msrp\":null,\"msrp_enabled\":null,\"special_from_date\":null,\"special_to_date\":null,\"min_qty\":\"0\",\"backorders\":\"0\",\"min_sale_qty\":\"1\",\"max_sale_qty\":\"0\",\"notify_stock_qty\":null,\"meta_keyword\":null,\"has_options\":\"0\",\"required_options\":\"0\",\"size\":\"M\",\"color\":\"Black\"},{\"sku\":\"MH01-M-Gray\",\"store_view_code\":null,\"attribute_set_code\":\"Top\",\"product_type\":\"simple\",\"categories\":\"Default Category\\/Men\\/Tops\\/Hoodies & Sweatshirts,Default Category\\/Collections\\/Eco Friendly,Default Category\",\"product_websites\":\"base\",\"name\":\"Chaz Kangeroo Hoodie-M-Gray\",\"description\":\"<p>Ideal for cold-weather training or work outdoors, the Chaz Hoodie promises superior warmth with every wear. Thick material blocks out the wind as ribbed cuffs and bottom band seal in body heat.<\\/p>\\n<p>&bull; Two-tone gray heather hoodie.<br \\/>&bull; Drawstring-adjustable hood. <br \\/>&bull; Machine wash\\/dry.<\\/p>\",\"short_description\":null,\"weight\":\"1\",\"product_online\":\"1\",\"tax_class_name\":\"Taxable Goods\",\"visibility\":\"Not Visible Individually\",\"price\":\"52\",\"special_price\":null,\"special_price_from_date\":null,\"special_price_to_date\":null,\"url_key\":\"chaz-kangeroo-hoodie-m-gray\",\"meta_title\":null,\"meta_keywords\":null,\"meta_description\":null,\"base_image\":\"\\/m\\/h\\/mh01-gray_main.jpg\",\"base_image_label\":null,\"small_image\":\"\\/m\\/h\\/mh01-gray_main.jpg\",\"small_image_label\":null,\"thumbnail_image\":\"\\/m\\/h\\/mh01-gray_main.jpg\",\"thumbnail_image_label\":null,\"created_at\":null,\"updated_at\":null,\"new_from_date\":null,\"new_to_date\":null,\"display_product_options_in\":null,\"map_price\":null,\"msrp_price\":null,\"map_enabled\":null,\"gift_message_available\":null,\"custom_design\":null,\"custom_design_from\":null,\"custom_design_to\":null,\"custom_layout_update\":null,\"page_layout\":null,\"product_options_container\":null,\"msrp_display_actual_price_type\":null,\"country_of_manufacture\":null,\"additional_attributes\":\"has_options=0,required_options=0,size=M,color=Gray\",\"qty\":\"100\",\"out_of_stock_qty\":\"0\",\"use_config_min_qty\":\"1\",\"is_qty_decimal\":\"0\",\"allow_backorders\":\"0\",\"use_config_backorders\":\"1\",\"min_cart_qty\":\"1\",\"use_config_min_sale_qty\":\"1\",\"max_cart_qty\":\"0\",\"use_config_max_sale_qty\":\"1\",\"is_in_stock\":\"1\",\"notify_on_stock_below\":null,\"use_config_notify_stock_qty\":\"1\",\"manage_stock\":\"0\",\"use_config_manage_stock\":\"1\",\"use_config_qty_increments\":\"1\",\"qty_increments\":\"0\",\"use_config_enable_qty_inc\":\"1\",\"enable_qty_increments\":\"0\",\"is_decimal_divided\":\"0\",\"website_id\":\"1\",\"configurable_variations\":null,\"configurable_variation_prices\":null,\"configurable_variation_labels\":null,\"additional_images\":\"\\/m\\/h\\/mh01-gray_alt1.jpg,\\/m\\/h\\/mh01-gray_back.jpg\",\"image\":\"\\/m\\/h\\/mh01-gray_main.jpg\",\"image_label\":null,\"thumbnail\":\"\\/m\\/h\\/mh01-gray_main.jpg\",\"thumbnail_label\":null,\"_media_image\":\"\\/m\\/h\\/mh01-gray_alt1.jpg,\\/m\\/h\\/mh01-gray_back.jpg\",\"_store\":null,\"_attribute_set\":\"Top\",\"_product_websites\":\"base\",\"status\":\"1\",\"news_from_date\":null,\"news_to_date\":null,\"options_container\":null,\"minimal_price\":null,\"msrp\":null,\"msrp_enabled\":null,\"special_from_date\":null,\"special_to_date\":null,\"min_qty\":\"0\",\"backorders\":\"0\",\"min_sale_qty\":\"1\",\"max_sale_qty\":\"0\",\"notify_stock_qty\":null,\"meta_keyword\":null,\"has_options\":\"0\",\"required_options\":\"0\",\"size\":\"M\",\"color\":\"Gray\"},{\"sku\":\"MH01-M-Orange\",\"store_view_code\":null,\"attribute_set_code\":\"Top\",\"product_type\":\"simple\",\"categories\":\"Default Category\\/Men\\/Tops\\/Hoodies & Sweatshirts,Default Category\\/Collections\\/Eco Friendly,Default Category\",\"product_websites\":\"base\",\"name\":\"Chaz Kangeroo Hoodie-M-Orange\",\"description\":\"<p>Ideal for cold-weather training or work outdoors, the Chaz Hoodie promises superior warmth with every wear. Thick material blocks out the wind as ribbed cuffs and bottom band seal in body heat.<\\/p>\\n<p>&bull; Two-tone gray heather hoodie.<br \\/>&bull; Drawstring-adjustable hood. <br \\/>&bull; Machine wash\\/dry.<\\/p>\",\"short_description\":null,\"weight\":\"1\",\"product_online\":\"1\",\"tax_class_name\":\"Taxable Goods\",\"visibility\":\"Not Visible Individually\",\"price\":\"52\",\"special_price\":null,\"special_price_from_date\":null,\"special_price_to_date\":null,\"url_key\":\"chaz-kangeroo-hoodie-m-orange\",\"meta_title\":null,\"meta_keywords\":null,\"meta_description\":null,\"base_image\":\"\\/m\\/h\\/mh01-orange_main.jpg\",\"base_image_label\":null,\"small_image\":\"\\/m\\/h\\/mh01-orange_main.jpg\",\"small_image_label\":null,\"thumbnail_image\":\"\\/m\\/h\\/mh01-orange_main.jpg\",\"thumbnail_image_label\":null,\"created_at\":null,\"updated_at\":null,\"new_from_date\":null,\"new_to_date\":null,\"display_product_options_in\":null,\"map_price\":null,\"msrp_price\":null,\"map_enabled\":null,\"gift_message_available\":null,\"custom_design\":null,\"custom_design_from\":null,\"custom_design_to\":null,\"custom_layout_update\":null,\"page_layout\":null,\"product_options_container\":null,\"msrp_display_actual_price_type\":null,\"country_of_manufacture\":null,\"additional_attributes\":\"has_options=0,required_options=0,size=M,color=Orange\",\"qty\":\"100\",\"out_of_stock_qty\":\"0\",\"use_config_min_qty\":\"1\",\"is_qty_decimal\":\"0\",\"allow_backorders\":\"0\",\"use_config_backorders\":\"1\",\"min_cart_qty\":\"1\",\"use_config_min_sale_qty\":\"1\",\"max_cart_qty\":\"0\",\"use_config_max_sale_qty\":\"1\",\"is_in_stock\":\"1\",\"notify_on_stock_below\":null,\"use_config_notify_stock_qty\":\"1\",\"manage_stock\":\"0\",\"use_config_manage_stock\":\"1\",\"use_config_qty_increments\":\"1\",\"qty_increments\":\"0\",\"use_config_enable_qty_inc\":\"1\",\"enable_qty_increments\":\"0\",\"is_decimal_divided\":\"0\",\"website_id\":\"1\",\"configurable_variations\":null,\"configurable_variation_prices\":null,\"configurable_variation_labels\":null,\"additional_images\":null,\"image\":\"\\/m\\/h\\/mh01-orange_main.jpg\",\"image_label\":null,\"thumbnail\":\"\\/m\\/h\\/mh01-orange_main.jpg\",\"thumbnail_label\":null,\"_media_image\":null,\"_store\":null,\"_attribute_set\":\"Top\",\"_product_websites\":\"base\",\"status\":\"1\",\"news_from_date\":null,\"news_to_date\":null,\"options_container\":null,\"minimal_price\":null,\"msrp\":null,\"msrp_enabled\":null,\"special_from_date\":null,\"special_to_date\":null,\"min_qty\":\"0\",\"backorders\":\"0\",\"min_sale_qty\":\"1\",\"max_sale_qty\":\"0\",\"notify_stock_qty\":null,\"meta_keyword\":null,\"has_options\":\"0\",\"required_options\":\"0\",\"size\":\"M\",\"color\":\"Orange\"},{\"sku\":\"MH01-L-Black\",\"store_view_code\":null,\"attribute_set_code\":\"Top\",\"product_type\":\"simple\",\"categories\":\"Default Category\\/Men\\/Tops\\/Hoodies & Sweatshirts,Default Category\\/Collections\\/Eco Friendly,Default Category\",\"product_websites\":\"base\",\"name\":\"Chaz Kangeroo Hoodie-L-Black\",\"description\":\"<p>Ideal for cold-weather training or work outdoors, the Chaz Hoodie promises superior warmth with every wear. Thick material blocks out the wind as ribbed cuffs and bottom band seal in body heat.<\\/p>\\n<p>&bull; Two-tone gray heather hoodie.<br \\/>&bull; Drawstring-adjustable hood. <br \\/>&bull; Machine wash\\/dry.<\\/p>\",\"short_description\":null,\"weight\":\"1\",\"product_online\":\"1\",\"tax_class_name\":\"Taxable Goods\",\"visibility\":\"Not Visible Individually\",\"price\":\"52\",\"special_price\":null,\"special_price_from_date\":null,\"special_price_to_date\":null,\"url_key\":\"chaz-kangeroo-hoodie-l-black\",\"meta_title\":null,\"meta_keywords\":null,\"meta_description\":null,\"base_image\":\"\\/m\\/h\\/mh01-black_main.jpg\",\"base_image_label\":null,\"small_image\":\"\\/m\\/h\\/mh01-black_main.jpg\",\"small_image_label\":null,\"thumbnail_image\":\"\\/m\\/h\\/mh01-black_main.jpg\",\"thumbnail_image_label\":null,\"created_at\":null,\"updated_at\":null,\"new_from_date\":null,\"new_to_date\":null,\"display_product_options_in\":null,\"map_price\":null,\"msrp_price\":null,\"map_enabled\":null,\"gift_message_available\":null,\"custom_design\":null,\"custom_design_from\":null,\"custom_design_to\":null,\"custom_layout_update\":null,\"page_layout\":null,\"product_options_container\":null,\"msrp_display_actual_price_type\":null,\"country_of_manufacture\":null,\"additional_attributes\":\"has_options=0,required_options=0,size=L,color=Black\",\"qty\":\"100\",\"out_of_stock_qty\":\"0\",\"use_config_min_qty\":\"1\",\"is_qty_decimal\":\"0\",\"allow_backorders\":\"0\",\"use_config_backorders\":\"1\",\"min_cart_qty\":\"1\",\"use_config_min_sale_qty\":\"1\",\"max_cart_qty\":\"0\",\"use_config_max_sale_qty\":\"1\",\"is_in_stock\":\"1\",\"notify_on_stock_below\":null,\"use_config_notify_stock_qty\":\"1\",\"manage_stock\":\"0\",\"use_config_manage_stock\":\"1\",\"use_config_qty_increments\":\"1\",\"qty_increments\":\"0\",\"use_config_enable_qty_inc\":\"1\",\"enable_qty_increments\":\"0\",\"is_decimal_divided\":\"0\",\"website_id\":\"1\",\"configurable_variations\":null,\"configurable_variation_prices\":null,\"configurable_variation_labels\":null,\"additional_images\":null,\"image\":\"\\/m\\/h\\/mh01-black_main.jpg\",\"image_label\":null,\"thumbnail\":\"\\/m\\/h\\/mh01-black_main.jpg\",\"thumbnail_label\":null,\"_media_image\":null,\"_store\":null,\"_attribute_set\":\"Top\",\"_product_websites\":\"base\",\"status\":\"1\",\"news_from_date\":null,\"news_to_date\":null,\"options_container\":null,\"minimal_price\":null,\"msrp\":null,\"msrp_enabled\":null,\"special_from_date\":null,\"special_to_date\":null,\"min_qty\":\"0\",\"backorders\":\"0\",\"min_sale_qty\":\"1\",\"max_sale_qty\":\"0\",\"notify_stock_qty\":null,\"meta_keyword\":null,\"has_options\":\"0\",\"required_options\":\"0\",\"size\":\"L\",\"color\":\"Black\"},{\"sku\":\"MH01-L-Gray\",\"store_view_code\":null,\"attribute_set_code\":\"Top\",\"product_type\":\"simple\",\"categories\":\"Default Category\\/Men\\/Tops\\/Hoodies & Sweatshirts,Default Category\\/Collections\\/Eco Friendly,Default Category\",\"product_websites\":\"base\",\"name\":\"Chaz Kangeroo Hoodie-L-Gray\",\"description\":\"<p>Ideal for cold-weather training or work outdoors, the Chaz Hoodie promises superior warmth with every wear. Thick material blocks out the wind as ribbed cuffs and bottom band seal in body heat.<\\/p>\\n<p>&bull; Two-tone gray heather hoodie.<br \\/>&bull; Drawstring-adjustable hood. <br \\/>&bull; Machine wash\\/dry.<\\/p>\",\"short_description\":null,\"weight\":\"1\",\"product_online\":\"1\",\"tax_class_name\":\"Taxable Goods\",\"visibility\":\"Not Visible Individually\",\"price\":\"52\",\"special_price\":null,\"special_price_from_date\":null,\"special_price_to_date\":null,\"url_key\":\"chaz-kangeroo-hoodie-l-gray\",\"meta_title\":null,\"meta_keywords\":null,\"meta_description\":null,\"base_image\":\"\\/m\\/h\\/mh01-gray_main.jpg\",\"base_image_label\":null,\"small_image\":\"\\/m\\/h\\/mh01-gray_main.jpg\",\"small_image_label\":null,\"thumbnail_image\":\"\\/m\\/h\\/mh01-gray_main.jpg\",\"thumbnail_image_label\":null,\"created_at\":null,\"updated_at\":null,\"new_from_date\":null,\"new_to_date\":null,\"display_product_options_in\":null,\"map_price\":null,\"msrp_price\":null,\"map_enabled\":null,\"gift_message_available\":null,\"custom_design\":null,\"custom_design_from\":null,\"custom_design_to\":null,\"custom_layout_update\":null,\"page_layout\":null,\"product_options_container\":null,\"msrp_display_actual_price_type\":null,\"country_of_manufacture\":null,\"additional_attributes\":\"has_options=0,required_options=0,size=L,color=Gray\",\"qty\":\"100\",\"out_of_stock_qty\":\"0\",\"use_config_min_qty\":\"1\",\"is_qty_decimal\":\"0\",\"allow_backorders\":\"0\",\"use_config_backorders\":\"1\",\"min_cart_qty\":\"1\",\"use_config_min_sale_qty\":\"1\",\"max_cart_qty\":\"0\",\"use_config_max_sale_qty\":\"1\",\"is_in_stock\":\"1\",\"notify_on_stock_below\":null,\"use_config_notify_stock_qty\":\"1\",\"manage_stock\":\"0\",\"use_config_manage_stock\":\"1\",\"use_config_qty_increments\":\"1\",\"qty_increments\":\"0\",\"use_config_enable_qty_inc\":\"1\",\"enable_qty_increments\":\"0\",\"is_decimal_divided\":\"0\",\"website_id\":\"1\",\"configurable_variations\":null,\"configurable_variation_prices\":null,\"configurable_variation_labels\":null,\"additional_images\":\"\\/m\\/h\\/mh01-gray_alt1.jpg,\\/m\\/h\\/mh01-gray_back.jpg\",\"image\":\"\\/m\\/h\\/mh01-gray_main.jpg\",\"image_label\":null,\"thumbnail\":\"\\/m\\/h\\/mh01-gray_main.jpg\",\"thumbnail_label\":null,\"_media_image\":\"\\/m\\/h\\/mh01-gray_alt1.jpg,\\/m\\/h\\/mh01-gray_back.jpg\",\"_store\":null,\"_attribute_set\":\"Top\",\"_product_websites\":\"base\",\"status\":\"1\",\"news_from_date\":null,\"news_to_date\":null,\"options_container\":null,\"minimal_price\":null,\"msrp\":null,\"msrp_enabled\":null,\"special_from_date\":null,\"special_to_date\":null,\"min_qty\":\"0\",\"backorders\":\"0\",\"min_sale_qty\":\"1\",\"max_sale_qty\":\"0\",\"notify_stock_qty\":null,\"meta_keyword\":null,\"has_options\":\"0\",\"required_options\":\"0\",\"size\":\"L\",\"color\":\"Gray\"},{\"sku\":\"MH01-L-Orange\",\"store_view_code\":null,\"attribute_set_code\":\"Top\",\"product_type\":\"simple\",\"categories\":\"Default Category\\/Men\\/Tops\\/Hoodies & Sweatshirts,Default Category\\/Collections\\/Eco Friendly,Default Category\",\"product_websites\":\"base\",\"name\":\"Chaz Kangeroo Hoodie-L-Orange\",\"description\":\"<p>Ideal for cold-weather training or work outdoors, the Chaz Hoodie promises superior warmth with every wear. Thick material blocks out the wind as ribbed cuffs and bottom band seal in body heat.<\\/p>\\n<p>&bull; Two-tone gray heather hoodie.<br \\/>&bull; Drawstring-adjustable hood. <br \\/>&bull; Machine wash\\/dry.<\\/p>\",\"short_description\":null,\"weight\":\"1\",\"product_online\":\"1\",\"tax_class_name\":\"Taxable Goods\",\"visibility\":\"Not Visible Individually\",\"price\":\"52\",\"special_price\":null,\"special_price_from_date\":null,\"special_price_to_date\":null,\"url_key\":\"chaz-kangeroo-hoodie-l-orange\",\"meta_title\":null,\"meta_keywords\":null,\"meta_description\":null,\"base_image\":\"\\/m\\/h\\/mh01-orange_main.jpg\",\"base_image_label\":null,\"small_image\":\"\\/m\\/h\\/mh01-orange_main.jpg\",\"small_image_label\":null,\"thumbnail_image\":\"\\/m\\/h\\/mh01-orange_main.jpg\",\"thumbnail_image_label\":null,\"created_at\":null,\"updated_at\":null,\"new_from_date\":null,\"new_to_date\":null,\"display_product_options_in\":null,\"map_price\":null,\"msrp_price\":null,\"map_enabled\":null,\"gift_message_available\":null,\"custom_design\":null,\"custom_design_from\":null,\"custom_design_to\":null,\"custom_layout_update\":null,\"page_layout\":null,\"product_options_container\":null,\"msrp_display_actual_price_type\":null,\"country_of_manufacture\":null,\"additional_attributes\":\"has_options=0,required_options=0,size=L,color=Orange\",\"qty\":\"100\",\"out_of_stock_qty\":\"0\",\"use_config_min_qty\":\"1\",\"is_qty_decimal\":\"0\",\"allow_backorders\":\"0\",\"use_config_backorders\":\"1\",\"min_cart_qty\":\"1\",\"use_config_min_sale_qty\":\"1\",\"max_cart_qty\":\"0\",\"use_config_max_sale_qty\":\"1\",\"is_in_stock\":\"1\",\"notify_on_stock_below\":null,\"use_config_notify_stock_qty\":\"1\",\"manage_stock\":\"0\",\"use_config_manage_stock\":\"1\",\"use_config_qty_increments\":\"1\",\"qty_increments\":\"0\",\"use_config_enable_qty_inc\":\"1\",\"enable_qty_increments\":\"0\",\"is_decimal_divided\":\"0\",\"website_id\":\"1\",\"configurable_variations\":null,\"configurable_variation_prices\":null,\"configurable_variation_labels\":null,\"additional_images\":null,\"image\":\"\\/m\\/h\\/mh01-orange_main.jpg\",\"image_label\":null,\"thumbnail\":\"\\/m\\/h\\/mh01-orange_main.jpg\",\"thumbnail_label\":null,\"_media_image\":null,\"_store\":null,\"_attribute_set\":\"Top\",\"_product_websites\":\"base\",\"status\":\"1\",\"news_from_date\":null,\"news_to_date\":null,\"options_container\":null,\"minimal_price\":null,\"msrp\":null,\"msrp_enabled\":null,\"special_from_date\":null,\"special_to_date\":null,\"min_qty\":\"0\",\"backorders\":\"0\",\"min_sale_qty\":\"1\",\"max_sale_qty\":\"0\",\"notify_stock_qty\":null,\"meta_keyword\":null,\"has_options\":\"0\",\"required_options\":\"0\",\"size\":\"L\",\"color\":\"Orange\"},{\"sku\":\"MH01-XL-Black\",\"store_view_code\":null,\"attribute_set_code\":\"Top\",\"product_type\":\"simple\",\"categories\":\"Default Category\\/Men\\/Tops\\/Hoodies & Sweatshirts,Default Category\\/Collections\\/Eco Friendly,Default Category\",\"product_websites\":\"base\",\"name\":\"Chaz Kangeroo Hoodie-XL-Black\",\"description\":\"<p>Ideal for cold-weather training or work outdoors, the Chaz Hoodie promises superior warmth with every wear. Thick material blocks out the wind as ribbed cuffs and bottom band seal in body heat.<\\/p>\\n<p>&bull; Two-tone gray heather hoodie.<br \\/>&bull; Drawstring-adjustable hood. <br \\/>&bull; Machine wash\\/dry.<\\/p>\",\"short_description\":null,\"weight\":\"1\",\"product_online\":\"1\",\"tax_class_name\":\"Taxable Goods\",\"visibility\":\"Not Visible Individually\",\"price\":\"52\",\"special_price\":null,\"special_price_from_date\":null,\"special_price_to_date\":null,\"url_key\":\"chaz-kangeroo-hoodie-xl-black\",\"meta_title\":null,\"meta_keywords\":null,\"meta_description\":null,\"base_image\":\"\\/m\\/h\\/mh01-black_main.jpg\",\"base_image_label\":null,\"small_image\":\"\\/m\\/h\\/mh01-black_main.jpg\",\"small_image_label\":null,\"thumbnail_image\":\"\\/m\\/h\\/mh01-black_main.jpg\",\"thumbnail_image_label\":null,\"created_at\":null,\"updated_at\":null,\"new_from_date\":null,\"new_to_date\":null,\"display_product_options_in\":null,\"map_price\":null,\"msrp_price\":null,\"map_enabled\":null,\"gift_message_available\":null,\"custom_design\":null,\"custom_design_from\":null,\"custom_design_to\":null,\"custom_layout_update\":null,\"page_layout\":null,\"product_options_container\":null,\"msrp_display_actual_price_type\":null,\"country_of_manufacture\":null,\"additional_attributes\":\"has_options=0,required_options=0,size=XL,color=Black\",\"qty\":\"100\",\"out_of_stock_qty\":\"0\",\"use_config_min_qty\":\"1\",\"is_qty_decimal\":\"0\",\"allow_backorders\":\"0\",\"use_config_backorders\":\"1\",\"min_cart_qty\":\"1\",\"use_config_min_sale_qty\":\"1\",\"max_cart_qty\":\"0\",\"use_config_max_sale_qty\":\"1\",\"is_in_stock\":\"1\",\"notify_on_stock_below\":null,\"use_config_notify_stock_qty\":\"1\",\"manage_stock\":\"0\",\"use_config_manage_stock\":\"1\",\"use_config_qty_increments\":\"1\",\"qty_increments\":\"0\",\"use_config_enable_qty_inc\":\"1\",\"enable_qty_increments\":\"0\",\"is_decimal_divided\":\"0\",\"website_id\":\"1\",\"configurable_variations\":null,\"configurable_variation_prices\":null,\"configurable_variation_labels\":null,\"additional_images\":null,\"image\":\"\\/m\\/h\\/mh01-black_main.jpg\",\"image_label\":null,\"thumbnail\":\"\\/m\\/h\\/mh01-black_main.jpg\",\"thumbnail_label\":null,\"_media_image\":null,\"_store\":null,\"_attribute_set\":\"Top\",\"_product_websites\":\"base\",\"status\":\"1\",\"news_from_date\":null,\"news_to_date\":null,\"options_container\":null,\"minimal_price\":null,\"msrp\":null,\"msrp_enabled\":null,\"special_from_date\":null,\"special_to_date\":null,\"min_qty\":\"0\",\"backorders\":\"0\",\"min_sale_qty\":\"1\",\"max_sale_qty\":\"0\",\"notify_stock_qty\":null,\"meta_keyword\":null,\"has_options\":\"0\",\"required_options\":\"0\",\"size\":\"XL\",\"color\":\"Black\"},{\"sku\":\"MH01-XL-Gray\",\"store_view_code\":null,\"attribute_set_code\":\"Top\",\"product_type\":\"simple\",\"categories\":\"Default Category\\/Men\\/Tops\\/Hoodies & Sweatshirts,Default Category\\/Collections\\/Eco Friendly,Default Category\",\"product_websites\":\"base\",\"name\":\"Chaz Kangeroo Hoodie-XL-Gray\",\"description\":\"<p>Ideal for cold-weather training or work outdoors, the Chaz Hoodie promises superior warmth with every wear. Thick material blocks out the wind as ribbed cuffs and bottom band seal in body heat.<\\/p>\\n<p>&bull; Two-tone gray heather hoodie.<br \\/>&bull; Drawstring-adjustable hood. <br \\/>&bull; Machine wash\\/dry.<\\/p>\",\"short_description\":null,\"weight\":\"1\",\"product_online\":\"1\",\"tax_class_name\":\"Taxable Goods\",\"visibility\":\"Not Visible Individually\",\"price\":\"52\",\"special_price\":null,\"special_price_from_date\":null,\"special_price_to_date\":null,\"url_key\":\"chaz-kangeroo-hoodie-xl-gray\",\"meta_title\":null,\"meta_keywords\":null,\"meta_description\":null,\"base_image\":\"\\/m\\/h\\/mh01-gray_main.jpg\",\"base_image_label\":null,\"small_image\":\"\\/m\\/h\\/mh01-gray_main.jpg\",\"small_image_label\":null,\"thumbnail_image\":\"\\/m\\/h\\/mh01-gray_main.jpg\",\"thumbnail_image_label\":null,\"created_at\":null,\"updated_at\":null,\"new_from_date\":null,\"new_to_date\":null,\"display_product_options_in\":null,\"map_price\":null,\"msrp_price\":null,\"map_enabled\":null,\"gift_message_available\":null,\"custom_design\":null,\"custom_design_from\":null,\"custom_design_to\":null,\"custom_layout_update\":null,\"page_layout\":null,\"product_options_container\":null,\"msrp_display_actual_price_type\":null,\"country_of_manufacture\":null,\"additional_attributes\":\"has_options=0,required_options=0,size=XL,color=Gray\",\"qty\":\"100\",\"out_of_stock_qty\":\"0\",\"use_config_min_qty\":\"1\",\"is_qty_decimal\":\"0\",\"allow_backorders\":\"0\",\"use_config_backorders\":\"1\",\"min_cart_qty\":\"1\",\"use_config_min_sale_qty\":\"1\",\"max_cart_qty\":\"0\",\"use_config_max_sale_qty\":\"1\",\"is_in_stock\":\"1\",\"notify_on_stock_below\":null,\"use_config_notify_stock_qty\":\"1\",\"manage_stock\":\"0\",\"use_config_manage_stock\":\"1\",\"use_config_qty_increments\":\"1\",\"qty_increments\":\"0\",\"use_config_enable_qty_inc\":\"1\",\"enable_qty_increments\":\"0\",\"is_decimal_divided\":\"0\",\"website_id\":\"1\",\"configurable_variations\":null,\"configurable_variation_prices\":null,\"configurable_variation_labels\":null,\"additional_images\":\"\\/m\\/h\\/mh01-gray_alt1.jpg,\\/m\\/h\\/mh01-gray_back.jpg\",\"image\":\"\\/m\\/h\\/mh01-gray_main.jpg\",\"image_label\":null,\"thumbnail\":\"\\/m\\/h\\/mh01-gray_main.jpg\",\"thumbnail_label\":null,\"_media_image\":\"\\/m\\/h\\/mh01-gray_alt1.jpg,\\/m\\/h\\/mh01-gray_back.jpg\",\"_store\":null,\"_attribute_set\":\"Top\",\"_product_websites\":\"base\",\"status\":\"1\",\"news_from_date\":null,\"news_to_date\":null,\"options_container\":null,\"minimal_price\":null,\"msrp\":null,\"msrp_enabled\":null,\"special_from_date\":null,\"special_to_date\":null,\"min_qty\":\"0\",\"backorders\":\"0\",\"min_sale_qty\":\"1\",\"max_sale_qty\":\"0\",\"notify_stock_qty\":null,\"meta_keyword\":null,\"has_options\":\"0\",\"required_options\":\"0\",\"size\":\"XL\",\"color\":\"Gray\"},{\"sku\":\"MH01-XL-Orange\",\"store_view_code\":null,\"attribute_set_code\":\"Top\",\"product_type\":\"simple\",\"categories\":\"Default Category\\/Men\\/Tops\\/Hoodies & Sweatshirts,Default Category\\/Collections\\/Eco Friendly,Default Category\",\"product_websites\":\"base\",\"name\":\"Chaz Kangeroo Hoodie-XL-Orange\",\"description\":\"<p>Ideal for cold-weather training or work outdoors, the Chaz Hoodie promises superior warmth with every wear. Thick material blocks out the wind as ribbed cuffs and bottom band seal in body heat.<\\/p>\\n<p>&bull; Two-tone gray heather hoodie.<br \\/>&bull; Drawstring-adjustable hood. <br \\/>&bull; Machine wash\\/dry.<\\/p>\",\"short_description\":null,\"weight\":\"1\",\"product_online\":\"1\",\"tax_class_name\":\"Taxable Goods\",\"visibility\":\"Not Visible Individually\",\"price\":\"52\",\"special_price\":null,\"special_price_from_date\":null,\"special_price_to_date\":null,\"url_key\":\"chaz-kangeroo-hoodie-xl-orange\",\"meta_title\":null,\"meta_keywords\":null,\"meta_description\":null,\"base_image\":\"\\/m\\/h\\/mh01-orange_main.jpg\",\"base_image_label\":null,\"small_image\":\"\\/m\\/h\\/mh01-orange_main.jpg\",\"small_image_label\":null,\"thumbnail_image\":\"\\/m\\/h\\/mh01-orange_main.jpg\",\"thumbnail_image_label\":null,\"created_at\":null,\"updated_at\":null,\"new_from_date\":null,\"new_to_date\":null,\"display_product_options_in\":null,\"map_price\":null,\"msrp_price\":null,\"map_enabled\":null,\"gift_message_available\":null,\"custom_design\":null,\"custom_design_from\":null,\"custom_design_to\":null,\"custom_layout_update\":null,\"page_layout\":null,\"product_options_container\":null,\"msrp_display_actual_price_type\":null,\"country_of_manufacture\":null,\"additional_attributes\":\"has_options=0,required_options=0,size=XL,color=Orange\",\"qty\":\"100\",\"out_of_stock_qty\":\"0\",\"use_config_min_qty\":\"1\",\"is_qty_decimal\":\"0\",\"allow_backorders\":\"0\",\"use_config_backorders\":\"1\",\"min_cart_qty\":\"1\",\"use_config_min_sale_qty\":\"1\",\"max_cart_qty\":\"0\",\"use_config_max_sale_qty\":\"1\",\"is_in_stock\":\"1\",\"notify_on_stock_below\":null,\"use_config_notify_stock_qty\":\"1\",\"manage_stock\":\"0\",\"use_config_manage_stock\":\"1\",\"use_config_qty_increments\":\"1\",\"qty_increments\":\"0\",\"use_config_enable_qty_inc\":\"1\",\"enable_qty_increments\":\"0\",\"is_decimal_divided\":\"0\",\"website_id\":\"1\",\"configurable_variations\":null,\"configurable_variation_prices\":null,\"configurable_variation_labels\":null,\"additional_images\":null,\"image\":\"\\/m\\/h\\/mh01-orange_main.jpg\",\"image_label\":null,\"thumbnail\":\"\\/m\\/h\\/mh01-orange_main.jpg\",\"thumbnail_label\":null,\"_media_image\":null,\"_store\":null,\"_attribute_set\":\"Top\",\"_product_websites\":\"base\",\"status\":\"1\",\"news_from_date\":null,\"news_to_date\":null,\"options_container\":null,\"minimal_price\":null,\"msrp\":null,\"msrp_enabled\":null,\"special_from_date\":null,\"special_to_date\":null,\"min_qty\":\"0\",\"backorders\":\"0\",\"min_sale_qty\":\"1\",\"max_sale_qty\":\"0\",\"notify_stock_qty\":null,\"meta_keyword\":null,\"has_options\":\"0\",\"required_options\":\"0\",\"size\":\"XL\",\"color\":\"Orange\"},{\"sku\":\"MH01\",\"store_view_code\":null,\"attribute_set_code\":\"Top\",\"product_type\":\"configurable\",\"categories\":\"Default Category\\/Men\\/Tops\\/Hoodies & Sweatshirts,Default Category\\/Collections\\/Eco Friendly,Default Category\",\"product_websites\":\"base\",\"name\":\"Chaz Kangeroo Hoodie\",\"description\":\"<p>Ideal for cold-weather training or work outdoors, the Chaz Hoodie promises superior warmth with every wear. Thick material blocks out the wind as ribbed cuffs and bottom band seal in body heat.<\\/p>\\n<p>&bull; Two-tone gray heather hoodie.<br \\/>&bull; Drawstring-adjustable hood. <br \\/>&bull; Machine wash\\/dry.<\\/p>\",\"short_description\":null,\"weight\":null,\"product_online\":\"1\",\"tax_class_name\":\"Taxable Goods\",\"visibility\":\"Catalog, Search\",\"price\":\"52\",\"special_price\":null,\"special_price_from_date\":null,\"special_price_to_date\":null,\"url_key\":null,\"meta_title\":null,\"meta_keywords\":null,\"meta_description\":null,\"base_image\":\"\\/m\\/h\\/mh01-gray_main.jpg\",\"base_image_label\":null,\"small_image\":\"\\/m\\/h\\/mh01-gray_main.jpg\",\"small_image_label\":null,\"thumbnail_image\":\"\\/m\\/h\\/mh01-gray_main.jpg\",\"thumbnail_image_label\":null,\"created_at\":null,\"updated_at\":null,\"new_from_date\":null,\"new_to_date\":null,\"display_product_options_in\":null,\"map_price\":null,\"msrp_price\":null,\"map_enabled\":null,\"gift_message_available\":null,\"custom_design\":null,\"custom_design_from\":null,\"custom_design_to\":null,\"custom_layout_update\":null,\"page_layout\":null,\"product_options_container\":null,\"msrp_display_actual_price_type\":null,\"country_of_manufacture\":null,\"additional_attributes\":\"has_options=1,required_options=1,material=Wool,pattern=Color-Blocked,climate=All-weather|Cool|Indoor|Spring|Windy,eco_collection=Yes,performance_fabric=No,erin_recommends=No,new=No,sale=Yes\",\"qty\":\"0\",\"out_of_stock_qty\":\"0\",\"use_config_min_qty\":\"1\",\"is_qty_decimal\":\"0\",\"allow_backorders\":\"0\",\"use_config_backorders\":\"1\",\"min_cart_qty\":\"1\",\"use_config_min_sale_qty\":\"1\",\"max_cart_qty\":\"0\",\"use_config_max_sale_qty\":\"1\",\"is_in_stock\":\"1\",\"notify_on_stock_below\":null,\"use_config_notify_stock_qty\":\"1\",\"manage_stock\":\"0\",\"use_config_manage_stock\":\"1\",\"use_config_qty_increments\":\"1\",\"qty_increments\":\"0\",\"use_config_enable_qty_inc\":\"1\",\"enable_qty_increments\":\"0\",\"is_decimal_divided\":\"0\",\"website_id\":\"1\",\"configurable_variations\":\"sku=MH01-XS-Black,size=XS,color=Black|sku=MH01-XS-Gray,size=XS,color=Gray|sku=MH01-XS-Orange,size=XS,color=Orange|sku=MH01-S-Black,size=S,color=Black|sku=MH01-S-Gray,size=S,color=Gray|sku=MH01-S-Orange,size=S,color=Orange|sku=MH01-M-Black,size=M,color=Black|sku=MH01-M-Gray,size=M,color=Gray|sku=MH01-M-Orange,size=M,color=Orange|sku=MH01-L-Black,size=L,color=Black|sku=MH01-L-Gray,size=L,color=Gray|sku=MH01-L-Orange,size=L,color=Orange|sku=MH01-XL-Black,size=XL,color=Black|sku=MH01-XL-Gray,size=XL,color=Gray|sku=MH01-XL-Orange,size=XL,color=Orange\",\"configurable_variation_prices\":null,\"configurable_variation_labels\":null,\"additional_images\":\"\\/m\\/h\\/mh01-gray_alt1.jpg,\\/m\\/h\\/mh01-gray_back.jpg\",\"image\":\"\\/m\\/h\\/mh01-gray_main.jpg\",\"image_label\":null,\"thumbnail\":\"\\/m\\/h\\/mh01-gray_main.jpg\",\"thumbnail_label\":null,\"_media_image\":\"\\/m\\/h\\/mh01-gray_alt1.jpg,\\/m\\/h\\/mh01-gray_back.jpg\",\"_store\":null,\"_attribute_set\":\"Top\",\"_product_websites\":\"base\",\"status\":\"1\",\"news_from_date\":null,\"news_to_date\":null,\"options_container\":null,\"minimal_price\":null,\"msrp\":null,\"msrp_enabled\":null,\"special_from_date\":null,\"special_to_date\":null,\"min_qty\":\"0\",\"backorders\":\"0\",\"min_sale_qty\":\"1\",\"max_sale_qty\":\"0\",\"notify_stock_qty\":null,\"meta_keyword\":null,\"has_options\":\"1\",\"required_options\":\"1\",\"material\":\"Wool\",\"pattern\":\"Color-Blocked\",\"climate\":\"All-weather|Cool|Indoor|Spring|Windy\",\"eco_collection\":\"Yes\",\"performance_fabric\":\"No\",\"erin_recommends\":\"No\",\"new\":\"No\",\"sale\":\"Yes\"},{\"sku\":\"MH02-XS-Black\",\"store_view_code\":null,\"attribute_set_code\":\"Top\",\"product_type\":\"simple\",\"categories\":\"Default Category\\/Men\\/Tops\\/Hoodies & Sweatshirts\",\"product_websites\":\"base\",\"name\":\"Teton Pullover Hoodie-XS-Black\",\"description\":\"<p>This Teton Pullover Hoodie gives you more than laid-back style. It\'s equipped with moisture-wicking fabric to keep light and dry inside, especially in chilly-weather workouts. An elasticized hem lets you move about freely.<\\/p>\\n<p>&bull; Black pullover hoodie.<br \\/>&bull; Soft, brushed interior. <br \\/>&bull; Front hand pockets. <br \\/>&bull; Machine wash\\/dry.<\\/p>\",\"short_description\":null,\"weight\":\"1\",\"product_online\":\"1\",\"tax_class_name\":\"Taxable Goods\",\"visibility\":\"Not Visible Individually\",\"price\":\"70\",\"special_price\":null,\"special_price_from_date\":null,\"special_price_to_date\":null,\"url_key\":\"teton-pullover-hoodie-xs-black\",\"meta_title\":null,\"meta_keywords\":null,\"meta_description\":null,\"base_image\":\"\\/m\\/h\\/mh02-black_main.jpg\",\"base_image_label\":null,\"small_image\":\"\\/m\\/h\\/mh02-black_main.jpg\",\"small_image_label\":null,\"thumbnail_image\":\"\\/m\\/h\\/mh02-black_main.jpg\",\"thumbnail_image_label\":null,\"created_at\":null,\"updated_at\":null,\"new_from_date\":null,\"new_to_date\":null,\"display_product_options_in\":null,\"map_price\":null,\"msrp_price\":null,\"map_enabled\":null,\"gift_message_available\":null,\"custom_design\":null,\"custom_design_from\":null,\"custom_design_to\":null,\"custom_layout_update\":null,\"page_layout\":null,\"product_options_container\":null,\"msrp_display_actual_price_type\":null,\"country_of_manufacture\":null,\"additional_attributes\":\"has_options=0,required_options=0,size=XS,color=Black\",\"qty\":\"100\",\"out_of_stock_qty\":\"0\",\"use_config_min_qty\":\"1\",\"is_qty_decimal\":\"0\",\"allow_backorders\":\"0\",\"use_config_backorders\":\"1\",\"min_cart_qty\":\"1\",\"use_config_min_sale_qty\":\"1\",\"max_cart_qty\":\"0\",\"use_config_max_sale_qty\":\"1\",\"is_in_stock\":\"1\",\"notify_on_stock_below\":null,\"use_config_notify_stock_qty\":\"1\",\"manage_stock\":\"0\",\"use_config_manage_stock\":\"1\",\"use_config_qty_increments\":\"1\",\"qty_increments\":\"0\",\"use_config_enable_qty_inc\":\"1\",\"enable_qty_increments\":\"0\",\"is_decimal_divided\":\"0\",\"website_id\":\"1\",\"configurable_variations\":null,\"configurable_variation_prices\":null,\"configurable_variation_labels\":null,\"additional_images\":\"\\/m\\/h\\/mh02-black_alt1.jpg,\\/m\\/h\\/mh02-black_back.jpg\",\"image\":\"\\/m\\/h\\/mh02-black_main.jpg\",\"image_label\":null,\"thumbnail\":\"\\/m\\/h\\/mh02-black_main.jpg\",\"thumbnail_label\":null,\"_media_image\":\"\\/m\\/h\\/mh02-black_alt1.jpg,\\/m\\/h\\/mh02-black_back.jpg\",\"_store\":null,\"_attribute_set\":\"Top\",\"_product_websites\":\"base\",\"status\":\"1\",\"news_from_date\":null,\"news_to_date\":null,\"options_container\":null,\"minimal_price\":null,\"msrp\":null,\"msrp_enabled\":null,\"special_from_date\":null,\"special_to_date\":null,\"min_qty\":\"0\",\"backorders\":\"0\",\"min_sale_qty\":\"1\",\"max_sale_qty\":\"0\",\"notify_stock_qty\":null,\"meta_keyword\":null,\"has_options\":\"0\",\"required_options\":\"0\",\"size\":\"XS\",\"color\":\"Black\"},{\"sku\":\"MH02-XS-Purple\",\"store_view_code\":null,\"attribute_set_code\":\"Top\",\"product_type\":\"simple\",\"categories\":\"Default Category\\/Men\\/Tops\\/Hoodies & Sweatshirts\",\"product_websites\":\"base\",\"name\":\"Teton Pullover Hoodie-XS-Purple\",\"description\":\"<p>This Teton Pullover Hoodie gives you more than laid-back style. It\'s equipped with moisture-wicking fabric to keep light and dry inside, especially in chilly-weather workouts. An elasticized hem lets you move about freely.<\\/p>\\n<p>&bull; Black pullover hoodie.<br \\/>&bull; Soft, brushed interior. <br \\/>&bull; Front hand pockets. <br \\/>&bull; Machine wash\\/dry.<\\/p>\",\"short_description\":null,\"weight\":\"1\",\"product_online\":\"1\",\"tax_class_name\":\"Taxable Goods\",\"visibility\":\"Not Visible Individually\",\"price\":\"70\",\"special_price\":null,\"special_price_from_date\":null,\"special_price_to_date\":null,\"url_key\":\"teton-pullover-hoodie-xs-purple\",\"meta_title\":null,\"meta_keywords\":null,\"meta_description\":null,\"base_image\":\"\\/m\\/h\\/mh02-purple_main.jpg\",\"base_image_label\":null,\"small_image\":\"\\/m\\/h\\/mh02-purple_main.jpg\",\"small_image_label\":null,\"thumbnail_image\":\"\\/m\\/h\\/mh02-purple_main.jpg\",\"thumbnail_image_label\":null,\"created_at\":null,\"updated_at\":null,\"new_from_date\":null,\"new_to_date\":null,\"display_product_options_in\":null,\"map_price\":null,\"msrp_price\":null,\"map_enabled\":null,\"gift_message_available\":null,\"custom_design\":null,\"custom_design_from\":null,\"custom_design_to\":null,\"custom_layout_update\":null,\"page_layout\":null,\"product_options_container\":null,\"msrp_display_actual_price_type\":null,\"country_of_manufacture\":null,\"additional_attributes\":\"has_options=0,required_options=0,size=XS,color=Purple\",\"qty\":\"100\",\"out_of_stock_qty\":\"0\",\"use_config_min_qty\":\"1\",\"is_qty_decimal\":\"0\",\"allow_backorders\":\"0\",\"use_config_backorders\":\"1\",\"min_cart_qty\":\"1\",\"use_config_min_sale_qty\":\"1\",\"max_cart_qty\":\"0\",\"use_config_max_sale_qty\":\"1\",\"is_in_stock\":\"1\",\"notify_on_stock_below\":null,\"use_config_notify_stock_qty\":\"1\",\"manage_stock\":\"0\",\"use_config_manage_stock\":\"1\",\"use_config_qty_increments\":\"1\",\"qty_increments\":\"0\",\"use_config_enable_qty_inc\":\"1\",\"enable_qty_increments\":\"0\",\"is_decimal_divided\":\"0\",\"website_id\":\"1\",\"configurable_variations\":null,\"configurable_variation_prices\":null,\"configurable_variation_labels\":null,\"additional_images\":null,\"image\":\"\\/m\\/h\\/mh02-purple_main.jpg\",\"image_label\":null,\"thumbnail\":\"\\/m\\/h\\/mh02-purple_main.jpg\",\"thumbnail_label\":null,\"_media_image\":null,\"_store\":null,\"_attribute_set\":\"Top\",\"_product_websites\":\"base\",\"status\":\"1\",\"news_from_date\":null,\"news_to_date\":null,\"options_container\":null,\"minimal_price\":null,\"msrp\":null,\"msrp_enabled\":null,\"special_from_date\":null,\"special_to_date\":null,\"min_qty\":\"0\",\"backorders\":\"0\",\"min_sale_qty\":\"1\",\"max_sale_qty\":\"0\",\"notify_stock_qty\":null,\"meta_keyword\":null,\"has_options\":\"0\",\"required_options\":\"0\",\"size\":\"XS\",\"color\":\"Purple\"},{\"sku\":\"MH02-XS-Red\",\"store_view_code\":null,\"attribute_set_code\":\"Top\",\"product_type\":\"simple\",\"categories\":\"Default Category\\/Men\\/Tops\\/Hoodies & Sweatshirts\",\"product_websites\":\"base\",\"name\":\"Teton Pullover Hoodie-XS-Red\",\"description\":\"<p>This Teton Pullover Hoodie gives you more than laid-back style. It\'s equipped with moisture-wicking fabric to keep light and dry inside, especially in chilly-weather workouts. An elasticized hem lets you move about freely.<\\/p>\\n<p>&bull; Black pullover hoodie.<br \\/>&bull; Soft, brushed interior. <br \\/>&bull; Front hand pockets. <br \\/>&bull; Machine wash\\/dry.<\\/p>\",\"short_description\":null,\"weight\":\"1\",\"product_online\":\"1\",\"tax_class_name\":\"Taxable Goods\",\"visibility\":\"Not Visible Individually\",\"price\":\"70\",\"special_price\":null,\"special_price_from_date\":null,\"special_price_to_date\":null,\"url_key\":\"teton-pullover-hoodie-xs-red\",\"meta_title\":null,\"meta_keywords\":null,\"meta_description\":null,\"base_image\":\"\\/m\\/h\\/mh02-red_main.jpg\",\"base_image_label\":null,\"small_image\":\"\\/m\\/h\\/mh02-red_main.jpg\",\"small_image_label\":null,\"thumbnail_image\":\"\\/m\\/h\\/mh02-red_main.jpg\",\"thumbnail_image_label\":null,\"created_at\":null,\"updated_at\":null,\"new_from_date\":null,\"new_to_date\":null,\"display_product_options_in\":null,\"map_price\":null,\"msrp_price\":null,\"map_enabled\":null,\"gift_message_available\":null,\"custom_design\":null,\"custom_design_from\":null,\"custom_design_to\":null,\"custom_layout_update\":null,\"page_layout\":null,\"product_options_container\":null,\"msrp_display_actual_price_type\":null,\"country_of_manufacture\":null,\"additional_attributes\":\"has_options=0,required_options=0,size=XS,color=Red\",\"qty\":\"100\",\"out_of_stock_qty\":\"0\",\"use_config_min_qty\":\"1\",\"is_qty_decimal\":\"0\",\"allow_backorders\":\"0\",\"use_config_backorders\":\"1\",\"min_cart_qty\":\"1\",\"use_config_min_sale_qty\":\"1\",\"max_cart_qty\":\"0\",\"use_config_max_sale_qty\":\"1\",\"is_in_stock\":\"1\",\"notify_on_stock_below\":null,\"use_config_notify_stock_qty\":\"1\",\"manage_stock\":\"0\",\"use_config_manage_stock\":\"1\",\"use_config_qty_increments\":\"1\",\"qty_increments\":\"0\",\"use_config_enable_qty_inc\":\"1\",\"enable_qty_increments\":\"0\",\"is_decimal_divided\":\"0\",\"website_id\":\"1\",\"configurable_variations\":null,\"configurable_variation_prices\":null,\"configurable_variation_labels\":null,\"additional_images\":null,\"image\":\"\\/m\\/h\\/mh02-red_main.jpg\",\"image_label\":null,\"thumbnail\":\"\\/m\\/h\\/mh02-red_main.jpg\",\"thumbnail_label\":null,\"_media_image\":null,\"_store\":null,\"_attribute_set\":\"Top\",\"_product_websites\":\"base\",\"status\":\"1\",\"news_from_date\":null,\"news_to_date\":null,\"options_container\":null,\"minimal_price\":null,\"msrp\":null,\"msrp_enabled\":null,\"special_from_date\":null,\"special_to_date\":null,\"min_qty\":\"0\",\"backorders\":\"0\",\"min_sale_qty\":\"1\",\"max_sale_qty\":\"0\",\"notify_stock_qty\":null,\"meta_keyword\":null,\"has_options\":\"0\",\"required_options\":\"0\",\"size\":\"XS\",\"color\":\"Red\"},{\"sku\":\"MH02-S-Black\",\"store_view_code\":null,\"attribute_set_code\":\"Top\",\"product_type\":\"simple\",\"categories\":\"Default Category\\/Men\\/Tops\\/Hoodies & Sweatshirts\",\"product_websites\":\"base\",\"name\":\"Teton Pullover Hoodie-S-Black\",\"description\":\"<p>This Teton Pullover Hoodie gives you more than laid-back style. It\'s equipped with moisture-wicking fabric to keep light and dry inside, especially in chilly-weather workouts. An elasticized hem lets you move about freely.<\\/p>\\n<p>&bull; Black pullover hoodie.<br \\/>&bull; Soft, brushed interior. <br \\/>&bull; Front hand pockets. <br \\/>&bull; Machine wash\\/dry.<\\/p>\",\"short_description\":null,\"weight\":\"1\",\"product_online\":\"1\",\"tax_class_name\":\"Taxable Goods\",\"visibility\":\"Not Visible Individually\",\"price\":\"70\",\"special_price\":null,\"special_price_from_date\":null,\"special_price_to_date\":null,\"url_key\":\"teton-pullover-hoodie-s-black\",\"meta_title\":null,\"meta_keywords\":null,\"meta_description\":null,\"base_image\":\"\\/m\\/h\\/mh02-black_main.jpg\",\"base_image_label\":null,\"small_image\":\"\\/m\\/h\\/mh02-black_main.jpg\",\"small_image_label\":null,\"thumbnail_image\":\"\\/m\\/h\\/mh02-black_main.jpg\",\"thumbnail_image_label\":null,\"created_at\":null,\"updated_at\":null,\"new_from_date\":null,\"new_to_date\":null,\"display_product_options_in\":null,\"map_price\":null,\"msrp_price\":null,\"map_enabled\":null,\"gift_message_available\":null,\"custom_design\":null,\"custom_design_from\":null,\"custom_design_to\":null,\"custom_layout_update\":null,\"page_layout\":null,\"product_options_container\":null,\"msrp_display_actual_price_type\":null,\"country_of_manufacture\":null,\"additional_attributes\":\"has_options=0,required_options=0,size=S,color=Black\",\"qty\":\"100\",\"out_of_stock_qty\":\"0\",\"use_config_min_qty\":\"1\",\"is_qty_decimal\":\"0\",\"allow_backorders\":\"0\",\"use_config_backorders\":\"1\",\"min_cart_qty\":\"1\",\"use_config_min_sale_qty\":\"1\",\"max_cart_qty\":\"0\",\"use_config_max_sale_qty\":\"1\",\"is_in_stock\":\"1\",\"notify_on_stock_below\":null,\"use_config_notify_stock_qty\":\"1\",\"manage_stock\":\"0\",\"use_config_manage_stock\":\"1\",\"use_config_qty_increments\":\"1\",\"qty_increments\":\"0\",\"use_config_enable_qty_inc\":\"1\",\"enable_qty_increments\":\"0\",\"is_decimal_divided\":\"0\",\"website_id\":\"1\",\"configurable_variations\":null,\"configurable_variation_prices\":null,\"configurable_variation_labels\":null,\"additional_images\":\"\\/m\\/h\\/mh02-black_alt1.jpg,\\/m\\/h\\/mh02-black_back.jpg\",\"image\":\"\\/m\\/h\\/mh02-black_main.jpg\",\"image_label\":null,\"thumbnail\":\"\\/m\\/h\\/mh02-black_main.jpg\",\"thumbnail_label\":null,\"_media_image\":\"\\/m\\/h\\/mh02-black_alt1.jpg,\\/m\\/h\\/mh02-black_back.jpg\",\"_store\":null,\"_attribute_set\":\"Top\",\"_product_websites\":\"base\",\"status\":\"1\",\"news_from_date\":null,\"news_to_date\":null,\"options_container\":null,\"minimal_price\":null,\"msrp\":null,\"msrp_enabled\":null,\"special_from_date\":null,\"special_to_date\":null,\"min_qty\":\"0\",\"backorders\":\"0\",\"min_sale_qty\":\"1\",\"max_sale_qty\":\"0\",\"notify_stock_qty\":null,\"meta_keyword\":null,\"has_options\":\"0\",\"required_options\":\"0\",\"size\":\"S\",\"color\":\"Black\"},{\"sku\":\"MH02-S-Purple\",\"store_view_code\":null,\"attribute_set_code\":\"Top\",\"product_type\":\"simple\",\"categories\":\"Default Category\\/Men\\/Tops\\/Hoodies & Sweatshirts\",\"product_websites\":\"base\",\"name\":\"Teton Pullover Hoodie-S-Purple\",\"description\":\"<p>This Teton Pullover Hoodie gives you more than laid-back style. It\'s equipped with moisture-wicking fabric to keep light and dry inside, especially in chilly-weather workouts. An elasticized hem lets you move about freely.<\\/p>\\n<p>&bull; Black pullover hoodie.<br \\/>&bull; Soft, brushed interior. <br \\/>&bull; Front hand pockets. <br \\/>&bull; Machine wash\\/dry.<\\/p>\",\"short_description\":null,\"weight\":\"1\",\"product_online\":\"1\",\"tax_class_name\":\"Taxable Goods\",\"visibility\":\"Not Visible Individually\",\"price\":\"70\",\"special_price\":null,\"special_price_from_date\":null,\"special_price_to_date\":null,\"url_key\":\"teton-pullover-hoodie-s-purple\",\"meta_title\":null,\"meta_keywords\":null,\"meta_description\":null,\"base_image\":\"\\/m\\/h\\/mh02-purple_main.jpg\",\"base_image_label\":null,\"small_image\":\"\\/m\\/h\\/mh02-purple_main.jpg\",\"small_image_label\":null,\"thumbnail_image\":\"\\/m\\/h\\/mh02-purple_main.jpg\",\"thumbnail_image_label\":null,\"created_at\":null,\"updated_at\":null,\"new_from_date\":null,\"new_to_date\":null,\"display_product_options_in\":null,\"map_price\":null,\"msrp_price\":null,\"map_enabled\":null,\"gift_message_available\":null,\"custom_design\":null,\"custom_design_from\":null,\"custom_design_to\":null,\"custom_layout_update\":null,\"page_layout\":null,\"product_options_container\":null,\"msrp_display_actual_price_type\":null,\"country_of_manufacture\":null,\"additional_attributes\":\"has_options=0,required_options=0,size=S,color=Purple\",\"qty\":\"100\",\"out_of_stock_qty\":\"0\",\"use_config_min_qty\":\"1\",\"is_qty_decimal\":\"0\",\"allow_backorders\":\"0\",\"use_config_backorders\":\"1\",\"min_cart_qty\":\"1\",\"use_config_min_sale_qty\":\"1\",\"max_cart_qty\":\"0\",\"use_config_max_sale_qty\":\"1\",\"is_in_stock\":\"1\",\"notify_on_stock_below\":null,\"use_config_notify_stock_qty\":\"1\",\"manage_stock\":\"0\",\"use_config_manage_stock\":\"1\",\"use_config_qty_increments\":\"1\",\"qty_increments\":\"0\",\"use_config_enable_qty_inc\":\"1\",\"enable_qty_increments\":\"0\",\"is_decimal_divided\":\"0\",\"website_id\":\"1\",\"configurable_variations\":null,\"configurable_variation_prices\":null,\"configurable_variation_labels\":null,\"additional_images\":null,\"image\":\"\\/m\\/h\\/mh02-purple_main.jpg\",\"image_label\":null,\"thumbnail\":\"\\/m\\/h\\/mh02-purple_main.jpg\",\"thumbnail_label\":null,\"_media_image\":null,\"_store\":null,\"_attribute_set\":\"Top\",\"_product_websites\":\"base\",\"status\":\"1\",\"news_from_date\":null,\"news_to_date\":null,\"options_container\":null,\"minimal_price\":null,\"msrp\":null,\"msrp_enabled\":null,\"special_from_date\":null,\"special_to_date\":null,\"min_qty\":\"0\",\"backorders\":\"0\",\"min_sale_qty\":\"1\",\"max_sale_qty\":\"0\",\"notify_stock_qty\":null,\"meta_keyword\":null,\"has_options\":\"0\",\"required_options\":\"0\",\"size\":\"S\",\"color\":\"Purple\"},{\"sku\":\"MH02-S-Red\",\"store_view_code\":null,\"attribute_set_code\":\"Top\",\"product_type\":\"simple\",\"categories\":\"Default Category\\/Men\\/Tops\\/Hoodies & Sweatshirts\",\"product_websites\":\"base\",\"name\":\"Teton Pullover Hoodie-S-Red\",\"description\":\"<p>This Teton Pullover Hoodie gives you more than laid-back style. It\'s equipped with moisture-wicking fabric to keep light and dry inside, especially in chilly-weather workouts. An elasticized hem lets you move about freely.<\\/p>\\n<p>&bull; Black pullover hoodie.<br \\/>&bull; Soft, brushed interior. <br \\/>&bull; Front hand pockets. <br \\/>&bull; Machine wash\\/dry.<\\/p>\",\"short_description\":null,\"weight\":\"1\",\"product_online\":\"1\",\"tax_class_name\":\"Taxable Goods\",\"visibility\":\"Not Visible Individually\",\"price\":\"70\",\"special_price\":null,\"special_price_from_date\":null,\"special_price_to_date\":null,\"url_key\":\"teton-pullover-hoodie-s-red\",\"meta_title\":null,\"meta_keywords\":null,\"meta_description\":null,\"base_image\":\"\\/m\\/h\\/mh02-red_main.jpg\",\"base_image_label\":null,\"small_image\":\"\\/m\\/h\\/mh02-red_main.jpg\",\"small_image_label\":null,\"thumbnail_image\":\"\\/m\\/h\\/mh02-red_main.jpg\",\"thumbnail_image_label\":null,\"created_at\":null,\"updated_at\":null,\"new_from_date\":null,\"new_to_date\":null,\"display_product_options_in\":null,\"map_price\":null,\"msrp_price\":null,\"map_enabled\":null,\"gift_message_available\":null,\"custom_design\":null,\"custom_design_from\":null,\"custom_design_to\":null,\"custom_layout_update\":null,\"page_layout\":null,\"product_options_container\":null,\"msrp_display_actual_price_type\":null,\"country_of_manufacture\":null,\"additional_attributes\":\"has_options=0,required_options=0,size=S,color=Red\",\"qty\":\"100\",\"out_of_stock_qty\":\"0\",\"use_config_min_qty\":\"1\",\"is_qty_decimal\":\"0\",\"allow_backorders\":\"0\",\"use_config_backorders\":\"1\",\"min_cart_qty\":\"1\",\"use_config_min_sale_qty\":\"1\",\"max_cart_qty\":\"0\",\"use_config_max_sale_qty\":\"1\",\"is_in_stock\":\"1\",\"notify_on_stock_below\":null,\"use_config_notify_stock_qty\":\"1\",\"manage_stock\":\"0\",\"use_config_manage_stock\":\"1\",\"use_config_qty_increments\":\"1\",\"qty_increments\":\"0\",\"use_config_enable_qty_inc\":\"1\",\"enable_qty_increments\":\"0\",\"is_decimal_divided\":\"0\",\"website_id\":\"1\",\"configurable_variations\":null,\"configurable_variation_prices\":null,\"configurable_variation_labels\":null,\"additional_images\":null,\"image\":\"\\/m\\/h\\/mh02-red_main.jpg\",\"image_label\":null,\"thumbnail\":\"\\/m\\/h\\/mh02-red_main.jpg\",\"thumbnail_label\":null,\"_media_image\":null,\"_store\":null,\"_attribute_set\":\"Top\",\"_product_websites\":\"base\",\"status\":\"1\",\"news_from_date\":null,\"news_to_date\":null,\"options_container\":null,\"minimal_price\":null,\"msrp\":null,\"msrp_enabled\":null,\"special_from_date\":null,\"special_to_date\":null,\"min_qty\":\"0\",\"backorders\":\"0\",\"min_sale_qty\":\"1\",\"max_sale_qty\":\"0\",\"notify_stock_qty\":null,\"meta_keyword\":null,\"has_options\":\"0\",\"required_options\":\"0\",\"size\":\"S\",\"color\":\"Red\"},{\"sku\":\"MH02-M-Black\",\"store_view_code\":null,\"attribute_set_code\":\"Top\",\"product_type\":\"simple\",\"categories\":\"Default Category\\/Men\\/Tops\\/Hoodies & Sweatshirts\",\"product_websites\":\"base\",\"name\":\"Teton Pullover Hoodie-M-Black\",\"description\":\"<p>This Teton Pullover Hoodie gives you more than laid-back style. It\'s equipped with moisture-wicking fabric to keep light and dry inside, especially in chilly-weather workouts. An elasticized hem lets you move about freely.<\\/p>\\n<p>&bull; Black pullover hoodie.<br \\/>&bull; Soft, brushed interior. <br \\/>&bull; Front hand pockets. <br \\/>&bull; Machine wash\\/dry.<\\/p>\",\"short_description\":null,\"weight\":\"1\",\"product_online\":\"1\",\"tax_class_name\":\"Taxable Goods\",\"visibility\":\"Not Visible Individually\",\"price\":\"70\",\"special_price\":null,\"special_price_from_date\":null,\"special_price_to_date\":null,\"url_key\":\"teton-pullover-hoodie-m-black\",\"meta_title\":null,\"meta_keywords\":null,\"meta_description\":null,\"base_image\":\"\\/m\\/h\\/mh02-black_main.jpg\",\"base_image_label\":null,\"small_image\":\"\\/m\\/h\\/mh02-black_main.jpg\",\"small_image_label\":null,\"thumbnail_image\":\"\\/m\\/h\\/mh02-black_main.jpg\",\"thumbnail_image_label\":null,\"created_at\":null,\"updated_at\":null,\"new_from_date\":null,\"new_to_date\":null,\"display_product_options_in\":null,\"map_price\":null,\"msrp_price\":null,\"map_enabled\":null,\"gift_message_available\":null,\"custom_design\":null,\"custom_design_from\":null,\"custom_design_to\":null,\"custom_layout_update\":null,\"page_layout\":null,\"product_options_container\":null,\"msrp_display_actual_price_type\":null,\"country_of_manufacture\":null,\"additional_attributes\":\"has_options=0,required_options=0,size=M,color=Black\",\"qty\":\"100\",\"out_of_stock_qty\":\"0\",\"use_config_min_qty\":\"1\",\"is_qty_decimal\":\"0\",\"allow_backorders\":\"0\",\"use_config_backorders\":\"1\",\"min_cart_qty\":\"1\",\"use_config_min_sale_qty\":\"1\",\"max_cart_qty\":\"0\",\"use_config_max_sale_qty\":\"1\",\"is_in_stock\":\"1\",\"notify_on_stock_below\":null,\"use_config_notify_stock_qty\":\"1\",\"manage_stock\":\"0\",\"use_config_manage_stock\":\"1\",\"use_config_qty_increments\":\"1\",\"qty_increments\":\"0\",\"use_config_enable_qty_inc\":\"1\",\"enable_qty_increments\":\"0\",\"is_decimal_divided\":\"0\",\"website_id\":\"1\",\"configurable_variations\":null,\"configurable_variation_prices\":null,\"configurable_variation_labels\":null,\"additional_images\":\"\\/m\\/h\\/mh02-black_alt1.jpg,\\/m\\/h\\/mh02-black_back.jpg\",\"image\":\"\\/m\\/h\\/mh02-black_main.jpg\",\"image_label\":null,\"thumbnail\":\"\\/m\\/h\\/mh02-black_main.jpg\",\"thumbnail_label\":null,\"_media_image\":\"\\/m\\/h\\/mh02-black_alt1.jpg,\\/m\\/h\\/mh02-black_back.jpg\",\"_store\":null,\"_attribute_set\":\"Top\",\"_product_websites\":\"base\",\"status\":\"1\",\"news_from_date\":null,\"news_to_date\":null,\"options_container\":null,\"minimal_price\":null,\"msrp\":null,\"msrp_enabled\":null,\"special_from_date\":null,\"special_to_date\":null,\"min_qty\":\"0\",\"backorders\":\"0\",\"min_sale_qty\":\"1\",\"max_sale_qty\":\"0\",\"notify_stock_qty\":null,\"meta_keyword\":null,\"has_options\":\"0\",\"required_options\":\"0\",\"size\":\"M\",\"color\":\"Black\"},{\"sku\":\"MH02-M-Purple\",\"store_view_code\":null,\"attribute_set_code\":\"Top\",\"product_type\":\"simple\",\"categories\":\"Default Category\\/Men\\/Tops\\/Hoodies & Sweatshirts\",\"product_websites\":\"base\",\"name\":\"Teton Pullover Hoodie-M-Purple\",\"description\":\"<p>This Teton Pullover Hoodie gives you more than laid-back style. It\'s equipped with moisture-wicking fabric to keep light and dry inside, especially in chilly-weather workouts. An elasticized hem lets you move about freely.<\\/p>\\n<p>&bull; Black pullover hoodie.<br \\/>&bull; Soft, brushed interior. <br \\/>&bull; Front hand pockets. <br \\/>&bull; Machine wash\\/dry.<\\/p>\",\"short_description\":null,\"weight\":\"1\",\"product_online\":\"1\",\"tax_class_name\":\"Taxable Goods\",\"visibility\":\"Not Visible Individually\",\"price\":\"70\",\"special_price\":null,\"special_price_from_date\":null,\"special_price_to_date\":null,\"url_key\":\"teton-pullover-hoodie-m-purple\",\"meta_title\":null,\"meta_keywords\":null,\"meta_description\":null,\"base_image\":\"\\/m\\/h\\/mh02-purple_main.jpg\",\"base_image_label\":null,\"small_image\":\"\\/m\\/h\\/mh02-purple_main.jpg\",\"small_image_label\":null,\"thumbnail_image\":\"\\/m\\/h\\/mh02-purple_main.jpg\",\"thumbnail_image_label\":null,\"created_at\":null,\"updated_at\":null,\"new_from_date\":null,\"new_to_date\":null,\"display_product_options_in\":null,\"map_price\":null,\"msrp_price\":null,\"map_enabled\":null,\"gift_message_available\":null,\"custom_design\":null,\"custom_design_from\":null,\"custom_design_to\":null,\"custom_layout_update\":null,\"page_layout\":null,\"product_options_container\":null,\"msrp_display_actual_price_type\":null,\"country_of_manufacture\":null,\"additional_attributes\":\"has_options=0,required_options=0,size=M,color=Purple\",\"qty\":\"100\",\"out_of_stock_qty\":\"0\",\"use_config_min_qty\":\"1\",\"is_qty_decimal\":\"0\",\"allow_backorders\":\"0\",\"use_config_backorders\":\"1\",\"min_cart_qty\":\"1\",\"use_config_min_sale_qty\":\"1\",\"max_cart_qty\":\"0\",\"use_config_max_sale_qty\":\"1\",\"is_in_stock\":\"1\",\"notify_on_stock_below\":null,\"use_config_notify_stock_qty\":\"1\",\"manage_stock\":\"0\",\"use_config_manage_stock\":\"1\",\"use_config_qty_increments\":\"1\",\"qty_increments\":\"0\",\"use_config_enable_qty_inc\":\"1\",\"enable_qty_increments\":\"0\",\"is_decimal_divided\":\"0\",\"website_id\":\"1\",\"configurable_variations\":null,\"configurable_variation_prices\":null,\"configurable_variation_labels\":null,\"additional_images\":null,\"image\":\"\\/m\\/h\\/mh02-purple_main.jpg\",\"image_label\":null,\"thumbnail\":\"\\/m\\/h\\/mh02-purple_main.jpg\",\"thumbnail_label\":null,\"_media_image\":null,\"_store\":null,\"_attribute_set\":\"Top\",\"_product_websites\":\"base\",\"status\":\"1\",\"news_from_date\":null,\"news_to_date\":null,\"options_container\":null,\"minimal_price\":null,\"msrp\":null,\"msrp_enabled\":null,\"special_from_date\":null,\"special_to_date\":null,\"min_qty\":\"0\",\"backorders\":\"0\",\"min_sale_qty\":\"1\",\"max_sale_qty\":\"0\",\"notify_stock_qty\":null,\"meta_keyword\":null,\"has_options\":\"0\",\"required_options\":\"0\",\"size\":\"M\",\"color\":\"Purple\"},{\"sku\":\"MH02-M-Red\",\"store_view_code\":null,\"attribute_set_code\":\"Top\",\"product_type\":\"simple\",\"categories\":\"Default Category\\/Men\\/Tops\\/Hoodies & Sweatshirts\",\"product_websites\":\"base\",\"name\":\"Teton Pullover Hoodie-M-Red\",\"description\":\"<p>This Teton Pullover Hoodie gives you more than laid-back style. It\'s equipped with moisture-wicking fabric to keep light and dry inside, especially in chilly-weather workouts. An elasticized hem lets you move about freely.<\\/p>\\n<p>&bull; Black pullover hoodie.<br \\/>&bull; Soft, brushed interior. <br \\/>&bull; Front hand pockets. <br \\/>&bull; Machine wash\\/dry.<\\/p>\",\"short_description\":null,\"weight\":\"1\",\"product_online\":\"1\",\"tax_class_name\":\"Taxable Goods\",\"visibility\":\"Not Visible Individually\",\"price\":\"70\",\"special_price\":null,\"special_price_from_date\":null,\"special_price_to_date\":null,\"url_key\":\"teton-pullover-hoodie-m-red\",\"meta_title\":null,\"meta_keywords\":null,\"meta_description\":null,\"base_image\":\"\\/m\\/h\\/mh02-red_main.jpg\",\"base_image_label\":null,\"small_image\":\"\\/m\\/h\\/mh02-red_main.jpg\",\"small_image_label\":null,\"thumbnail_image\":\"\\/m\\/h\\/mh02-red_main.jpg\",\"thumbnail_image_label\":null,\"created_at\":null,\"updated_at\":null,\"new_from_date\":null,\"new_to_date\":null,\"display_product_options_in\":null,\"map_price\":null,\"msrp_price\":null,\"map_enabled\":null,\"gift_message_available\":null,\"custom_design\":null,\"custom_design_from\":null,\"custom_design_to\":null,\"custom_layout_update\":null,\"page_layout\":null,\"product_options_container\":null,\"msrp_display_actual_price_type\":null,\"country_of_manufacture\":null,\"additional_attributes\":\"has_options=0,required_options=0,size=M,color=Red\",\"qty\":\"100\",\"out_of_stock_qty\":\"0\",\"use_config_min_qty\":\"1\",\"is_qty_decimal\":\"0\",\"allow_backorders\":\"0\",\"use_config_backorders\":\"1\",\"min_cart_qty\":\"1\",\"use_config_min_sale_qty\":\"1\",\"max_cart_qty\":\"0\",\"use_config_max_sale_qty\":\"1\",\"is_in_stock\":\"1\",\"notify_on_stock_below\":null,\"use_config_notify_stock_qty\":\"1\",\"manage_stock\":\"0\",\"use_config_manage_stock\":\"1\",\"use_config_qty_increments\":\"1\",\"qty_increments\":\"0\",\"use_config_enable_qty_inc\":\"1\",\"enable_qty_increments\":\"0\",\"is_decimal_divided\":\"0\",\"website_id\":\"1\",\"configurable_variations\":null,\"configurable_variation_prices\":null,\"configurable_variation_labels\":null,\"additional_images\":null,\"image\":\"\\/m\\/h\\/mh02-red_main.jpg\",\"image_label\":null,\"thumbnail\":\"\\/m\\/h\\/mh02-red_main.jpg\",\"thumbnail_label\":null,\"_media_image\":null,\"_store\":null,\"_attribute_set\":\"Top\",\"_product_websites\":\"base\",\"status\":\"1\",\"news_from_date\":null,\"news_to_date\":null,\"options_container\":null,\"minimal_price\":null,\"msrp\":null,\"msrp_enabled\":null,\"special_from_date\":null,\"special_to_date\":null,\"min_qty\":\"0\",\"backorders\":\"0\",\"min_sale_qty\":\"1\",\"max_sale_qty\":\"0\",\"notify_stock_qty\":null,\"meta_keyword\":null,\"has_options\":\"0\",\"required_options\":\"0\",\"size\":\"M\",\"color\":\"Red\"},{\"sku\":\"MH02-L-Black\",\"store_view_code\":null,\"attribute_set_code\":\"Top\",\"product_type\":\"simple\",\"categories\":\"Default Category\\/Men\\/Tops\\/Hoodies & Sweatshirts\",\"product_websites\":\"base\",\"name\":\"Teton Pullover Hoodie-L-Black\",\"description\":\"<p>This Teton Pullover Hoodie gives you more than laid-back style. It\'s equipped with moisture-wicking fabric to keep light and dry inside, especially in chilly-weather workouts. An elasticized hem lets you move about freely.<\\/p>\\n<p>&bull; Black pullover hoodie.<br \\/>&bull; Soft, brushed interior. <br \\/>&bull; Front hand pockets. <br \\/>&bull; Machine wash\\/dry.<\\/p>\",\"short_description\":null,\"weight\":\"1\",\"product_online\":\"1\",\"tax_class_name\":\"Taxable Goods\",\"visibility\":\"Not Visible Individually\",\"price\":\"70\",\"special_price\":null,\"special_price_from_date\":null,\"special_price_to_date\":null,\"url_key\":\"teton-pullover-hoodie-l-black\",\"meta_title\":null,\"meta_keywords\":null,\"meta_description\":null,\"base_image\":\"\\/m\\/h\\/mh02-black_main.jpg\",\"base_image_label\":null,\"small_image\":\"\\/m\\/h\\/mh02-black_main.jpg\",\"small_image_label\":null,\"thumbnail_image\":\"\\/m\\/h\\/mh02-black_main.jpg\",\"thumbnail_image_label\":null,\"created_at\":null,\"updated_at\":null,\"new_from_date\":null,\"new_to_date\":null,\"display_product_options_in\":null,\"map_price\":null,\"msrp_price\":null,\"map_enabled\":null,\"gift_message_available\":null,\"custom_design\":null,\"custom_design_from\":null,\"custom_design_to\":null,\"custom_layout_update\":null,\"page_layout\":null,\"product_options_container\":null,\"msrp_display_actual_price_type\":null,\"country_of_manufacture\":null,\"additional_attributes\":\"has_options=0,required_options=0,size=L,color=Black\",\"qty\":\"100\",\"out_of_stock_qty\":\"0\",\"use_config_min_qty\":\"1\",\"is_qty_decimal\":\"0\",\"allow_backorders\":\"0\",\"use_config_backorders\":\"1\",\"min_cart_qty\":\"1\",\"use_config_min_sale_qty\":\"1\",\"max_cart_qty\":\"0\",\"use_config_max_sale_qty\":\"1\",\"is_in_stock\":\"1\",\"notify_on_stock_below\":null,\"use_config_notify_stock_qty\":\"1\",\"manage_stock\":\"0\",\"use_config_manage_stock\":\"1\",\"use_config_qty_increments\":\"1\",\"qty_increments\":\"0\",\"use_config_enable_qty_inc\":\"1\",\"enable_qty_increments\":\"0\",\"is_decimal_divided\":\"0\",\"website_id\":\"1\",\"configurable_variations\":null,\"configurable_variation_prices\":null,\"configurable_variation_labels\":null,\"additional_images\":\"\\/m\\/h\\/mh02-black_alt1.jpg,\\/m\\/h\\/mh02-black_back.jpg\",\"image\":\"\\/m\\/h\\/mh02-black_main.jpg\",\"image_label\":null,\"thumbnail\":\"\\/m\\/h\\/mh02-black_main.jpg\",\"thumbnail_label\":null,\"_media_image\":\"\\/m\\/h\\/mh02-black_alt1.jpg,\\/m\\/h\\/mh02-black_back.jpg\",\"_store\":null,\"_attribute_set\":\"Top\",\"_product_websites\":\"base\",\"status\":\"1\",\"news_from_date\":null,\"news_to_date\":null,\"options_container\":null,\"minimal_price\":null,\"msrp\":null,\"msrp_enabled\":null,\"special_from_date\":null,\"special_to_date\":null,\"min_qty\":\"0\",\"backorders\":\"0\",\"min_sale_qty\":\"1\",\"max_sale_qty\":\"0\",\"notify_stock_qty\":null,\"meta_keyword\":null,\"has_options\":\"0\",\"required_options\":\"0\",\"size\":\"L\",\"color\":\"Black\"},{\"sku\":\"MH02-L-Purple\",\"store_view_code\":null,\"attribute_set_code\":\"Top\",\"product_type\":\"simple\",\"categories\":\"Default Category\\/Men\\/Tops\\/Hoodies & Sweatshirts\",\"product_websites\":\"base\",\"name\":\"Teton Pullover Hoodie-L-Purple\",\"description\":\"<p>This Teton Pullover Hoodie gives you more than laid-back style. It\'s equipped with moisture-wicking fabric to keep light and dry inside, especially in chilly-weather workouts. An elasticized hem lets you move about freely.<\\/p>\\n<p>&bull; Black pullover hoodie.<br \\/>&bull; Soft, brushed interior. <br \\/>&bull; Front hand pockets. <br \\/>&bull; Machine wash\\/dry.<\\/p>\",\"short_description\":null,\"weight\":\"1\",\"product_online\":\"1\",\"tax_class_name\":\"Taxable Goods\",\"visibility\":\"Not Visible Individually\",\"price\":\"70\",\"special_price\":null,\"special_price_from_date\":null,\"special_price_to_date\":null,\"url_key\":\"teton-pullover-hoodie-l-purple\",\"meta_title\":null,\"meta_keywords\":null,\"meta_description\":null,\"base_image\":\"\\/m\\/h\\/mh02-purple_main.jpg\",\"base_image_label\":null,\"small_image\":\"\\/m\\/h\\/mh02-purple_main.jpg\",\"small_image_label\":null,\"thumbnail_image\":\"\\/m\\/h\\/mh02-purple_main.jpg\",\"thumbnail_image_label\":null,\"created_at\":null,\"updated_at\":null,\"new_from_date\":null,\"new_to_date\":null,\"display_product_options_in\":null,\"map_price\":null,\"msrp_price\":null,\"map_enabled\":null,\"gift_message_available\":null,\"custom_design\":null,\"custom_design_from\":null,\"custom_design_to\":null,\"custom_layout_update\":null,\"page_layout\":null,\"product_options_container\":null,\"msrp_display_actual_price_type\":null,\"country_of_manufacture\":null,\"additional_attributes\":\"has_options=0,required_options=0,size=L,color=Purple\",\"qty\":\"100\",\"out_of_stock_qty\":\"0\",\"use_config_min_qty\":\"1\",\"is_qty_decimal\":\"0\",\"allow_backorders\":\"0\",\"use_config_backorders\":\"1\",\"min_cart_qty\":\"1\",\"use_config_min_sale_qty\":\"1\",\"max_cart_qty\":\"0\",\"use_config_max_sale_qty\":\"1\",\"is_in_stock\":\"1\",\"notify_on_stock_below\":null,\"use_config_notify_stock_qty\":\"1\",\"manage_stock\":\"0\",\"use_config_manage_stock\":\"1\",\"use_config_qty_increments\":\"1\",\"qty_increments\":\"0\",\"use_config_enable_qty_inc\":\"1\",\"enable_qty_increments\":\"0\",\"is_decimal_divided\":\"0\",\"website_id\":\"1\",\"configurable_variations\":null,\"configurable_variation_prices\":null,\"configurable_variation_labels\":null,\"additional_images\":null,\"image\":\"\\/m\\/h\\/mh02-purple_main.jpg\",\"image_label\":null,\"thumbnail\":\"\\/m\\/h\\/mh02-purple_main.jpg\",\"thumbnail_label\":null,\"_media_image\":null,\"_store\":null,\"_attribute_set\":\"Top\",\"_product_websites\":\"base\",\"status\":\"1\",\"news_from_date\":null,\"news_to_date\":null,\"options_container\":null,\"minimal_price\":null,\"msrp\":null,\"msrp_enabled\":null,\"special_from_date\":null,\"special_to_date\":null,\"min_qty\":\"0\",\"backorders\":\"0\",\"min_sale_qty\":\"1\",\"max_sale_qty\":\"0\",\"notify_stock_qty\":null,\"meta_keyword\":null,\"has_options\":\"0\",\"required_options\":\"0\",\"size\":\"L\",\"color\":\"Purple\"},{\"sku\":\"MH02-L-Red\",\"store_view_code\":null,\"attribute_set_code\":\"Top\",\"product_type\":\"simple\",\"categories\":\"Default Category\\/Men\\/Tops\\/Hoodies & Sweatshirts\",\"product_websites\":\"base\",\"name\":\"Teton Pullover Hoodie-L-Red\",\"description\":\"<p>This Teton Pullover Hoodie gives you more than laid-back style. It\'s equipped with moisture-wicking fabric to keep light and dry inside, especially in chilly-weather workouts. An elasticized hem lets you move about freely.<\\/p>\\n<p>&bull; Black pullover hoodie.<br \\/>&bull; Soft, brushed interior. <br \\/>&bull; Front hand pockets. <br \\/>&bull; Machine wash\\/dry.<\\/p>\",\"short_description\":null,\"weight\":\"1\",\"product_online\":\"1\",\"tax_class_name\":\"Taxable Goods\",\"visibility\":\"Not Visible Individually\",\"price\":\"70\",\"special_price\":null,\"special_price_from_date\":null,\"special_price_to_date\":null,\"url_key\":\"teton-pullover-hoodie-l-red\",\"meta_title\":null,\"meta_keywords\":null,\"meta_description\":null,\"base_image\":\"\\/m\\/h\\/mh02-red_main.jpg\",\"base_image_label\":null,\"small_image\":\"\\/m\\/h\\/mh02-red_main.jpg\",\"small_image_label\":null,\"thumbnail_image\":\"\\/m\\/h\\/mh02-red_main.jpg\",\"thumbnail_image_label\":null,\"created_at\":null,\"updated_at\":null,\"new_from_date\":null,\"new_to_date\":null,\"display_product_options_in\":null,\"map_price\":null,\"msrp_price\":null,\"map_enabled\":null,\"gift_message_available\":null,\"custom_design\":null,\"custom_design_from\":null,\"custom_design_to\":null,\"custom_layout_update\":null,\"page_layout\":null,\"product_options_container\":null,\"msrp_display_actual_price_type\":null,\"country_of_manufacture\":null,\"additional_attributes\":\"has_options=0,required_options=0,size=L,color=Red\",\"qty\":\"100\",\"out_of_stock_qty\":\"0\",\"use_config_min_qty\":\"1\",\"is_qty_decimal\":\"0\",\"allow_backorders\":\"0\",\"use_config_backorders\":\"1\",\"min_cart_qty\":\"1\",\"use_config_min_sale_qty\":\"1\",\"max_cart_qty\":\"0\",\"use_config_max_sale_qty\":\"1\",\"is_in_stock\":\"1\",\"notify_on_stock_below\":null,\"use_config_notify_stock_qty\":\"1\",\"manage_stock\":\"0\",\"use_config_manage_stock\":\"1\",\"use_config_qty_increments\":\"1\",\"qty_increments\":\"0\",\"use_config_enable_qty_inc\":\"1\",\"enable_qty_increments\":\"0\",\"is_decimal_divided\":\"0\",\"website_id\":\"1\",\"configurable_variations\":null,\"configurable_variation_prices\":null,\"configurable_variation_labels\":null,\"additional_images\":null,\"image\":\"\\/m\\/h\\/mh02-red_main.jpg\",\"image_label\":null,\"thumbnail\":\"\\/m\\/h\\/mh02-red_main.jpg\",\"thumbnail_label\":null,\"_media_image\":null,\"_store\":null,\"_attribute_set\":\"Top\",\"_product_websites\":\"base\",\"status\":\"1\",\"news_from_date\":null,\"news_to_date\":null,\"options_container\":null,\"minimal_price\":null,\"msrp\":null,\"msrp_enabled\":null,\"special_from_date\":null,\"special_to_date\":null,\"min_qty\":\"0\",\"backorders\":\"0\",\"min_sale_qty\":\"1\",\"max_sale_qty\":\"0\",\"notify_stock_qty\":null,\"meta_keyword\":null,\"has_options\":\"0\",\"required_options\":\"0\",\"size\":\"L\",\"color\":\"Red\"},{\"sku\":\"MH02-XL-Black\",\"store_view_code\":null,\"attribute_set_code\":\"Top\",\"product_type\":\"simple\",\"categories\":\"Default Category\\/Men\\/Tops\\/Hoodies & Sweatshirts\",\"product_websites\":\"base\",\"name\":\"Teton Pullover Hoodie-XL-Black\",\"description\":\"<p>This Teton Pullover Hoodie gives you more than laid-back style. It\'s equipped with moisture-wicking fabric to keep light and dry inside, especially in chilly-weather workouts. An elasticized hem lets you move about freely.<\\/p>\\n<p>&bull; Black pullover hoodie.<br \\/>&bull; Soft, brushed interior. <br \\/>&bull; Front hand pockets. <br \\/>&bull; Machine wash\\/dry.<\\/p>\",\"short_description\":null,\"weight\":\"1\",\"product_online\":\"1\",\"tax_class_name\":\"Taxable Goods\",\"visibility\":\"Not Visible Individually\",\"price\":\"70\",\"special_price\":null,\"special_price_from_date\":null,\"special_price_to_date\":null,\"url_key\":\"teton-pullover-hoodie-xl-black\",\"meta_title\":null,\"meta_keywords\":null,\"meta_description\":null,\"base_image\":\"\\/m\\/h\\/mh02-black_main.jpg\",\"base_image_label\":null,\"small_image\":\"\\/m\\/h\\/mh02-black_main.jpg\",\"small_image_label\":null,\"thumbnail_image\":\"\\/m\\/h\\/mh02-black_main.jpg\",\"thumbnail_image_label\":null,\"created_at\":null,\"updated_at\":null,\"new_from_date\":null,\"new_to_date\":null,\"display_product_options_in\":null,\"map_price\":null,\"msrp_price\":null,\"map_enabled\":null,\"gift_message_available\":null,\"custom_design\":null,\"custom_design_from\":null,\"custom_design_to\":null,\"custom_layout_update\":null,\"page_layout\":null,\"product_options_container\":null,\"msrp_display_actual_price_type\":null,\"country_of_manufacture\":null,\"additional_attributes\":\"has_options=0,required_options=0,size=XL,color=Black\",\"qty\":\"100\",\"out_of_stock_qty\":\"0\",\"use_config_min_qty\":\"1\",\"is_qty_decimal\":\"0\",\"allow_backorders\":\"0\",\"use_config_backorders\":\"1\",\"min_cart_qty\":\"1\",\"use_config_min_sale_qty\":\"1\",\"max_cart_qty\":\"0\",\"use_config_max_sale_qty\":\"1\",\"is_in_stock\":\"1\",\"notify_on_stock_below\":null,\"use_config_notify_stock_qty\":\"1\",\"manage_stock\":\"0\",\"use_config_manage_stock\":\"1\",\"use_config_qty_increments\":\"1\",\"qty_increments\":\"0\",\"use_config_enable_qty_inc\":\"1\",\"enable_qty_increments\":\"0\",\"is_decimal_divided\":\"0\",\"website_id\":\"1\",\"configurable_variations\":null,\"configurable_variation_prices\":null,\"configurable_variation_labels\":null,\"additional_images\":\"\\/m\\/h\\/mh02-black_alt1.jpg,\\/m\\/h\\/mh02-black_back.jpg\",\"image\":\"\\/m\\/h\\/mh02-black_main.jpg\",\"image_label\":null,\"thumbnail\":\"\\/m\\/h\\/mh02-black_main.jpg\",\"thumbnail_label\":null,\"_media_image\":\"\\/m\\/h\\/mh02-black_alt1.jpg,\\/m\\/h\\/mh02-black_back.jpg\",\"_store\":null,\"_attribute_set\":\"Top\",\"_product_websites\":\"base\",\"status\":\"1\",\"news_from_date\":null,\"news_to_date\":null,\"options_container\":null,\"minimal_price\":null,\"msrp\":null,\"msrp_enabled\":null,\"special_from_date\":null,\"special_to_date\":null,\"min_qty\":\"0\",\"backorders\":\"0\",\"min_sale_qty\":\"1\",\"max_sale_qty\":\"0\",\"notify_stock_qty\":null,\"meta_keyword\":null,\"has_options\":\"0\",\"required_options\":\"0\",\"size\":\"XL\",\"color\":\"Black\"},{\"sku\":\"MH02-XL-Purple\",\"store_view_code\":null,\"attribute_set_code\":\"Top\",\"product_type\":\"simple\",\"categories\":\"Default Category\\/Men\\/Tops\\/Hoodies & Sweatshirts\",\"product_websites\":\"base\",\"name\":\"Teton Pullover Hoodie-XL-Purple\",\"description\":\"<p>This Teton Pullover Hoodie gives you more than laid-back style. It\'s equipped with moisture-wicking fabric to keep light and dry inside, especially in chilly-weather workouts. An elasticized hem lets you move about freely.<\\/p>\\n<p>&bull; Black pullover hoodie.<br \\/>&bull; Soft, brushed interior. <br \\/>&bull; Front hand pockets. <br \\/>&bull; Machine wash\\/dry.<\\/p>\",\"short_description\":null,\"weight\":\"1\",\"product_online\":\"1\",\"tax_class_name\":\"Taxable Goods\",\"visibility\":\"Not Visible Individually\",\"price\":\"70\",\"special_price\":null,\"special_price_from_date\":null,\"special_price_to_date\":null,\"url_key\":\"teton-pullover-hoodie-xl-purple\",\"meta_title\":null,\"meta_keywords\":null,\"meta_description\":null,\"base_image\":\"\\/m\\/h\\/mh02-purple_main.jpg\",\"base_image_label\":null,\"small_image\":\"\\/m\\/h\\/mh02-purple_main.jpg\",\"small_image_label\":null,\"thumbnail_image\":\"\\/m\\/h\\/mh02-purple_main.jpg\",\"thumbnail_image_label\":null,\"created_at\":null,\"updated_at\":null,\"new_from_date\":null,\"new_to_date\":null,\"display_product_options_in\":null,\"map_price\":null,\"msrp_price\":null,\"map_enabled\":null,\"gift_message_available\":null,\"custom_design\":null,\"custom_design_from\":null,\"custom_design_to\":null,\"custom_layout_update\":null,\"page_layout\":null,\"product_options_container\":null,\"msrp_display_actual_price_type\":null,\"country_of_manufacture\":null,\"additional_attributes\":\"has_options=0,required_options=0,size=XL,color=Purple\",\"qty\":\"100\",\"out_of_stock_qty\":\"0\",\"use_config_min_qty\":\"1\",\"is_qty_decimal\":\"0\",\"allow_backorders\":\"0\",\"use_config_backorders\":\"1\",\"min_cart_qty\":\"1\",\"use_config_min_sale_qty\":\"1\",\"max_cart_qty\":\"0\",\"use_config_max_sale_qty\":\"1\",\"is_in_stock\":\"1\",\"notify_on_stock_below\":null,\"use_config_notify_stock_qty\":\"1\",\"manage_stock\":\"0\",\"use_config_manage_stock\":\"1\",\"use_config_qty_increments\":\"1\",\"qty_increments\":\"0\",\"use_config_enable_qty_inc\":\"1\",\"enable_qty_increments\":\"0\",\"is_decimal_divided\":\"0\",\"website_id\":\"1\",\"configurable_variations\":null,\"configurable_variation_prices\":null,\"configurable_variation_labels\":null,\"additional_images\":null,\"image\":\"\\/m\\/h\\/mh02-purple_main.jpg\",\"image_label\":null,\"thumbnail\":\"\\/m\\/h\\/mh02-purple_main.jpg\",\"thumbnail_label\":null,\"_media_image\":null,\"_store\":null,\"_attribute_set\":\"Top\",\"_product_websites\":\"base\",\"status\":\"1\",\"news_from_date\":null,\"news_to_date\":null,\"options_container\":null,\"minimal_price\":null,\"msrp\":null,\"msrp_enabled\":null,\"special_from_date\":null,\"special_to_date\":null,\"min_qty\":\"0\",\"backorders\":\"0\",\"min_sale_qty\":\"1\",\"max_sale_qty\":\"0\",\"notify_stock_qty\":null,\"meta_keyword\":null,\"has_options\":\"0\",\"required_options\":\"0\",\"size\":\"XL\",\"color\":\"Purple\"},{\"sku\":\"MH02-XL-Red\",\"store_view_code\":null,\"attribute_set_code\":\"Top\",\"product_type\":\"simple\",\"categories\":\"Default Category\\/Men\\/Tops\\/Hoodies & Sweatshirts\",\"product_websites\":\"base\",\"name\":\"Teton Pullover Hoodie-XL-Red\",\"description\":\"<p>This Teton Pullover Hoodie gives you more than laid-back style. It\'s equipped with moisture-wicking fabric to keep light and dry inside, especially in chilly-weather workouts. An elasticized hem lets you move about freely.<\\/p>\\n<p>&bull; Black pullover hoodie.<br \\/>&bull; Soft, brushed interior. <br \\/>&bull; Front hand pockets. <br \\/>&bull; Machine wash\\/dry.<\\/p>\",\"short_description\":null,\"weight\":\"1\",\"product_online\":\"1\",\"tax_class_name\":\"Taxable Goods\",\"visibility\":\"Not Visible Individually\",\"price\":\"70\",\"special_price\":null,\"special_price_from_date\":null,\"special_price_to_date\":null,\"url_key\":\"teton-pullover-hoodie-xl-red\",\"meta_title\":null,\"meta_keywords\":null,\"meta_description\":null,\"base_image\":\"\\/m\\/h\\/mh02-red_main.jpg\",\"base_image_label\":null,\"small_image\":\"\\/m\\/h\\/mh02-red_main.jpg\",\"small_image_label\":null,\"thumbnail_image\":\"\\/m\\/h\\/mh02-red_main.jpg\",\"thumbnail_image_label\":null,\"created_at\":null,\"updated_at\":null,\"new_from_date\":null,\"new_to_date\":null,\"display_product_options_in\":null,\"map_price\":null,\"msrp_price\":null,\"map_enabled\":null,\"gift_message_available\":null,\"custom_design\":null,\"custom_design_from\":null,\"custom_design_to\":null,\"custom_layout_update\":null,\"page_layout\":null,\"product_options_container\":null,\"msrp_display_actual_price_type\":null,\"country_of_manufacture\":null,\"additional_attributes\":\"has_options=0,required_options=0,size=XL,color=Red\",\"qty\":\"100\",\"out_of_stock_qty\":\"0\",\"use_config_min_qty\":\"1\",\"is_qty_decimal\":\"0\",\"allow_backorders\":\"0\",\"use_config_backorders\":\"1\",\"min_cart_qty\":\"1\",\"use_config_min_sale_qty\":\"1\",\"max_cart_qty\":\"0\",\"use_config_max_sale_qty\":\"1\",\"is_in_stock\":\"1\",\"notify_on_stock_below\":null,\"use_config_notify_stock_qty\":\"1\",\"manage_stock\":\"0\",\"use_config_manage_stock\":\"1\",\"use_config_qty_increments\":\"1\",\"qty_increments\":\"0\",\"use_config_enable_qty_inc\":\"1\",\"enable_qty_increments\":\"0\",\"is_decimal_divided\":\"0\",\"website_id\":\"1\",\"configurable_variations\":null,\"configurable_variation_prices\":null,\"configurable_variation_labels\":null,\"additional_images\":null,\"image\":\"\\/m\\/h\\/mh02-red_main.jpg\",\"image_label\":null,\"thumbnail\":\"\\/m\\/h\\/mh02-red_main.jpg\",\"thumbnail_label\":null,\"_media_image\":null,\"_store\":null,\"_attribute_set\":\"Top\",\"_product_websites\":\"base\",\"status\":\"1\",\"news_from_date\":null,\"news_to_date\":null,\"options_container\":null,\"minimal_price\":null,\"msrp\":null,\"msrp_enabled\":null,\"special_from_date\":null,\"special_to_date\":null,\"min_qty\":\"0\",\"backorders\":\"0\",\"min_sale_qty\":\"1\",\"max_sale_qty\":\"0\",\"notify_stock_qty\":null,\"meta_keyword\":null,\"has_options\":\"0\",\"required_options\":\"0\",\"size\":\"XL\",\"color\":\"Red\"},{\"sku\":\"MH02\",\"store_view_code\":null,\"attribute_set_code\":\"Top\",\"product_type\":\"configurable\",\"categories\":\"Default Category\\/Men\\/Tops\\/Hoodies & Sweatshirts\",\"product_websites\":\"base\",\"name\":\"Teton Pullover Hoodie\",\"description\":\"<p>This Teton Pullover Hoodie gives you more than laid-back style. It\'s equipped with moisture-wicking fabric to keep light and dry inside, especially in chilly-weather workouts. An elasticized hem lets you move about freely.<\\/p>\\n<p>&bull; Black pullover hoodie.<br \\/>&bull; Soft, brushed interior. <br \\/>&bull; Front hand pockets. <br \\/>&bull; Machine wash\\/dry.<\\/p>\",\"short_description\":null,\"weight\":null,\"product_online\":\"1\",\"tax_class_name\":\"Taxable Goods\",\"visibility\":\"Catalog, Search\",\"price\":\"70\",\"special_price\":null,\"special_price_from_date\":null,\"special_price_to_date\":null,\"url_key\":null,\"meta_title\":null,\"meta_keywords\":null,\"meta_description\":null,\"base_image\":\"\\/m\\/h\\/mh02-black_main.jpg\",\"base_image_label\":null,\"small_image\":\"\\/m\\/h\\/mh02-black_main.jpg\",\"small_image_label\":null,\"thumbnail_image\":\"\\/m\\/h\\/mh02-black_main.jpg\",\"thumbnail_image_label\":null,\"created_at\":null,\"updated_at\":null,\"new_from_date\":null,\"new_to_date\":null,\"display_product_options_in\":null,\"map_price\":null,\"msrp_price\":null,\"map_enabled\":null,\"gift_message_available\":null,\"custom_design\":null,\"custom_design_from\":null,\"custom_design_to\":null,\"custom_layout_update\":null,\"page_layout\":null,\"product_options_container\":null,\"msrp_display_actual_price_type\":null,\"country_of_manufacture\":null,\"additional_attributes\":\"has_options=1,required_options=1,material=Wool|Fleece|Nylon,pattern=Solid,climate=All-weather|Cool|Indoor|Spring|Windy,eco_collection=No,performance_fabric=No,erin_recommends=No,new=Yes,sale=No\",\"qty\":\"0\",\"out_of_stock_qty\":\"0\",\"use_config_min_qty\":\"1\",\"is_qty_decimal\":\"0\",\"allow_backorders\":\"0\",\"use_config_backorders\":\"1\",\"min_cart_qty\":\"1\",\"use_config_min_sale_qty\":\"1\",\"max_cart_qty\":\"0\",\"use_config_max_sale_qty\":\"1\",\"is_in_stock\":\"1\",\"notify_on_stock_below\":null,\"use_config_notify_stock_qty\":\"1\",\"manage_stock\":\"0\",\"use_config_manage_stock\":\"1\",\"use_config_qty_increments\":\"1\",\"qty_increments\":\"0\",\"use_config_enable_qty_inc\":\"1\",\"enable_qty_increments\":\"0\",\"is_decimal_divided\":\"0\",\"website_id\":\"1\",\"configurable_variations\":\"sku=MH02-XS-Black,size=XS,color=Black|sku=MH02-XS-Purple,size=XS,color=Purple|sku=MH02-XS-Red,size=XS,color=Red|sku=MH02-S-Black,size=S,color=Black|sku=MH02-S-Purple,size=S,color=Purple|sku=MH02-S-Red,size=S,color=Red|sku=MH02-M-Black,size=M,color=Black|sku=MH02-M-Purple,size=M,color=Purple|sku=MH02-M-Red,size=M,color=Red|sku=MH02-L-Black,size=L,color=Black|sku=MH02-L-Purple,size=L,color=Purple|sku=MH02-L-Red,size=L,color=Red|sku=MH02-XL-Black,size=XL,color=Black|sku=MH02-XL-Purple,size=XL,color=Purple|sku=MH02-XL-Red,size=XL,color=Red\",\"configurable_variation_prices\":null,\"configurable_variation_labels\":null,\"additional_images\":\"\\/m\\/h\\/mh02-black_alt1.jpg,\\/m\\/h\\/mh02-black_back.jpg\",\"image\":\"\\/m\\/h\\/mh02-black_main.jpg\",\"image_label\":null,\"thumbnail\":\"\\/m\\/h\\/mh02-black_main.jpg\",\"thumbnail_label\":null,\"_media_image\":\"\\/m\\/h\\/mh02-black_alt1.jpg,\\/m\\/h\\/mh02-black_back.jpg\",\"_store\":null,\"_attribute_set\":\"Top\",\"_product_websites\":\"base\",\"status\":\"1\",\"news_from_date\":null,\"news_to_date\":null,\"options_container\":null,\"minimal_price\":null,\"msrp\":null,\"msrp_enabled\":null,\"special_from_date\":null,\"special_to_date\":null,\"min_qty\":\"0\",\"backorders\":\"0\",\"min_sale_qty\":\"1\",\"max_sale_qty\":\"0\",\"notify_stock_qty\":null,\"meta_keyword\":null,\"has_options\":\"1\",\"required_options\":\"1\",\"material\":\"Wool|Fleece|Nylon\",\"pattern\":\"Solid\",\"climate\":\"All-weather|Cool|Indoor|Spring|Windy\",\"eco_collection\":\"No\",\"performance_fabric\":\"No\",\"erin_recommends\":\"No\",\"new\":\"Yes\",\"sale\":\"No\"},{\"sku\":\"MH03-XS-Black\",\"store_view_code\":null,\"attribute_set_code\":\"Top\",\"product_type\":\"simple\",\"categories\":\"Default Category\\/Men\\/Tops\\/Hoodies & Sweatshirts,Default Category\\/Collections\\/Eco Friendly,Default Category\",\"product_websites\":\"base\",\"name\":\"Bruno Compete Hoodie-XS-Black\",\"description\":\"<p>Stay comfortable and stay in the race no matter what the weather\'s up to. The Bruno Compete Hoodie\'s water-repellent exterior shields you from the elements, while advanced fabric technology inside wicks moisture to keep you dry.<\\/p>\\n<p>&bull; Full zip black hoodie pullover. <br \\/>&bull; Adjustable drawstring hood. <br \\/>&bull; Ribbed cuffs\\/waistband. <br \\/>&bull; Kangaroo pocket. <br \\/>&bull; Machine wash\\/dry.<\\/p>\",\"short_description\":null,\"weight\":\"1\",\"product_online\":\"1\",\"tax_class_name\":\"Taxable Goods\",\"visibility\":\"Not Visible Individually\",\"price\":\"63\",\"special_price\":null,\"special_price_from_date\":null,\"special_price_to_date\":null,\"url_key\":\"bruno-compete-hoodie-xs-black\",\"meta_title\":null,\"meta_keywords\":null,\"meta_description\":null,\"base_image\":\"\\/m\\/h\\/mh03-black_main.jpg\",\"base_image_label\":null,\"small_image\":\"\\/m\\/h\\/mh03-black_main.jpg\",\"small_image_label\":null,\"thumbnail_image\":\"\\/m\\/h\\/mh03-black_main.jpg\",\"thumbnail_image_label\":null,\"created_at\":null,\"updated_at\":null,\"new_from_date\":null,\"new_to_date\":null,\"display_product_options_in\":null,\"map_price\":null,\"msrp_price\":null,\"map_enabled\":null,\"gift_message_available\":null,\"custom_design\":null,\"custom_design_from\":null,\"custom_design_to\":null,\"custom_layout_update\":null,\"page_layout\":null,\"product_options_container\":null,\"msrp_display_actual_price_type\":null,\"country_of_manufacture\":null,\"additional_attributes\":\"has_options=0,required_options=0,size=XS,color=Black\",\"qty\":\"100\",\"out_of_stock_qty\":\"0\",\"use_config_min_qty\":\"1\",\"is_qty_decimal\":\"0\",\"allow_backorders\":\"0\",\"use_config_backorders\":\"1\",\"min_cart_qty\":\"1\",\"use_config_min_sale_qty\":\"1\",\"max_cart_qty\":\"0\",\"use_config_max_sale_qty\":\"1\",\"is_in_stock\":\"1\",\"notify_on_stock_below\":null,\"use_config_notify_stock_qty\":\"1\",\"manage_stock\":\"0\",\"use_config_manage_stock\":\"1\",\"use_config_qty_increments\":\"1\",\"qty_increments\":\"0\",\"use_config_enable_qty_inc\":\"1\",\"enable_qty_increments\":\"0\",\"is_decimal_divided\":\"0\",\"website_id\":\"1\",\"configurable_variations\":null,\"configurable_variation_prices\":null,\"configurable_variation_labels\":null,\"additional_images\":\"\\/m\\/h\\/mh03-black_alt1.jpg,\\/m\\/h\\/mh03-black_back.jpg\",\"image\":\"\\/m\\/h\\/mh03-black_main.jpg\",\"image_label\":null,\"thumbnail\":\"\\/m\\/h\\/mh03-black_main.jpg\",\"thumbnail_label\":null,\"_media_image\":\"\\/m\\/h\\/mh03-black_alt1.jpg,\\/m\\/h\\/mh03-black_back.jpg\",\"_store\":null,\"_attribute_set\":\"Top\",\"_product_websites\":\"base\",\"status\":\"1\",\"news_from_date\":null,\"news_to_date\":null,\"options_container\":null,\"minimal_price\":null,\"msrp\":null,\"msrp_enabled\":null,\"special_from_date\":null,\"special_to_date\":null,\"min_qty\":\"0\",\"backorders\":\"0\",\"min_sale_qty\":\"1\",\"max_sale_qty\":\"0\",\"notify_stock_qty\":null,\"meta_keyword\":null,\"has_options\":\"0\",\"required_options\":\"0\",\"size\":\"XS\",\"color\":\"Black\"},{\"sku\":\"MH03-XS-Blue\",\"store_view_code\":null,\"attribute_set_code\":\"Top\",\"product_type\":\"simple\",\"categories\":\"Default Category\\/Men\\/Tops\\/Hoodies & Sweatshirts,Default Category\\/Collections\\/Eco Friendly,Default Category\",\"product_websites\":\"base\",\"name\":\"Bruno Compete Hoodie-XS-Blue\",\"description\":\"<p>Stay comfortable and stay in the race no matter what the weather\'s up to. The Bruno Compete Hoodie\'s water-repellent exterior shields you from the elements, while advanced fabric technology inside wicks moisture to keep you dry.<\\/p>\\n<p>&bull; Full zip black hoodie pullover. <br \\/>&bull; Adjustable drawstring hood. <br \\/>&bull; Ribbed cuffs\\/waistband. <br \\/>&bull; Kangaroo pocket. <br \\/>&bull; Machine wash\\/dry.<\\/p>\",\"short_description\":null,\"weight\":\"1\",\"product_online\":\"1\",\"tax_class_name\":\"Taxable Goods\",\"visibility\":\"Not Visible Individually\",\"price\":\"63\",\"special_price\":null,\"special_price_from_date\":null,\"special_price_to_date\":null,\"url_key\":\"bruno-compete-hoodie-xs-blue\",\"meta_title\":null,\"meta_keywords\":null,\"meta_description\":null,\"base_image\":\"\\/m\\/h\\/mh03-blue_main.jpg\",\"base_image_label\":null,\"small_image\":\"\\/m\\/h\\/mh03-blue_main.jpg\",\"small_image_label\":null,\"thumbnail_image\":\"\\/m\\/h\\/mh03-blue_main.jpg\",\"thumbnail_image_label\":null,\"created_at\":null,\"updated_at\":null,\"new_from_date\":null,\"new_to_date\":null,\"display_product_options_in\":null,\"map_price\":null,\"msrp_price\":null,\"map_enabled\":null,\"gift_message_available\":null,\"custom_design\":null,\"custom_design_from\":null,\"custom_design_to\":null,\"custom_layout_update\":null,\"page_layout\":null,\"product_options_container\":null,\"msrp_display_actual_price_type\":null,\"country_of_manufacture\":null,\"additional_attributes\":\"has_options=0,required_options=0,size=XS,color=Blue\",\"qty\":\"100\",\"out_of_stock_qty\":\"0\",\"use_config_min_qty\":\"1\",\"is_qty_decimal\":\"0\",\"allow_backorders\":\"0\",\"use_config_backorders\":\"1\",\"min_cart_qty\":\"1\",\"use_config_min_sale_qty\":\"1\",\"max_cart_qty\":\"0\",\"use_config_max_sale_qty\":\"1\",\"is_in_stock\":\"1\",\"notify_on_stock_below\":null,\"use_config_notify_stock_qty\":\"1\",\"manage_stock\":\"0\",\"use_config_manage_stock\":\"1\",\"use_config_qty_increments\":\"1\",\"qty_increments\":\"0\",\"use_config_enable_qty_inc\":\"1\",\"enable_qty_increments\":\"0\",\"is_decimal_divided\":\"0\",\"website_id\":\"1\",\"configurable_variations\":null,\"configurable_variation_prices\":null,\"configurable_variation_labels\":null,\"additional_images\":null,\"image\":\"\\/m\\/h\\/mh03-blue_main.jpg\",\"image_label\":null,\"thumbnail\":\"\\/m\\/h\\/mh03-blue_main.jpg\",\"thumbnail_label\":null,\"_media_image\":null,\"_store\":null,\"_attribute_set\":\"Top\",\"_product_websites\":\"base\",\"status\":\"1\",\"news_from_date\":null,\"news_to_date\":null,\"options_container\":null,\"minimal_price\":null,\"msrp\":null,\"msrp_enabled\":null,\"special_from_date\":null,\"special_to_date\":null,\"min_qty\":\"0\",\"backorders\":\"0\",\"min_sale_qty\":\"1\",\"max_sale_qty\":\"0\",\"notify_stock_qty\":null,\"meta_keyword\":null,\"has_options\":\"0\",\"required_options\":\"0\",\"size\":\"XS\",\"color\":\"Blue\"},{\"sku\":\"MH03-XS-Green\",\"store_view_code\":null,\"attribute_set_code\":\"Top\",\"product_type\":\"simple\",\"categories\":\"Default Category\\/Men\\/Tops\\/Hoodies & Sweatshirts,Default Category\\/Collections\\/Eco Friendly,Default Category\",\"product_websites\":\"base\",\"name\":\"Bruno Compete Hoodie-XS-Green\",\"description\":\"<p>Stay comfortable and stay in the race no matter what the weather\'s up to. The Bruno Compete Hoodie\'s water-repellent exterior shields you from the elements, while advanced fabric technology inside wicks moisture to keep you dry.<\\/p>\\n<p>&bull; Full zip black hoodie pullover. <br \\/>&bull; Adjustable drawstring hood. <br \\/>&bull; Ribbed cuffs\\/waistband. <br \\/>&bull; Kangaroo pocket. <br \\/>&bull; Machine wash\\/dry.<\\/p>\",\"short_description\":null,\"weight\":\"1\",\"product_online\":\"1\",\"tax_class_name\":\"Taxable Goods\",\"visibility\":\"Not Visible Individually\",\"price\":\"63\",\"special_price\":null,\"special_price_from_date\":null,\"special_price_to_date\":null,\"url_key\":\"bruno-compete-hoodie-xs-green\",\"meta_title\":null,\"meta_keywords\":null,\"meta_description\":null,\"base_image\":\"\\/m\\/h\\/mh03-green_main.jpg\",\"base_image_label\":null,\"small_image\":\"\\/m\\/h\\/mh03-green_main.jpg\",\"small_image_label\":null,\"thumbnail_image\":\"\\/m\\/h\\/mh03-green_main.jpg\",\"thumbnail_image_label\":null,\"created_at\":null,\"updated_at\":null,\"new_from_date\":null,\"new_to_date\":null,\"display_product_options_in\":null,\"map_price\":null,\"msrp_price\":null,\"map_enabled\":null,\"gift_message_available\":null,\"custom_design\":null,\"custom_design_from\":null,\"custom_design_to\":null,\"custom_layout_update\":null,\"page_layout\":null,\"product_options_container\":null,\"msrp_display_actual_price_type\":null,\"country_of_manufacture\":null,\"additional_attributes\":\"has_options=0,required_options=0,size=XS,color=Green\",\"qty\":\"100\",\"out_of_stock_qty\":\"0\",\"use_config_min_qty\":\"1\",\"is_qty_decimal\":\"0\",\"allow_backorders\":\"0\",\"use_config_backorders\":\"1\",\"min_cart_qty\":\"1\",\"use_config_min_sale_qty\":\"1\",\"max_cart_qty\":\"0\",\"use_config_max_sale_qty\":\"1\",\"is_in_stock\":\"1\",\"notify_on_stock_below\":null,\"use_config_notify_stock_qty\":\"1\",\"manage_stock\":\"0\",\"use_config_manage_stock\":\"1\",\"use_config_qty_increments\":\"1\",\"qty_increments\":\"0\",\"use_config_enable_qty_inc\":\"1\",\"enable_qty_increments\":\"0\",\"is_decimal_divided\":\"0\",\"website_id\":\"1\",\"configurable_variations\":null,\"configurable_variation_prices\":null,\"configurable_variation_labels\":null,\"additional_images\":null,\"image\":\"\\/m\\/h\\/mh03-green_main.jpg\",\"image_label\":null,\"thumbnail\":\"\\/m\\/h\\/mh03-green_main.jpg\",\"thumbnail_label\":null,\"_media_image\":null,\"_store\":null,\"_attribute_set\":\"Top\",\"_product_websites\":\"base\",\"status\":\"1\",\"news_from_date\":null,\"news_to_date\":null,\"options_container\":null,\"minimal_price\":null,\"msrp\":null,\"msrp_enabled\":null,\"special_from_date\":null,\"special_to_date\":null,\"min_qty\":\"0\",\"backorders\":\"0\",\"min_sale_qty\":\"1\",\"max_sale_qty\":\"0\",\"notify_stock_qty\":null,\"meta_keyword\":null,\"has_options\":\"0\",\"required_options\":\"0\",\"size\":\"XS\",\"color\":\"Green\"},{\"sku\":\"MH03-S-Black\",\"store_view_code\":null,\"attribute_set_code\":\"Top\",\"product_type\":\"simple\",\"categories\":\"Default Category\\/Men\\/Tops\\/Hoodies & Sweatshirts,Default Category\\/Collections\\/Eco Friendly,Default Category\",\"product_websites\":\"base\",\"name\":\"Bruno Compete Hoodie-S-Black\",\"description\":\"<p>Stay comfortable and stay in the race no matter what the weather\'s up to. The Bruno Compete Hoodie\'s water-repellent exterior shields you from the elements, while advanced fabric technology inside wicks moisture to keep you dry.<\\/p>\\n<p>&bull; Full zip black hoodie pullover. <br \\/>&bull; Adjustable drawstring hood. <br \\/>&bull; Ribbed cuffs\\/waistband. <br \\/>&bull; Kangaroo pocket. <br \\/>&bull; Machine wash\\/dry.<\\/p>\",\"short_description\":null,\"weight\":\"1\",\"product_online\":\"1\",\"tax_class_name\":\"Taxable Goods\",\"visibility\":\"Not Visible Individually\",\"price\":\"63\",\"special_price\":null,\"special_price_from_date\":null,\"special_price_to_date\":null,\"url_key\":\"bruno-compete-hoodie-s-black\",\"meta_title\":null,\"meta_keywords\":null,\"meta_description\":null,\"base_image\":\"\\/m\\/h\\/mh03-black_main.jpg\",\"base_image_label\":null,\"small_image\":\"\\/m\\/h\\/mh03-black_main.jpg\",\"small_image_label\":null,\"thumbnail_image\":\"\\/m\\/h\\/mh03-black_main.jpg\",\"thumbnail_image_label\":null,\"created_at\":null,\"updated_at\":null,\"new_from_date\":null,\"new_to_date\":null,\"display_product_options_in\":null,\"map_price\":null,\"msrp_price\":null,\"map_enabled\":null,\"gift_message_available\":null,\"custom_design\":null,\"custom_design_from\":null,\"custom_design_to\":null,\"custom_layout_update\":null,\"page_layout\":null,\"product_options_container\":null,\"msrp_display_actual_price_type\":null,\"country_of_manufacture\":null,\"additional_attributes\":\"has_options=0,required_options=0,size=S,color=Black\",\"qty\":\"100\",\"out_of_stock_qty\":\"0\",\"use_config_min_qty\":\"1\",\"is_qty_decimal\":\"0\",\"allow_backorders\":\"0\",\"use_config_backorders\":\"1\",\"min_cart_qty\":\"1\",\"use_config_min_sale_qty\":\"1\",\"max_cart_qty\":\"0\",\"use_config_max_sale_qty\":\"1\",\"is_in_stock\":\"1\",\"notify_on_stock_below\":null,\"use_config_notify_stock_qty\":\"1\",\"manage_stock\":\"0\",\"use_config_manage_stock\":\"1\",\"use_config_qty_increments\":\"1\",\"qty_increments\":\"0\",\"use_config_enable_qty_inc\":\"1\",\"enable_qty_increments\":\"0\",\"is_decimal_divided\":\"0\",\"website_id\":\"1\",\"configurable_variations\":null,\"configurable_variation_prices\":null,\"configurable_variation_labels\":null,\"additional_images\":\"\\/m\\/h\\/mh03-black_alt1.jpg,\\/m\\/h\\/mh03-black_back.jpg\",\"image\":\"\\/m\\/h\\/mh03-black_main.jpg\",\"image_label\":null,\"thumbnail\":\"\\/m\\/h\\/mh03-black_main.jpg\",\"thumbnail_label\":null,\"_media_image\":\"\\/m\\/h\\/mh03-black_alt1.jpg,\\/m\\/h\\/mh03-black_back.jpg\",\"_store\":null,\"_attribute_set\":\"Top\",\"_product_websites\":\"base\",\"status\":\"1\",\"news_from_date\":null,\"news_to_date\":null,\"options_container\":null,\"minimal_price\":null,\"msrp\":null,\"msrp_enabled\":null,\"special_from_date\":null,\"special_to_date\":null,\"min_qty\":\"0\",\"backorders\":\"0\",\"min_sale_qty\":\"1\",\"max_sale_qty\":\"0\",\"notify_stock_qty\":null,\"meta_keyword\":null,\"has_options\":\"0\",\"required_options\":\"0\",\"size\":\"S\",\"color\":\"Black\"},{\"sku\":\"MH03-S-Blue\",\"store_view_code\":null,\"attribute_set_code\":\"Top\",\"product_type\":\"simple\",\"categories\":\"Default Category\\/Men\\/Tops\\/Hoodies & Sweatshirts,Default Category\\/Collections\\/Eco Friendly,Default Category\",\"product_websites\":\"base\",\"name\":\"Bruno Compete Hoodie-S-Blue\",\"description\":\"<p>Stay comfortable and stay in the race no matter what the weather\'s up to. The Bruno Compete Hoodie\'s water-repellent exterior shields you from the elements, while advanced fabric technology inside wicks moisture to keep you dry.<\\/p>\\n<p>&bull; Full zip black hoodie pullover. <br \\/>&bull; Adjustable drawstring hood. <br \\/>&bull; Ribbed cuffs\\/waistband. <br \\/>&bull; Kangaroo pocket. <br \\/>&bull; Machine wash\\/dry.<\\/p>\",\"short_description\":null,\"weight\":\"1\",\"product_online\":\"1\",\"tax_class_name\":\"Taxable Goods\",\"visibility\":\"Not Visible Individually\",\"price\":\"63\",\"special_price\":null,\"special_price_from_date\":null,\"special_price_to_date\":null,\"url_key\":\"bruno-compete-hoodie-s-blue\",\"meta_title\":null,\"meta_keywords\":null,\"meta_description\":null,\"base_image\":\"\\/m\\/h\\/mh03-blue_main.jpg\",\"base_image_label\":null,\"small_image\":\"\\/m\\/h\\/mh03-blue_main.jpg\",\"small_image_label\":null,\"thumbnail_image\":\"\\/m\\/h\\/mh03-blue_main.jpg\",\"thumbnail_image_label\":null,\"created_at\":null,\"updated_at\":null,\"new_from_date\":null,\"new_to_date\":null,\"display_product_options_in\":null,\"map_price\":null,\"msrp_price\":null,\"map_enabled\":null,\"gift_message_available\":null,\"custom_design\":null,\"custom_design_from\":null,\"custom_design_to\":null,\"custom_layout_update\":null,\"page_layout\":null,\"product_options_container\":null,\"msrp_display_actual_price_type\":null,\"country_of_manufacture\":null,\"additional_attributes\":\"has_options=0,required_options=0,size=S,color=Blue\",\"qty\":\"100\",\"out_of_stock_qty\":\"0\",\"use_config_min_qty\":\"1\",\"is_qty_decimal\":\"0\",\"allow_backorders\":\"0\",\"use_config_backorders\":\"1\",\"min_cart_qty\":\"1\",\"use_config_min_sale_qty\":\"1\",\"max_cart_qty\":\"0\",\"use_config_max_sale_qty\":\"1\",\"is_in_stock\":\"1\",\"notify_on_stock_below\":null,\"use_config_notify_stock_qty\":\"1\",\"manage_stock\":\"0\",\"use_config_manage_stock\":\"1\",\"use_config_qty_increments\":\"1\",\"qty_increments\":\"0\",\"use_config_enable_qty_inc\":\"1\",\"enable_qty_increments\":\"0\",\"is_decimal_divided\":\"0\",\"website_id\":\"1\",\"configurable_variations\":null,\"configurable_variation_prices\":null,\"configurable_variation_labels\":null,\"additional_images\":null,\"image\":\"\\/m\\/h\\/mh03-blue_main.jpg\",\"image_label\":null,\"thumbnail\":\"\\/m\\/h\\/mh03-blue_main.jpg\",\"thumbnail_label\":null,\"_media_image\":null,\"_store\":null,\"_attribute_set\":\"Top\",\"_product_websites\":\"base\",\"status\":\"1\",\"news_from_date\":null,\"news_to_date\":null,\"options_container\":null,\"minimal_price\":null,\"msrp\":null,\"msrp_enabled\":null,\"special_from_date\":null,\"special_to_date\":null,\"min_qty\":\"0\",\"backorders\":\"0\",\"min_sale_qty\":\"1\",\"max_sale_qty\":\"0\",\"notify_stock_qty\":null,\"meta_keyword\":null,\"has_options\":\"0\",\"required_options\":\"0\",\"size\":\"S\",\"color\":\"Blue\"},{\"sku\":\"MH03-S-Green\",\"store_view_code\":null,\"attribute_set_code\":\"Top\",\"product_type\":\"simple\",\"categories\":\"Default Category\\/Men\\/Tops\\/Hoodies & Sweatshirts,Default Category\\/Collections\\/Eco Friendly,Default Category\",\"product_websites\":\"base\",\"name\":\"Bruno Compete Hoodie-S-Green\",\"description\":\"<p>Stay comfortable and stay in the race no matter what the weather\'s up to. The Bruno Compete Hoodie\'s water-repellent exterior shields you from the elements, while advanced fabric technology inside wicks moisture to keep you dry.<\\/p>\\n<p>&bull; Full zip black hoodie pullover. <br \\/>&bull; Adjustable drawstring hood. <br \\/>&bull; Ribbed cuffs\\/waistband. <br \\/>&bull; Kangaroo pocket. <br \\/>&bull; Machine wash\\/dry.<\\/p>\",\"short_description\":null,\"weight\":\"1\",\"product_online\":\"1\",\"tax_class_name\":\"Taxable Goods\",\"visibility\":\"Not Visible Individually\",\"price\":\"63\",\"special_price\":null,\"special_price_from_date\":null,\"special_price_to_date\":null,\"url_key\":\"bruno-compete-hoodie-s-green\",\"meta_title\":null,\"meta_keywords\":null,\"meta_description\":null,\"base_image\":\"\\/m\\/h\\/mh03-green_main.jpg\",\"base_image_label\":null,\"small_image\":\"\\/m\\/h\\/mh03-green_main.jpg\",\"small_image_label\":null,\"thumbnail_image\":\"\\/m\\/h\\/mh03-green_main.jpg\",\"thumbnail_image_label\":null,\"created_at\":null,\"updated_at\":null,\"new_from_date\":null,\"new_to_date\":null,\"display_product_options_in\":null,\"map_price\":null,\"msrp_price\":null,\"map_enabled\":null,\"gift_message_available\":null,\"custom_design\":null,\"custom_design_from\":null,\"custom_design_to\":null,\"custom_layout_update\":null,\"page_layout\":null,\"product_options_container\":null,\"msrp_display_actual_price_type\":null,\"country_of_manufacture\":null,\"additional_attributes\":\"has_options=0,required_options=0,size=S,color=Green\",\"qty\":\"100\",\"out_of_stock_qty\":\"0\",\"use_config_min_qty\":\"1\",\"is_qty_decimal\":\"0\",\"allow_backorders\":\"0\",\"use_config_backorders\":\"1\",\"min_cart_qty\":\"1\",\"use_config_min_sale_qty\":\"1\",\"max_cart_qty\":\"0\",\"use_config_max_sale_qty\":\"1\",\"is_in_stock\":\"1\",\"notify_on_stock_below\":null,\"use_config_notify_stock_qty\":\"1\",\"manage_stock\":\"0\",\"use_config_manage_stock\":\"1\",\"use_config_qty_increments\":\"1\",\"qty_increments\":\"0\",\"use_config_enable_qty_inc\":\"1\",\"enable_qty_increments\":\"0\",\"is_decimal_divided\":\"0\",\"website_id\":\"1\",\"configurable_variations\":null,\"configurable_variation_prices\":null,\"configurable_variation_labels\":null,\"additional_images\":null,\"image\":\"\\/m\\/h\\/mh03-green_main.jpg\",\"image_label\":null,\"thumbnail\":\"\\/m\\/h\\/mh03-green_main.jpg\",\"thumbnail_label\":null,\"_media_image\":null,\"_store\":null,\"_attribute_set\":\"Top\",\"_product_websites\":\"base\",\"status\":\"1\",\"news_from_date\":null,\"news_to_date\":null,\"options_container\":null,\"minimal_price\":null,\"msrp\":null,\"msrp_enabled\":null,\"special_from_date\":null,\"special_to_date\":null,\"min_qty\":\"0\",\"backorders\":\"0\",\"min_sale_qty\":\"1\",\"max_sale_qty\":\"0\",\"notify_stock_qty\":null,\"meta_keyword\":null,\"has_options\":\"0\",\"required_options\":\"0\",\"size\":\"S\",\"color\":\"Green\"},{\"sku\":\"MH03-M-Black\",\"store_view_code\":null,\"attribute_set_code\":\"Top\",\"product_type\":\"simple\",\"categories\":\"Default Category\\/Men\\/Tops\\/Hoodies & Sweatshirts,Default Category\\/Collections\\/Eco Friendly,Default Category\",\"product_websites\":\"base\",\"name\":\"Bruno Compete Hoodie-M-Black\",\"description\":\"<p>Stay comfortable and stay in the race no matter what the weather\'s up to. The Bruno Compete Hoodie\'s water-repellent exterior shields you from the elements, while advanced fabric technology inside wicks moisture to keep you dry.<\\/p>\\n<p>&bull; Full zip black hoodie pullover. <br \\/>&bull; Adjustable drawstring hood. <br \\/>&bull; Ribbed cuffs\\/waistband. <br \\/>&bull; Kangaroo pocket. <br \\/>&bull; Machine wash\\/dry.<\\/p>\",\"short_description\":null,\"weight\":\"1\",\"product_online\":\"1\",\"tax_class_name\":\"Taxable Goods\",\"visibility\":\"Not Visible Individually\",\"price\":\"63\",\"special_price\":null,\"special_price_from_date\":null,\"special_price_to_date\":null,\"url_key\":\"bruno-compete-hoodie-m-black\",\"meta_title\":null,\"meta_keywords\":null,\"meta_description\":null,\"base_image\":\"\\/m\\/h\\/mh03-black_main.jpg\",\"base_image_label\":null,\"small_image\":\"\\/m\\/h\\/mh03-black_main.jpg\",\"small_image_label\":null,\"thumbnail_image\":\"\\/m\\/h\\/mh03-black_main.jpg\",\"thumbnail_image_label\":null,\"created_at\":null,\"updated_at\":null,\"new_from_date\":null,\"new_to_date\":null,\"display_product_options_in\":null,\"map_price\":null,\"msrp_price\":null,\"map_enabled\":null,\"gift_message_available\":null,\"custom_design\":null,\"custom_design_from\":null,\"custom_design_to\":null,\"custom_layout_update\":null,\"page_layout\":null,\"product_options_container\":null,\"msrp_display_actual_price_type\":null,\"country_of_manufacture\":null,\"additional_attributes\":\"has_options=0,required_options=0,size=M,color=Black\",\"qty\":\"100\",\"out_of_stock_qty\":\"0\",\"use_config_min_qty\":\"1\",\"is_qty_decimal\":\"0\",\"allow_backorders\":\"0\",\"use_config_backorders\":\"1\",\"min_cart_qty\":\"1\",\"use_config_min_sale_qty\":\"1\",\"max_cart_qty\":\"0\",\"use_config_max_sale_qty\":\"1\",\"is_in_stock\":\"1\",\"notify_on_stock_below\":null,\"use_config_notify_stock_qty\":\"1\",\"manage_stock\":\"0\",\"use_config_manage_stock\":\"1\",\"use_config_qty_increments\":\"1\",\"qty_increments\":\"0\",\"use_config_enable_qty_inc\":\"1\",\"enable_qty_increments\":\"0\",\"is_decimal_divided\":\"0\",\"website_id\":\"1\",\"configurable_variations\":null,\"configurable_variation_prices\":null,\"configurable_variation_labels\":null,\"additional_images\":\"\\/m\\/h\\/mh03-black_alt1.jpg,\\/m\\/h\\/mh03-black_back.jpg\",\"image\":\"\\/m\\/h\\/mh03-black_main.jpg\",\"image_label\":null,\"thumbnail\":\"\\/m\\/h\\/mh03-black_main.jpg\",\"thumbnail_label\":null,\"_media_image\":\"\\/m\\/h\\/mh03-black_alt1.jpg,\\/m\\/h\\/mh03-black_back.jpg\",\"_store\":null,\"_attribute_set\":\"Top\",\"_product_websites\":\"base\",\"status\":\"1\",\"news_from_date\":null,\"news_to_date\":null,\"options_container\":null,\"minimal_price\":null,\"msrp\":null,\"msrp_enabled\":null,\"special_from_date\":null,\"special_to_date\":null,\"min_qty\":\"0\",\"backorders\":\"0\",\"min_sale_qty\":\"1\",\"max_sale_qty\":\"0\",\"notify_stock_qty\":null,\"meta_keyword\":null,\"has_options\":\"0\",\"required_options\":\"0\",\"size\":\"M\",\"color\":\"Black\"},{\"sku\":\"MH03-M-Blue\",\"store_view_code\":null,\"attribute_set_code\":\"Top\",\"product_type\":\"simple\",\"categories\":\"Default Category\\/Men\\/Tops\\/Hoodies & Sweatshirts,Default Category\\/Collections\\/Eco Friendly,Default Category\",\"product_websites\":\"base\",\"name\":\"Bruno Compete Hoodie-M-Blue\",\"description\":\"<p>Stay comfortable and stay in the race no matter what the weather\'s up to. The Bruno Compete Hoodie\'s water-repellent exterior shields you from the elements, while advanced fabric technology inside wicks moisture to keep you dry.<\\/p>\\n<p>&bull; Full zip black hoodie pullover. <br \\/>&bull; Adjustable drawstring hood. <br \\/>&bull; Ribbed cuffs\\/waistband. <br \\/>&bull; Kangaroo pocket. <br \\/>&bull; Machine wash\\/dry.<\\/p>\",\"short_description\":null,\"weight\":\"1\",\"product_online\":\"1\",\"tax_class_name\":\"Taxable Goods\",\"visibility\":\"Not Visible Individually\",\"price\":\"63\",\"special_price\":null,\"special_price_from_date\":null,\"special_price_to_date\":null,\"url_key\":\"bruno-compete-hoodie-m-blue\",\"meta_title\":null,\"meta_keywords\":null,\"meta_description\":null,\"base_image\":\"\\/m\\/h\\/mh03-blue_main.jpg\",\"base_image_label\":null,\"small_image\":\"\\/m\\/h\\/mh03-blue_main.jpg\",\"small_image_label\":null,\"thumbnail_image\":\"\\/m\\/h\\/mh03-blue_main.jpg\",\"thumbnail_image_label\":null,\"created_at\":null,\"updated_at\":null,\"new_from_date\":null,\"new_to_date\":null,\"display_product_options_in\":null,\"map_price\":null,\"msrp_price\":null,\"map_enabled\":null,\"gift_message_available\":null,\"custom_design\":null,\"custom_design_from\":null,\"custom_design_to\":null,\"custom_layout_update\":null,\"page_layout\":null,\"product_options_container\":null,\"msrp_display_actual_price_type\":null,\"country_of_manufacture\":null,\"additional_attributes\":\"has_options=0,required_options=0,size=M,color=Blue\",\"qty\":\"100\",\"out_of_stock_qty\":\"0\",\"use_config_min_qty\":\"1\",\"is_qty_decimal\":\"0\",\"allow_backorders\":\"0\",\"use_config_backorders\":\"1\",\"min_cart_qty\":\"1\",\"use_config_min_sale_qty\":\"1\",\"max_cart_qty\":\"0\",\"use_config_max_sale_qty\":\"1\",\"is_in_stock\":\"1\",\"notify_on_stock_below\":null,\"use_config_notify_stock_qty\":\"1\",\"manage_stock\":\"0\",\"use_config_manage_stock\":\"1\",\"use_config_qty_increments\":\"1\",\"qty_increments\":\"0\",\"use_config_enable_qty_inc\":\"1\",\"enable_qty_increments\":\"0\",\"is_decimal_divided\":\"0\",\"website_id\":\"1\",\"configurable_variations\":null,\"configurable_variation_prices\":null,\"configurable_variation_labels\":null,\"additional_images\":null,\"image\":\"\\/m\\/h\\/mh03-blue_main.jpg\",\"image_label\":null,\"thumbnail\":\"\\/m\\/h\\/mh03-blue_main.jpg\",\"thumbnail_label\":null,\"_media_image\":null,\"_store\":null,\"_attribute_set\":\"Top\",\"_product_websites\":\"base\",\"status\":\"1\",\"news_from_date\":null,\"news_to_date\":null,\"options_container\":null,\"minimal_price\":null,\"msrp\":null,\"msrp_enabled\":null,\"special_from_date\":null,\"special_to_date\":null,\"min_qty\":\"0\",\"backorders\":\"0\",\"min_sale_qty\":\"1\",\"max_sale_qty\":\"0\",\"notify_stock_qty\":null,\"meta_keyword\":null,\"has_options\":\"0\",\"required_options\":\"0\",\"size\":\"M\",\"color\":\"Blue\"},{\"sku\":\"MH03-M-Green\",\"store_view_code\":null,\"attribute_set_code\":\"Top\",\"product_type\":\"simple\",\"categories\":\"Default Category\\/Men\\/Tops\\/Hoodies & Sweatshirts,Default Category\\/Collections\\/Eco Friendly,Default Category\",\"product_websites\":\"base\",\"name\":\"Bruno Compete Hoodie-M-Green\",\"description\":\"<p>Stay comfortable and stay in the race no matter what the weather\'s up to. The Bruno Compete Hoodie\'s water-repellent exterior shields you from the elements, while advanced fabric technology inside wicks moisture to keep you dry.<\\/p>\\n<p>&bull; Full zip black hoodie pullover. <br \\/>&bull; Adjustable drawstring hood. <br \\/>&bull; Ribbed cuffs\\/waistband. <br \\/>&bull; Kangaroo pocket. <br \\/>&bull; Machine wash\\/dry.<\\/p>\",\"short_description\":null,\"weight\":\"1\",\"product_online\":\"1\",\"tax_class_name\":\"Taxable Goods\",\"visibility\":\"Not Visible Individually\",\"price\":\"63\",\"special_price\":null,\"special_price_from_date\":null,\"special_price_to_date\":null,\"url_key\":\"bruno-compete-hoodie-m-green\",\"meta_title\":null,\"meta_keywords\":null,\"meta_description\":null,\"base_image\":\"\\/m\\/h\\/mh03-green_main.jpg\",\"base_image_label\":null,\"small_image\":\"\\/m\\/h\\/mh03-green_main.jpg\",\"small_image_label\":null,\"thumbnail_image\":\"\\/m\\/h\\/mh03-green_main.jpg\",\"thumbnail_image_label\":null,\"created_at\":null,\"updated_at\":null,\"new_from_date\":null,\"new_to_date\":null,\"display_product_options_in\":null,\"map_price\":null,\"msrp_price\":null,\"map_enabled\":null,\"gift_message_available\":null,\"custom_design\":null,\"custom_design_from\":null,\"custom_design_to\":null,\"custom_layout_update\":null,\"page_layout\":null,\"product_options_container\":null,\"msrp_display_actual_price_type\":null,\"country_of_manufacture\":null,\"additional_attributes\":\"has_options=0,required_options=0,size=M,color=Green\",\"qty\":\"100\",\"out_of_stock_qty\":\"0\",\"use_config_min_qty\":\"1\",\"is_qty_decimal\":\"0\",\"allow_backorders\":\"0\",\"use_config_backorders\":\"1\",\"min_cart_qty\":\"1\",\"use_config_min_sale_qty\":\"1\",\"max_cart_qty\":\"0\",\"use_config_max_sale_qty\":\"1\",\"is_in_stock\":\"1\",\"notify_on_stock_below\":null,\"use_config_notify_stock_qty\":\"1\",\"manage_stock\":\"0\",\"use_config_manage_stock\":\"1\",\"use_config_qty_increments\":\"1\",\"qty_increments\":\"0\",\"use_config_enable_qty_inc\":\"1\",\"enable_qty_increments\":\"0\",\"is_decimal_divided\":\"0\",\"website_id\":\"1\",\"configurable_variations\":null,\"configurable_variation_prices\":null,\"configurable_variation_labels\":null,\"additional_images\":null,\"image\":\"\\/m\\/h\\/mh03-green_main.jpg\",\"image_label\":null,\"thumbnail\":\"\\/m\\/h\\/mh03-green_main.jpg\",\"thumbnail_label\":null,\"_media_image\":null,\"_store\":null,\"_attribute_set\":\"Top\",\"_product_websites\":\"base\",\"status\":\"1\",\"news_from_date\":null,\"news_to_date\":null,\"options_container\":null,\"minimal_price\":null,\"msrp\":null,\"msrp_enabled\":null,\"special_from_date\":null,\"special_to_date\":null,\"min_qty\":\"0\",\"backorders\":\"0\",\"min_sale_qty\":\"1\",\"max_sale_qty\":\"0\",\"notify_stock_qty\":null,\"meta_keyword\":null,\"has_options\":\"0\",\"required_options\":\"0\",\"size\":\"M\",\"color\":\"Green\"},{\"sku\":\"MH03-L-Black\",\"store_view_code\":null,\"attribute_set_code\":\"Top\",\"product_type\":\"simple\",\"categories\":\"Default Category\\/Men\\/Tops\\/Hoodies & Sweatshirts,Default Category\\/Collections\\/Eco Friendly,Default Category\",\"product_websites\":\"base\",\"name\":\"Bruno Compete Hoodie-L-Black\",\"description\":\"<p>Stay comfortable and stay in the race no matter what the weather\'s up to. The Bruno Compete Hoodie\'s water-repellent exterior shields you from the elements, while advanced fabric technology inside wicks moisture to keep you dry.<\\/p>\\n<p>&bull; Full zip black hoodie pullover. <br \\/>&bull; Adjustable drawstring hood. <br \\/>&bull; Ribbed cuffs\\/waistband. <br \\/>&bull; Kangaroo pocket. <br \\/>&bull; Machine wash\\/dry.<\\/p>\",\"short_description\":null,\"weight\":\"1\",\"product_online\":\"1\",\"tax_class_name\":\"Taxable Goods\",\"visibility\":\"Not Visible Individually\",\"price\":\"63\",\"special_price\":null,\"special_price_from_date\":null,\"special_price_to_date\":null,\"url_key\":\"bruno-compete-hoodie-l-black\",\"meta_title\":null,\"meta_keywords\":null,\"meta_description\":null,\"base_image\":\"\\/m\\/h\\/mh03-black_main.jpg\",\"base_image_label\":null,\"small_image\":\"\\/m\\/h\\/mh03-black_main.jpg\",\"small_image_label\":null,\"thumbnail_image\":\"\\/m\\/h\\/mh03-black_main.jpg\",\"thumbnail_image_label\":null,\"created_at\":null,\"updated_at\":null,\"new_from_date\":null,\"new_to_date\":null,\"display_product_options_in\":null,\"map_price\":null,\"msrp_price\":null,\"map_enabled\":null,\"gift_message_available\":null,\"custom_design\":null,\"custom_design_from\":null,\"custom_design_to\":null,\"custom_layout_update\":null,\"page_layout\":null,\"product_options_container\":null,\"msrp_display_actual_price_type\":null,\"country_of_manufacture\":null,\"additional_attributes\":\"has_options=0,required_options=0,size=L,color=Black\",\"qty\":\"100\",\"out_of_stock_qty\":\"0\",\"use_config_min_qty\":\"1\",\"is_qty_decimal\":\"0\",\"allow_backorders\":\"0\",\"use_config_backorders\":\"1\",\"min_cart_qty\":\"1\",\"use_config_min_sale_qty\":\"1\",\"max_cart_qty\":\"0\",\"use_config_max_sale_qty\":\"1\",\"is_in_stock\":\"1\",\"notify_on_stock_below\":null,\"use_config_notify_stock_qty\":\"1\",\"manage_stock\":\"0\",\"use_config_manage_stock\":\"1\",\"use_config_qty_increments\":\"1\",\"qty_increments\":\"0\",\"use_config_enable_qty_inc\":\"1\",\"enable_qty_increments\":\"0\",\"is_decimal_divided\":\"0\",\"website_id\":\"1\",\"configurable_variations\":null,\"configurable_variation_prices\":null,\"configurable_variation_labels\":null,\"additional_images\":\"\\/m\\/h\\/mh03-black_alt1.jpg,\\/m\\/h\\/mh03-black_back.jpg\",\"image\":\"\\/m\\/h\\/mh03-black_main.jpg\",\"image_label\":null,\"thumbnail\":\"\\/m\\/h\\/mh03-black_main.jpg\",\"thumbnail_label\":null,\"_media_image\":\"\\/m\\/h\\/mh03-black_alt1.jpg,\\/m\\/h\\/mh03-black_back.jpg\",\"_store\":null,\"_attribute_set\":\"Top\",\"_product_websites\":\"base\",\"status\":\"1\",\"news_from_date\":null,\"news_to_date\":null,\"options_container\":null,\"minimal_price\":null,\"msrp\":null,\"msrp_enabled\":null,\"special_from_date\":null,\"special_to_date\":null,\"min_qty\":\"0\",\"backorders\":\"0\",\"min_sale_qty\":\"1\",\"max_sale_qty\":\"0\",\"notify_stock_qty\":null,\"meta_keyword\":null,\"has_options\":\"0\",\"required_options\":\"0\",\"size\":\"L\",\"color\":\"Black\"},{\"sku\":\"MH03-L-Blue\",\"store_view_code\":null,\"attribute_set_code\":\"Top\",\"product_type\":\"simple\",\"categories\":\"Default Category\\/Men\\/Tops\\/Hoodies & Sweatshirts,Default Category\\/Collections\\/Eco Friendly,Default Category\",\"product_websites\":\"base\",\"name\":\"Bruno Compete Hoodie-L-Blue\",\"description\":\"<p>Stay comfortable and stay in the race no matter what the weather\'s up to. The Bruno Compete Hoodie\'s water-repellent exterior shields you from the elements, while advanced fabric technology inside wicks moisture to keep you dry.<\\/p>\\n<p>&bull; Full zip black hoodie pullover. <br \\/>&bull; Adjustable drawstring hood. <br \\/>&bull; Ribbed cuffs\\/waistband. <br \\/>&bull; Kangaroo pocket. <br \\/>&bull; Machine wash\\/dry.<\\/p>\",\"short_description\":null,\"weight\":\"1\",\"product_online\":\"1\",\"tax_class_name\":\"Taxable Goods\",\"visibility\":\"Not Visible Individually\",\"price\":\"63\",\"special_price\":null,\"special_price_from_date\":null,\"special_price_to_date\":null,\"url_key\":\"bruno-compete-hoodie-l-blue\",\"meta_title\":null,\"meta_keywords\":null,\"meta_description\":null,\"base_image\":\"\\/m\\/h\\/mh03-blue_main.jpg\",\"base_image_label\":null,\"small_image\":\"\\/m\\/h\\/mh03-blue_main.jpg\",\"small_image_label\":null,\"thumbnail_image\":\"\\/m\\/h\\/mh03-blue_main.jpg\",\"thumbnail_image_label\":null,\"created_at\":null,\"updated_at\":null,\"new_from_date\":null,\"new_to_date\":null,\"display_product_options_in\":null,\"map_price\":null,\"msrp_price\":null,\"map_enabled\":null,\"gift_message_available\":null,\"custom_design\":null,\"custom_design_from\":null,\"custom_design_to\":null,\"custom_layout_update\":null,\"page_layout\":null,\"product_options_container\":null,\"msrp_display_actual_price_type\":null,\"country_of_manufacture\":null,\"additional_attributes\":\"has_options=0,required_options=0,size=L,color=Blue\",\"qty\":\"100\",\"out_of_stock_qty\":\"0\",\"use_config_min_qty\":\"1\",\"is_qty_decimal\":\"0\",\"allow_backorders\":\"0\",\"use_config_backorders\":\"1\",\"min_cart_qty\":\"1\",\"use_config_min_sale_qty\":\"1\",\"max_cart_qty\":\"0\",\"use_config_max_sale_qty\":\"1\",\"is_in_stock\":\"1\",\"notify_on_stock_below\":null,\"use_config_notify_stock_qty\":\"1\",\"manage_stock\":\"0\",\"use_config_manage_stock\":\"1\",\"use_config_qty_increments\":\"1\",\"qty_increments\":\"0\",\"use_config_enable_qty_inc\":\"1\",\"enable_qty_increments\":\"0\",\"is_decimal_divided\":\"0\",\"website_id\":\"1\",\"configurable_variations\":null,\"configurable_variation_prices\":null,\"configurable_variation_labels\":null,\"additional_images\":null,\"image\":\"\\/m\\/h\\/mh03-blue_main.jpg\",\"image_label\":null,\"thumbnail\":\"\\/m\\/h\\/mh03-blue_main.jpg\",\"thumbnail_label\":null,\"_media_image\":null,\"_store\":null,\"_attribute_set\":\"Top\",\"_product_websites\":\"base\",\"status\":\"1\",\"news_from_date\":null,\"news_to_date\":null,\"options_container\":null,\"minimal_price\":null,\"msrp\":null,\"msrp_enabled\":null,\"special_from_date\":null,\"special_to_date\":null,\"min_qty\":\"0\",\"backorders\":\"0\",\"min_sale_qty\":\"1\",\"max_sale_qty\":\"0\",\"notify_stock_qty\":null,\"meta_keyword\":null,\"has_options\":\"0\",\"required_options\":\"0\",\"size\":\"L\",\"color\":\"Blue\"},{\"sku\":\"MH03-L-Green\",\"store_view_code\":null,\"attribute_set_code\":\"Top\",\"product_type\":\"simple\",\"categories\":\"Default Category\\/Men\\/Tops\\/Hoodies & Sweatshirts,Default Category\\/Collections\\/Eco Friendly,Default Category\",\"product_websites\":\"base\",\"name\":\"Bruno Compete Hoodie-L-Green\",\"description\":\"<p>Stay comfortable and stay in the race no matter what the weather\'s up to. The Bruno Compete Hoodie\'s water-repellent exterior shields you from the elements, while advanced fabric technology inside wicks moisture to keep you dry.<\\/p>\\n<p>&bull; Full zip black hoodie pullover. <br \\/>&bull; Adjustable drawstring hood. <br \\/>&bull; Ribbed cuffs\\/waistband. <br \\/>&bull; Kangaroo pocket. <br \\/>&bull; Machine wash\\/dry.<\\/p>\",\"short_description\":null,\"weight\":\"1\",\"product_online\":\"1\",\"tax_class_name\":\"Taxable Goods\",\"visibility\":\"Not Visible Individually\",\"price\":\"63\",\"special_price\":null,\"special_price_from_date\":null,\"special_price_to_date\":null,\"url_key\":\"bruno-compete-hoodie-l-green\",\"meta_title\":null,\"meta_keywords\":null,\"meta_description\":null,\"base_image\":\"\\/m\\/h\\/mh03-green_main.jpg\",\"base_image_label\":null,\"small_image\":\"\\/m\\/h\\/mh03-green_main.jpg\",\"small_image_label\":null,\"thumbnail_image\":\"\\/m\\/h\\/mh03-green_main.jpg\",\"thumbnail_image_label\":null,\"created_at\":null,\"updated_at\":null,\"new_from_date\":null,\"new_to_date\":null,\"display_product_options_in\":null,\"map_price\":null,\"msrp_price\":null,\"map_enabled\":null,\"gift_message_available\":null,\"custom_design\":null,\"custom_design_from\":null,\"custom_design_to\":null,\"custom_layout_update\":null,\"page_layout\":null,\"product_options_container\":null,\"msrp_display_actual_price_type\":null,\"country_of_manufacture\":null,\"additional_attributes\":\"has_options=0,required_options=0,size=L,color=Green\",\"qty\":\"100\",\"out_of_stock_qty\":\"0\",\"use_config_min_qty\":\"1\",\"is_qty_decimal\":\"0\",\"allow_backorders\":\"0\",\"use_config_backorders\":\"1\",\"min_cart_qty\":\"1\",\"use_config_min_sale_qty\":\"1\",\"max_cart_qty\":\"0\",\"use_config_max_sale_qty\":\"1\",\"is_in_stock\":\"1\",\"notify_on_stock_below\":null,\"use_config_notify_stock_qty\":\"1\",\"manage_stock\":\"0\",\"use_config_manage_stock\":\"1\",\"use_config_qty_increments\":\"1\",\"qty_increments\":\"0\",\"use_config_enable_qty_inc\":\"1\",\"enable_qty_increments\":\"0\",\"is_decimal_divided\":\"0\",\"website_id\":\"1\",\"configurable_variations\":null,\"configurable_variation_prices\":null,\"configurable_variation_labels\":null,\"additional_images\":null,\"image\":\"\\/m\\/h\\/mh03-green_main.jpg\",\"image_label\":null,\"thumbnail\":\"\\/m\\/h\\/mh03-green_main.jpg\",\"thumbnail_label\":null,\"_media_image\":null,\"_store\":null,\"_attribute_set\":\"Top\",\"_product_websites\":\"base\",\"status\":\"1\",\"news_from_date\":null,\"news_to_date\":null,\"options_container\":null,\"minimal_price\":null,\"msrp\":null,\"msrp_enabled\":null,\"special_from_date\":null,\"special_to_date\":null,\"min_qty\":\"0\",\"backorders\":\"0\",\"min_sale_qty\":\"1\",\"max_sale_qty\":\"0\",\"notify_stock_qty\":null,\"meta_keyword\":null,\"has_options\":\"0\",\"required_options\":\"0\",\"size\":\"L\",\"color\":\"Green\"},{\"sku\":\"MH03-XL-Black\",\"store_view_code\":null,\"attribute_set_code\":\"Top\",\"product_type\":\"simple\",\"categories\":\"Default Category\\/Men\\/Tops\\/Hoodies & Sweatshirts,Default Category\\/Collections\\/Eco Friendly,Default Category\",\"product_websites\":\"base\",\"name\":\"Bruno Compete Hoodie-XL-Black\",\"description\":\"<p>Stay comfortable and stay in the race no matter what the weather\'s up to. The Bruno Compete Hoodie\'s water-repellent exterior shields you from the elements, while advanced fabric technology inside wicks moisture to keep you dry.<\\/p>\\n<p>&bull; Full zip black hoodie pullover. <br \\/>&bull; Adjustable drawstring hood. <br \\/>&bull; Ribbed cuffs\\/waistband. <br \\/>&bull; Kangaroo pocket. <br \\/>&bull; Machine wash\\/dry.<\\/p>\",\"short_description\":null,\"weight\":\"1\",\"product_online\":\"1\",\"tax_class_name\":\"Taxable Goods\",\"visibility\":\"Not Visible Individually\",\"price\":\"63\",\"special_price\":null,\"special_price_from_date\":null,\"special_price_to_date\":null,\"url_key\":\"bruno-compete-hoodie-xl-black\",\"meta_title\":null,\"meta_keywords\":null,\"meta_description\":null,\"base_image\":\"\\/m\\/h\\/mh03-black_main.jpg\",\"base_image_label\":null,\"small_image\":\"\\/m\\/h\\/mh03-black_main.jpg\",\"small_image_label\":null,\"thumbnail_image\":\"\\/m\\/h\\/mh03-black_main.jpg\",\"thumbnail_image_label\":null,\"created_at\":null,\"updated_at\":null,\"new_from_date\":null,\"new_to_date\":null,\"display_product_options_in\":null,\"map_price\":null,\"msrp_price\":null,\"map_enabled\":null,\"gift_message_available\":null,\"custom_design\":null,\"custom_design_from\":null,\"custom_design_to\":null,\"custom_layout_update\":null,\"page_layout\":null,\"product_options_container\":null,\"msrp_display_actual_price_type\":null,\"country_of_manufacture\":null,\"additional_attributes\":\"has_options=0,required_options=0,size=XL,color=Black\",\"qty\":\"100\",\"out_of_stock_qty\":\"0\",\"use_config_min_qty\":\"1\",\"is_qty_decimal\":\"0\",\"allow_backorders\":\"0\",\"use_config_backorders\":\"1\",\"min_cart_qty\":\"1\",\"use_config_min_sale_qty\":\"1\",\"max_cart_qty\":\"0\",\"use_config_max_sale_qty\":\"1\",\"is_in_stock\":\"1\",\"notify_on_stock_below\":null,\"use_config_notify_stock_qty\":\"1\",\"manage_stock\":\"0\",\"use_config_manage_stock\":\"1\",\"use_config_qty_increments\":\"1\",\"qty_increments\":\"0\",\"use_config_enable_qty_inc\":\"1\",\"enable_qty_increments\":\"0\",\"is_decimal_divided\":\"0\",\"website_id\":\"1\",\"configurable_variations\":null,\"configurable_variation_prices\":null,\"configurable_variation_labels\":null,\"additional_images\":\"\\/m\\/h\\/mh03-black_alt1.jpg,\\/m\\/h\\/mh03-black_back.jpg\",\"image\":\"\\/m\\/h\\/mh03-black_main.jpg\",\"image_label\":null,\"thumbnail\":\"\\/m\\/h\\/mh03-black_main.jpg\",\"thumbnail_label\":null,\"_media_image\":\"\\/m\\/h\\/mh03-black_alt1.jpg,\\/m\\/h\\/mh03-black_back.jpg\",\"_store\":null,\"_attribute_set\":\"Top\",\"_product_websites\":\"base\",\"status\":\"1\",\"news_from_date\":null,\"news_to_date\":null,\"options_container\":null,\"minimal_price\":null,\"msrp\":null,\"msrp_enabled\":null,\"special_from_date\":null,\"special_to_date\":null,\"min_qty\":\"0\",\"backorders\":\"0\",\"min_sale_qty\":\"1\",\"max_sale_qty\":\"0\",\"notify_stock_qty\":null,\"meta_keyword\":null,\"has_options\":\"0\",\"required_options\":\"0\",\"size\":\"XL\",\"color\":\"Black\"},{\"sku\":\"MH03-XL-Blue\",\"store_view_code\":null,\"attribute_set_code\":\"Top\",\"product_type\":\"simple\",\"categories\":\"Default Category\\/Men\\/Tops\\/Hoodies & Sweatshirts,Default Category\\/Collections\\/Eco Friendly,Default Category\",\"product_websites\":\"base\",\"name\":\"Bruno Compete Hoodie-XL-Blue\",\"description\":\"<p>Stay comfortable and stay in the race no matter what the weather\'s up to. The Bruno Compete Hoodie\'s water-repellent exterior shields you from the elements, while advanced fabric technology inside wicks moisture to keep you dry.<\\/p>\\n<p>&bull; Full zip black hoodie pullover. <br \\/>&bull; Adjustable drawstring hood. <br \\/>&bull; Ribbed cuffs\\/waistband. <br \\/>&bull; Kangaroo pocket. <br \\/>&bull; Machine wash\\/dry.<\\/p>\",\"short_description\":null,\"weight\":\"1\",\"product_online\":\"1\",\"tax_class_name\":\"Taxable Goods\",\"visibility\":\"Not Visible Individually\",\"price\":\"63\",\"special_price\":null,\"special_price_from_date\":null,\"special_price_to_date\":null,\"url_key\":\"bruno-compete-hoodie-xl-blue\",\"meta_title\":null,\"meta_keywords\":null,\"meta_description\":null,\"base_image\":\"\\/m\\/h\\/mh03-blue_main.jpg\",\"base_image_label\":null,\"small_image\":\"\\/m\\/h\\/mh03-blue_main.jpg\",\"small_image_label\":null,\"thumbnail_image\":\"\\/m\\/h\\/mh03-blue_main.jpg\",\"thumbnail_image_label\":null,\"created_at\":null,\"updated_at\":null,\"new_from_date\":null,\"new_to_date\":null,\"display_product_options_in\":null,\"map_price\":null,\"msrp_price\":null,\"map_enabled\":null,\"gift_message_available\":null,\"custom_design\":null,\"custom_design_from\":null,\"custom_design_to\":null,\"custom_layout_update\":null,\"page_layout\":null,\"product_options_container\":null,\"msrp_display_actual_price_type\":null,\"country_of_manufacture\":null,\"additional_attributes\":\"has_options=0,required_options=0,size=XL,color=Blue\",\"qty\":\"100\",\"out_of_stock_qty\":\"0\",\"use_config_min_qty\":\"1\",\"is_qty_decimal\":\"0\",\"allow_backorders\":\"0\",\"use_config_backorders\":\"1\",\"min_cart_qty\":\"1\",\"use_config_min_sale_qty\":\"1\",\"max_cart_qty\":\"0\",\"use_config_max_sale_qty\":\"1\",\"is_in_stock\":\"1\",\"notify_on_stock_below\":null,\"use_config_notify_stock_qty\":\"1\",\"manage_stock\":\"0\",\"use_config_manage_stock\":\"1\",\"use_config_qty_increments\":\"1\",\"qty_increments\":\"0\",\"use_config_enable_qty_inc\":\"1\",\"enable_qty_increments\":\"0\",\"is_decimal_divided\":\"0\",\"website_id\":\"1\",\"configurable_variations\":null,\"configurable_variation_prices\":null,\"configurable_variation_labels\":null,\"additional_images\":null,\"image\":\"\\/m\\/h\\/mh03-blue_main.jpg\",\"image_label\":null,\"thumbnail\":\"\\/m\\/h\\/mh03-blue_main.jpg\",\"thumbnail_label\":null,\"_media_image\":null,\"_store\":null,\"_attribute_set\":\"Top\",\"_product_websites\":\"base\",\"status\":\"1\",\"news_from_date\":null,\"news_to_date\":null,\"options_container\":null,\"minimal_price\":null,\"msrp\":null,\"msrp_enabled\":null,\"special_from_date\":null,\"special_to_date\":null,\"min_qty\":\"0\",\"backorders\":\"0\",\"min_sale_qty\":\"1\",\"max_sale_qty\":\"0\",\"notify_stock_qty\":null,\"meta_keyword\":null,\"has_options\":\"0\",\"required_options\":\"0\",\"size\":\"XL\",\"color\":\"Blue\"},{\"sku\":\"MH03-XL-Green\",\"store_view_code\":null,\"attribute_set_code\":\"Top\",\"product_type\":\"simple\",\"categories\":\"Default Category\\/Men\\/Tops\\/Hoodies & Sweatshirts,Default Category\\/Collections\\/Eco Friendly,Default Category\",\"product_websites\":\"base\",\"name\":\"Bruno Compete Hoodie-XL-Green\",\"description\":\"<p>Stay comfortable and stay in the race no matter what the weather\'s up to. The Bruno Compete Hoodie\'s water-repellent exterior shields you from the elements, while advanced fabric technology inside wicks moisture to keep you dry.<\\/p>\\n<p>&bull; Full zip black hoodie pullover. <br \\/>&bull; Adjustable drawstring hood. <br \\/>&bull; Ribbed cuffs\\/waistband. <br \\/>&bull; Kangaroo pocket. <br \\/>&bull; Machine wash\\/dry.<\\/p>\",\"short_description\":null,\"weight\":\"1\",\"product_online\":\"1\",\"tax_class_name\":\"Taxable Goods\",\"visibility\":\"Not Visible Individually\",\"price\":\"63\",\"special_price\":null,\"special_price_from_date\":null,\"special_price_to_date\":null,\"url_key\":\"bruno-compete-hoodie-xl-green\",\"meta_title\":null,\"meta_keywords\":null,\"meta_description\":null,\"base_image\":\"\\/m\\/h\\/mh03-green_main.jpg\",\"base_image_label\":null,\"small_image\":\"\\/m\\/h\\/mh03-green_main.jpg\",\"small_image_label\":null,\"thumbnail_image\":\"\\/m\\/h\\/mh03-green_main.jpg\",\"thumbnail_image_label\":null,\"created_at\":null,\"updated_at\":null,\"new_from_date\":null,\"new_to_date\":null,\"display_product_options_in\":null,\"map_price\":null,\"msrp_price\":null,\"map_enabled\":null,\"gift_message_available\":null,\"custom_design\":null,\"custom_design_from\":null,\"custom_design_to\":null,\"custom_layout_update\":null,\"page_layout\":null,\"product_options_container\":null,\"msrp_display_actual_price_type\":null,\"country_of_manufacture\":null,\"additional_attributes\":\"has_options=0,required_options=0,size=XL,color=Green\",\"qty\":\"100\",\"out_of_stock_qty\":\"0\",\"use_config_min_qty\":\"1\",\"is_qty_decimal\":\"0\",\"allow_backorders\":\"0\",\"use_config_backorders\":\"1\",\"min_cart_qty\":\"1\",\"use_config_min_sale_qty\":\"1\",\"max_cart_qty\":\"0\",\"use_config_max_sale_qty\":\"1\",\"is_in_stock\":\"1\",\"notify_on_stock_below\":null,\"use_config_notify_stock_qty\":\"1\",\"manage_stock\":\"0\",\"use_config_manage_stock\":\"1\",\"use_config_qty_increments\":\"1\",\"qty_increments\":\"0\",\"use_config_enable_qty_inc\":\"1\",\"enable_qty_increments\":\"0\",\"is_decimal_divided\":\"0\",\"website_id\":\"1\",\"configurable_variations\":null,\"configurable_variation_prices\":null,\"configurable_variation_labels\":null,\"additional_images\":null,\"image\":\"\\/m\\/h\\/mh03-green_main.jpg\",\"image_label\":null,\"thumbnail\":\"\\/m\\/h\\/mh03-green_main.jpg\",\"thumbnail_label\":null,\"_media_image\":null,\"_store\":null,\"_attribute_set\":\"Top\",\"_product_websites\":\"base\",\"status\":\"1\",\"news_from_date\":null,\"news_to_date\":null,\"options_container\":null,\"minimal_price\":null,\"msrp\":null,\"msrp_enabled\":null,\"special_from_date\":null,\"special_to_date\":null,\"min_qty\":\"0\",\"backorders\":\"0\",\"min_sale_qty\":\"1\",\"max_sale_qty\":\"0\",\"notify_stock_qty\":null,\"meta_keyword\":null,\"has_options\":\"0\",\"required_options\":\"0\",\"size\":\"XL\",\"color\":\"Green\"},{\"sku\":\"MH03\",\"store_view_code\":null,\"attribute_set_code\":\"Top\",\"product_type\":\"configurable\",\"categories\":\"Default Category\\/Men\\/Tops\\/Hoodies & Sweatshirts,Default Category\\/Collections\\/Eco Friendly,Default Category\",\"product_websites\":\"base\",\"name\":\"Bruno Compete Hoodie\",\"description\":\"<p>Stay comfortable and stay in the race no matter what the weather\'s up to. The Bruno Compete Hoodie\'s water-repellent exterior shields you from the elements, while advanced fabric technology inside wicks moisture to keep you dry.<\\/p>\\n<p>&bull; Full zip black hoodie pullover. <br \\/>&bull; Adjustable drawstring hood. <br \\/>&bull; Ribbed cuffs\\/waistband. <br \\/>&bull; Kangaroo pocket. <br \\/>&bull; Machine wash\\/dry.<\\/p>\",\"short_description\":null,\"weight\":null,\"product_online\":\"1\",\"tax_class_name\":\"Taxable Goods\",\"visibility\":\"Catalog, Search\",\"price\":\"63\",\"special_price\":null,\"special_price_from_date\":null,\"special_price_to_date\":null,\"url_key\":null,\"meta_title\":null,\"meta_keywords\":null,\"meta_description\":null,\"base_image\":\"\\/m\\/h\\/mh03-black_main.jpg\",\"base_image_label\":null,\"small_image\":\"\\/m\\/h\\/mh03-black_main.jpg\",\"small_image_label\":null,\"thumbnail_image\":\"\\/m\\/h\\/mh03-black_main.jpg\",\"thumbnail_image_label\":null,\"created_at\":null,\"updated_at\":null,\"new_from_date\":null,\"new_to_date\":null,\"display_product_options_in\":null,\"map_price\":null,\"msrp_price\":null,\"map_enabled\":null,\"gift_message_available\":null,\"custom_design\":null,\"custom_design_from\":null,\"custom_design_to\":null,\"custom_layout_update\":null,\"page_layout\":null,\"product_options_container\":null,\"msrp_display_actual_price_type\":null,\"country_of_manufacture\":null,\"additional_attributes\":\"has_options=1,required_options=1,material=Organic Cotton,pattern=Solid,climate=All-weather|Cool|Indoor|Spring|Windy,eco_collection=Yes,performance_fabric=No,erin_recommends=Yes,new=Yes,sale=No\",\"qty\":\"0\",\"out_of_stock_qty\":\"0\",\"use_config_min_qty\":\"1\",\"is_qty_decimal\":\"0\",\"allow_backorders\":\"0\",\"use_config_backorders\":\"1\",\"min_cart_qty\":\"1\",\"use_config_min_sale_qty\":\"1\",\"max_cart_qty\":\"0\",\"use_config_max_sale_qty\":\"1\",\"is_in_stock\":\"1\",\"notify_on_stock_below\":null,\"use_config_notify_stock_qty\":\"1\",\"manage_stock\":\"0\",\"use_config_manage_stock\":\"1\",\"use_config_qty_increments\":\"1\",\"qty_increments\":\"0\",\"use_config_enable_qty_inc\":\"1\",\"enable_qty_increments\":\"0\",\"is_decimal_divided\":\"0\",\"website_id\":\"1\",\"configurable_variations\":\"sku=MH03-XS-Black,size=XS,color=Black|sku=MH03-XS-Blue,size=XS,color=Blue|sku=MH03-XS-Green,size=XS,color=Green|sku=MH03-S-Black,size=S,color=Black|sku=MH03-S-Blue,size=S,color=Blue|sku=MH03-S-Green,size=S,color=Green|sku=MH03-M-Black,size=M,color=Black|sku=MH03-M-Blue,size=M,color=Blue|sku=MH03-M-Green,size=M,color=Green|sku=MH03-L-Black,size=L,color=Black|sku=MH03-L-Blue,size=L,color=Blue|sku=MH03-L-Green,size=L,color=Green|sku=MH03-XL-Black,size=XL,color=Black|sku=MH03-XL-Blue,size=XL,color=Blue|sku=MH03-XL-Green,size=XL,color=Green\",\"configurable_variation_prices\":null,\"configurable_variation_labels\":null,\"additional_images\":\"\\/m\\/h\\/mh03-black_alt1.jpg,\\/m\\/h\\/mh03-black_back.jpg\",\"image\":\"\\/m\\/h\\/mh03-black_main.jpg\",\"image_label\":null,\"thumbnail\":\"\\/m\\/h\\/mh03-black_main.jpg\",\"thumbnail_label\":null,\"_media_image\":\"\\/m\\/h\\/mh03-black_alt1.jpg,\\/m\\/h\\/mh03-black_back.jpg\",\"_store\":null,\"_attribute_set\":\"Top\",\"_product_websites\":\"base\",\"status\":\"1\",\"news_from_date\":null,\"news_to_date\":null,\"options_container\":null,\"minimal_price\":null,\"msrp\":null,\"msrp_enabled\":null,\"special_from_date\":null,\"special_to_date\":null,\"min_qty\":\"0\",\"backorders\":\"0\",\"min_sale_qty\":\"1\",\"max_sale_qty\":\"0\",\"notify_stock_qty\":null,\"meta_keyword\":null,\"has_options\":\"1\",\"required_options\":\"1\",\"material\":\"Organic Cotton\",\"pattern\":\"Solid\",\"climate\":\"All-weather|Cool|Indoor|Spring|Windy\",\"eco_collection\":\"Yes\",\"performance_fabric\":\"No\",\"erin_recommends\":\"Yes\",\"new\":\"Yes\",\"sale\":\"No\"},{\"sku\":\"MH04-XS-Green\",\"store_view_code\":null,\"attribute_set_code\":\"Top\",\"product_type\":\"simple\",\"categories\":\"Default Category\\/Men\\/Tops\\/Hoodies & Sweatshirts,Default Category\\/Collections\\/Eco Friendly,Default Category\",\"product_websites\":\"base\",\"name\":\"Frankie  Sweatshirt-XS-Green\",\"description\":\"<p>The Frankie Sweatshirt is your best friend at long afternoon stadium stints or winter trailside campsites. The soft fleece fabric keeps you toasty as moisture-wicking technology kicks in when the sun comes out.<\\/p>\\n<p>&bull; Light green crewneck sweatshirt.<br \\/>&bull; Hand pockets.<br \\/>&bull; Relaxed fit.<br \\/>&bull; Machine wash\\/dry.<\\/p>\",\"short_description\":null,\"weight\":\"1\",\"product_online\":\"1\",\"tax_class_name\":\"Taxable Goods\",\"visibility\":\"Not Visible Individually\",\"price\":\"60\",\"special_price\":null,\"special_price_from_date\":null,\"special_price_to_date\":null,\"url_key\":\"frankie-sweatshirt-xs-green\",\"meta_title\":null,\"meta_keywords\":null,\"meta_description\":null,\"base_image\":\"\\/m\\/h\\/mh04-green_main.jpg\",\"base_image_label\":null,\"small_image\":\"\\/m\\/h\\/mh04-green_main.jpg\",\"small_image_label\":null,\"thumbnail_image\":\"\\/m\\/h\\/mh04-green_main.jpg\",\"thumbnail_image_label\":null,\"created_at\":null,\"updated_at\":null,\"new_from_date\":null,\"new_to_date\":null,\"display_product_options_in\":null,\"map_price\":null,\"msrp_price\":null,\"map_enabled\":null,\"gift_message_available\":null,\"custom_design\":null,\"custom_design_from\":null,\"custom_design_to\":null,\"custom_layout_update\":null,\"page_layout\":null,\"product_options_container\":null,\"msrp_display_actual_price_type\":null,\"country_of_manufacture\":null,\"additional_attributes\":\"has_options=0,required_options=0,size=XS,color=Green\",\"qty\":\"100\",\"out_of_stock_qty\":\"0\",\"use_config_min_qty\":\"1\",\"is_qty_decimal\":\"0\",\"allow_backorders\":\"0\",\"use_config_backorders\":\"1\",\"min_cart_qty\":\"1\",\"use_config_min_sale_qty\":\"1\",\"max_cart_qty\":\"0\",\"use_config_max_sale_qty\":\"1\",\"is_in_stock\":\"1\",\"notify_on_stock_below\":null,\"use_config_notify_stock_qty\":\"1\",\"manage_stock\":\"0\",\"use_config_manage_stock\":\"1\",\"use_config_qty_increments\":\"1\",\"qty_increments\":\"0\",\"use_config_enable_qty_inc\":\"1\",\"enable_qty_increments\":\"0\",\"is_decimal_divided\":\"0\",\"website_id\":\"1\",\"configurable_variations\":null,\"configurable_variation_prices\":null,\"configurable_variation_labels\":null,\"additional_images\":\"\\/m\\/h\\/mh04-green_alt1.jpg,\\/m\\/h\\/mh04-green_back.jpg\",\"image\":\"\\/m\\/h\\/mh04-green_main.jpg\",\"image_label\":null,\"thumbnail\":\"\\/m\\/h\\/mh04-green_main.jpg\",\"thumbnail_label\":null,\"_media_image\":\"\\/m\\/h\\/mh04-green_alt1.jpg,\\/m\\/h\\/mh04-green_back.jpg\",\"_store\":null,\"_attribute_set\":\"Top\",\"_product_websites\":\"base\",\"status\":\"1\",\"news_from_date\":null,\"news_to_date\":null,\"options_container\":null,\"minimal_price\":null,\"msrp\":null,\"msrp_enabled\":null,\"special_from_date\":null,\"special_to_date\":null,\"min_qty\":\"0\",\"backorders\":\"0\",\"min_sale_qty\":\"1\",\"max_sale_qty\":\"0\",\"notify_stock_qty\":null,\"meta_keyword\":null,\"has_options\":\"0\",\"required_options\":\"0\",\"size\":\"XS\",\"color\":\"Green\"},{\"sku\":\"MH04-XS-White\",\"store_view_code\":null,\"attribute_set_code\":\"Top\",\"product_type\":\"simple\",\"categories\":\"Default Category\\/Men\\/Tops\\/Hoodies & Sweatshirts,Default Category\\/Collections\\/Eco Friendly,Default Category\",\"product_websites\":\"base\",\"name\":\"Frankie  Sweatshirt-XS-White\",\"description\":\"<p>The Frankie Sweatshirt is your best friend at long afternoon stadium stints or winter trailside campsites. The soft fleece fabric keeps you toasty as moisture-wicking technology kicks in when the sun comes out.<\\/p>\\n<p>&bull; Light green crewneck sweatshirt.<br \\/>&bull; Hand pockets.<br \\/>&bull; Relaxed fit.<br \\/>&bull; Machine wash\\/dry.<\\/p>\",\"short_description\":null,\"weight\":\"1\",\"product_online\":\"1\",\"tax_class_name\":\"Taxable Goods\",\"visibility\":\"Not Visible Individually\",\"price\":\"60\",\"special_price\":null,\"special_price_from_date\":null,\"special_price_to_date\":null,\"url_key\":\"frankie-sweatshirt-xs-white\",\"meta_title\":null,\"meta_keywords\":null,\"meta_description\":null,\"base_image\":\"\\/m\\/h\\/mh04-white_main.jpg\",\"base_image_label\":null,\"small_image\":\"\\/m\\/h\\/mh04-white_main.jpg\",\"small_image_label\":null,\"thumbnail_image\":\"\\/m\\/h\\/mh04-white_main.jpg\",\"thumbnail_image_label\":null,\"created_at\":null,\"updated_at\":null,\"new_from_date\":null,\"new_to_date\":null,\"display_product_options_in\":null,\"map_price\":null,\"msrp_price\":null,\"map_enabled\":null,\"gift_message_available\":null,\"custom_design\":null,\"custom_design_from\":null,\"custom_design_to\":null,\"custom_layout_update\":null,\"page_layout\":null,\"product_options_container\":null,\"msrp_display_actual_price_type\":null,\"country_of_manufacture\":null,\"additional_attributes\":\"has_options=0,required_options=0,size=XS,color=White\",\"qty\":\"100\",\"out_of_stock_qty\":\"0\",\"use_config_min_qty\":\"1\",\"is_qty_decimal\":\"0\",\"allow_backorders\":\"0\",\"use_config_backorders\":\"1\",\"min_cart_qty\":\"1\",\"use_config_min_sale_qty\":\"1\",\"max_cart_qty\":\"0\",\"use_config_max_sale_qty\":\"1\",\"is_in_stock\":\"1\",\"notify_on_stock_below\":null,\"use_config_notify_stock_qty\":\"1\",\"manage_stock\":\"0\",\"use_config_manage_stock\":\"1\",\"use_config_qty_increments\":\"1\",\"qty_increments\":\"0\",\"use_config_enable_qty_inc\":\"1\",\"enable_qty_increments\":\"0\",\"is_decimal_divided\":\"0\",\"website_id\":\"1\",\"configurable_variations\":null,\"configurable_variation_prices\":null,\"configurable_variation_labels\":null,\"additional_images\":null,\"image\":\"\\/m\\/h\\/mh04-white_main.jpg\",\"image_label\":null,\"thumbnail\":\"\\/m\\/h\\/mh04-white_main.jpg\",\"thumbnail_label\":null,\"_media_image\":null,\"_store\":null,\"_attribute_set\":\"Top\",\"_product_websites\":\"base\",\"status\":\"1\",\"news_from_date\":null,\"news_to_date\":null,\"options_container\":null,\"minimal_price\":null,\"msrp\":null,\"msrp_enabled\":null,\"special_from_date\":null,\"special_to_date\":null,\"min_qty\":\"0\",\"backorders\":\"0\",\"min_sale_qty\":\"1\",\"max_sale_qty\":\"0\",\"notify_stock_qty\":null,\"meta_keyword\":null,\"has_options\":\"0\",\"required_options\":\"0\",\"size\":\"XS\",\"color\":\"White\"},{\"sku\":\"MH04-XS-Yellow\",\"store_view_code\":null,\"attribute_set_code\":\"Top\",\"product_type\":\"simple\",\"categories\":\"Default Category\\/Men\\/Tops\\/Hoodies & Sweatshirts,Default Category\\/Collections\\/Eco Friendly,Default Category\",\"product_websites\":\"base\",\"name\":\"Frankie  Sweatshirt-XS-Yellow\",\"description\":\"<p>The Frankie Sweatshirt is your best friend at long afternoon stadium stints or winter trailside campsites. The soft fleece fabric keeps you toasty as moisture-wicking technology kicks in when the sun comes out.<\\/p>\\n<p>&bull; Light green crewneck sweatshirt.<br \\/>&bull; Hand pockets.<br \\/>&bull; Relaxed fit.<br \\/>&bull; Machine wash\\/dry.<\\/p>\",\"short_description\":null,\"weight\":\"1\",\"product_online\":\"1\",\"tax_class_name\":\"Taxable Goods\",\"visibility\":\"Not Visible Individually\",\"price\":\"60\",\"special_price\":null,\"special_price_from_date\":null,\"special_price_to_date\":null,\"url_key\":\"frankie-sweatshirt-xs-yellow\",\"meta_title\":null,\"meta_keywords\":null,\"meta_description\":null,\"base_image\":\"\\/m\\/h\\/mh04-yellow_main.jpg\",\"base_image_label\":null,\"small_image\":\"\\/m\\/h\\/mh04-yellow_main.jpg\",\"small_image_label\":null,\"thumbnail_image\":\"\\/m\\/h\\/mh04-yellow_main.jpg\",\"thumbnail_image_label\":null,\"created_at\":null,\"updated_at\":null,\"new_from_date\":null,\"new_to_date\":null,\"display_product_options_in\":null,\"map_price\":null,\"msrp_price\":null,\"map_enabled\":null,\"gift_message_available\":null,\"custom_design\":null,\"custom_design_from\":null,\"custom_design_to\":null,\"custom_layout_update\":null,\"page_layout\":null,\"product_options_container\":null,\"msrp_display_actual_price_type\":null,\"country_of_manufacture\":null,\"additional_attributes\":\"has_options=0,required_options=0,size=XS,color=Yellow\",\"qty\":\"100\",\"out_of_stock_qty\":\"0\",\"use_config_min_qty\":\"1\",\"is_qty_decimal\":\"0\",\"allow_backorders\":\"0\",\"use_config_backorders\":\"1\",\"min_cart_qty\":\"1\",\"use_config_min_sale_qty\":\"1\",\"max_cart_qty\":\"0\",\"use_config_max_sale_qty\":\"1\",\"is_in_stock\":\"1\",\"notify_on_stock_below\":null,\"use_config_notify_stock_qty\":\"1\",\"manage_stock\":\"0\",\"use_config_manage_stock\":\"1\",\"use_config_qty_increments\":\"1\",\"qty_increments\":\"0\",\"use_config_enable_qty_inc\":\"1\",\"enable_qty_increments\":\"0\",\"is_decimal_divided\":\"0\",\"website_id\":\"1\",\"configurable_variations\":null,\"configurable_variation_prices\":null,\"configurable_variation_labels\":null,\"additional_images\":null,\"image\":\"\\/m\\/h\\/mh04-yellow_main.jpg\",\"image_label\":null,\"thumbnail\":\"\\/m\\/h\\/mh04-yellow_main.jpg\",\"thumbnail_label\":null,\"_media_image\":null,\"_store\":null,\"_attribute_set\":\"Top\",\"_product_websites\":\"base\",\"status\":\"1\",\"news_from_date\":null,\"news_to_date\":null,\"options_container\":null,\"minimal_price\":null,\"msrp\":null,\"msrp_enabled\":null,\"special_from_date\":null,\"special_to_date\":null,\"min_qty\":\"0\",\"backorders\":\"0\",\"min_sale_qty\":\"1\",\"max_sale_qty\":\"0\",\"notify_stock_qty\":null,\"meta_keyword\":null,\"has_options\":\"0\",\"required_options\":\"0\",\"size\":\"XS\",\"color\":\"Yellow\"},{\"sku\":\"MH04-S-Green\",\"store_view_code\":null,\"attribute_set_code\":\"Top\",\"product_type\":\"simple\",\"categories\":\"Default Category\\/Men\\/Tops\\/Hoodies & Sweatshirts,Default Category\\/Collections\\/Eco Friendly,Default Category\",\"product_websites\":\"base\",\"name\":\"Frankie  Sweatshirt-S-Green\",\"description\":\"<p>The Frankie Sweatshirt is your best friend at long afternoon stadium stints or winter trailside campsites. The soft fleece fabric keeps you toasty as moisture-wicking technology kicks in when the sun comes out.<\\/p>\\n<p>&bull; Light green crewneck sweatshirt.<br \\/>&bull; Hand pockets.<br \\/>&bull; Relaxed fit.<br \\/>&bull; Machine wash\\/dry.<\\/p>\",\"short_description\":null,\"weight\":\"1\",\"product_online\":\"1\",\"tax_class_name\":\"Taxable Goods\",\"visibility\":\"Not Visible Individually\",\"price\":\"60\",\"special_price\":null,\"special_price_from_date\":null,\"special_price_to_date\":null,\"url_key\":\"frankie-sweatshirt-s-green\",\"meta_title\":null,\"meta_keywords\":null,\"meta_description\":null,\"base_image\":\"\\/m\\/h\\/mh04-green_main.jpg\",\"base_image_label\":null,\"small_image\":\"\\/m\\/h\\/mh04-green_main.jpg\",\"small_image_label\":null,\"thumbnail_image\":\"\\/m\\/h\\/mh04-green_main.jpg\",\"thumbnail_image_label\":null,\"created_at\":null,\"updated_at\":null,\"new_from_date\":null,\"new_to_date\":null,\"display_product_options_in\":null,\"map_price\":null,\"msrp_price\":null,\"map_enabled\":null,\"gift_message_available\":null,\"custom_design\":null,\"custom_design_from\":null,\"custom_design_to\":null,\"custom_layout_update\":null,\"page_layout\":null,\"product_options_container\":null,\"msrp_display_actual_price_type\":null,\"country_of_manufacture\":null,\"additional_attributes\":\"has_options=0,required_options=0,size=S,color=Green\",\"qty\":\"100\",\"out_of_stock_qty\":\"0\",\"use_config_min_qty\":\"1\",\"is_qty_decimal\":\"0\",\"allow_backorders\":\"0\",\"use_config_backorders\":\"1\",\"min_cart_qty\":\"1\",\"use_config_min_sale_qty\":\"1\",\"max_cart_qty\":\"0\",\"use_config_max_sale_qty\":\"1\",\"is_in_stock\":\"1\",\"notify_on_stock_below\":null,\"use_config_notify_stock_qty\":\"1\",\"manage_stock\":\"0\",\"use_config_manage_stock\":\"1\",\"use_config_qty_increments\":\"1\",\"qty_increments\":\"0\",\"use_config_enable_qty_inc\":\"1\",\"enable_qty_increments\":\"0\",\"is_decimal_divided\":\"0\",\"website_id\":\"1\",\"configurable_variations\":null,\"configurable_variation_prices\":null,\"configurable_variation_labels\":null,\"additional_images\":\"\\/m\\/h\\/mh04-green_alt1.jpg,\\/m\\/h\\/mh04-green_back.jpg\",\"image\":\"\\/m\\/h\\/mh04-green_main.jpg\",\"image_label\":null,\"thumbnail\":\"\\/m\\/h\\/mh04-green_main.jpg\",\"thumbnail_label\":null,\"_media_image\":\"\\/m\\/h\\/mh04-green_alt1.jpg,\\/m\\/h\\/mh04-green_back.jpg\",\"_store\":null,\"_attribute_set\":\"Top\",\"_product_websites\":\"base\",\"status\":\"1\",\"news_from_date\":null,\"news_to_date\":null,\"options_container\":null,\"minimal_price\":null,\"msrp\":null,\"msrp_enabled\":null,\"special_from_date\":null,\"special_to_date\":null,\"min_qty\":\"0\",\"backorders\":\"0\",\"min_sale_qty\":\"1\",\"max_sale_qty\":\"0\",\"notify_stock_qty\":null,\"meta_keyword\":null,\"has_options\":\"0\",\"required_options\":\"0\",\"size\":\"S\",\"color\":\"Green\"},{\"sku\":\"MH04-S-White\",\"store_view_code\":null,\"attribute_set_code\":\"Top\",\"product_type\":\"simple\",\"categories\":\"Default Category\\/Men\\/Tops\\/Hoodies & Sweatshirts,Default Category\\/Collections\\/Eco Friendly,Default Category\",\"product_websites\":\"base\",\"name\":\"Frankie  Sweatshirt-S-White\",\"description\":\"<p>The Frankie Sweatshirt is your best friend at long afternoon stadium stints or winter trailside campsites. The soft fleece fabric keeps you toasty as moisture-wicking technology kicks in when the sun comes out.<\\/p>\\n<p>&bull; Light green crewneck sweatshirt.<br \\/>&bull; Hand pockets.<br \\/>&bull; Relaxed fit.<br \\/>&bull; Machine wash\\/dry.<\\/p>\",\"short_description\":null,\"weight\":\"1\",\"product_online\":\"1\",\"tax_class_name\":\"Taxable Goods\",\"visibility\":\"Not Visible Individually\",\"price\":\"60\",\"special_price\":null,\"special_price_from_date\":null,\"special_price_to_date\":null,\"url_key\":\"frankie-sweatshirt-s-white\",\"meta_title\":null,\"meta_keywords\":null,\"meta_description\":null,\"base_image\":\"\\/m\\/h\\/mh04-white_main.jpg\",\"base_image_label\":null,\"small_image\":\"\\/m\\/h\\/mh04-white_main.jpg\",\"small_image_label\":null,\"thumbnail_image\":\"\\/m\\/h\\/mh04-white_main.jpg\",\"thumbnail_image_label\":null,\"created_at\":null,\"updated_at\":null,\"new_from_date\":null,\"new_to_date\":null,\"display_product_options_in\":null,\"map_price\":null,\"msrp_price\":null,\"map_enabled\":null,\"gift_message_available\":null,\"custom_design\":null,\"custom_design_from\":null,\"custom_design_to\":null,\"custom_layout_update\":null,\"page_layout\":null,\"product_options_container\":null,\"msrp_display_actual_price_type\":null,\"country_of_manufacture\":null,\"additional_attributes\":\"has_options=0,required_options=0,size=S,color=White\",\"qty\":\"100\",\"out_of_stock_qty\":\"0\",\"use_config_min_qty\":\"1\",\"is_qty_decimal\":\"0\",\"allow_backorders\":\"0\",\"use_config_backorders\":\"1\",\"min_cart_qty\":\"1\",\"use_config_min_sale_qty\":\"1\",\"max_cart_qty\":\"0\",\"use_config_max_sale_qty\":\"1\",\"is_in_stock\":\"1\",\"notify_on_stock_below\":null,\"use_config_notify_stock_qty\":\"1\",\"manage_stock\":\"0\",\"use_config_manage_stock\":\"1\",\"use_config_qty_increments\":\"1\",\"qty_increments\":\"0\",\"use_config_enable_qty_inc\":\"1\",\"enable_qty_increments\":\"0\",\"is_decimal_divided\":\"0\",\"website_id\":\"1\",\"configurable_variations\":null,\"configurable_variation_prices\":null,\"configurable_variation_labels\":null,\"additional_images\":null,\"image\":\"\\/m\\/h\\/mh04-white_main.jpg\",\"image_label\":null,\"thumbnail\":\"\\/m\\/h\\/mh04-white_main.jpg\",\"thumbnail_label\":null,\"_media_image\":null,\"_store\":null,\"_attribute_set\":\"Top\",\"_product_websites\":\"base\",\"status\":\"1\",\"news_from_date\":null,\"news_to_date\":null,\"options_container\":null,\"minimal_price\":null,\"msrp\":null,\"msrp_enabled\":null,\"special_from_date\":null,\"special_to_date\":null,\"min_qty\":\"0\",\"backorders\":\"0\",\"min_sale_qty\":\"1\",\"max_sale_qty\":\"0\",\"notify_stock_qty\":null,\"meta_keyword\":null,\"has_options\":\"0\",\"required_options\":\"0\",\"size\":\"S\",\"color\":\"White\"},{\"sku\":\"MH04-S-Yellow\",\"store_view_code\":null,\"attribute_set_code\":\"Top\",\"product_type\":\"simple\",\"categories\":\"Default Category\\/Men\\/Tops\\/Hoodies & Sweatshirts,Default Category\\/Collections\\/Eco Friendly,Default Category\",\"product_websites\":\"base\",\"name\":\"Frankie  Sweatshirt-S-Yellow\",\"description\":\"<p>The Frankie Sweatshirt is your best friend at long afternoon stadium stints or winter trailside campsites. The soft fleece fabric keeps you toasty as moisture-wicking technology kicks in when the sun comes out.<\\/p>\\n<p>&bull; Light green crewneck sweatshirt.<br \\/>&bull; Hand pockets.<br \\/>&bull; Relaxed fit.<br \\/>&bull; Machine wash\\/dry.<\\/p>\",\"short_description\":null,\"weight\":\"1\",\"product_online\":\"1\",\"tax_class_name\":\"Taxable Goods\",\"visibility\":\"Not Visible Individually\",\"price\":\"60\",\"special_price\":null,\"special_price_from_date\":null,\"special_price_to_date\":null,\"url_key\":\"frankie-sweatshirt-s-yellow\",\"meta_title\":null,\"meta_keywords\":null,\"meta_description\":null,\"base_image\":\"\\/m\\/h\\/mh04-yellow_main.jpg\",\"base_image_label\":null,\"small_image\":\"\\/m\\/h\\/mh04-yellow_main.jpg\",\"small_image_label\":null,\"thumbnail_image\":\"\\/m\\/h\\/mh04-yellow_main.jpg\",\"thumbnail_image_label\":null,\"created_at\":null,\"updated_at\":null,\"new_from_date\":null,\"new_to_date\":null,\"display_product_options_in\":null,\"map_price\":null,\"msrp_price\":null,\"map_enabled\":null,\"gift_message_available\":null,\"custom_design\":null,\"custom_design_from\":null,\"custom_design_to\":null,\"custom_layout_update\":null,\"page_layout\":null,\"product_options_container\":null,\"msrp_display_actual_price_type\":null,\"country_of_manufacture\":null,\"additional_attributes\":\"has_options=0,required_options=0,size=S,color=Yellow\",\"qty\":\"100\",\"out_of_stock_qty\":\"0\",\"use_config_min_qty\":\"1\",\"is_qty_decimal\":\"0\",\"allow_backorders\":\"0\",\"use_config_backorders\":\"1\",\"min_cart_qty\":\"1\",\"use_config_min_sale_qty\":\"1\",\"max_cart_qty\":\"0\",\"use_config_max_sale_qty\":\"1\",\"is_in_stock\":\"1\",\"notify_on_stock_below\":null,\"use_config_notify_stock_qty\":\"1\",\"manage_stock\":\"0\",\"use_config_manage_stock\":\"1\",\"use_config_qty_increments\":\"1\",\"qty_increments\":\"0\",\"use_config_enable_qty_inc\":\"1\",\"enable_qty_increments\":\"0\",\"is_decimal_divided\":\"0\",\"website_id\":\"1\",\"configurable_variations\":null,\"configurable_variation_prices\":null,\"configurable_variation_labels\":null,\"additional_images\":null,\"image\":\"\\/m\\/h\\/mh04-yellow_main.jpg\",\"image_label\":null,\"thumbnail\":\"\\/m\\/h\\/mh04-yellow_main.jpg\",\"thumbnail_label\":null,\"_media_image\":null,\"_store\":null,\"_attribute_set\":\"Top\",\"_product_websites\":\"base\",\"status\":\"1\",\"news_from_date\":null,\"news_to_date\":null,\"options_container\":null,\"minimal_price\":null,\"msrp\":null,\"msrp_enabled\":null,\"special_from_date\":null,\"special_to_date\":null,\"min_qty\":\"0\",\"backorders\":\"0\",\"min_sale_qty\":\"1\",\"max_sale_qty\":\"0\",\"notify_stock_qty\":null,\"meta_keyword\":null,\"has_options\":\"0\",\"required_options\":\"0\",\"size\":\"S\",\"color\":\"Yellow\"},{\"sku\":\"MH04-M-Green\",\"store_view_code\":null,\"attribute_set_code\":\"Top\",\"product_type\":\"simple\",\"categories\":\"Default Category\\/Men\\/Tops\\/Hoodies & Sweatshirts,Default Category\\/Collections\\/Eco Friendly,Default Category\",\"product_websites\":\"base\",\"name\":\"Frankie  Sweatshirt-M-Green\",\"description\":\"<p>The Frankie Sweatshirt is your best friend at long afternoon stadium stints or winter trailside campsites. The soft fleece fabric keeps you toasty as moisture-wicking technology kicks in when the sun comes out.<\\/p>\\n<p>&bull; Light green crewneck sweatshirt.<br \\/>&bull; Hand pockets.<br \\/>&bull; Relaxed fit.<br \\/>&bull; Machine wash\\/dry.<\\/p>\",\"short_description\":null,\"weight\":\"1\",\"product_online\":\"1\",\"tax_class_name\":\"Taxable Goods\",\"visibility\":\"Not Visible Individually\",\"price\":\"60\",\"special_price\":null,\"special_price_from_date\":null,\"special_price_to_date\":null,\"url_key\":\"frankie-sweatshirt-m-green\",\"meta_title\":null,\"meta_keywords\":null,\"meta_description\":null,\"base_image\":\"\\/m\\/h\\/mh04-green_main.jpg\",\"base_image_label\":null,\"small_image\":\"\\/m\\/h\\/mh04-green_main.jpg\",\"small_image_label\":null,\"thumbnail_image\":\"\\/m\\/h\\/mh04-green_main.jpg\",\"thumbnail_image_label\":null,\"created_at\":null,\"updated_at\":null,\"new_from_date\":null,\"new_to_date\":null,\"display_product_options_in\":null,\"map_price\":null,\"msrp_price\":null,\"map_enabled\":null,\"gift_message_available\":null,\"custom_design\":null,\"custom_design_from\":null,\"custom_design_to\":null,\"custom_layout_update\":null,\"page_layout\":null,\"product_options_container\":null,\"msrp_display_actual_price_type\":null,\"country_of_manufacture\":null,\"additional_attributes\":\"has_options=0,required_options=0,size=M,color=Green\",\"qty\":\"100\",\"out_of_stock_qty\":\"0\",\"use_config_min_qty\":\"1\",\"is_qty_decimal\":\"0\",\"allow_backorders\":\"0\",\"use_config_backorders\":\"1\",\"min_cart_qty\":\"1\",\"use_config_min_sale_qty\":\"1\",\"max_cart_qty\":\"0\",\"use_config_max_sale_qty\":\"1\",\"is_in_stock\":\"1\",\"notify_on_stock_below\":null,\"use_config_notify_stock_qty\":\"1\",\"manage_stock\":\"0\",\"use_config_manage_stock\":\"1\",\"use_config_qty_increments\":\"1\",\"qty_increments\":\"0\",\"use_config_enable_qty_inc\":\"1\",\"enable_qty_increments\":\"0\",\"is_decimal_divided\":\"0\",\"website_id\":\"1\",\"configurable_variations\":null,\"configurable_variation_prices\":null,\"configurable_variation_labels\":null,\"additional_images\":\"\\/m\\/h\\/mh04-green_alt1.jpg,\\/m\\/h\\/mh04-green_back.jpg\",\"image\":\"\\/m\\/h\\/mh04-green_main.jpg\",\"image_label\":null,\"thumbnail\":\"\\/m\\/h\\/mh04-green_main.jpg\",\"thumbnail_label\":null,\"_media_image\":\"\\/m\\/h\\/mh04-green_alt1.jpg,\\/m\\/h\\/mh04-green_back.jpg\",\"_store\":null,\"_attribute_set\":\"Top\",\"_product_websites\":\"base\",\"status\":\"1\",\"news_from_date\":null,\"news_to_date\":null,\"options_container\":null,\"minimal_price\":null,\"msrp\":null,\"msrp_enabled\":null,\"special_from_date\":null,\"special_to_date\":null,\"min_qty\":\"0\",\"backorders\":\"0\",\"min_sale_qty\":\"1\",\"max_sale_qty\":\"0\",\"notify_stock_qty\":null,\"meta_keyword\":null,\"has_options\":\"0\",\"required_options\":\"0\",\"size\":\"M\",\"color\":\"Green\"},{\"sku\":\"MH04-M-White\",\"store_view_code\":null,\"attribute_set_code\":\"Top\",\"product_type\":\"simple\",\"categories\":\"Default Category\\/Men\\/Tops\\/Hoodies & Sweatshirts,Default Category\\/Collections\\/Eco Friendly,Default Category\",\"product_websites\":\"base\",\"name\":\"Frankie  Sweatshirt-M-White\",\"description\":\"<p>The Frankie Sweatshirt is your best friend at long afternoon stadium stints or winter trailside campsites. The soft fleece fabric keeps you toasty as moisture-wicking technology kicks in when the sun comes out.<\\/p>\\n<p>&bull; Light green crewneck sweatshirt.<br \\/>&bull; Hand pockets.<br \\/>&bull; Relaxed fit.<br \\/>&bull; Machine wash\\/dry.<\\/p>\",\"short_description\":null,\"weight\":\"1\",\"product_online\":\"1\",\"tax_class_name\":\"Taxable Goods\",\"visibility\":\"Not Visible Individually\",\"price\":\"60\",\"special_price\":null,\"special_price_from_date\":null,\"special_price_to_date\":null,\"url_key\":\"frankie-sweatshirt-m-white\",\"meta_title\":null,\"meta_keywords\":null,\"meta_description\":null,\"base_image\":\"\\/m\\/h\\/mh04-white_main.jpg\",\"base_image_label\":null,\"small_image\":\"\\/m\\/h\\/mh04-white_main.jpg\",\"small_image_label\":null,\"thumbnail_image\":\"\\/m\\/h\\/mh04-white_main.jpg\",\"thumbnail_image_label\":null,\"created_at\":null,\"updated_at\":null,\"new_from_date\":null,\"new_to_date\":null,\"display_product_options_in\":null,\"map_price\":null,\"msrp_price\":null,\"map_enabled\":null,\"gift_message_available\":null,\"custom_design\":null,\"custom_design_from\":null,\"custom_design_to\":null,\"custom_layout_update\":null,\"page_layout\":null,\"product_options_container\":null,\"msrp_display_actual_price_type\":null,\"country_of_manufacture\":null,\"additional_attributes\":\"has_options=0,required_options=0,size=M,color=White\",\"qty\":\"100\",\"out_of_stock_qty\":\"0\",\"use_config_min_qty\":\"1\",\"is_qty_decimal\":\"0\",\"allow_backorders\":\"0\",\"use_config_backorders\":\"1\",\"min_cart_qty\":\"1\",\"use_config_min_sale_qty\":\"1\",\"max_cart_qty\":\"0\",\"use_config_max_sale_qty\":\"1\",\"is_in_stock\":\"1\",\"notify_on_stock_below\":null,\"use_config_notify_stock_qty\":\"1\",\"manage_stock\":\"0\",\"use_config_manage_stock\":\"1\",\"use_config_qty_increments\":\"1\",\"qty_increments\":\"0\",\"use_config_enable_qty_inc\":\"1\",\"enable_qty_increments\":\"0\",\"is_decimal_divided\":\"0\",\"website_id\":\"1\",\"configurable_variations\":null,\"configurable_variation_prices\":null,\"configurable_variation_labels\":null,\"additional_images\":null,\"image\":\"\\/m\\/h\\/mh04-white_main.jpg\",\"image_label\":null,\"thumbnail\":\"\\/m\\/h\\/mh04-white_main.jpg\",\"thumbnail_label\":null,\"_media_image\":null,\"_store\":null,\"_attribute_set\":\"Top\",\"_product_websites\":\"base\",\"status\":\"1\",\"news_from_date\":null,\"news_to_date\":null,\"options_container\":null,\"minimal_price\":null,\"msrp\":null,\"msrp_enabled\":null,\"special_from_date\":null,\"special_to_date\":null,\"min_qty\":\"0\",\"backorders\":\"0\",\"min_sale_qty\":\"1\",\"max_sale_qty\":\"0\",\"notify_stock_qty\":null,\"meta_keyword\":null,\"has_options\":\"0\",\"required_options\":\"0\",\"size\":\"M\",\"color\":\"White\"},{\"sku\":\"MH04-M-Yellow\",\"store_view_code\":null,\"attribute_set_code\":\"Top\",\"product_type\":\"simple\",\"categories\":\"Default Category\\/Men\\/Tops\\/Hoodies & Sweatshirts,Default Category\\/Collections\\/Eco Friendly,Default Category\",\"product_websites\":\"base\",\"name\":\"Frankie  Sweatshirt-M-Yellow\",\"description\":\"<p>The Frankie Sweatshirt is your best friend at long afternoon stadium stints or winter trailside campsites. The soft fleece fabric keeps you toasty as moisture-wicking technology kicks in when the sun comes out.<\\/p>\\n<p>&bull; Light green crewneck sweatshirt.<br \\/>&bull; Hand pockets.<br \\/>&bull; Relaxed fit.<br \\/>&bull; Machine wash\\/dry.<\\/p>\",\"short_description\":null,\"weight\":\"1\",\"product_online\":\"1\",\"tax_class_name\":\"Taxable Goods\",\"visibility\":\"Not Visible Individually\",\"price\":\"60\",\"special_price\":null,\"special_price_from_date\":null,\"special_price_to_date\":null,\"url_key\":\"frankie-sweatshirt-m-yellow\",\"meta_title\":null,\"meta_keywords\":null,\"meta_description\":null,\"base_image\":\"\\/m\\/h\\/mh04-yellow_main.jpg\",\"base_image_label\":null,\"small_image\":\"\\/m\\/h\\/mh04-yellow_main.jpg\",\"small_image_label\":null,\"thumbnail_image\":\"\\/m\\/h\\/mh04-yellow_main.jpg\",\"thumbnail_image_label\":null,\"created_at\":null,\"updated_at\":null,\"new_from_date\":null,\"new_to_date\":null,\"display_product_options_in\":null,\"map_price\":null,\"msrp_price\":null,\"map_enabled\":null,\"gift_message_available\":null,\"custom_design\":null,\"custom_design_from\":null,\"custom_design_to\":null,\"custom_layout_update\":null,\"page_layout\":null,\"product_options_container\":null,\"msrp_display_actual_price_type\":null,\"country_of_manufacture\":null,\"additional_attributes\":\"has_options=0,required_options=0,size=M,color=Yellow\",\"qty\":\"100\",\"out_of_stock_qty\":\"0\",\"use_config_min_qty\":\"1\",\"is_qty_decimal\":\"0\",\"allow_backorders\":\"0\",\"use_config_backorders\":\"1\",\"min_cart_qty\":\"1\",\"use_config_min_sale_qty\":\"1\",\"max_cart_qty\":\"0\",\"use_config_max_sale_qty\":\"1\",\"is_in_stock\":\"1\",\"notify_on_stock_below\":null,\"use_config_notify_stock_qty\":\"1\",\"manage_stock\":\"0\",\"use_config_manage_stock\":\"1\",\"use_config_qty_increments\":\"1\",\"qty_increments\":\"0\",\"use_config_enable_qty_inc\":\"1\",\"enable_qty_increments\":\"0\",\"is_decimal_divided\":\"0\",\"website_id\":\"1\",\"configurable_variations\":null,\"configurable_variation_prices\":null,\"configurable_variation_labels\":null,\"additional_images\":null,\"image\":\"\\/m\\/h\\/mh04-yellow_main.jpg\",\"image_label\":null,\"thumbnail\":\"\\/m\\/h\\/mh04-yellow_main.jpg\",\"thumbnail_label\":null,\"_media_image\":null,\"_store\":null,\"_attribute_set\":\"Top\",\"_product_websites\":\"base\",\"status\":\"1\",\"news_from_date\":null,\"news_to_date\":null,\"options_container\":null,\"minimal_price\":null,\"msrp\":null,\"msrp_enabled\":null,\"special_from_date\":null,\"special_to_date\":null,\"min_qty\":\"0\",\"backorders\":\"0\",\"min_sale_qty\":\"1\",\"max_sale_qty\":\"0\",\"notify_stock_qty\":null,\"meta_keyword\":null,\"has_options\":\"0\",\"required_options\":\"0\",\"size\":\"M\",\"color\":\"Yellow\"},{\"sku\":\"MH04-L-Green\",\"store_view_code\":null,\"attribute_set_code\":\"Top\",\"product_type\":\"simple\",\"categories\":\"Default Category\\/Men\\/Tops\\/Hoodies & Sweatshirts,Default Category\\/Collections\\/Eco Friendly,Default Category\",\"product_websites\":\"base\",\"name\":\"Frankie  Sweatshirt-L-Green\",\"description\":\"<p>The Frankie Sweatshirt is your best friend at long afternoon stadium stints or winter trailside campsites. The soft fleece fabric keeps you toasty as moisture-wicking technology kicks in when the sun comes out.<\\/p>\\n<p>&bull; Light green crewneck sweatshirt.<br \\/>&bull; Hand pockets.<br \\/>&bull; Relaxed fit.<br \\/>&bull; Machine wash\\/dry.<\\/p>\",\"short_description\":null,\"weight\":\"1\",\"product_online\":\"1\",\"tax_class_name\":\"Taxable Goods\",\"visibility\":\"Not Visible Individually\",\"price\":\"60\",\"special_price\":null,\"special_price_from_date\":null,\"special_price_to_date\":null,\"url_key\":\"frankie-sweatshirt-l-green\",\"meta_title\":null,\"meta_keywords\":null,\"meta_description\":null,\"base_image\":\"\\/m\\/h\\/mh04-green_main.jpg\",\"base_image_label\":null,\"small_image\":\"\\/m\\/h\\/mh04-green_main.jpg\",\"small_image_label\":null,\"thumbnail_image\":\"\\/m\\/h\\/mh04-green_main.jpg\",\"thumbnail_image_label\":null,\"created_at\":null,\"updated_at\":null,\"new_from_date\":null,\"new_to_date\":null,\"display_product_options_in\":null,\"map_price\":null,\"msrp_price\":null,\"map_enabled\":null,\"gift_message_available\":null,\"custom_design\":null,\"custom_design_from\":null,\"custom_design_to\":null,\"custom_layout_update\":null,\"page_layout\":null,\"product_options_container\":null,\"msrp_display_actual_price_type\":null,\"country_of_manufacture\":null,\"additional_attributes\":\"has_options=0,required_options=0,size=L,color=Green\",\"qty\":\"100\",\"out_of_stock_qty\":\"0\",\"use_config_min_qty\":\"1\",\"is_qty_decimal\":\"0\",\"allow_backorders\":\"0\",\"use_config_backorders\":\"1\",\"min_cart_qty\":\"1\",\"use_config_min_sale_qty\":\"1\",\"max_cart_qty\":\"0\",\"use_config_max_sale_qty\":\"1\",\"is_in_stock\":\"1\",\"notify_on_stock_below\":null,\"use_config_notify_stock_qty\":\"1\",\"manage_stock\":\"0\",\"use_config_manage_stock\":\"1\",\"use_config_qty_increments\":\"1\",\"qty_increments\":\"0\",\"use_config_enable_qty_inc\":\"1\",\"enable_qty_increments\":\"0\",\"is_decimal_divided\":\"0\",\"website_id\":\"1\",\"configurable_variations\":null,\"configurable_variation_prices\":null,\"configurable_variation_labels\":null,\"additional_images\":\"\\/m\\/h\\/mh04-green_alt1.jpg,\\/m\\/h\\/mh04-green_back.jpg\",\"image\":\"\\/m\\/h\\/mh04-green_main.jpg\",\"image_label\":null,\"thumbnail\":\"\\/m\\/h\\/mh04-green_main.jpg\",\"thumbnail_label\":null,\"_media_image\":\"\\/m\\/h\\/mh04-green_alt1.jpg,\\/m\\/h\\/mh04-green_back.jpg\",\"_store\":null,\"_attribute_set\":\"Top\",\"_product_websites\":\"base\",\"status\":\"1\",\"news_from_date\":null,\"news_to_date\":null,\"options_container\":null,\"minimal_price\":null,\"msrp\":null,\"msrp_enabled\":null,\"special_from_date\":null,\"special_to_date\":null,\"min_qty\":\"0\",\"backorders\":\"0\",\"min_sale_qty\":\"1\",\"max_sale_qty\":\"0\",\"notify_stock_qty\":null,\"meta_keyword\":null,\"has_options\":\"0\",\"required_options\":\"0\",\"size\":\"L\",\"color\":\"Green\"},{\"sku\":\"MH04-L-White\",\"store_view_code\":null,\"attribute_set_code\":\"Top\",\"product_type\":\"simple\",\"categories\":\"Default Category\\/Men\\/Tops\\/Hoodies & Sweatshirts,Default Category\\/Collections\\/Eco Friendly,Default Category\",\"product_websites\":\"base\",\"name\":\"Frankie  Sweatshirt-L-White\",\"description\":\"<p>The Frankie Sweatshirt is your best friend at long afternoon stadium stints or winter trailside campsites. The soft fleece fabric keeps you toasty as moisture-wicking technology kicks in when the sun comes out.<\\/p>\\n<p>&bull; Light green crewneck sweatshirt.<br \\/>&bull; Hand pockets.<br \\/>&bull; Relaxed fit.<br \\/>&bull; Machine wash\\/dry.<\\/p>\",\"short_description\":null,\"weight\":\"1\",\"product_online\":\"1\",\"tax_class_name\":\"Taxable Goods\",\"visibility\":\"Not Visible Individually\",\"price\":\"60\",\"special_price\":null,\"special_price_from_date\":null,\"special_price_to_date\":null,\"url_key\":\"frankie-sweatshirt-l-white\",\"meta_title\":null,\"meta_keywords\":null,\"meta_description\":null,\"base_image\":\"\\/m\\/h\\/mh04-white_main.jpg\",\"base_image_label\":null,\"small_image\":\"\\/m\\/h\\/mh04-white_main.jpg\",\"small_image_label\":null,\"thumbnail_image\":\"\\/m\\/h\\/mh04-white_main.jpg\",\"thumbnail_image_label\":null,\"created_at\":null,\"updated_at\":null,\"new_from_date\":null,\"new_to_date\":null,\"display_product_options_in\":null,\"map_price\":null,\"msrp_price\":null,\"map_enabled\":null,\"gift_message_available\":null,\"custom_design\":null,\"custom_design_from\":null,\"custom_design_to\":null,\"custom_layout_update\":null,\"page_layout\":null,\"product_options_container\":null,\"msrp_display_actual_price_type\":null,\"country_of_manufacture\":null,\"additional_attributes\":\"has_options=0,required_options=0,size=L,color=White\",\"qty\":\"100\",\"out_of_stock_qty\":\"0\",\"use_config_min_qty\":\"1\",\"is_qty_decimal\":\"0\",\"allow_backorders\":\"0\",\"use_config_backorders\":\"1\",\"min_cart_qty\":\"1\",\"use_config_min_sale_qty\":\"1\",\"max_cart_qty\":\"0\",\"use_config_max_sale_qty\":\"1\",\"is_in_stock\":\"1\",\"notify_on_stock_below\":null,\"use_config_notify_stock_qty\":\"1\",\"manage_stock\":\"0\",\"use_config_manage_stock\":\"1\",\"use_config_qty_increments\":\"1\",\"qty_increments\":\"0\",\"use_config_enable_qty_inc\":\"1\",\"enable_qty_increments\":\"0\",\"is_decimal_divided\":\"0\",\"website_id\":\"1\",\"configurable_variations\":null,\"configurable_variation_prices\":null,\"configurable_variation_labels\":null,\"additional_images\":null,\"image\":\"\\/m\\/h\\/mh04-white_main.jpg\",\"image_label\":null,\"thumbnail\":\"\\/m\\/h\\/mh04-white_main.jpg\",\"thumbnail_label\":null,\"_media_image\":null,\"_store\":null,\"_attribute_set\":\"Top\",\"_product_websites\":\"base\",\"status\":\"1\",\"news_from_date\":null,\"news_to_date\":null,\"options_container\":null,\"minimal_price\":null,\"msrp\":null,\"msrp_enabled\":null,\"special_from_date\":null,\"special_to_date\":null,\"min_qty\":\"0\",\"backorders\":\"0\",\"min_sale_qty\":\"1\",\"max_sale_qty\":\"0\",\"notify_stock_qty\":null,\"meta_keyword\":null,\"has_options\":\"0\",\"required_options\":\"0\",\"size\":\"L\",\"color\":\"White\"},{\"sku\":\"MH04-L-Yellow\",\"store_view_code\":null,\"attribute_set_code\":\"Top\",\"product_type\":\"simple\",\"categories\":\"Default Category\\/Men\\/Tops\\/Hoodies & Sweatshirts,Default Category\\/Collections\\/Eco Friendly,Default Category\",\"product_websites\":\"base\",\"name\":\"Frankie  Sweatshirt-L-Yellow\",\"description\":\"<p>The Frankie Sweatshirt is your best friend at long afternoon stadium stints or winter trailside campsites. The soft fleece fabric keeps you toasty as moisture-wicking technology kicks in when the sun comes out.<\\/p>\\n<p>&bull; Light green crewneck sweatshirt.<br \\/>&bull; Hand pockets.<br \\/>&bull; Relaxed fit.<br \\/>&bull; Machine wash\\/dry.<\\/p>\",\"short_description\":null,\"weight\":\"1\",\"product_online\":\"1\",\"tax_class_name\":\"Taxable Goods\",\"visibility\":\"Not Visible Individually\",\"price\":\"60\",\"special_price\":null,\"special_price_from_date\":null,\"special_price_to_date\":null,\"url_key\":\"frankie-sweatshirt-l-yellow\",\"meta_title\":null,\"meta_keywords\":null,\"meta_description\":null,\"base_image\":\"\\/m\\/h\\/mh04-yellow_main.jpg\",\"base_image_label\":null,\"small_image\":\"\\/m\\/h\\/mh04-yellow_main.jpg\",\"small_image_label\":null,\"thumbnail_image\":\"\\/m\\/h\\/mh04-yellow_main.jpg\",\"thumbnail_image_label\":null,\"created_at\":null,\"updated_at\":null,\"new_from_date\":null,\"new_to_date\":null,\"display_product_options_in\":null,\"map_price\":null,\"msrp_price\":null,\"map_enabled\":null,\"gift_message_available\":null,\"custom_design\":null,\"custom_design_from\":null,\"custom_design_to\":null,\"custom_layout_update\":null,\"page_layout\":null,\"product_options_container\":null,\"msrp_display_actual_price_type\":null,\"country_of_manufacture\":null,\"additional_attributes\":\"has_options=0,required_options=0,size=L,color=Yellow\",\"qty\":\"100\",\"out_of_stock_qty\":\"0\",\"use_config_min_qty\":\"1\",\"is_qty_decimal\":\"0\",\"allow_backorders\":\"0\",\"use_config_backorders\":\"1\",\"min_cart_qty\":\"1\",\"use_config_min_sale_qty\":\"1\",\"max_cart_qty\":\"0\",\"use_config_max_sale_qty\":\"1\",\"is_in_stock\":\"1\",\"notify_on_stock_below\":null,\"use_config_notify_stock_qty\":\"1\",\"manage_stock\":\"0\",\"use_config_manage_stock\":\"1\",\"use_config_qty_increments\":\"1\",\"qty_increments\":\"0\",\"use_config_enable_qty_inc\":\"1\",\"enable_qty_increments\":\"0\",\"is_decimal_divided\":\"0\",\"website_id\":\"1\",\"configurable_variations\":null,\"configurable_variation_prices\":null,\"configurable_variation_labels\":null,\"additional_images\":null,\"image\":\"\\/m\\/h\\/mh04-yellow_main.jpg\",\"image_label\":null,\"thumbnail\":\"\\/m\\/h\\/mh04-yellow_main.jpg\",\"thumbnail_label\":null,\"_media_image\":null,\"_store\":null,\"_attribute_set\":\"Top\",\"_product_websites\":\"base\",\"status\":\"1\",\"news_from_date\":null,\"news_to_date\":null,\"options_container\":null,\"minimal_price\":null,\"msrp\":null,\"msrp_enabled\":null,\"special_from_date\":null,\"special_to_date\":null,\"min_qty\":\"0\",\"backorders\":\"0\",\"min_sale_qty\":\"1\",\"max_sale_qty\":\"0\",\"notify_stock_qty\":null,\"meta_keyword\":null,\"has_options\":\"0\",\"required_options\":\"0\",\"size\":\"L\",\"color\":\"Yellow\"},{\"sku\":\"MH04-XL-Green\",\"store_view_code\":null,\"attribute_set_code\":\"Top\",\"product_type\":\"simple\",\"categories\":\"Default Category\\/Men\\/Tops\\/Hoodies & Sweatshirts,Default Category\\/Collections\\/Eco Friendly,Default Category\",\"product_websites\":\"base\",\"name\":\"Frankie  Sweatshirt-XL-Green\",\"description\":\"<p>The Frankie Sweatshirt is your best friend at long afternoon stadium stints or winter trailside campsites. The soft fleece fabric keeps you toasty as moisture-wicking technology kicks in when the sun comes out.<\\/p>\\n<p>&bull; Light green crewneck sweatshirt.<br \\/>&bull; Hand pockets.<br \\/>&bull; Relaxed fit.<br \\/>&bull; Machine wash\\/dry.<\\/p>\",\"short_description\":null,\"weight\":\"1\",\"product_online\":\"1\",\"tax_class_name\":\"Taxable Goods\",\"visibility\":\"Not Visible Individually\",\"price\":\"60\",\"special_price\":null,\"special_price_from_date\":null,\"special_price_to_date\":null,\"url_key\":\"frankie-sweatshirt-xl-green\",\"meta_title\":null,\"meta_keywords\":null,\"meta_description\":null,\"base_image\":\"\\/m\\/h\\/mh04-green_main.jpg\",\"base_image_label\":null,\"small_image\":\"\\/m\\/h\\/mh04-green_main.jpg\",\"small_image_label\":null,\"thumbnail_image\":\"\\/m\\/h\\/mh04-green_main.jpg\",\"thumbnail_image_label\":null,\"created_at\":null,\"updated_at\":null,\"new_from_date\":null,\"new_to_date\":null,\"display_product_options_in\":null,\"map_price\":null,\"msrp_price\":null,\"map_enabled\":null,\"gift_message_available\":null,\"custom_design\":null,\"custom_design_from\":null,\"custom_design_to\":null,\"custom_layout_update\":null,\"page_layout\":null,\"product_options_container\":null,\"msrp_display_actual_price_type\":null,\"country_of_manufacture\":null,\"additional_attributes\":\"has_options=0,required_options=0,size=XL,color=Green\",\"qty\":\"100\",\"out_of_stock_qty\":\"0\",\"use_config_min_qty\":\"1\",\"is_qty_decimal\":\"0\",\"allow_backorders\":\"0\",\"use_config_backorders\":\"1\",\"min_cart_qty\":\"1\",\"use_config_min_sale_qty\":\"1\",\"max_cart_qty\":\"0\",\"use_config_max_sale_qty\":\"1\",\"is_in_stock\":\"1\",\"notify_on_stock_below\":null,\"use_config_notify_stock_qty\":\"1\",\"manage_stock\":\"0\",\"use_config_manage_stock\":\"1\",\"use_config_qty_increments\":\"1\",\"qty_increments\":\"0\",\"use_config_enable_qty_inc\":\"1\",\"enable_qty_increments\":\"0\",\"is_decimal_divided\":\"0\",\"website_id\":\"1\",\"configurable_variations\":null,\"configurable_variation_prices\":null,\"configurable_variation_labels\":null,\"additional_images\":\"\\/m\\/h\\/mh04-green_alt1.jpg,\\/m\\/h\\/mh04-green_back.jpg\",\"image\":\"\\/m\\/h\\/mh04-green_main.jpg\",\"image_label\":null,\"thumbnail\":\"\\/m\\/h\\/mh04-green_main.jpg\",\"thumbnail_label\":null,\"_media_image\":\"\\/m\\/h\\/mh04-green_alt1.jpg,\\/m\\/h\\/mh04-green_back.jpg\",\"_store\":null,\"_attribute_set\":\"Top\",\"_product_websites\":\"base\",\"status\":\"1\",\"news_from_date\":null,\"news_to_date\":null,\"options_container\":null,\"minimal_price\":null,\"msrp\":null,\"msrp_enabled\":null,\"special_from_date\":null,\"special_to_date\":null,\"min_qty\":\"0\",\"backorders\":\"0\",\"min_sale_qty\":\"1\",\"max_sale_qty\":\"0\",\"notify_stock_qty\":null,\"meta_keyword\":null,\"has_options\":\"0\",\"required_options\":\"0\",\"size\":\"XL\",\"color\":\"Green\"},{\"sku\":\"MH04-XL-White\",\"store_view_code\":null,\"attribute_set_code\":\"Top\",\"product_type\":\"simple\",\"categories\":\"Default Category\\/Men\\/Tops\\/Hoodies & Sweatshirts,Default Category\\/Collections\\/Eco Friendly,Default Category\",\"product_websites\":\"base\",\"name\":\"Frankie  Sweatshirt-XL-White\",\"description\":\"<p>The Frankie Sweatshirt is your best friend at long afternoon stadium stints or winter trailside campsites. The soft fleece fabric keeps you toasty as moisture-wicking technology kicks in when the sun comes out.<\\/p>\\n<p>&bull; Light green crewneck sweatshirt.<br \\/>&bull; Hand pockets.<br \\/>&bull; Relaxed fit.<br \\/>&bull; Machine wash\\/dry.<\\/p>\",\"short_description\":null,\"weight\":\"1\",\"product_online\":\"1\",\"tax_class_name\":\"Taxable Goods\",\"visibility\":\"Not Visible Individually\",\"price\":\"60\",\"special_price\":null,\"special_price_from_date\":null,\"special_price_to_date\":null,\"url_key\":\"frankie-sweatshirt-xl-white\",\"meta_title\":null,\"meta_keywords\":null,\"meta_description\":null,\"base_image\":\"\\/m\\/h\\/mh04-white_main.jpg\",\"base_image_label\":null,\"small_image\":\"\\/m\\/h\\/mh04-white_main.jpg\",\"small_image_label\":null,\"thumbnail_image\":\"\\/m\\/h\\/mh04-white_main.jpg\",\"thumbnail_image_label\":null,\"created_at\":null,\"updated_at\":null,\"new_from_date\":null,\"new_to_date\":null,\"display_product_options_in\":null,\"map_price\":null,\"msrp_price\":null,\"map_enabled\":null,\"gift_message_available\":null,\"custom_design\":null,\"custom_design_from\":null,\"custom_design_to\":null,\"custom_layout_update\":null,\"page_layout\":null,\"product_options_container\":null,\"msrp_display_actual_price_type\":null,\"country_of_manufacture\":null,\"additional_attributes\":\"has_options=0,required_options=0,size=XL,color=White\",\"qty\":\"100\",\"out_of_stock_qty\":\"0\",\"use_config_min_qty\":\"1\",\"is_qty_decimal\":\"0\",\"allow_backorders\":\"0\",\"use_config_backorders\":\"1\",\"min_cart_qty\":\"1\",\"use_config_min_sale_qty\":\"1\",\"max_cart_qty\":\"0\",\"use_config_max_sale_qty\":\"1\",\"is_in_stock\":\"1\",\"notify_on_stock_below\":null,\"use_config_notify_stock_qty\":\"1\",\"manage_stock\":\"0\",\"use_config_manage_stock\":\"1\",\"use_config_qty_increments\":\"1\",\"qty_increments\":\"0\",\"use_config_enable_qty_inc\":\"1\",\"enable_qty_increments\":\"0\",\"is_decimal_divided\":\"0\",\"website_id\":\"1\",\"configurable_variations\":null,\"configurable_variation_prices\":null,\"configurable_variation_labels\":null,\"additional_images\":null,\"image\":\"\\/m\\/h\\/mh04-white_main.jpg\",\"image_label\":null,\"thumbnail\":\"\\/m\\/h\\/mh04-white_main.jpg\",\"thumbnail_label\":null,\"_media_image\":null,\"_store\":null,\"_attribute_set\":\"Top\",\"_product_websites\":\"base\",\"status\":\"1\",\"news_from_date\":null,\"news_to_date\":null,\"options_container\":null,\"minimal_price\":null,\"msrp\":null,\"msrp_enabled\":null,\"special_from_date\":null,\"special_to_date\":null,\"min_qty\":\"0\",\"backorders\":\"0\",\"min_sale_qty\":\"1\",\"max_sale_qty\":\"0\",\"notify_stock_qty\":null,\"meta_keyword\":null,\"has_options\":\"0\",\"required_options\":\"0\",\"size\":\"XL\",\"color\":\"White\"},{\"sku\":\"MH04-XL-Yellow\",\"store_view_code\":null,\"attribute_set_code\":\"Top\",\"product_type\":\"simple\",\"categories\":\"Default Category\\/Men\\/Tops\\/Hoodies & Sweatshirts,Default Category\\/Collections\\/Eco Friendly,Default Category\",\"product_websites\":\"base\",\"name\":\"Frankie  Sweatshirt-XL-Yellow\",\"description\":\"<p>The Frankie Sweatshirt is your best friend at long afternoon stadium stints or winter trailside campsites. The soft fleece fabric keeps you toasty as moisture-wicking technology kicks in when the sun comes out.<\\/p>\\n<p>&bull; Light green crewneck sweatshirt.<br \\/>&bull; Hand pockets.<br \\/>&bull; Relaxed fit.<br \\/>&bull; Machine wash\\/dry.<\\/p>\",\"short_description\":null,\"weight\":\"1\",\"product_online\":\"1\",\"tax_class_name\":\"Taxable Goods\",\"visibility\":\"Not Visible Individually\",\"price\":\"60\",\"special_price\":null,\"special_price_from_date\":null,\"special_price_to_date\":null,\"url_key\":\"frankie-sweatshirt-xl-yellow\",\"meta_title\":null,\"meta_keywords\":null,\"meta_description\":null,\"base_image\":\"\\/m\\/h\\/mh04-yellow_main.jpg\",\"base_image_label\":null,\"small_image\":\"\\/m\\/h\\/mh04-yellow_main.jpg\",\"small_image_label\":null,\"thumbnail_image\":\"\\/m\\/h\\/mh04-yellow_main.jpg\",\"thumbnail_image_label\":null,\"created_at\":null,\"updated_at\":null,\"new_from_date\":null,\"new_to_date\":null,\"display_product_options_in\":null,\"map_price\":null,\"msrp_price\":null,\"map_enabled\":null,\"gift_message_available\":null,\"custom_design\":null,\"custom_design_from\":null,\"custom_design_to\":null,\"custom_layout_update\":null,\"page_layout\":null,\"product_options_container\":null,\"msrp_display_actual_price_type\":null,\"country_of_manufacture\":null,\"additional_attributes\":\"has_options=0,required_options=0,size=XL,color=Yellow\",\"qty\":\"100\",\"out_of_stock_qty\":\"0\",\"use_config_min_qty\":\"1\",\"is_qty_decimal\":\"0\",\"allow_backorders\":\"0\",\"use_config_backorders\":\"1\",\"min_cart_qty\":\"1\",\"use_config_min_sale_qty\":\"1\",\"max_cart_qty\":\"0\",\"use_config_max_sale_qty\":\"1\",\"is_in_stock\":\"1\",\"notify_on_stock_below\":null,\"use_config_notify_stock_qty\":\"1\",\"manage_stock\":\"0\",\"use_config_manage_stock\":\"1\",\"use_config_qty_increments\":\"1\",\"qty_increments\":\"0\",\"use_config_enable_qty_inc\":\"1\",\"enable_qty_increments\":\"0\",\"is_decimal_divided\":\"0\",\"website_id\":\"1\",\"configurable_variations\":null,\"configurable_variation_prices\":null,\"configurable_variation_labels\":null,\"additional_images\":null,\"image\":\"\\/m\\/h\\/mh04-yellow_main.jpg\",\"image_label\":null,\"thumbnail\":\"\\/m\\/h\\/mh04-yellow_main.jpg\",\"thumbnail_label\":null,\"_media_image\":null,\"_store\":null,\"_attribute_set\":\"Top\",\"_product_websites\":\"base\",\"status\":\"1\",\"news_from_date\":null,\"news_to_date\":null,\"options_container\":null,\"minimal_price\":null,\"msrp\":null,\"msrp_enabled\":null,\"special_from_date\":null,\"special_to_date\":null,\"min_qty\":\"0\",\"backorders\":\"0\",\"min_sale_qty\":\"1\",\"max_sale_qty\":\"0\",\"notify_stock_qty\":null,\"meta_keyword\":null,\"has_options\":\"0\",\"required_options\":\"0\",\"size\":\"XL\",\"color\":\"Yellow\"},{\"sku\":\"MH04\",\"store_view_code\":null,\"attribute_set_code\":\"Top\",\"product_type\":\"configurable\",\"categories\":\"Default Category\\/Men\\/Tops\\/Hoodies & Sweatshirts,Default Category\\/Collections\\/Eco Friendly,Default Category\",\"product_websites\":\"base\",\"name\":\"Frankie  Sweatshirt\",\"description\":\"<p>The Frankie Sweatshirt is your best friend at long afternoon stadium stints or winter trailside campsites. The soft fleece fabric keeps you toasty as moisture-wicking technology kicks in when the sun comes out.<\\/p>\\n<p>&bull; Light green crewneck sweatshirt.<br \\/>&bull; Hand pockets.<br \\/>&bull; Relaxed fit.<br \\/>&bull; Machine wash\\/dry.<\\/p>\",\"short_description\":null,\"weight\":null,\"product_online\":\"1\",\"tax_class_name\":\"Taxable Goods\",\"visibility\":\"Catalog, Search\",\"price\":\"60\",\"special_price\":null,\"special_price_from_date\":null,\"special_price_to_date\":null,\"url_key\":null,\"meta_title\":null,\"meta_keywords\":null,\"meta_description\":null,\"base_image\":\"\\/m\\/h\\/mh04-green_main.jpg\",\"base_image_label\":null,\"small_image\":\"\\/m\\/h\\/mh04-green_main.jpg\",\"small_image_label\":null,\"thumbnail_image\":\"\\/m\\/h\\/mh04-green_main.jpg\",\"thumbnail_image_label\":null,\"created_at\":null,\"updated_at\":null,\"new_from_date\":null,\"new_to_date\":null,\"display_product_options_in\":null,\"map_price\":null,\"msrp_price\":null,\"map_enabled\":null,\"gift_message_available\":null,\"custom_design\":null,\"custom_design_from\":null,\"custom_design_to\":null,\"custom_layout_update\":null,\"page_layout\":null,\"product_options_container\":null,\"msrp_display_actual_price_type\":null,\"country_of_manufacture\":null,\"additional_attributes\":\"has_options=1,required_options=1,material=Organic Cotton,pattern=Solid,climate=All-weather|Cool|Indoor|Spring|Windy,eco_collection=Yes,performance_fabric=Yes,erin_recommends=No,new=No,sale=Yes\",\"qty\":\"0\",\"out_of_stock_qty\":\"0\",\"use_config_min_qty\":\"1\",\"is_qty_decimal\":\"0\",\"allow_backorders\":\"0\",\"use_config_backorders\":\"1\",\"min_cart_qty\":\"1\",\"use_config_min_sale_qty\":\"1\",\"max_cart_qty\":\"0\",\"use_config_max_sale_qty\":\"1\",\"is_in_stock\":\"1\",\"notify_on_stock_below\":null,\"use_config_notify_stock_qty\":\"1\",\"manage_stock\":\"0\",\"use_config_manage_stock\":\"1\",\"use_config_qty_increments\":\"1\",\"qty_increments\":\"0\",\"use_config_enable_qty_inc\":\"1\",\"enable_qty_increments\":\"0\",\"is_decimal_divided\":\"0\",\"website_id\":\"1\",\"configurable_variations\":\"sku=MH04-XS-Green,size=XS,color=Green|sku=MH04-XS-White,size=XS,color=White|sku=MH04-XS-Yellow,size=XS,color=Yellow|sku=MH04-S-Green,size=S,color=Green|sku=MH04-S-White,size=S,color=White|sku=MH04-S-Yellow,size=S,color=Yellow|sku=MH04-M-Green,size=M,color=Green|sku=MH04-M-White,size=M,color=White|sku=MH04-M-Yellow,size=M,color=Yellow|sku=MH04-L-Green,size=L,color=Green|sku=MH04-L-White,size=L,color=White|sku=MH04-L-Yellow,size=L,color=Yellow|sku=MH04-XL-Green,size=XL,color=Green|sku=MH04-XL-White,size=XL,color=White|sku=MH04-XL-Yellow,size=XL,color=Yellow\",\"configurable_variation_prices\":null,\"configurable_variation_labels\":null,\"additional_images\":\"\\/m\\/h\\/mh04-green_alt1.jpg,\\/m\\/h\\/mh04-green_back.jpg\",\"image\":\"\\/m\\/h\\/mh04-green_main.jpg\",\"image_label\":null,\"thumbnail\":\"\\/m\\/h\\/mh04-green_main.jpg\",\"thumbnail_label\":null,\"_media_image\":\"\\/m\\/h\\/mh04-green_alt1.jpg,\\/m\\/h\\/mh04-green_back.jpg\",\"_store\":null,\"_attribute_set\":\"Top\",\"_product_websites\":\"base\",\"status\":\"1\",\"news_from_date\":null,\"news_to_date\":null,\"options_container\":null,\"minimal_price\":null,\"msrp\":null,\"msrp_enabled\":null,\"special_from_date\":null,\"special_to_date\":null,\"min_qty\":\"0\",\"backorders\":\"0\",\"min_sale_qty\":\"1\",\"max_sale_qty\":\"0\",\"notify_stock_qty\":null,\"meta_keyword\":null,\"has_options\":\"1\",\"required_options\":\"1\",\"material\":\"Organic Cotton\",\"pattern\":\"Solid\",\"climate\":\"All-weather|Cool|Indoor|Spring|Windy\",\"eco_collection\":\"Yes\",\"performance_fabric\":\"Yes\",\"erin_recommends\":\"No\",\"new\":\"No\",\"sale\":\"Yes\"},{\"sku\":\"MH05-XS-Green\",\"store_view_code\":null,\"attribute_set_code\":\"Top\",\"product_type\":\"simple\",\"categories\":\"Default Category\\/Men\\/Tops\\/Hoodies & Sweatshirts\",\"product_websites\":\"base\",\"name\":\"Hollister Backyard Sweatshirt-XS-Green\",\"description\":\"<p>Kick off your weekend in the Hollister Backyard Sweatshirt. Whether you\'re raking leaves or flipping burgers, this comfy layer blocks the bite of the crisp autumn air. Puffy thick from hood to hem, it traps heat against your core.<\\/p>\\n<p>&bull; Cream crewneck sweatshirt with navy sleeves\\/trim.<br \\/>&bull; Relaxed fit. <br \\/>&bull; Ribbed cuffs and hem. <br \\/>&bull; Machine wash\\/dry.<\\/p>\",\"short_description\":null,\"weight\":\"1\",\"product_online\":\"1\",\"tax_class_name\":\"Taxable Goods\",\"visibility\":\"Not Visible Individually\",\"price\":\"52\",\"special_price\":null,\"special_price_from_date\":null,\"special_price_to_date\":null,\"url_key\":\"hollister-backyard-sweatshirt-xs-green\",\"meta_title\":null,\"meta_keywords\":null,\"meta_description\":null,\"base_image\":\"\\/m\\/h\\/mh05-green_main.jpg\",\"base_image_label\":null,\"small_image\":\"\\/m\\/h\\/mh05-green_main.jpg\",\"small_image_label\":null,\"thumbnail_image\":\"\\/m\\/h\\/mh05-green_main.jpg\",\"thumbnail_image_label\":null,\"created_at\":null,\"updated_at\":null,\"new_from_date\":null,\"new_to_date\":null,\"display_product_options_in\":null,\"map_price\":null,\"msrp_price\":null,\"map_enabled\":null,\"gift_message_available\":null,\"custom_design\":null,\"custom_design_from\":null,\"custom_design_to\":null,\"custom_layout_update\":null,\"page_layout\":null,\"product_options_container\":null,\"msrp_display_actual_price_type\":null,\"country_of_manufacture\":null,\"additional_attributes\":\"has_options=0,required_options=0,size=XS,color=Green\",\"qty\":\"100\",\"out_of_stock_qty\":\"0\",\"use_config_min_qty\":\"1\",\"is_qty_decimal\":\"0\",\"allow_backorders\":\"0\",\"use_config_backorders\":\"1\",\"min_cart_qty\":\"1\",\"use_config_min_sale_qty\":\"1\",\"max_cart_qty\":\"0\",\"use_config_max_sale_qty\":\"1\",\"is_in_stock\":\"1\",\"notify_on_stock_below\":null,\"use_config_notify_stock_qty\":\"1\",\"manage_stock\":\"0\",\"use_config_manage_stock\":\"1\",\"use_config_qty_increments\":\"1\",\"qty_increments\":\"0\",\"use_config_enable_qty_inc\":\"1\",\"enable_qty_increments\":\"0\",\"is_decimal_divided\":\"0\",\"website_id\":\"1\",\"configurable_variations\":null,\"configurable_variation_prices\":null,\"configurable_variation_labels\":null,\"additional_images\":null,\"image\":\"\\/m\\/h\\/mh05-green_main.jpg\",\"image_label\":null,\"thumbnail\":\"\\/m\\/h\\/mh05-green_main.jpg\",\"thumbnail_label\":null,\"_media_image\":null,\"_store\":null,\"_attribute_set\":\"Top\",\"_product_websites\":\"base\",\"status\":\"1\",\"news_from_date\":null,\"news_to_date\":null,\"options_container\":null,\"minimal_price\":null,\"msrp\":null,\"msrp_enabled\":null,\"special_from_date\":null,\"special_to_date\":null,\"min_qty\":\"0\",\"backorders\":\"0\",\"min_sale_qty\":\"1\",\"max_sale_qty\":\"0\",\"notify_stock_qty\":null,\"meta_keyword\":null,\"has_options\":\"0\",\"required_options\":\"0\",\"size\":\"XS\",\"color\":\"Green\"},{\"sku\":\"MH05-XS-Red\",\"store_view_code\":null,\"attribute_set_code\":\"Top\",\"product_type\":\"simple\",\"categories\":\"Default Category\\/Men\\/Tops\\/Hoodies & Sweatshirts\",\"product_websites\":\"base\",\"name\":\"Hollister Backyard Sweatshirt-XS-Red\",\"description\":\"<p>Kick off your weekend in the Hollister Backyard Sweatshirt. Whether you\'re raking leaves or flipping burgers, this comfy layer blocks the bite of the crisp autumn air. Puffy thick from hood to hem, it traps heat against your core.<\\/p>\\n<p>&bull; Cream crewneck sweatshirt with navy sleeves\\/trim.<br \\/>&bull; Relaxed fit. <br \\/>&bull; Ribbed cuffs and hem. <br \\/>&bull; Machine wash\\/dry.<\\/p>\",\"short_description\":null,\"weight\":\"1\",\"product_online\":\"1\",\"tax_class_name\":\"Taxable Goods\",\"visibility\":\"Not Visible Individually\",\"price\":\"52\",\"special_price\":null,\"special_price_from_date\":null,\"special_price_to_date\":null,\"url_key\":\"hollister-backyard-sweatshirt-xs-red\",\"meta_title\":null,\"meta_keywords\":null,\"meta_description\":null,\"base_image\":\"\\/m\\/h\\/mh05-red_main.jpg\",\"base_image_label\":null,\"small_image\":\"\\/m\\/h\\/mh05-red_main.jpg\",\"small_image_label\":null,\"thumbnail_image\":\"\\/m\\/h\\/mh05-red_main.jpg\",\"thumbnail_image_label\":null,\"created_at\":null,\"updated_at\":null,\"new_from_date\":null,\"new_to_date\":null,\"display_product_options_in\":null,\"map_price\":null,\"msrp_price\":null,\"map_enabled\":null,\"gift_message_available\":null,\"custom_design\":null,\"custom_design_from\":null,\"custom_design_to\":null,\"custom_layout_update\":null,\"page_layout\":null,\"product_options_container\":null,\"msrp_display_actual_price_type\":null,\"country_of_manufacture\":null,\"additional_attributes\":\"has_options=0,required_options=0,size=XS,color=Red\",\"qty\":\"100\",\"out_of_stock_qty\":\"0\",\"use_config_min_qty\":\"1\",\"is_qty_decimal\":\"0\",\"allow_backorders\":\"0\",\"use_config_backorders\":\"1\",\"min_cart_qty\":\"1\",\"use_config_min_sale_qty\":\"1\",\"max_cart_qty\":\"0\",\"use_config_max_sale_qty\":\"1\",\"is_in_stock\":\"1\",\"notify_on_stock_below\":null,\"use_config_notify_stock_qty\":\"1\",\"manage_stock\":\"0\",\"use_config_manage_stock\":\"1\",\"use_config_qty_increments\":\"1\",\"qty_increments\":\"0\",\"use_config_enable_qty_inc\":\"1\",\"enable_qty_increments\":\"0\",\"is_decimal_divided\":\"0\",\"website_id\":\"1\",\"configurable_variations\":null,\"configurable_variation_prices\":null,\"configurable_variation_labels\":null,\"additional_images\":null,\"image\":\"\\/m\\/h\\/mh05-red_main.jpg\",\"image_label\":null,\"thumbnail\":\"\\/m\\/h\\/mh05-red_main.jpg\",\"thumbnail_label\":null,\"_media_image\":null,\"_store\":null,\"_attribute_set\":\"Top\",\"_product_websites\":\"base\",\"status\":\"1\",\"news_from_date\":null,\"news_to_date\":null,\"options_container\":null,\"minimal_price\":null,\"msrp\":null,\"msrp_enabled\":null,\"special_from_date\":null,\"special_to_date\":null,\"min_qty\":\"0\",\"backorders\":\"0\",\"min_sale_qty\":\"1\",\"max_sale_qty\":\"0\",\"notify_stock_qty\":null,\"meta_keyword\":null,\"has_options\":\"0\",\"required_options\":\"0\",\"size\":\"XS\",\"color\":\"Red\"},{\"sku\":\"MH05-XS-White\",\"store_view_code\":null,\"attribute_set_code\":\"Top\",\"product_type\":\"simple\",\"categories\":\"Default Category\\/Men\\/Tops\\/Hoodies & Sweatshirts\",\"product_websites\":\"base\",\"name\":\"Hollister Backyard Sweatshirt-XS-White\",\"description\":\"<p>Kick off your weekend in the Hollister Backyard Sweatshirt. Whether you\'re raking leaves or flipping burgers, this comfy layer blocks the bite of the crisp autumn air. Puffy thick from hood to hem, it traps heat against your core.<\\/p>\\n<p>&bull; Cream crewneck sweatshirt with navy sleeves\\/trim.<br \\/>&bull; Relaxed fit. <br \\/>&bull; Ribbed cuffs and hem. <br \\/>&bull; Machine wash\\/dry.<\\/p>\",\"short_description\":null,\"weight\":\"1\",\"product_online\":\"1\",\"tax_class_name\":\"Taxable Goods\",\"visibility\":\"Not Visible Individually\",\"price\":\"52\",\"special_price\":null,\"special_price_from_date\":null,\"special_price_to_date\":null,\"url_key\":\"hollister-backyard-sweatshirt-xs-white\",\"meta_title\":null,\"meta_keywords\":null,\"meta_description\":null,\"base_image\":\"\\/m\\/h\\/mh05-white_main.jpg\",\"base_image_label\":null,\"small_image\":\"\\/m\\/h\\/mh05-white_main.jpg\",\"small_image_label\":null,\"thumbnail_image\":\"\\/m\\/h\\/mh05-white_main.jpg\",\"thumbnail_image_label\":null,\"created_at\":null,\"updated_at\":null,\"new_from_date\":null,\"new_to_date\":null,\"display_product_options_in\":null,\"map_price\":null,\"msrp_price\":null,\"map_enabled\":null,\"gift_message_available\":null,\"custom_design\":null,\"custom_design_from\":null,\"custom_design_to\":null,\"custom_layout_update\":null,\"page_layout\":null,\"product_options_container\":null,\"msrp_display_actual_price_type\":null,\"country_of_manufacture\":null,\"additional_attributes\":\"has_options=0,required_options=0,size=XS,color=White\",\"qty\":\"100\",\"out_of_stock_qty\":\"0\",\"use_config_min_qty\":\"1\",\"is_qty_decimal\":\"0\",\"allow_backorders\":\"0\",\"use_config_backorders\":\"1\",\"min_cart_qty\":\"1\",\"use_config_min_sale_qty\":\"1\",\"max_cart_qty\":\"0\",\"use_config_max_sale_qty\":\"1\",\"is_in_stock\":\"1\",\"notify_on_stock_below\":null,\"use_config_notify_stock_qty\":\"1\",\"manage_stock\":\"0\",\"use_config_manage_stock\":\"1\",\"use_config_qty_increments\":\"1\",\"qty_increments\":\"0\",\"use_config_enable_qty_inc\":\"1\",\"enable_qty_increments\":\"0\",\"is_decimal_divided\":\"0\",\"website_id\":\"1\",\"configurable_variations\":null,\"configurable_variation_prices\":null,\"configurable_variation_labels\":null,\"additional_images\":\"\\/m\\/h\\/mh05-white_alt1.jpg,\\/m\\/h\\/mh05-white_back.jpg\",\"image\":\"\\/m\\/h\\/mh05-white_main.jpg\",\"image_label\":null,\"thumbnail\":\"\\/m\\/h\\/mh05-white_main.jpg\",\"thumbnail_label\":null,\"_media_image\":\"\\/m\\/h\\/mh05-white_alt1.jpg,\\/m\\/h\\/mh05-white_back.jpg\",\"_store\":null,\"_attribute_set\":\"Top\",\"_product_websites\":\"base\",\"status\":\"1\",\"news_from_date\":null,\"news_to_date\":null,\"options_container\":null,\"minimal_price\":null,\"msrp\":null,\"msrp_enabled\":null,\"special_from_date\":null,\"special_to_date\":null,\"min_qty\":\"0\",\"backorders\":\"0\",\"min_sale_qty\":\"1\",\"max_sale_qty\":\"0\",\"notify_stock_qty\":null,\"meta_keyword\":null,\"has_options\":\"0\",\"required_options\":\"0\",\"size\":\"XS\",\"color\":\"White\"},{\"sku\":\"MH05-S-Green\",\"store_view_code\":null,\"attribute_set_code\":\"Top\",\"product_type\":\"simple\",\"categories\":\"Default Category\\/Men\\/Tops\\/Hoodies & Sweatshirts\",\"product_websites\":\"base\",\"name\":\"Hollister Backyard Sweatshirt-S-Green\",\"description\":\"<p>Kick off your weekend in the Hollister Backyard Sweatshirt. Whether you\'re raking leaves or flipping burgers, this comfy layer blocks the bite of the crisp autumn air. Puffy thick from hood to hem, it traps heat against your core.<\\/p>\\n<p>&bull; Cream crewneck sweatshirt with navy sleeves\\/trim.<br \\/>&bull; Relaxed fit. <br \\/>&bull; Ribbed cuffs and hem. <br \\/>&bull; Machine wash\\/dry.<\\/p>\",\"short_description\":null,\"weight\":\"1\",\"product_online\":\"1\",\"tax_class_name\":\"Taxable Goods\",\"visibility\":\"Not Visible Individually\",\"price\":\"52\",\"special_price\":null,\"special_price_from_date\":null,\"special_price_to_date\":null,\"url_key\":\"hollister-backyard-sweatshirt-s-green\",\"meta_title\":null,\"meta_keywords\":null,\"meta_description\":null,\"base_image\":\"\\/m\\/h\\/mh05-green_main.jpg\",\"base_image_label\":null,\"small_image\":\"\\/m\\/h\\/mh05-green_main.jpg\",\"small_image_label\":null,\"thumbnail_image\":\"\\/m\\/h\\/mh05-green_main.jpg\",\"thumbnail_image_label\":null,\"created_at\":null,\"updated_at\":null,\"new_from_date\":null,\"new_to_date\":null,\"display_product_options_in\":null,\"map_price\":null,\"msrp_price\":null,\"map_enabled\":null,\"gift_message_available\":null,\"custom_design\":null,\"custom_design_from\":null,\"custom_design_to\":null,\"custom_layout_update\":null,\"page_layout\":null,\"product_options_container\":null,\"msrp_display_actual_price_type\":null,\"country_of_manufacture\":null,\"additional_attributes\":\"has_options=0,required_options=0,size=S,color=Green\",\"qty\":\"100\",\"out_of_stock_qty\":\"0\",\"use_config_min_qty\":\"1\",\"is_qty_decimal\":\"0\",\"allow_backorders\":\"0\",\"use_config_backorders\":\"1\",\"min_cart_qty\":\"1\",\"use_config_min_sale_qty\":\"1\",\"max_cart_qty\":\"0\",\"use_config_max_sale_qty\":\"1\",\"is_in_stock\":\"1\",\"notify_on_stock_below\":null,\"use_config_notify_stock_qty\":\"1\",\"manage_stock\":\"0\",\"use_config_manage_stock\":\"1\",\"use_config_qty_increments\":\"1\",\"qty_increments\":\"0\",\"use_config_enable_qty_inc\":\"1\",\"enable_qty_increments\":\"0\",\"is_decimal_divided\":\"0\",\"website_id\":\"1\",\"configurable_variations\":null,\"configurable_variation_prices\":null,\"configurable_variation_labels\":null,\"additional_images\":null,\"image\":\"\\/m\\/h\\/mh05-green_main.jpg\",\"image_label\":null,\"thumbnail\":\"\\/m\\/h\\/mh05-green_main.jpg\",\"thumbnail_label\":null,\"_media_image\":null,\"_store\":null,\"_attribute_set\":\"Top\",\"_product_websites\":\"base\",\"status\":\"1\",\"news_from_date\":null,\"news_to_date\":null,\"options_container\":null,\"minimal_price\":null,\"msrp\":null,\"msrp_enabled\":null,\"special_from_date\":null,\"special_to_date\":null,\"min_qty\":\"0\",\"backorders\":\"0\",\"min_sale_qty\":\"1\",\"max_sale_qty\":\"0\",\"notify_stock_qty\":null,\"meta_keyword\":null,\"has_options\":\"0\",\"required_options\":\"0\",\"size\":\"S\",\"color\":\"Green\"},{\"sku\":\"MH05-S-Red\",\"store_view_code\":null,\"attribute_set_code\":\"Top\",\"product_type\":\"simple\",\"categories\":\"Default Category\\/Men\\/Tops\\/Hoodies & Sweatshirts\",\"product_websites\":\"base\",\"name\":\"Hollister Backyard Sweatshirt-S-Red\",\"description\":\"<p>Kick off your weekend in the Hollister Backyard Sweatshirt. Whether you\'re raking leaves or flipping burgers, this comfy layer blocks the bite of the crisp autumn air. Puffy thick from hood to hem, it traps heat against your core.<\\/p>\\n<p>&bull; Cream crewneck sweatshirt with navy sleeves\\/trim.<br \\/>&bull; Relaxed fit. <br \\/>&bull; Ribbed cuffs and hem. <br \\/>&bull; Machine wash\\/dry.<\\/p>\",\"short_description\":null,\"weight\":\"1\",\"product_online\":\"1\",\"tax_class_name\":\"Taxable Goods\",\"visibility\":\"Not Visible Individually\",\"price\":\"52\",\"special_price\":null,\"special_price_from_date\":null,\"special_price_to_date\":null,\"url_key\":\"hollister-backyard-sweatshirt-s-red\",\"meta_title\":null,\"meta_keywords\":null,\"meta_description\":null,\"base_image\":\"\\/m\\/h\\/mh05-red_main.jpg\",\"base_image_label\":null,\"small_image\":\"\\/m\\/h\\/mh05-red_main.jpg\",\"small_image_label\":null,\"thumbnail_image\":\"\\/m\\/h\\/mh05-red_main.jpg\",\"thumbnail_image_label\":null,\"created_at\":null,\"updated_at\":null,\"new_from_date\":null,\"new_to_date\":null,\"display_product_options_in\":null,\"map_price\":null,\"msrp_price\":null,\"map_enabled\":null,\"gift_message_available\":null,\"custom_design\":null,\"custom_design_from\":null,\"custom_design_to\":null,\"custom_layout_update\":null,\"page_layout\":null,\"product_options_container\":null,\"msrp_display_actual_price_type\":null,\"country_of_manufacture\":null,\"additional_attributes\":\"has_options=0,required_options=0,size=S,color=Red\",\"qty\":\"100\",\"out_of_stock_qty\":\"0\",\"use_config_min_qty\":\"1\",\"is_qty_decimal\":\"0\",\"allow_backorders\":\"0\",\"use_config_backorders\":\"1\",\"min_cart_qty\":\"1\",\"use_config_min_sale_qty\":\"1\",\"max_cart_qty\":\"0\",\"use_config_max_sale_qty\":\"1\",\"is_in_stock\":\"1\",\"notify_on_stock_below\":null,\"use_config_notify_stock_qty\":\"1\",\"manage_stock\":\"0\",\"use_config_manage_stock\":\"1\",\"use_config_qty_increments\":\"1\",\"qty_increments\":\"0\",\"use_config_enable_qty_inc\":\"1\",\"enable_qty_increments\":\"0\",\"is_decimal_divided\":\"0\",\"website_id\":\"1\",\"configurable_variations\":null,\"configurable_variation_prices\":null,\"configurable_variation_labels\":null,\"additional_images\":null,\"image\":\"\\/m\\/h\\/mh05-red_main.jpg\",\"image_label\":null,\"thumbnail\":\"\\/m\\/h\\/mh05-red_main.jpg\",\"thumbnail_label\":null,\"_media_image\":null,\"_store\":null,\"_attribute_set\":\"Top\",\"_product_websites\":\"base\",\"status\":\"1\",\"news_from_date\":null,\"news_to_date\":null,\"options_container\":null,\"minimal_price\":null,\"msrp\":null,\"msrp_enabled\":null,\"special_from_date\":null,\"special_to_date\":null,\"min_qty\":\"0\",\"backorders\":\"0\",\"min_sale_qty\":\"1\",\"max_sale_qty\":\"0\",\"notify_stock_qty\":null,\"meta_keyword\":null,\"has_options\":\"0\",\"required_options\":\"0\",\"size\":\"S\",\"color\":\"Red\"},{\"sku\":\"MH05-S-White\",\"store_view_code\":null,\"attribute_set_code\":\"Top\",\"product_type\":\"simple\",\"categories\":\"Default Category\\/Men\\/Tops\\/Hoodies & Sweatshirts\",\"product_websites\":\"base\",\"name\":\"Hollister Backyard Sweatshirt-S-White\",\"description\":\"<p>Kick off your weekend in the Hollister Backyard Sweatshirt. Whether you\'re raking leaves or flipping burgers, this comfy layer blocks the bite of the crisp autumn air. Puffy thick from hood to hem, it traps heat against your core.<\\/p>\\n<p>&bull; Cream crewneck sweatshirt with navy sleeves\\/trim.<br \\/>&bull; Relaxed fit. <br \\/>&bull; Ribbed cuffs and hem. <br \\/>&bull; Machine wash\\/dry.<\\/p>\",\"short_description\":null,\"weight\":\"1\",\"product_online\":\"1\",\"tax_class_name\":\"Taxable Goods\",\"visibility\":\"Not Visible Individually\",\"price\":\"52\",\"special_price\":null,\"special_price_from_date\":null,\"special_price_to_date\":null,\"url_key\":\"hollister-backyard-sweatshirt-s-white\",\"meta_title\":null,\"meta_keywords\":null,\"meta_description\":null,\"base_image\":\"\\/m\\/h\\/mh05-white_main.jpg\",\"base_image_label\":null,\"small_image\":\"\\/m\\/h\\/mh05-white_main.jpg\",\"small_image_label\":null,\"thumbnail_image\":\"\\/m\\/h\\/mh05-white_main.jpg\",\"thumbnail_image_label\":null,\"created_at\":null,\"updated_at\":null,\"new_from_date\":null,\"new_to_date\":null,\"display_product_options_in\":null,\"map_price\":null,\"msrp_price\":null,\"map_enabled\":null,\"gift_message_available\":null,\"custom_design\":null,\"custom_design_from\":null,\"custom_design_to\":null,\"custom_layout_update\":null,\"page_layout\":null,\"product_options_container\":null,\"msrp_display_actual_price_type\":null,\"country_of_manufacture\":null,\"additional_attributes\":\"has_options=0,required_options=0,size=S,color=White\",\"qty\":\"100\",\"out_of_stock_qty\":\"0\",\"use_config_min_qty\":\"1\",\"is_qty_decimal\":\"0\",\"allow_backorders\":\"0\",\"use_config_backorders\":\"1\",\"min_cart_qty\":\"1\",\"use_config_min_sale_qty\":\"1\",\"max_cart_qty\":\"0\",\"use_config_max_sale_qty\":\"1\",\"is_in_stock\":\"1\",\"notify_on_stock_below\":null,\"use_config_notify_stock_qty\":\"1\",\"manage_stock\":\"0\",\"use_config_manage_stock\":\"1\",\"use_config_qty_increments\":\"1\",\"qty_increments\":\"0\",\"use_config_enable_qty_inc\":\"1\",\"enable_qty_increments\":\"0\",\"is_decimal_divided\":\"0\",\"website_id\":\"1\",\"configurable_variations\":null,\"configurable_variation_prices\":null,\"configurable_variation_labels\":null,\"additional_images\":\"\\/m\\/h\\/mh05-white_alt1.jpg,\\/m\\/h\\/mh05-white_back.jpg\",\"image\":\"\\/m\\/h\\/mh05-white_main.jpg\",\"image_label\":null,\"thumbnail\":\"\\/m\\/h\\/mh05-white_main.jpg\",\"thumbnail_label\":null,\"_media_image\":\"\\/m\\/h\\/mh05-white_alt1.jpg,\\/m\\/h\\/mh05-white_back.jpg\",\"_store\":null,\"_attribute_set\":\"Top\",\"_product_websites\":\"base\",\"status\":\"1\",\"news_from_date\":null,\"news_to_date\":null,\"options_container\":null,\"minimal_price\":null,\"msrp\":null,\"msrp_enabled\":null,\"special_from_date\":null,\"special_to_date\":null,\"min_qty\":\"0\",\"backorders\":\"0\",\"min_sale_qty\":\"1\",\"max_sale_qty\":\"0\",\"notify_stock_qty\":null,\"meta_keyword\":null,\"has_options\":\"0\",\"required_options\":\"0\",\"size\":\"S\",\"color\":\"White\"},{\"sku\":\"MH05-M-Green\",\"store_view_code\":null,\"attribute_set_code\":\"Top\",\"product_type\":\"simple\",\"categories\":\"Default Category\\/Men\\/Tops\\/Hoodies & Sweatshirts\",\"product_websites\":\"base\",\"name\":\"Hollister Backyard Sweatshirt-M-Green\",\"description\":\"<p>Kick off your weekend in the Hollister Backyard Sweatshirt. Whether you\'re raking leaves or flipping burgers, this comfy layer blocks the bite of the crisp autumn air. Puffy thick from hood to hem, it traps heat against your core.<\\/p>\\n<p>&bull; Cream crewneck sweatshirt with navy sleeves\\/trim.<br \\/>&bull; Relaxed fit. <br \\/>&bull; Ribbed cuffs and hem. <br \\/>&bull; Machine wash\\/dry.<\\/p>\",\"short_description\":null,\"weight\":\"1\",\"product_online\":\"1\",\"tax_class_name\":\"Taxable Goods\",\"visibility\":\"Not Visible Individually\",\"price\":\"52\",\"special_price\":null,\"special_price_from_date\":null,\"special_price_to_date\":null,\"url_key\":\"hollister-backyard-sweatshirt-m-green\",\"meta_title\":null,\"meta_keywords\":null,\"meta_description\":null,\"base_image\":\"\\/m\\/h\\/mh05-green_main.jpg\",\"base_image_label\":null,\"small_image\":\"\\/m\\/h\\/mh05-green_main.jpg\",\"small_image_label\":null,\"thumbnail_image\":\"\\/m\\/h\\/mh05-green_main.jpg\",\"thumbnail_image_label\":null,\"created_at\":null,\"updated_at\":null,\"new_from_date\":null,\"new_to_date\":null,\"display_product_options_in\":null,\"map_price\":null,\"msrp_price\":null,\"map_enabled\":null,\"gift_message_available\":null,\"custom_design\":null,\"custom_design_from\":null,\"custom_design_to\":null,\"custom_layout_update\":null,\"page_layout\":null,\"product_options_container\":null,\"msrp_display_actual_price_type\":null,\"country_of_manufacture\":null,\"additional_attributes\":\"has_options=0,required_options=0,size=M,color=Green\",\"qty\":\"100\",\"out_of_stock_qty\":\"0\",\"use_config_min_qty\":\"1\",\"is_qty_decimal\":\"0\",\"allow_backorders\":\"0\",\"use_config_backorders\":\"1\",\"min_cart_qty\":\"1\",\"use_config_min_sale_qty\":\"1\",\"max_cart_qty\":\"0\",\"use_config_max_sale_qty\":\"1\",\"is_in_stock\":\"1\",\"notify_on_stock_below\":null,\"use_config_notify_stock_qty\":\"1\",\"manage_stock\":\"0\",\"use_config_manage_stock\":\"1\",\"use_config_qty_increments\":\"1\",\"qty_increments\":\"0\",\"use_config_enable_qty_inc\":\"1\",\"enable_qty_increments\":\"0\",\"is_decimal_divided\":\"0\",\"website_id\":\"1\",\"configurable_variations\":null,\"configurable_variation_prices\":null,\"configurable_variation_labels\":null,\"additional_images\":null,\"image\":\"\\/m\\/h\\/mh05-green_main.jpg\",\"image_label\":null,\"thumbnail\":\"\\/m\\/h\\/mh05-green_main.jpg\",\"thumbnail_label\":null,\"_media_image\":null,\"_store\":null,\"_attribute_set\":\"Top\",\"_product_websites\":\"base\",\"status\":\"1\",\"news_from_date\":null,\"news_to_date\":null,\"options_container\":null,\"minimal_price\":null,\"msrp\":null,\"msrp_enabled\":null,\"special_from_date\":null,\"special_to_date\":null,\"min_qty\":\"0\",\"backorders\":\"0\",\"min_sale_qty\":\"1\",\"max_sale_qty\":\"0\",\"notify_stock_qty\":null,\"meta_keyword\":null,\"has_options\":\"0\",\"required_options\":\"0\",\"size\":\"M\",\"color\":\"Green\"},{\"sku\":\"MH05-M-Red\",\"store_view_code\":null,\"attribute_set_code\":\"Top\",\"product_type\":\"simple\",\"categories\":\"Default Category\\/Men\\/Tops\\/Hoodies & Sweatshirts\",\"product_websites\":\"base\",\"name\":\"Hollister Backyard Sweatshirt-M-Red\",\"description\":\"<p>Kick off your weekend in the Hollister Backyard Sweatshirt. Whether you\'re raking leaves or flipping burgers, this comfy layer blocks the bite of the crisp autumn air. Puffy thick from hood to hem, it traps heat against your core.<\\/p>\\n<p>&bull; Cream crewneck sweatshirt with navy sleeves\\/trim.<br \\/>&bull; Relaxed fit. <br \\/>&bull; Ribbed cuffs and hem. <br \\/>&bull; Machine wash\\/dry.<\\/p>\",\"short_description\":null,\"weight\":\"1\",\"product_online\":\"1\",\"tax_class_name\":\"Taxable Goods\",\"visibility\":\"Not Visible Individually\",\"price\":\"52\",\"special_price\":null,\"special_price_from_date\":null,\"special_price_to_date\":null,\"url_key\":\"hollister-backyard-sweatshirt-m-red\",\"meta_title\":null,\"meta_keywords\":null,\"meta_description\":null,\"base_image\":\"\\/m\\/h\\/mh05-red_main.jpg\",\"base_image_label\":null,\"small_image\":\"\\/m\\/h\\/mh05-red_main.jpg\",\"small_image_label\":null,\"thumbnail_image\":\"\\/m\\/h\\/mh05-red_main.jpg\",\"thumbnail_image_label\":null,\"created_at\":null,\"updated_at\":null,\"new_from_date\":null,\"new_to_date\":null,\"display_product_options_in\":null,\"map_price\":null,\"msrp_price\":null,\"map_enabled\":null,\"gift_message_available\":null,\"custom_design\":null,\"custom_design_from\":null,\"custom_design_to\":null,\"custom_layout_update\":null,\"page_layout\":null,\"product_options_container\":null,\"msrp_display_actual_price_type\":null,\"country_of_manufacture\":null,\"additional_attributes\":\"has_options=0,required_options=0,size=M,color=Red\",\"qty\":\"100\",\"out_of_stock_qty\":\"0\",\"use_config_min_qty\":\"1\",\"is_qty_decimal\":\"0\",\"allow_backorders\":\"0\",\"use_config_backorders\":\"1\",\"min_cart_qty\":\"1\",\"use_config_min_sale_qty\":\"1\",\"max_cart_qty\":\"0\",\"use_config_max_sale_qty\":\"1\",\"is_in_stock\":\"1\",\"notify_on_stock_below\":null,\"use_config_notify_stock_qty\":\"1\",\"manage_stock\":\"0\",\"use_config_manage_stock\":\"1\",\"use_config_qty_increments\":\"1\",\"qty_increments\":\"0\",\"use_config_enable_qty_inc\":\"1\",\"enable_qty_increments\":\"0\",\"is_decimal_divided\":\"0\",\"website_id\":\"1\",\"configurable_variations\":null,\"configurable_variation_prices\":null,\"configurable_variation_labels\":null,\"additional_images\":null,\"image\":\"\\/m\\/h\\/mh05-red_main.jpg\",\"image_label\":null,\"thumbnail\":\"\\/m\\/h\\/mh05-red_main.jpg\",\"thumbnail_label\":null,\"_media_image\":null,\"_store\":null,\"_attribute_set\":\"Top\",\"_product_websites\":\"base\",\"status\":\"1\",\"news_from_date\":null,\"news_to_date\":null,\"options_container\":null,\"minimal_price\":null,\"msrp\":null,\"msrp_enabled\":null,\"special_from_date\":null,\"special_to_date\":null,\"min_qty\":\"0\",\"backorders\":\"0\",\"min_sale_qty\":\"1\",\"max_sale_qty\":\"0\",\"notify_stock_qty\":null,\"meta_keyword\":null,\"has_options\":\"0\",\"required_options\":\"0\",\"size\":\"M\",\"color\":\"Red\"},{\"sku\":\"MH05-M-White\",\"store_view_code\":null,\"attribute_set_code\":\"Top\",\"product_type\":\"simple\",\"categories\":\"Default Category\\/Men\\/Tops\\/Hoodies & Sweatshirts\",\"product_websites\":\"base\",\"name\":\"Hollister Backyard Sweatshirt-M-White\",\"description\":\"<p>Kick off your weekend in the Hollister Backyard Sweatshirt. Whether you\'re raking leaves or flipping burgers, this comfy layer blocks the bite of the crisp autumn air. Puffy thick from hood to hem, it traps heat against your core.<\\/p>\\n<p>&bull; Cream crewneck sweatshirt with navy sleeves\\/trim.<br \\/>&bull; Relaxed fit. <br \\/>&bull; Ribbed cuffs and hem. <br \\/>&bull; Machine wash\\/dry.<\\/p>\",\"short_description\":null,\"weight\":\"1\",\"product_online\":\"1\",\"tax_class_name\":\"Taxable Goods\",\"visibility\":\"Not Visible Individually\",\"price\":\"52\",\"special_price\":null,\"special_price_from_date\":null,\"special_price_to_date\":null,\"url_key\":\"hollister-backyard-sweatshirt-m-white\",\"meta_title\":null,\"meta_keywords\":null,\"meta_description\":null,\"base_image\":\"\\/m\\/h\\/mh05-white_main.jpg\",\"base_image_label\":null,\"small_image\":\"\\/m\\/h\\/mh05-white_main.jpg\",\"small_image_label\":null,\"thumbnail_image\":\"\\/m\\/h\\/mh05-white_main.jpg\",\"thumbnail_image_label\":null,\"created_at\":null,\"updated_at\":null,\"new_from_date\":null,\"new_to_date\":null,\"display_product_options_in\":null,\"map_price\":null,\"msrp_price\":null,\"map_enabled\":null,\"gift_message_available\":null,\"custom_design\":null,\"custom_design_from\":null,\"custom_design_to\":null,\"custom_layout_update\":null,\"page_layout\":null,\"product_options_container\":null,\"msrp_display_actual_price_type\":null,\"country_of_manufacture\":null,\"additional_attributes\":\"has_options=0,required_options=0,size=M,color=White\",\"qty\":\"100\",\"out_of_stock_qty\":\"0\",\"use_config_min_qty\":\"1\",\"is_qty_decimal\":\"0\",\"allow_backorders\":\"0\",\"use_config_backorders\":\"1\",\"min_cart_qty\":\"1\",\"use_config_min_sale_qty\":\"1\",\"max_cart_qty\":\"0\",\"use_config_max_sale_qty\":\"1\",\"is_in_stock\":\"1\",\"notify_on_stock_below\":null,\"use_config_notify_stock_qty\":\"1\",\"manage_stock\":\"0\",\"use_config_manage_stock\":\"1\",\"use_config_qty_increments\":\"1\",\"qty_increments\":\"0\",\"use_config_enable_qty_inc\":\"1\",\"enable_qty_increments\":\"0\",\"is_decimal_divided\":\"0\",\"website_id\":\"1\",\"configurable_variations\":null,\"configurable_variation_prices\":null,\"configurable_variation_labels\":null,\"additional_images\":\"\\/m\\/h\\/mh05-white_alt1.jpg,\\/m\\/h\\/mh05-white_back.jpg\",\"image\":\"\\/m\\/h\\/mh05-white_main.jpg\",\"image_label\":null,\"thumbnail\":\"\\/m\\/h\\/mh05-white_main.jpg\",\"thumbnail_label\":null,\"_media_image\":\"\\/m\\/h\\/mh05-white_alt1.jpg,\\/m\\/h\\/mh05-white_back.jpg\",\"_store\":null,\"_attribute_set\":\"Top\",\"_product_websites\":\"base\",\"status\":\"1\",\"news_from_date\":null,\"news_to_date\":null,\"options_container\":null,\"minimal_price\":null,\"msrp\":null,\"msrp_enabled\":null,\"special_from_date\":null,\"special_to_date\":null,\"min_qty\":\"0\",\"backorders\":\"0\",\"min_sale_qty\":\"1\",\"max_sale_qty\":\"0\",\"notify_stock_qty\":null,\"meta_keyword\":null,\"has_options\":\"0\",\"required_options\":\"0\",\"size\":\"M\",\"color\":\"White\"},{\"sku\":\"MH05-L-Green\",\"store_view_code\":null,\"attribute_set_code\":\"Top\",\"product_type\":\"simple\",\"categories\":\"Default Category\\/Men\\/Tops\\/Hoodies & Sweatshirts\",\"product_websites\":\"base\",\"name\":\"Hollister Backyard Sweatshirt-L-Green\",\"description\":\"<p>Kick off your weekend in the Hollister Backyard Sweatshirt. Whether you\'re raking leaves or flipping burgers, this comfy layer blocks the bite of the crisp autumn air. Puffy thick from hood to hem, it traps heat against your core.<\\/p>\\n<p>&bull; Cream crewneck sweatshirt with navy sleeves\\/trim.<br \\/>&bull; Relaxed fit. <br \\/>&bull; Ribbed cuffs and hem. <br \\/>&bull; Machine wash\\/dry.<\\/p>\",\"short_description\":null,\"weight\":\"1\",\"product_online\":\"1\",\"tax_class_name\":\"Taxable Goods\",\"visibility\":\"Not Visible Individually\",\"price\":\"52\",\"special_price\":null,\"special_price_from_date\":null,\"special_price_to_date\":null,\"url_key\":\"hollister-backyard-sweatshirt-l-green\",\"meta_title\":null,\"meta_keywords\":null,\"meta_description\":null,\"base_image\":\"\\/m\\/h\\/mh05-green_main.jpg\",\"base_image_label\":null,\"small_image\":\"\\/m\\/h\\/mh05-green_main.jpg\",\"small_image_label\":null,\"thumbnail_image\":\"\\/m\\/h\\/mh05-green_main.jpg\",\"thumbnail_image_label\":null,\"created_at\":null,\"updated_at\":null,\"new_from_date\":null,\"new_to_date\":null,\"display_product_options_in\":null,\"map_price\":null,\"msrp_price\":null,\"map_enabled\":null,\"gift_message_available\":null,\"custom_design\":null,\"custom_design_from\":null,\"custom_design_to\":null,\"custom_layout_update\":null,\"page_layout\":null,\"product_options_container\":null,\"msrp_display_actual_price_type\":null,\"country_of_manufacture\":null,\"additional_attributes\":\"has_options=0,required_options=0,size=L,color=Green\",\"qty\":\"100\",\"out_of_stock_qty\":\"0\",\"use_config_min_qty\":\"1\",\"is_qty_decimal\":\"0\",\"allow_backorders\":\"0\",\"use_config_backorders\":\"1\",\"min_cart_qty\":\"1\",\"use_config_min_sale_qty\":\"1\",\"max_cart_qty\":\"0\",\"use_config_max_sale_qty\":\"1\",\"is_in_stock\":\"1\",\"notify_on_stock_below\":null,\"use_config_notify_stock_qty\":\"1\",\"manage_stock\":\"0\",\"use_config_manage_stock\":\"1\",\"use_config_qty_increments\":\"1\",\"qty_increments\":\"0\",\"use_config_enable_qty_inc\":\"1\",\"enable_qty_increments\":\"0\",\"is_decimal_divided\":\"0\",\"website_id\":\"1\",\"configurable_variations\":null,\"configurable_variation_prices\":null,\"configurable_variation_labels\":null,\"additional_images\":null,\"image\":\"\\/m\\/h\\/mh05-green_main.jpg\",\"image_label\":null,\"thumbnail\":\"\\/m\\/h\\/mh05-green_main.jpg\",\"thumbnail_label\":null,\"_media_image\":null,\"_store\":null,\"_attribute_set\":\"Top\",\"_product_websites\":\"base\",\"status\":\"1\",\"news_from_date\":null,\"news_to_date\":null,\"options_container\":null,\"minimal_price\":null,\"msrp\":null,\"msrp_enabled\":null,\"special_from_date\":null,\"special_to_date\":null,\"min_qty\":\"0\",\"backorders\":\"0\",\"min_sale_qty\":\"1\",\"max_sale_qty\":\"0\",\"notify_stock_qty\":null,\"meta_keyword\":null,\"has_options\":\"0\",\"required_options\":\"0\",\"size\":\"L\",\"color\":\"Green\"},{\"sku\":\"MH05-L-Red\",\"store_view_code\":null,\"attribute_set_code\":\"Top\",\"product_type\":\"simple\",\"categories\":\"Default Category\\/Men\\/Tops\\/Hoodies & Sweatshirts\",\"product_websites\":\"base\",\"name\":\"Hollister Backyard Sweatshirt-L-Red\",\"description\":\"<p>Kick off your weekend in the Hollister Backyard Sweatshirt. Whether you\'re raking leaves or flipping burgers, this comfy layer blocks the bite of the crisp autumn air. Puffy thick from hood to hem, it traps heat against your core.<\\/p>\\n<p>&bull; Cream crewneck sweatshirt with navy sleeves\\/trim.<br \\/>&bull; Relaxed fit. <br \\/>&bull; Ribbed cuffs and hem. <br \\/>&bull; Machine wash\\/dry.<\\/p>\",\"short_description\":null,\"weight\":\"1\",\"product_online\":\"1\",\"tax_class_name\":\"Taxable Goods\",\"visibility\":\"Not Visible Individually\",\"price\":\"52\",\"special_price\":null,\"special_price_from_date\":null,\"special_price_to_date\":null,\"url_key\":\"hollister-backyard-sweatshirt-l-red\",\"meta_title\":null,\"meta_keywords\":null,\"meta_description\":null,\"base_image\":\"\\/m\\/h\\/mh05-red_main.jpg\",\"base_image_label\":null,\"small_image\":\"\\/m\\/h\\/mh05-red_main.jpg\",\"small_image_label\":null,\"thumbnail_image\":\"\\/m\\/h\\/mh05-red_main.jpg\",\"thumbnail_image_label\":null,\"created_at\":null,\"updated_at\":null,\"new_from_date\":null,\"new_to_date\":null,\"display_product_options_in\":null,\"map_price\":null,\"msrp_price\":null,\"map_enabled\":null,\"gift_message_available\":null,\"custom_design\":null,\"custom_design_from\":null,\"custom_design_to\":null,\"custom_layout_update\":null,\"page_layout\":null,\"product_options_container\":null,\"msrp_display_actual_price_type\":null,\"country_of_manufacture\":null,\"additional_attributes\":\"has_options=0,required_options=0,size=L,color=Red\",\"qty\":\"100\",\"out_of_stock_qty\":\"0\",\"use_config_min_qty\":\"1\",\"is_qty_decimal\":\"0\",\"allow_backorders\":\"0\",\"use_config_backorders\":\"1\",\"min_cart_qty\":\"1\",\"use_config_min_sale_qty\":\"1\",\"max_cart_qty\":\"0\",\"use_config_max_sale_qty\":\"1\",\"is_in_stock\":\"1\",\"notify_on_stock_below\":null,\"use_config_notify_stock_qty\":\"1\",\"manage_stock\":\"0\",\"use_config_manage_stock\":\"1\",\"use_config_qty_increments\":\"1\",\"qty_increments\":\"0\",\"use_config_enable_qty_inc\":\"1\",\"enable_qty_increments\":\"0\",\"is_decimal_divided\":\"0\",\"website_id\":\"1\",\"configurable_variations\":null,\"configurable_variation_prices\":null,\"configurable_variation_labels\":null,\"additional_images\":null,\"image\":\"\\/m\\/h\\/mh05-red_main.jpg\",\"image_label\":null,\"thumbnail\":\"\\/m\\/h\\/mh05-red_main.jpg\",\"thumbnail_label\":null,\"_media_image\":null,\"_store\":null,\"_attribute_set\":\"Top\",\"_product_websites\":\"base\",\"status\":\"1\",\"news_from_date\":null,\"news_to_date\":null,\"options_container\":null,\"minimal_price\":null,\"msrp\":null,\"msrp_enabled\":null,\"special_from_date\":null,\"special_to_date\":null,\"min_qty\":\"0\",\"backorders\":\"0\",\"min_sale_qty\":\"1\",\"max_sale_qty\":\"0\",\"notify_stock_qty\":null,\"meta_keyword\":null,\"has_options\":\"0\",\"required_options\":\"0\",\"size\":\"L\",\"color\":\"Red\"},{\"sku\":\"MH05-L-White\",\"store_view_code\":null,\"attribute_set_code\":\"Top\",\"product_type\":\"simple\",\"categories\":\"Default Category\\/Men\\/Tops\\/Hoodies & Sweatshirts\",\"product_websites\":\"base\",\"name\":\"Hollister Backyard Sweatshirt-L-White\",\"description\":\"<p>Kick off your weekend in the Hollister Backyard Sweatshirt. Whether you\'re raking leaves or flipping burgers, this comfy layer blocks the bite of the crisp autumn air. Puffy thick from hood to hem, it traps heat against your core.<\\/p>\\n<p>&bull; Cream crewneck sweatshirt with navy sleeves\\/trim.<br \\/>&bull; Relaxed fit. <br \\/>&bull; Ribbed cuffs and hem. <br \\/>&bull; Machine wash\\/dry.<\\/p>\",\"short_description\":null,\"weight\":\"1\",\"product_online\":\"1\",\"tax_class_name\":\"Taxable Goods\",\"visibility\":\"Not Visible Individually\",\"price\":\"52\",\"special_price\":null,\"special_price_from_date\":null,\"special_price_to_date\":null,\"url_key\":\"hollister-backyard-sweatshirt-l-white\",\"meta_title\":null,\"meta_keywords\":null,\"meta_description\":null,\"base_image\":\"\\/m\\/h\\/mh05-white_main.jpg\",\"base_image_label\":null,\"small_image\":\"\\/m\\/h\\/mh05-white_main.jpg\",\"small_image_label\":null,\"thumbnail_image\":\"\\/m\\/h\\/mh05-white_main.jpg\",\"thumbnail_image_label\":null,\"created_at\":null,\"updated_at\":null,\"new_from_date\":null,\"new_to_date\":null,\"display_product_options_in\":null,\"map_price\":null,\"msrp_price\":null,\"map_enabled\":null,\"gift_message_available\":null,\"custom_design\":null,\"custom_design_from\":null,\"custom_design_to\":null,\"custom_layout_update\":null,\"page_layout\":null,\"product_options_container\":null,\"msrp_display_actual_price_type\":null,\"country_of_manufacture\":null,\"additional_attributes\":\"has_options=0,required_options=0,size=L,color=White\",\"qty\":\"100\",\"out_of_stock_qty\":\"0\",\"use_config_min_qty\":\"1\",\"is_qty_decimal\":\"0\",\"allow_backorders\":\"0\",\"use_config_backorders\":\"1\",\"min_cart_qty\":\"1\",\"use_config_min_sale_qty\":\"1\",\"max_cart_qty\":\"0\",\"use_config_max_sale_qty\":\"1\",\"is_in_stock\":\"1\",\"notify_on_stock_below\":null,\"use_config_notify_stock_qty\":\"1\",\"manage_stock\":\"0\",\"use_config_manage_stock\":\"1\",\"use_config_qty_increments\":\"1\",\"qty_increments\":\"0\",\"use_config_enable_qty_inc\":\"1\",\"enable_qty_increments\":\"0\",\"is_decimal_divided\":\"0\",\"website_id\":\"1\",\"configurable_variations\":null,\"configurable_variation_prices\":null,\"configurable_variation_labels\":null,\"additional_images\":\"\\/m\\/h\\/mh05-white_alt1.jpg,\\/m\\/h\\/mh05-white_back.jpg\",\"image\":\"\\/m\\/h\\/mh05-white_main.jpg\",\"image_label\":null,\"thumbnail\":\"\\/m\\/h\\/mh05-white_main.jpg\",\"thumbnail_label\":null,\"_media_image\":\"\\/m\\/h\\/mh05-white_alt1.jpg,\\/m\\/h\\/mh05-white_back.jpg\",\"_store\":null,\"_attribute_set\":\"Top\",\"_product_websites\":\"base\",\"status\":\"1\",\"news_from_date\":null,\"news_to_date\":null,\"options_container\":null,\"minimal_price\":null,\"msrp\":null,\"msrp_enabled\":null,\"special_from_date\":null,\"special_to_date\":null,\"min_qty\":\"0\",\"backorders\":\"0\",\"min_sale_qty\":\"1\",\"max_sale_qty\":\"0\",\"notify_stock_qty\":null,\"meta_keyword\":null,\"has_options\":\"0\",\"required_options\":\"0\",\"size\":\"L\",\"color\":\"White\"},{\"sku\":\"MH05-XL-Green\",\"store_view_code\":null,\"attribute_set_code\":\"Top\",\"product_type\":\"simple\",\"categories\":\"Default Category\\/Men\\/Tops\\/Hoodies & Sweatshirts\",\"product_websites\":\"base\",\"name\":\"Hollister Backyard Sweatshirt-XL-Green\",\"description\":\"<p>Kick off your weekend in the Hollister Backyard Sweatshirt. Whether you\'re raking leaves or flipping burgers, this comfy layer blocks the bite of the crisp autumn air. Puffy thick from hood to hem, it traps heat against your core.<\\/p>\\n<p>&bull; Cream crewneck sweatshirt with navy sleeves\\/trim.<br \\/>&bull; Relaxed fit. <br \\/>&bull; Ribbed cuffs and hem. <br \\/>&bull; Machine wash\\/dry.<\\/p>\",\"short_description\":null,\"weight\":\"1\",\"product_online\":\"1\",\"tax_class_name\":\"Taxable Goods\",\"visibility\":\"Not Visible Individually\",\"price\":\"52\",\"special_price\":null,\"special_price_from_date\":null,\"special_price_to_date\":null,\"url_key\":\"hollister-backyard-sweatshirt-xl-green\",\"meta_title\":null,\"meta_keywords\":null,\"meta_description\":null,\"base_image\":\"\\/m\\/h\\/mh05-green_main.jpg\",\"base_image_label\":null,\"small_image\":\"\\/m\\/h\\/mh05-green_main.jpg\",\"small_image_label\":null,\"thumbnail_image\":\"\\/m\\/h\\/mh05-green_main.jpg\",\"thumbnail_image_label\":null,\"created_at\":null,\"updated_at\":null,\"new_from_date\":null,\"new_to_date\":null,\"display_product_options_in\":null,\"map_price\":null,\"msrp_price\":null,\"map_enabled\":null,\"gift_message_available\":null,\"custom_design\":null,\"custom_design_from\":null,\"custom_design_to\":null,\"custom_layout_update\":null,\"page_layout\":null,\"product_options_container\":null,\"msrp_display_actual_price_type\":null,\"country_of_manufacture\":null,\"additional_attributes\":\"has_options=0,required_options=0,size=XL,color=Green\",\"qty\":\"100\",\"out_of_stock_qty\":\"0\",\"use_config_min_qty\":\"1\",\"is_qty_decimal\":\"0\",\"allow_backorders\":\"0\",\"use_config_backorders\":\"1\",\"min_cart_qty\":\"1\",\"use_config_min_sale_qty\":\"1\",\"max_cart_qty\":\"0\",\"use_config_max_sale_qty\":\"1\",\"is_in_stock\":\"1\",\"notify_on_stock_below\":null,\"use_config_notify_stock_qty\":\"1\",\"manage_stock\":\"0\",\"use_config_manage_stock\":\"1\",\"use_config_qty_increments\":\"1\",\"qty_increments\":\"0\",\"use_config_enable_qty_inc\":\"1\",\"enable_qty_increments\":\"0\",\"is_decimal_divided\":\"0\",\"website_id\":\"1\",\"configurable_variations\":null,\"configurable_variation_prices\":null,\"configurable_variation_labels\":null,\"additional_images\":null,\"image\":\"\\/m\\/h\\/mh05-green_main.jpg\",\"image_label\":null,\"thumbnail\":\"\\/m\\/h\\/mh05-green_main.jpg\",\"thumbnail_label\":null,\"_media_image\":null,\"_store\":null,\"_attribute_set\":\"Top\",\"_product_websites\":\"base\",\"status\":\"1\",\"news_from_date\":null,\"news_to_date\":null,\"options_container\":null,\"minimal_price\":null,\"msrp\":null,\"msrp_enabled\":null,\"special_from_date\":null,\"special_to_date\":null,\"min_qty\":\"0\",\"backorders\":\"0\",\"min_sale_qty\":\"1\",\"max_sale_qty\":\"0\",\"notify_stock_qty\":null,\"meta_keyword\":null,\"has_options\":\"0\",\"required_options\":\"0\",\"size\":\"XL\",\"color\":\"Green\"},{\"sku\":\"MH05-XL-Red\",\"store_view_code\":null,\"attribute_set_code\":\"Top\",\"product_type\":\"simple\",\"categories\":\"Default Category\\/Men\\/Tops\\/Hoodies & Sweatshirts\",\"product_websites\":\"base\",\"name\":\"Hollister Backyard Sweatshirt-XL-Red\",\"description\":\"<p>Kick off your weekend in the Hollister Backyard Sweatshirt. Whether you\'re raking leaves or flipping burgers, this comfy layer blocks the bite of the crisp autumn air. Puffy thick from hood to hem, it traps heat against your core.<\\/p>\\n<p>&bull; Cream crewneck sweatshirt with navy sleeves\\/trim.<br \\/>&bull; Relaxed fit. <br \\/>&bull; Ribbed cuffs and hem. <br \\/>&bull; Machine wash\\/dry.<\\/p>\",\"short_description\":null,\"weight\":\"1\",\"product_online\":\"1\",\"tax_class_name\":\"Taxable Goods\",\"visibility\":\"Not Visible Individually\",\"price\":\"52\",\"special_price\":null,\"special_price_from_date\":null,\"special_price_to_date\":null,\"url_key\":\"hollister-backyard-sweatshirt-xl-red\",\"meta_title\":null,\"meta_keywords\":null,\"meta_description\":null,\"base_image\":\"\\/m\\/h\\/mh05-red_main.jpg\",\"base_image_label\":null,\"small_image\":\"\\/m\\/h\\/mh05-red_main.jpg\",\"small_image_label\":null,\"thumbnail_image\":\"\\/m\\/h\\/mh05-red_main.jpg\",\"thumbnail_image_label\":null,\"created_at\":null,\"updated_at\":null,\"new_from_date\":null,\"new_to_date\":null,\"display_product_options_in\":null,\"map_price\":null,\"msrp_price\":null,\"map_enabled\":null,\"gift_message_available\":null,\"custom_design\":null,\"custom_design_from\":null,\"custom_design_to\":null,\"custom_layout_update\":null,\"page_layout\":null,\"product_options_container\":null,\"msrp_display_actual_price_type\":null,\"country_of_manufacture\":null,\"additional_attributes\":\"has_options=0,required_options=0,size=XL,color=Red\",\"qty\":\"100\",\"out_of_stock_qty\":\"0\",\"use_config_min_qty\":\"1\",\"is_qty_decimal\":\"0\",\"allow_backorders\":\"0\",\"use_config_backorders\":\"1\",\"min_cart_qty\":\"1\",\"use_config_min_sale_qty\":\"1\",\"max_cart_qty\":\"0\",\"use_config_max_sale_qty\":\"1\",\"is_in_stock\":\"1\",\"notify_on_stock_below\":null,\"use_config_notify_stock_qty\":\"1\",\"manage_stock\":\"0\",\"use_config_manage_stock\":\"1\",\"use_config_qty_increments\":\"1\",\"qty_increments\":\"0\",\"use_config_enable_qty_inc\":\"1\",\"enable_qty_increments\":\"0\",\"is_decimal_divided\":\"0\",\"website_id\":\"1\",\"configurable_variations\":null,\"configurable_variation_prices\":null,\"configurable_variation_labels\":null,\"additional_images\":null,\"image\":\"\\/m\\/h\\/mh05-red_main.jpg\",\"image_label\":null,\"thumbnail\":\"\\/m\\/h\\/mh05-red_main.jpg\",\"thumbnail_label\":null,\"_media_image\":null,\"_store\":null,\"_attribute_set\":\"Top\",\"_product_websites\":\"base\",\"status\":\"1\",\"news_from_date\":null,\"news_to_date\":null,\"options_container\":null,\"minimal_price\":null,\"msrp\":null,\"msrp_enabled\":null,\"special_from_date\":null,\"special_to_date\":null,\"min_qty\":\"0\",\"backorders\":\"0\",\"min_sale_qty\":\"1\",\"max_sale_qty\":\"0\",\"notify_stock_qty\":null,\"meta_keyword\":null,\"has_options\":\"0\",\"required_options\":\"0\",\"size\":\"XL\",\"color\":\"Red\"},{\"sku\":\"MH05-XL-White\",\"store_view_code\":null,\"attribute_set_code\":\"Top\",\"product_type\":\"simple\",\"categories\":\"Default Category\\/Men\\/Tops\\/Hoodies & Sweatshirts\",\"product_websites\":\"base\",\"name\":\"Hollister Backyard Sweatshirt-XL-White\",\"description\":\"<p>Kick off your weekend in the Hollister Backyard Sweatshirt. Whether you\'re raking leaves or flipping burgers, this comfy layer blocks the bite of the crisp autumn air. Puffy thick from hood to hem, it traps heat against your core.<\\/p>\\n<p>&bull; Cream crewneck sweatshirt with navy sleeves\\/trim.<br \\/>&bull; Relaxed fit. <br \\/>&bull; Ribbed cuffs and hem. <br \\/>&bull; Machine wash\\/dry.<\\/p>\",\"short_description\":null,\"weight\":\"1\",\"product_online\":\"1\",\"tax_class_name\":\"Taxable Goods\",\"visibility\":\"Not Visible Individually\",\"price\":\"52\",\"special_price\":null,\"special_price_from_date\":null,\"special_price_to_date\":null,\"url_key\":\"hollister-backyard-sweatshirt-xl-white\",\"meta_title\":null,\"meta_keywords\":null,\"meta_description\":null,\"base_image\":\"\\/m\\/h\\/mh05-white_main.jpg\",\"base_image_label\":null,\"small_image\":\"\\/m\\/h\\/mh05-white_main.jpg\",\"small_image_label\":null,\"thumbnail_image\":\"\\/m\\/h\\/mh05-white_main.jpg\",\"thumbnail_image_label\":null,\"created_at\":null,\"updated_at\":null,\"new_from_date\":null,\"new_to_date\":null,\"display_product_options_in\":null,\"map_price\":null,\"msrp_price\":null,\"map_enabled\":null,\"gift_message_available\":null,\"custom_design\":null,\"custom_design_from\":null,\"custom_design_to\":null,\"custom_layout_update\":null,\"page_layout\":null,\"product_options_container\":null,\"msrp_display_actual_price_type\":null,\"country_of_manufacture\":null,\"additional_attributes\":\"has_options=0,required_options=0,size=XL,color=White\",\"qty\":\"100\",\"out_of_stock_qty\":\"0\",\"use_config_min_qty\":\"1\",\"is_qty_decimal\":\"0\",\"allow_backorders\":\"0\",\"use_config_backorders\":\"1\",\"min_cart_qty\":\"1\",\"use_config_min_sale_qty\":\"1\",\"max_cart_qty\":\"0\",\"use_config_max_sale_qty\":\"1\",\"is_in_stock\":\"1\",\"notify_on_stock_below\":null,\"use_config_notify_stock_qty\":\"1\",\"manage_stock\":\"0\",\"use_config_manage_stock\":\"1\",\"use_config_qty_increments\":\"1\",\"qty_increments\":\"0\",\"use_config_enable_qty_inc\":\"1\",\"enable_qty_increments\":\"0\",\"is_decimal_divided\":\"0\",\"website_id\":\"1\",\"configurable_variations\":null,\"configurable_variation_prices\":null,\"configurable_variation_labels\":null,\"additional_images\":\"\\/m\\/h\\/mh05-white_alt1.jpg,\\/m\\/h\\/mh05-white_back.jpg\",\"image\":\"\\/m\\/h\\/mh05-white_main.jpg\",\"image_label\":null,\"thumbnail\":\"\\/m\\/h\\/mh05-white_main.jpg\",\"thumbnail_label\":null,\"_media_image\":\"\\/m\\/h\\/mh05-white_alt1.jpg,\\/m\\/h\\/mh05-white_back.jpg\",\"_store\":null,\"_attribute_set\":\"Top\",\"_product_websites\":\"base\",\"status\":\"1\",\"news_from_date\":null,\"news_to_date\":null,\"options_container\":null,\"minimal_price\":null,\"msrp\":null,\"msrp_enabled\":null,\"special_from_date\":null,\"special_to_date\":null,\"min_qty\":\"0\",\"backorders\":\"0\",\"min_sale_qty\":\"1\",\"max_sale_qty\":\"0\",\"notify_stock_qty\":null,\"meta_keyword\":null,\"has_options\":\"0\",\"required_options\":\"0\",\"size\":\"XL\",\"color\":\"White\"},{\"sku\":\"MH05\",\"store_view_code\":null,\"attribute_set_code\":\"Top\",\"product_type\":\"configurable\",\"categories\":\"Default Category\\/Men\\/Tops\\/Hoodies & Sweatshirts\",\"product_websites\":\"base\",\"name\":\"Hollister Backyard Sweatshirt\",\"description\":\"<p>Kick off your weekend in the Hollister Backyard Sweatshirt. Whether you\'re raking leaves or flipping burgers, this comfy layer blocks the bite of the crisp autumn air. Puffy thick from hood to hem, it traps heat against your core.<\\/p>\\n<p>&bull; Cream crewneck sweatshirt with navy sleeves\\/trim.<br \\/>&bull; Relaxed fit. <br \\/>&bull; Ribbed cuffs and hem. <br \\/>&bull; Machine wash\\/dry.<\\/p>\",\"short_description\":null,\"weight\":null,\"product_online\":\"1\",\"tax_class_name\":\"Taxable Goods\",\"visibility\":\"Catalog, Search\",\"price\":\"52\",\"special_price\":null,\"special_price_from_date\":null,\"special_price_to_date\":null,\"url_key\":null,\"meta_title\":null,\"meta_keywords\":null,\"meta_description\":null,\"base_image\":\"\\/m\\/h\\/mh05-white_main.jpg\",\"base_image_label\":null,\"small_image\":\"\\/m\\/h\\/mh05-white_main.jpg\",\"small_image_label\":null,\"thumbnail_image\":\"\\/m\\/h\\/mh05-white_main.jpg\",\"thumbnail_image_label\":null,\"created_at\":null,\"updated_at\":null,\"new_from_date\":null,\"new_to_date\":null,\"display_product_options_in\":null,\"map_price\":null,\"msrp_price\":null,\"map_enabled\":null,\"gift_message_available\":null,\"custom_design\":null,\"custom_design_from\":null,\"custom_design_to\":null,\"custom_layout_update\":null,\"page_layout\":null,\"product_options_container\":null,\"msrp_display_actual_price_type\":null,\"country_of_manufacture\":null,\"additional_attributes\":\"has_options=1,required_options=1,material=Wool|Polyester|Nylon,pattern=Color-Blocked,climate=Cool,eco_collection=No,performance_fabric=No,erin_recommends=No,new=No,sale=No\",\"qty\":\"0\",\"out_of_stock_qty\":\"0\",\"use_config_min_qty\":\"1\",\"is_qty_decimal\":\"0\",\"allow_backorders\":\"0\",\"use_config_backorders\":\"1\",\"min_cart_qty\":\"1\",\"use_config_min_sale_qty\":\"1\",\"max_cart_qty\":\"0\",\"use_config_max_sale_qty\":\"1\",\"is_in_stock\":\"1\",\"notify_on_stock_below\":null,\"use_config_notify_stock_qty\":\"1\",\"manage_stock\":\"0\",\"use_config_manage_stock\":\"1\",\"use_config_qty_increments\":\"1\",\"qty_increments\":\"0\",\"use_config_enable_qty_inc\":\"1\",\"enable_qty_increments\":\"0\",\"is_decimal_divided\":\"0\",\"website_id\":\"1\",\"configurable_variations\":\"sku=MH05-XS-Green,size=XS,color=Green|sku=MH05-XS-Red,size=XS,color=Red|sku=MH05-XS-White,size=XS,color=White|sku=MH05-S-Green,size=S,color=Green|sku=MH05-S-Red,size=S,color=Red|sku=MH05-S-White,size=S,color=White|sku=MH05-M-Green,size=M,color=Green|sku=MH05-M-Red,size=M,color=Red|sku=MH05-M-White,size=M,color=White|sku=MH05-L-Green,size=L,color=Green|sku=MH05-L-Red,size=L,color=Red|sku=MH05-L-White,size=L,color=White|sku=MH05-XL-Green,size=XL,color=Green|sku=MH05-XL-Red,size=XL,color=Red|sku=MH05-XL-White,size=XL,color=White\",\"configurable_variation_prices\":null,\"configurable_variation_labels\":null,\"additional_images\":\"\\/m\\/h\\/mh05-white_alt1.jpg,\\/m\\/h\\/mh05-white_back.jpg\",\"image\":\"\\/m\\/h\\/mh05-white_main.jpg\",\"image_label\":null,\"thumbnail\":\"\\/m\\/h\\/mh05-white_main.jpg\",\"thumbnail_label\":null,\"_media_image\":\"\\/m\\/h\\/mh05-white_alt1.jpg,\\/m\\/h\\/mh05-white_back.jpg\",\"_store\":null,\"_attribute_set\":\"Top\",\"_product_websites\":\"base\",\"status\":\"1\",\"news_from_date\":null,\"news_to_date\":null,\"options_container\":null,\"minimal_price\":null,\"msrp\":null,\"msrp_enabled\":null,\"special_from_date\":null,\"special_to_date\":null,\"min_qty\":\"0\",\"backorders\":\"0\",\"min_sale_qty\":\"1\",\"max_sale_qty\":\"0\",\"notify_stock_qty\":null,\"meta_keyword\":null,\"has_options\":\"1\",\"required_options\":\"1\",\"material\":\"Wool|Polyester|Nylon\",\"pattern\":\"Color-Blocked\",\"climate\":\"Cool\",\"eco_collection\":\"No\",\"performance_fabric\":\"No\",\"erin_recommends\":\"No\",\"new\":\"No\",\"sale\":\"No\"},{\"sku\":\"MH06-XS-Black\",\"store_view_code\":null,\"attribute_set_code\":\"Top\",\"product_type\":\"simple\",\"categories\":\"Default Category\\/Men\\/Tops\\/Hoodies & Sweatshirts\",\"product_websites\":\"base\",\"name\":\"Stark Fundamental Hoodie-XS-Black\",\"description\":\"<p>You don\'t need bells and whistles when performance speaks for itself. The full-zip Stark Fundamental Hoodie give just what you need. Hood and fleece lining keep you warm, while breathable fabric and wicking technology won\'t let you overheat.<\\/p>\\n<p>&bull; Navy specked full zip hoodie.<br \\/>&bull; Ribbed cuffs, banded waist.<br \\/>&bull; Side pockets. <br \\/>&bull; Machine wash\\/dry.<\\/p>\",\"short_description\":null,\"weight\":\"1\",\"product_online\":\"1\",\"tax_class_name\":\"Taxable Goods\",\"visibility\":\"Not Visible Individually\",\"price\":\"42\",\"special_price\":null,\"special_price_from_date\":null,\"special_price_to_date\":null,\"url_key\":\"stark-fundamental-hoodie-xs-black\",\"meta_title\":null,\"meta_keywords\":null,\"meta_description\":null,\"base_image\":\"\\/m\\/h\\/mh06-black_main.jpg\",\"base_image_label\":null,\"small_image\":\"\\/m\\/h\\/mh06-black_main.jpg\",\"small_image_label\":null,\"thumbnail_image\":\"\\/m\\/h\\/mh06-black_main.jpg\",\"thumbnail_image_label\":null,\"created_at\":null,\"updated_at\":null,\"new_from_date\":null,\"new_to_date\":null,\"display_product_options_in\":null,\"map_price\":null,\"msrp_price\":null,\"map_enabled\":null,\"gift_message_available\":null,\"custom_design\":null,\"custom_design_from\":null,\"custom_design_to\":null,\"custom_layout_update\":null,\"page_layout\":null,\"product_options_container\":null,\"msrp_display_actual_price_type\":null,\"country_of_manufacture\":null,\"additional_attributes\":\"has_options=0,required_options=0,size=XS,color=Black\",\"qty\":\"100\",\"out_of_stock_qty\":\"0\",\"use_config_min_qty\":\"1\",\"is_qty_decimal\":\"0\",\"allow_backorders\":\"0\",\"use_config_backorders\":\"1\",\"min_cart_qty\":\"1\",\"use_config_min_sale_qty\":\"1\",\"max_cart_qty\":\"0\",\"use_config_max_sale_qty\":\"1\",\"is_in_stock\":\"1\",\"notify_on_stock_below\":null,\"use_config_notify_stock_qty\":\"1\",\"manage_stock\":\"0\",\"use_config_manage_stock\":\"1\",\"use_config_qty_increments\":\"1\",\"qty_increments\":\"0\",\"use_config_enable_qty_inc\":\"1\",\"enable_qty_increments\":\"0\",\"is_decimal_divided\":\"0\",\"website_id\":\"1\",\"configurable_variations\":null,\"configurable_variation_prices\":null,\"configurable_variation_labels\":null,\"additional_images\":null,\"image\":\"\\/m\\/h\\/mh06-black_main.jpg\",\"image_label\":null,\"thumbnail\":\"\\/m\\/h\\/mh06-black_main.jpg\",\"thumbnail_label\":null,\"_media_image\":null,\"_store\":null,\"_attribute_set\":\"Top\",\"_product_websites\":\"base\",\"status\":\"1\",\"news_from_date\":null,\"news_to_date\":null,\"options_container\":null,\"minimal_price\":null,\"msrp\":null,\"msrp_enabled\":null,\"special_from_date\":null,\"special_to_date\":null,\"min_qty\":\"0\",\"backorders\":\"0\",\"min_sale_qty\":\"1\",\"max_sale_qty\":\"0\",\"notify_stock_qty\":null,\"meta_keyword\":null,\"has_options\":\"0\",\"required_options\":\"0\",\"size\":\"XS\",\"color\":\"Black\"},{\"sku\":\"MH06-XS-Blue\",\"store_view_code\":null,\"attribute_set_code\":\"Top\",\"product_type\":\"simple\",\"categories\":\"Default Category\\/Men\\/Tops\\/Hoodies & Sweatshirts\",\"product_websites\":\"base\",\"name\":\"Stark Fundamental Hoodie-XS-Blue\",\"description\":\"<p>You don\'t need bells and whistles when performance speaks for itself. The full-zip Stark Fundamental Hoodie give just what you need. Hood and fleece lining keep you warm, while breathable fabric and wicking technology won\'t let you overheat.<\\/p>\\n<p>&bull; Navy specked full zip hoodie.<br \\/>&bull; Ribbed cuffs, banded waist.<br \\/>&bull; Side pockets. <br \\/>&bull; Machine wash\\/dry.<\\/p>\",\"short_description\":null,\"weight\":\"1\",\"product_online\":\"1\",\"tax_class_name\":\"Taxable Goods\",\"visibility\":\"Not Visible Individually\",\"price\":\"42\",\"special_price\":null,\"special_price_from_date\":null,\"special_price_to_date\":null,\"url_key\":\"stark-fundamental-hoodie-xs-blue\",\"meta_title\":null,\"meta_keywords\":null,\"meta_description\":null,\"base_image\":\"\\/m\\/h\\/mh06-blue_main.jpg\",\"base_image_label\":null,\"small_image\":\"\\/m\\/h\\/mh06-blue_main.jpg\",\"small_image_label\":null,\"thumbnail_image\":\"\\/m\\/h\\/mh06-blue_main.jpg\",\"thumbnail_image_label\":null,\"created_at\":null,\"updated_at\":null,\"new_from_date\":null,\"new_to_date\":null,\"display_product_options_in\":null,\"map_price\":null,\"msrp_price\":null,\"map_enabled\":null,\"gift_message_available\":null,\"custom_design\":null,\"custom_design_from\":null,\"custom_design_to\":null,\"custom_layout_update\":null,\"page_layout\":null,\"product_options_container\":null,\"msrp_display_actual_price_type\":null,\"country_of_manufacture\":null,\"additional_attributes\":\"has_options=0,required_options=0,size=XS,color=Blue\",\"qty\":\"100\",\"out_of_stock_qty\":\"0\",\"use_config_min_qty\":\"1\",\"is_qty_decimal\":\"0\",\"allow_backorders\":\"0\",\"use_config_backorders\":\"1\",\"min_cart_qty\":\"1\",\"use_config_min_sale_qty\":\"1\",\"max_cart_qty\":\"0\",\"use_config_max_sale_qty\":\"1\",\"is_in_stock\":\"1\",\"notify_on_stock_below\":null,\"use_config_notify_stock_qty\":\"1\",\"manage_stock\":\"0\",\"use_config_manage_stock\":\"1\",\"use_config_qty_increments\":\"1\",\"qty_increments\":\"0\",\"use_config_enable_qty_inc\":\"1\",\"enable_qty_increments\":\"0\",\"is_decimal_divided\":\"0\",\"website_id\":\"1\",\"configurable_variations\":null,\"configurable_variation_prices\":null,\"configurable_variation_labels\":null,\"additional_images\":\"\\/m\\/h\\/mh06-blue_alt1.jpg,\\/m\\/h\\/mh06-blue_back.jpg\",\"image\":\"\\/m\\/h\\/mh06-blue_main.jpg\",\"image_label\":null,\"thumbnail\":\"\\/m\\/h\\/mh06-blue_main.jpg\",\"thumbnail_label\":null,\"_media_image\":\"\\/m\\/h\\/mh06-blue_alt1.jpg,\\/m\\/h\\/mh06-blue_back.jpg\",\"_store\":null,\"_attribute_set\":\"Top\",\"_product_websites\":\"base\",\"status\":\"1\",\"news_from_date\":null,\"news_to_date\":null,\"options_container\":null,\"minimal_price\":null,\"msrp\":null,\"msrp_enabled\":null,\"special_from_date\":null,\"special_to_date\":null,\"min_qty\":\"0\",\"backorders\":\"0\",\"min_sale_qty\":\"1\",\"max_sale_qty\":\"0\",\"notify_stock_qty\":null,\"meta_keyword\":null,\"has_options\":\"0\",\"required_options\":\"0\",\"size\":\"XS\",\"color\":\"Blue\"},{\"sku\":\"MH06-XS-Purple\",\"store_view_code\":null,\"attribute_set_code\":\"Top\",\"product_type\":\"simple\",\"categories\":\"Default Category\\/Men\\/Tops\\/Hoodies & Sweatshirts\",\"product_websites\":\"base\",\"name\":\"Stark Fundamental Hoodie-XS-Purple\",\"description\":\"<p>You don\'t need bells and whistles when performance speaks for itself. The full-zip Stark Fundamental Hoodie give just what you need. Hood and fleece lining keep you warm, while breathable fabric and wicking technology won\'t let you overheat.<\\/p>\\n<p>&bull; Navy specked full zip hoodie.<br \\/>&bull; Ribbed cuffs, banded waist.<br \\/>&bull; Side pockets. <br \\/>&bull; Machine wash\\/dry.<\\/p>\",\"short_description\":null,\"weight\":\"1\",\"product_online\":\"1\",\"tax_class_name\":\"Taxable Goods\",\"visibility\":\"Not Visible Individually\",\"price\":\"42\",\"special_price\":null,\"special_price_from_date\":null,\"special_price_to_date\":null,\"url_key\":\"stark-fundamental-hoodie-xs-purple\",\"meta_title\":null,\"meta_keywords\":null,\"meta_description\":null,\"base_image\":\"\\/m\\/h\\/mh06-purple_main.jpg\",\"base_image_label\":null,\"small_image\":\"\\/m\\/h\\/mh06-purple_main.jpg\",\"small_image_label\":null,\"thumbnail_image\":\"\\/m\\/h\\/mh06-purple_main.jpg\",\"thumbnail_image_label\":null,\"created_at\":null,\"updated_at\":null,\"new_from_date\":null,\"new_to_date\":null,\"display_product_options_in\":null,\"map_price\":null,\"msrp_price\":null,\"map_enabled\":null,\"gift_message_available\":null,\"custom_design\":null,\"custom_design_from\":null,\"custom_design_to\":null,\"custom_layout_update\":null,\"page_layout\":null,\"product_options_container\":null,\"msrp_display_actual_price_type\":null,\"country_of_manufacture\":null,\"additional_attributes\":\"has_options=0,required_options=0,size=XS,color=Purple\",\"qty\":\"100\",\"out_of_stock_qty\":\"0\",\"use_config_min_qty\":\"1\",\"is_qty_decimal\":\"0\",\"allow_backorders\":\"0\",\"use_config_backorders\":\"1\",\"min_cart_qty\":\"1\",\"use_config_min_sale_qty\":\"1\",\"max_cart_qty\":\"0\",\"use_config_max_sale_qty\":\"1\",\"is_in_stock\":\"1\",\"notify_on_stock_below\":null,\"use_config_notify_stock_qty\":\"1\",\"manage_stock\":\"0\",\"use_config_manage_stock\":\"1\",\"use_config_qty_increments\":\"1\",\"qty_increments\":\"0\",\"use_config_enable_qty_inc\":\"1\",\"enable_qty_increments\":\"0\",\"is_decimal_divided\":\"0\",\"website_id\":\"1\",\"configurable_variations\":null,\"configurable_variation_prices\":null,\"configurable_variation_labels\":null,\"additional_images\":null,\"image\":\"\\/m\\/h\\/mh06-purple_main.jpg\",\"image_label\":null,\"thumbnail\":\"\\/m\\/h\\/mh06-purple_main.jpg\",\"thumbnail_label\":null,\"_media_image\":null,\"_store\":null,\"_attribute_set\":\"Top\",\"_product_websites\":\"base\",\"status\":\"1\",\"news_from_date\":null,\"news_to_date\":null,\"options_container\":null,\"minimal_price\":null,\"msrp\":null,\"msrp_enabled\":null,\"special_from_date\":null,\"special_to_date\":null,\"min_qty\":\"0\",\"backorders\":\"0\",\"min_sale_qty\":\"1\",\"max_sale_qty\":\"0\",\"notify_stock_qty\":null,\"meta_keyword\":null,\"has_options\":\"0\",\"required_options\":\"0\",\"size\":\"XS\",\"color\":\"Purple\"},{\"sku\":\"MH06-S-Black\",\"store_view_code\":null,\"attribute_set_code\":\"Top\",\"product_type\":\"simple\",\"categories\":\"Default Category\\/Men\\/Tops\\/Hoodies & Sweatshirts\",\"product_websites\":\"base\",\"name\":\"Stark Fundamental Hoodie-S-Black\",\"description\":\"<p>You don\'t need bells and whistles when performance speaks for itself. The full-zip Stark Fundamental Hoodie give just what you need. Hood and fleece lining keep you warm, while breathable fabric and wicking technology won\'t let you overheat.<\\/p>\\n<p>&bull; Navy specked full zip hoodie.<br \\/>&bull; Ribbed cuffs, banded waist.<br \\/>&bull; Side pockets. <br \\/>&bull; Machine wash\\/dry.<\\/p>\",\"short_description\":null,\"weight\":\"1\",\"product_online\":\"1\",\"tax_class_name\":\"Taxable Goods\",\"visibility\":\"Not Visible Individually\",\"price\":\"42\",\"special_price\":null,\"special_price_from_date\":null,\"special_price_to_date\":null,\"url_key\":\"stark-fundamental-hoodie-s-black\",\"meta_title\":null,\"meta_keywords\":null,\"meta_description\":null,\"base_image\":\"\\/m\\/h\\/mh06-black_main.jpg\",\"base_image_label\":null,\"small_image\":\"\\/m\\/h\\/mh06-black_main.jpg\",\"small_image_label\":null,\"thumbnail_image\":\"\\/m\\/h\\/mh06-black_main.jpg\",\"thumbnail_image_label\":null,\"created_at\":null,\"updated_at\":null,\"new_from_date\":null,\"new_to_date\":null,\"display_product_options_in\":null,\"map_price\":null,\"msrp_price\":null,\"map_enabled\":null,\"gift_message_available\":null,\"custom_design\":null,\"custom_design_from\":null,\"custom_design_to\":null,\"custom_layout_update\":null,\"page_layout\":null,\"product_options_container\":null,\"msrp_display_actual_price_type\":null,\"country_of_manufacture\":null,\"additional_attributes\":\"has_options=0,required_options=0,size=S,color=Black\",\"qty\":\"100\",\"out_of_stock_qty\":\"0\",\"use_config_min_qty\":\"1\",\"is_qty_decimal\":\"0\",\"allow_backorders\":\"0\",\"use_config_backorders\":\"1\",\"min_cart_qty\":\"1\",\"use_config_min_sale_qty\":\"1\",\"max_cart_qty\":\"0\",\"use_config_max_sale_qty\":\"1\",\"is_in_stock\":\"1\",\"notify_on_stock_below\":null,\"use_config_notify_stock_qty\":\"1\",\"manage_stock\":\"0\",\"use_config_manage_stock\":\"1\",\"use_config_qty_increments\":\"1\",\"qty_increments\":\"0\",\"use_config_enable_qty_inc\":\"1\",\"enable_qty_increments\":\"0\",\"is_decimal_divided\":\"0\",\"website_id\":\"1\",\"configurable_variations\":null,\"configurable_variation_prices\":null,\"configurable_variation_labels\":null,\"additional_images\":null,\"image\":\"\\/m\\/h\\/mh06-black_main.jpg\",\"image_label\":null,\"thumbnail\":\"\\/m\\/h\\/mh06-black_main.jpg\",\"thumbnail_label\":null,\"_media_image\":null,\"_store\":null,\"_attribute_set\":\"Top\",\"_product_websites\":\"base\",\"status\":\"1\",\"news_from_date\":null,\"news_to_date\":null,\"options_container\":null,\"minimal_price\":null,\"msrp\":null,\"msrp_enabled\":null,\"special_from_date\":null,\"special_to_date\":null,\"min_qty\":\"0\",\"backorders\":\"0\",\"min_sale_qty\":\"1\",\"max_sale_qty\":\"0\",\"notify_stock_qty\":null,\"meta_keyword\":null,\"has_options\":\"0\",\"required_options\":\"0\",\"size\":\"S\",\"color\":\"Black\"},{\"sku\":\"MH06-S-Blue\",\"store_view_code\":null,\"attribute_set_code\":\"Top\",\"product_type\":\"simple\",\"categories\":\"Default Category\\/Men\\/Tops\\/Hoodies & Sweatshirts\",\"product_websites\":\"base\",\"name\":\"Stark Fundamental Hoodie-S-Blue\",\"description\":\"<p>You don\'t need bells and whistles when performance speaks for itself. The full-zip Stark Fundamental Hoodie give just what you need. Hood and fleece lining keep you warm, while breathable fabric and wicking technology won\'t let you overheat.<\\/p>\\n<p>&bull; Navy specked full zip hoodie.<br \\/>&bull; Ribbed cuffs, banded waist.<br \\/>&bull; Side pockets. <br \\/>&bull; Machine wash\\/dry.<\\/p>\",\"short_description\":null,\"weight\":\"1\",\"product_online\":\"1\",\"tax_class_name\":\"Taxable Goods\",\"visibility\":\"Not Visible Individually\",\"price\":\"42\",\"special_price\":null,\"special_price_from_date\":null,\"special_price_to_date\":null,\"url_key\":\"stark-fundamental-hoodie-s-blue\",\"meta_title\":null,\"meta_keywords\":null,\"meta_description\":null,\"base_image\":\"\\/m\\/h\\/mh06-blue_main.jpg\",\"base_image_label\":null,\"small_image\":\"\\/m\\/h\\/mh06-blue_main.jpg\",\"small_image_label\":null,\"thumbnail_image\":\"\\/m\\/h\\/mh06-blue_main.jpg\",\"thumbnail_image_label\":null,\"created_at\":null,\"updated_at\":null,\"new_from_date\":null,\"new_to_date\":null,\"display_product_options_in\":null,\"map_price\":null,\"msrp_price\":null,\"map_enabled\":null,\"gift_message_available\":null,\"custom_design\":null,\"custom_design_from\":null,\"custom_design_to\":null,\"custom_layout_update\":null,\"page_layout\":null,\"product_options_container\":null,\"msrp_display_actual_price_type\":null,\"country_of_manufacture\":null,\"additional_attributes\":\"has_options=0,required_options=0,size=S,color=Blue\",\"qty\":\"100\",\"out_of_stock_qty\":\"0\",\"use_config_min_qty\":\"1\",\"is_qty_decimal\":\"0\",\"allow_backorders\":\"0\",\"use_config_backorders\":\"1\",\"min_cart_qty\":\"1\",\"use_config_min_sale_qty\":\"1\",\"max_cart_qty\":\"0\",\"use_config_max_sale_qty\":\"1\",\"is_in_stock\":\"1\",\"notify_on_stock_below\":null,\"use_config_notify_stock_qty\":\"1\",\"manage_stock\":\"0\",\"use_config_manage_stock\":\"1\",\"use_config_qty_increments\":\"1\",\"qty_increments\":\"0\",\"use_config_enable_qty_inc\":\"1\",\"enable_qty_increments\":\"0\",\"is_decimal_divided\":\"0\",\"website_id\":\"1\",\"configurable_variations\":null,\"configurable_variation_prices\":null,\"configurable_variation_labels\":null,\"additional_images\":\"\\/m\\/h\\/mh06-blue_alt1.jpg,\\/m\\/h\\/mh06-blue_back.jpg\",\"image\":\"\\/m\\/h\\/mh06-blue_main.jpg\",\"image_label\":null,\"thumbnail\":\"\\/m\\/h\\/mh06-blue_main.jpg\",\"thumbnail_label\":null,\"_media_image\":\"\\/m\\/h\\/mh06-blue_alt1.jpg,\\/m\\/h\\/mh06-blue_back.jpg\",\"_store\":null,\"_attribute_set\":\"Top\",\"_product_websites\":\"base\",\"status\":\"1\",\"news_from_date\":null,\"news_to_date\":null,\"options_container\":null,\"minimal_price\":null,\"msrp\":null,\"msrp_enabled\":null,\"special_from_date\":null,\"special_to_date\":null,\"min_qty\":\"0\",\"backorders\":\"0\",\"min_sale_qty\":\"1\",\"max_sale_qty\":\"0\",\"notify_stock_qty\":null,\"meta_keyword\":null,\"has_options\":\"0\",\"required_options\":\"0\",\"size\":\"S\",\"color\":\"Blue\"},{\"sku\":\"MH06-S-Purple\",\"store_view_code\":null,\"attribute_set_code\":\"Top\",\"product_type\":\"simple\",\"categories\":\"Default Category\\/Men\\/Tops\\/Hoodies & Sweatshirts\",\"product_websites\":\"base\",\"name\":\"Stark Fundamental Hoodie-S-Purple\",\"description\":\"<p>You don\'t need bells and whistles when performance speaks for itself. The full-zip Stark Fundamental Hoodie give just what you need. Hood and fleece lining keep you warm, while breathable fabric and wicking technology won\'t let you overheat.<\\/p>\\n<p>&bull; Navy specked full zip hoodie.<br \\/>&bull; Ribbed cuffs, banded waist.<br \\/>&bull; Side pockets. <br \\/>&bull; Machine wash\\/dry.<\\/p>\",\"short_description\":null,\"weight\":\"1\",\"product_online\":\"1\",\"tax_class_name\":\"Taxable Goods\",\"visibility\":\"Not Visible Individually\",\"price\":\"42\",\"special_price\":null,\"special_price_from_date\":null,\"special_price_to_date\":null,\"url_key\":\"stark-fundamental-hoodie-s-purple\",\"meta_title\":null,\"meta_keywords\":null,\"meta_description\":null,\"base_image\":\"\\/m\\/h\\/mh06-purple_main.jpg\",\"base_image_label\":null,\"small_image\":\"\\/m\\/h\\/mh06-purple_main.jpg\",\"small_image_label\":null,\"thumbnail_image\":\"\\/m\\/h\\/mh06-purple_main.jpg\",\"thumbnail_image_label\":null,\"created_at\":null,\"updated_at\":null,\"new_from_date\":null,\"new_to_date\":null,\"display_product_options_in\":null,\"map_price\":null,\"msrp_price\":null,\"map_enabled\":null,\"gift_message_available\":null,\"custom_design\":null,\"custom_design_from\":null,\"custom_design_to\":null,\"custom_layout_update\":null,\"page_layout\":null,\"product_options_container\":null,\"msrp_display_actual_price_type\":null,\"country_of_manufacture\":null,\"additional_attributes\":\"has_options=0,required_options=0,size=S,color=Purple\",\"qty\":\"100\",\"out_of_stock_qty\":\"0\",\"use_config_min_qty\":\"1\",\"is_qty_decimal\":\"0\",\"allow_backorders\":\"0\",\"use_config_backorders\":\"1\",\"min_cart_qty\":\"1\",\"use_config_min_sale_qty\":\"1\",\"max_cart_qty\":\"0\",\"use_config_max_sale_qty\":\"1\",\"is_in_stock\":\"1\",\"notify_on_stock_below\":null,\"use_config_notify_stock_qty\":\"1\",\"manage_stock\":\"0\",\"use_config_manage_stock\":\"1\",\"use_config_qty_increments\":\"1\",\"qty_increments\":\"0\",\"use_config_enable_qty_inc\":\"1\",\"enable_qty_increments\":\"0\",\"is_decimal_divided\":\"0\",\"website_id\":\"1\",\"configurable_variations\":null,\"configurable_variation_prices\":null,\"configurable_variation_labels\":null,\"additional_images\":null,\"image\":\"\\/m\\/h\\/mh06-purple_main.jpg\",\"image_label\":null,\"thumbnail\":\"\\/m\\/h\\/mh06-purple_main.jpg\",\"thumbnail_label\":null,\"_media_image\":null,\"_store\":null,\"_attribute_set\":\"Top\",\"_product_websites\":\"base\",\"status\":\"1\",\"news_from_date\":null,\"news_to_date\":null,\"options_container\":null,\"minimal_price\":null,\"msrp\":null,\"msrp_enabled\":null,\"special_from_date\":null,\"special_to_date\":null,\"min_qty\":\"0\",\"backorders\":\"0\",\"min_sale_qty\":\"1\",\"max_sale_qty\":\"0\",\"notify_stock_qty\":null,\"meta_keyword\":null,\"has_options\":\"0\",\"required_options\":\"0\",\"size\":\"S\",\"color\":\"Purple\"},{\"sku\":\"MH06-M-Black\",\"store_view_code\":null,\"attribute_set_code\":\"Top\",\"product_type\":\"simple\",\"categories\":\"Default Category\\/Men\\/Tops\\/Hoodies & Sweatshirts\",\"product_websites\":\"base\",\"name\":\"Stark Fundamental Hoodie-M-Black\",\"description\":\"<p>You don\'t need bells and whistles when performance speaks for itself. The full-zip Stark Fundamental Hoodie give just what you need. Hood and fleece lining keep you warm, while breathable fabric and wicking technology won\'t let you overheat.<\\/p>\\n<p>&bull; Navy specked full zip hoodie.<br \\/>&bull; Ribbed cuffs, banded waist.<br \\/>&bull; Side pockets. <br \\/>&bull; Machine wash\\/dry.<\\/p>\",\"short_description\":null,\"weight\":\"1\",\"product_online\":\"1\",\"tax_class_name\":\"Taxable Goods\",\"visibility\":\"Not Visible Individually\",\"price\":\"42\",\"special_price\":null,\"special_price_from_date\":null,\"special_price_to_date\":null,\"url_key\":\"stark-fundamental-hoodie-m-black\",\"meta_title\":null,\"meta_keywords\":null,\"meta_description\":null,\"base_image\":\"\\/m\\/h\\/mh06-black_main.jpg\",\"base_image_label\":null,\"small_image\":\"\\/m\\/h\\/mh06-black_main.jpg\",\"small_image_label\":null,\"thumbnail_image\":\"\\/m\\/h\\/mh06-black_main.jpg\",\"thumbnail_image_label\":null,\"created_at\":null,\"updated_at\":null,\"new_from_date\":null,\"new_to_date\":null,\"display_product_options_in\":null,\"map_price\":null,\"msrp_price\":null,\"map_enabled\":null,\"gift_message_available\":null,\"custom_design\":null,\"custom_design_from\":null,\"custom_design_to\":null,\"custom_layout_update\":null,\"page_layout\":null,\"product_options_container\":null,\"msrp_display_actual_price_type\":null,\"country_of_manufacture\":null,\"additional_attributes\":\"has_options=0,required_options=0,size=M,color=Black\",\"qty\":\"100\",\"out_of_stock_qty\":\"0\",\"use_config_min_qty\":\"1\",\"is_qty_decimal\":\"0\",\"allow_backorders\":\"0\",\"use_config_backorders\":\"1\",\"min_cart_qty\":\"1\",\"use_config_min_sale_qty\":\"1\",\"max_cart_qty\":\"0\",\"use_config_max_sale_qty\":\"1\",\"is_in_stock\":\"1\",\"notify_on_stock_below\":null,\"use_config_notify_stock_qty\":\"1\",\"manage_stock\":\"0\",\"use_config_manage_stock\":\"1\",\"use_config_qty_increments\":\"1\",\"qty_increments\":\"0\",\"use_config_enable_qty_inc\":\"1\",\"enable_qty_increments\":\"0\",\"is_decimal_divided\":\"0\",\"website_id\":\"1\",\"configurable_variations\":null,\"configurable_variation_prices\":null,\"configurable_variation_labels\":null,\"additional_images\":null,\"image\":\"\\/m\\/h\\/mh06-black_main.jpg\",\"image_label\":null,\"thumbnail\":\"\\/m\\/h\\/mh06-black_main.jpg\",\"thumbnail_label\":null,\"_media_image\":null,\"_store\":null,\"_attribute_set\":\"Top\",\"_product_websites\":\"base\",\"status\":\"1\",\"news_from_date\":null,\"news_to_date\":null,\"options_container\":null,\"minimal_price\":null,\"msrp\":null,\"msrp_enabled\":null,\"special_from_date\":null,\"special_to_date\":null,\"min_qty\":\"0\",\"backorders\":\"0\",\"min_sale_qty\":\"1\",\"max_sale_qty\":\"0\",\"notify_stock_qty\":null,\"meta_keyword\":null,\"has_options\":\"0\",\"required_options\":\"0\",\"size\":\"M\",\"color\":\"Black\"},{\"sku\":\"MH06-M-Blue\",\"store_view_code\":null,\"attribute_set_code\":\"Top\",\"product_type\":\"simple\",\"categories\":\"Default Category\\/Men\\/Tops\\/Hoodies & Sweatshirts\",\"product_websites\":\"base\",\"name\":\"Stark Fundamental Hoodie-M-Blue\",\"description\":\"<p>You don\'t need bells and whistles when performance speaks for itself. The full-zip Stark Fundamental Hoodie give just what you need. Hood and fleece lining keep you warm, while breathable fabric and wicking technology won\'t let you overheat.<\\/p>\\n<p>&bull; Navy specked full zip hoodie.<br \\/>&bull; Ribbed cuffs, banded waist.<br \\/>&bull; Side pockets. <br \\/>&bull; Machine wash\\/dry.<\\/p>\",\"short_description\":null,\"weight\":\"1\",\"product_online\":\"1\",\"tax_class_name\":\"Taxable Goods\",\"visibility\":\"Not Visible Individually\",\"price\":\"42\",\"special_price\":null,\"special_price_from_date\":null,\"special_price_to_date\":null,\"url_key\":\"stark-fundamental-hoodie-m-blue\",\"meta_title\":null,\"meta_keywords\":null,\"meta_description\":null,\"base_image\":\"\\/m\\/h\\/mh06-blue_main.jpg\",\"base_image_label\":null,\"small_image\":\"\\/m\\/h\\/mh06-blue_main.jpg\",\"small_image_label\":null,\"thumbnail_image\":\"\\/m\\/h\\/mh06-blue_main.jpg\",\"thumbnail_image_label\":null,\"created_at\":null,\"updated_at\":null,\"new_from_date\":null,\"new_to_date\":null,\"display_product_options_in\":null,\"map_price\":null,\"msrp_price\":null,\"map_enabled\":null,\"gift_message_available\":null,\"custom_design\":null,\"custom_design_from\":null,\"custom_design_to\":null,\"custom_layout_update\":null,\"page_layout\":null,\"product_options_container\":null,\"msrp_display_actual_price_type\":null,\"country_of_manufacture\":null,\"additional_attributes\":\"has_options=0,required_options=0,size=M,color=Blue\",\"qty\":\"100\",\"out_of_stock_qty\":\"0\",\"use_config_min_qty\":\"1\",\"is_qty_decimal\":\"0\",\"allow_backorders\":\"0\",\"use_config_backorders\":\"1\",\"min_cart_qty\":\"1\",\"use_config_min_sale_qty\":\"1\",\"max_cart_qty\":\"0\",\"use_config_max_sale_qty\":\"1\",\"is_in_stock\":\"1\",\"notify_on_stock_below\":null,\"use_config_notify_stock_qty\":\"1\",\"manage_stock\":\"0\",\"use_config_manage_stock\":\"1\",\"use_config_qty_increments\":\"1\",\"qty_increments\":\"0\",\"use_config_enable_qty_inc\":\"1\",\"enable_qty_increments\":\"0\",\"is_decimal_divided\":\"0\",\"website_id\":\"1\",\"configurable_variations\":null,\"configurable_variation_prices\":null,\"configurable_variation_labels\":null,\"additional_images\":\"\\/m\\/h\\/mh06-blue_alt1.jpg,\\/m\\/h\\/mh06-blue_back.jpg\",\"image\":\"\\/m\\/h\\/mh06-blue_main.jpg\",\"image_label\":null,\"thumbnail\":\"\\/m\\/h\\/mh06-blue_main.jpg\",\"thumbnail_label\":null,\"_media_image\":\"\\/m\\/h\\/mh06-blue_alt1.jpg,\\/m\\/h\\/mh06-blue_back.jpg\",\"_store\":null,\"_attribute_set\":\"Top\",\"_product_websites\":\"base\",\"status\":\"1\",\"news_from_date\":null,\"news_to_date\":null,\"options_container\":null,\"minimal_price\":null,\"msrp\":null,\"msrp_enabled\":null,\"special_from_date\":null,\"special_to_date\":null,\"min_qty\":\"0\",\"backorders\":\"0\",\"min_sale_qty\":\"1\",\"max_sale_qty\":\"0\",\"notify_stock_qty\":null,\"meta_keyword\":null,\"has_options\":\"0\",\"required_options\":\"0\",\"size\":\"M\",\"color\":\"Blue\"},{\"sku\":\"MH06-M-Purple\",\"store_view_code\":null,\"attribute_set_code\":\"Top\",\"product_type\":\"simple\",\"categories\":\"Default Category\\/Men\\/Tops\\/Hoodies & Sweatshirts\",\"product_websites\":\"base\",\"name\":\"Stark Fundamental Hoodie-M-Purple\",\"description\":\"<p>You don\'t need bells and whistles when performance speaks for itself. The full-zip Stark Fundamental Hoodie give just what you need. Hood and fleece lining keep you warm, while breathable fabric and wicking technology won\'t let you overheat.<\\/p>\\n<p>&bull; Navy specked full zip hoodie.<br \\/>&bull; Ribbed cuffs, banded waist.<br \\/>&bull; Side pockets. <br \\/>&bull; Machine wash\\/dry.<\\/p>\",\"short_description\":null,\"weight\":\"1\",\"product_online\":\"1\",\"tax_class_name\":\"Taxable Goods\",\"visibility\":\"Not Visible Individually\",\"price\":\"42\",\"special_price\":null,\"special_price_from_date\":null,\"special_price_to_date\":null,\"url_key\":\"stark-fundamental-hoodie-m-purple\",\"meta_title\":null,\"meta_keywords\":null,\"meta_description\":null,\"base_image\":\"\\/m\\/h\\/mh06-purple_main.jpg\",\"base_image_label\":null,\"small_image\":\"\\/m\\/h\\/mh06-purple_main.jpg\",\"small_image_label\":null,\"thumbnail_image\":\"\\/m\\/h\\/mh06-purple_main.jpg\",\"thumbnail_image_label\":null,\"created_at\":null,\"updated_at\":null,\"new_from_date\":null,\"new_to_date\":null,\"display_product_options_in\":null,\"map_price\":null,\"msrp_price\":null,\"map_enabled\":null,\"gift_message_available\":null,\"custom_design\":null,\"custom_design_from\":null,\"custom_design_to\":null,\"custom_layout_update\":null,\"page_layout\":null,\"product_options_container\":null,\"msrp_display_actual_price_type\":null,\"country_of_manufacture\":null,\"additional_attributes\":\"has_options=0,required_options=0,size=M,color=Purple\",\"qty\":\"100\",\"out_of_stock_qty\":\"0\",\"use_config_min_qty\":\"1\",\"is_qty_decimal\":\"0\",\"allow_backorders\":\"0\",\"use_config_backorders\":\"1\",\"min_cart_qty\":\"1\",\"use_config_min_sale_qty\":\"1\",\"max_cart_qty\":\"0\",\"use_config_max_sale_qty\":\"1\",\"is_in_stock\":\"1\",\"notify_on_stock_below\":null,\"use_config_notify_stock_qty\":\"1\",\"manage_stock\":\"0\",\"use_config_manage_stock\":\"1\",\"use_config_qty_increments\":\"1\",\"qty_increments\":\"0\",\"use_config_enable_qty_inc\":\"1\",\"enable_qty_increments\":\"0\",\"is_decimal_divided\":\"0\",\"website_id\":\"1\",\"configurable_variations\":null,\"configurable_variation_prices\":null,\"configurable_variation_labels\":null,\"additional_images\":null,\"image\":\"\\/m\\/h\\/mh06-purple_main.jpg\",\"image_label\":null,\"thumbnail\":\"\\/m\\/h\\/mh06-purple_main.jpg\",\"thumbnail_label\":null,\"_media_image\":null,\"_store\":null,\"_attribute_set\":\"Top\",\"_product_websites\":\"base\",\"status\":\"1\",\"news_from_date\":null,\"news_to_date\":null,\"options_container\":null,\"minimal_price\":null,\"msrp\":null,\"msrp_enabled\":null,\"special_from_date\":null,\"special_to_date\":null,\"min_qty\":\"0\",\"backorders\":\"0\",\"min_sale_qty\":\"1\",\"max_sale_qty\":\"0\",\"notify_stock_qty\":null,\"meta_keyword\":null,\"has_options\":\"0\",\"required_options\":\"0\",\"size\":\"M\",\"color\":\"Purple\"},{\"sku\":\"MH06-L-Black\",\"store_view_code\":null,\"attribute_set_code\":\"Top\",\"product_type\":\"simple\",\"categories\":\"Default Category\\/Men\\/Tops\\/Hoodies & Sweatshirts\",\"product_websites\":\"base\",\"name\":\"Stark Fundamental Hoodie-L-Black\",\"description\":\"<p>You don\'t need bells and whistles when performance speaks for itself. The full-zip Stark Fundamental Hoodie give just what you need. Hood and fleece lining keep you warm, while breathable fabric and wicking technology won\'t let you overheat.<\\/p>\\n<p>&bull; Navy specked full zip hoodie.<br \\/>&bull; Ribbed cuffs, banded waist.<br \\/>&bull; Side pockets. <br \\/>&bull; Machine wash\\/dry.<\\/p>\",\"short_description\":null,\"weight\":\"1\",\"product_online\":\"1\",\"tax_class_name\":\"Taxable Goods\",\"visibility\":\"Not Visible Individually\",\"price\":\"42\",\"special_price\":null,\"special_price_from_date\":null,\"special_price_to_date\":null,\"url_key\":\"stark-fundamental-hoodie-l-black\",\"meta_title\":null,\"meta_keywords\":null,\"meta_description\":null,\"base_image\":\"\\/m\\/h\\/mh06-black_main.jpg\",\"base_image_label\":null,\"small_image\":\"\\/m\\/h\\/mh06-black_main.jpg\",\"small_image_label\":null,\"thumbnail_image\":\"\\/m\\/h\\/mh06-black_main.jpg\",\"thumbnail_image_label\":null,\"created_at\":null,\"updated_at\":null,\"new_from_date\":null,\"new_to_date\":null,\"display_product_options_in\":null,\"map_price\":null,\"msrp_price\":null,\"map_enabled\":null,\"gift_message_available\":null,\"custom_design\":null,\"custom_design_from\":null,\"custom_design_to\":null,\"custom_layout_update\":null,\"page_layout\":null,\"product_options_container\":null,\"msrp_display_actual_price_type\":null,\"country_of_manufacture\":null,\"additional_attributes\":\"has_options=0,required_options=0,size=L,color=Black\",\"qty\":\"100\",\"out_of_stock_qty\":\"0\",\"use_config_min_qty\":\"1\",\"is_qty_decimal\":\"0\",\"allow_backorders\":\"0\",\"use_config_backorders\":\"1\",\"min_cart_qty\":\"1\",\"use_config_min_sale_qty\":\"1\",\"max_cart_qty\":\"0\",\"use_config_max_sale_qty\":\"1\",\"is_in_stock\":\"1\",\"notify_on_stock_below\":null,\"use_config_notify_stock_qty\":\"1\",\"manage_stock\":\"0\",\"use_config_manage_stock\":\"1\",\"use_config_qty_increments\":\"1\",\"qty_increments\":\"0\",\"use_config_enable_qty_inc\":\"1\",\"enable_qty_increments\":\"0\",\"is_decimal_divided\":\"0\",\"website_id\":\"1\",\"configurable_variations\":null,\"configurable_variation_prices\":null,\"configurable_variation_labels\":null,\"additional_images\":null,\"image\":\"\\/m\\/h\\/mh06-black_main.jpg\",\"image_label\":null,\"thumbnail\":\"\\/m\\/h\\/mh06-black_main.jpg\",\"thumbnail_label\":null,\"_media_image\":null,\"_store\":null,\"_attribute_set\":\"Top\",\"_product_websites\":\"base\",\"status\":\"1\",\"news_from_date\":null,\"news_to_date\":null,\"options_container\":null,\"minimal_price\":null,\"msrp\":null,\"msrp_enabled\":null,\"special_from_date\":null,\"special_to_date\":null,\"min_qty\":\"0\",\"backorders\":\"0\",\"min_sale_qty\":\"1\",\"max_sale_qty\":\"0\",\"notify_stock_qty\":null,\"meta_keyword\":null,\"has_options\":\"0\",\"required_options\":\"0\",\"size\":\"L\",\"color\":\"Black\"},{\"sku\":\"MH06-L-Blue\",\"store_view_code\":null,\"attribute_set_code\":\"Top\",\"product_type\":\"simple\",\"categories\":\"Default Category\\/Men\\/Tops\\/Hoodies & Sweatshirts\",\"product_websites\":\"base\",\"name\":\"Stark Fundamental Hoodie-L-Blue\",\"description\":\"<p>You don\'t need bells and whistles when performance speaks for itself. The full-zip Stark Fundamental Hoodie give just what you need. Hood and fleece lining keep you warm, while breathable fabric and wicking technology won\'t let you overheat.<\\/p>\\n<p>&bull; Navy specked full zip hoodie.<br \\/>&bull; Ribbed cuffs, banded waist.<br \\/>&bull; Side pockets. <br \\/>&bull; Machine wash\\/dry.<\\/p>\",\"short_description\":null,\"weight\":\"1\",\"product_online\":\"1\",\"tax_class_name\":\"Taxable Goods\",\"visibility\":\"Not Visible Individually\",\"price\":\"42\",\"special_price\":null,\"special_price_from_date\":null,\"special_price_to_date\":null,\"url_key\":\"stark-fundamental-hoodie-l-blue\",\"meta_title\":null,\"meta_keywords\":null,\"meta_description\":null,\"base_image\":\"\\/m\\/h\\/mh06-blue_main.jpg\",\"base_image_label\":null,\"small_image\":\"\\/m\\/h\\/mh06-blue_main.jpg\",\"small_image_label\":null,\"thumbnail_image\":\"\\/m\\/h\\/mh06-blue_main.jpg\",\"thumbnail_image_label\":null,\"created_at\":null,\"updated_at\":null,\"new_from_date\":null,\"new_to_date\":null,\"display_product_options_in\":null,\"map_price\":null,\"msrp_price\":null,\"map_enabled\":null,\"gift_message_available\":null,\"custom_design\":null,\"custom_design_from\":null,\"custom_design_to\":null,\"custom_layout_update\":null,\"page_layout\":null,\"product_options_container\":null,\"msrp_display_actual_price_type\":null,\"country_of_manufacture\":null,\"additional_attributes\":\"has_options=0,required_options=0,size=L,color=Blue\",\"qty\":\"100\",\"out_of_stock_qty\":\"0\",\"use_config_min_qty\":\"1\",\"is_qty_decimal\":\"0\",\"allow_backorders\":\"0\",\"use_config_backorders\":\"1\",\"min_cart_qty\":\"1\",\"use_config_min_sale_qty\":\"1\",\"max_cart_qty\":\"0\",\"use_config_max_sale_qty\":\"1\",\"is_in_stock\":\"1\",\"notify_on_stock_below\":null,\"use_config_notify_stock_qty\":\"1\",\"manage_stock\":\"0\",\"use_config_manage_stock\":\"1\",\"use_config_qty_increments\":\"1\",\"qty_increments\":\"0\",\"use_config_enable_qty_inc\":\"1\",\"enable_qty_increments\":\"0\",\"is_decimal_divided\":\"0\",\"website_id\":\"1\",\"configurable_variations\":null,\"configurable_variation_prices\":null,\"configurable_variation_labels\":null,\"additional_images\":\"\\/m\\/h\\/mh06-blue_alt1.jpg,\\/m\\/h\\/mh06-blue_back.jpg\",\"image\":\"\\/m\\/h\\/mh06-blue_main.jpg\",\"image_label\":null,\"thumbnail\":\"\\/m\\/h\\/mh06-blue_main.jpg\",\"thumbnail_label\":null,\"_media_image\":\"\\/m\\/h\\/mh06-blue_alt1.jpg,\\/m\\/h\\/mh06-blue_back.jpg\",\"_store\":null,\"_attribute_set\":\"Top\",\"_product_websites\":\"base\",\"status\":\"1\",\"news_from_date\":null,\"news_to_date\":null,\"options_container\":null,\"minimal_price\":null,\"msrp\":null,\"msrp_enabled\":null,\"special_from_date\":null,\"special_to_date\":null,\"min_qty\":\"0\",\"backorders\":\"0\",\"min_sale_qty\":\"1\",\"max_sale_qty\":\"0\",\"notify_stock_qty\":null,\"meta_keyword\":null,\"has_options\":\"0\",\"required_options\":\"0\",\"size\":\"L\",\"color\":\"Blue\"},{\"sku\":\"MH06-L-Purple\",\"store_view_code\":null,\"attribute_set_code\":\"Top\",\"product_type\":\"simple\",\"categories\":\"Default Category\\/Men\\/Tops\\/Hoodies & Sweatshirts\",\"product_websites\":\"base\",\"name\":\"Stark Fundamental Hoodie-L-Purple\",\"description\":\"<p>You don\'t need bells and whistles when performance speaks for itself. The full-zip Stark Fundamental Hoodie give just what you need. Hood and fleece lining keep you warm, while breathable fabric and wicking technology won\'t let you overheat.<\\/p>\\n<p>&bull; Navy specked full zip hoodie.<br \\/>&bull; Ribbed cuffs, banded waist.<br \\/>&bull; Side pockets. <br \\/>&bull; Machine wash\\/dry.<\\/p>\",\"short_description\":null,\"weight\":\"1\",\"product_online\":\"1\",\"tax_class_name\":\"Taxable Goods\",\"visibility\":\"Not Visible Individually\",\"price\":\"42\",\"special_price\":null,\"special_price_from_date\":null,\"special_price_to_date\":null,\"url_key\":\"stark-fundamental-hoodie-l-purple\",\"meta_title\":null,\"meta_keywords\":null,\"meta_description\":null,\"base_image\":\"\\/m\\/h\\/mh06-purple_main.jpg\",\"base_image_label\":null,\"small_image\":\"\\/m\\/h\\/mh06-purple_main.jpg\",\"small_image_label\":null,\"thumbnail_image\":\"\\/m\\/h\\/mh06-purple_main.jpg\",\"thumbnail_image_label\":null,\"created_at\":null,\"updated_at\":null,\"new_from_date\":null,\"new_to_date\":null,\"display_product_options_in\":null,\"map_price\":null,\"msrp_price\":null,\"map_enabled\":null,\"gift_message_available\":null,\"custom_design\":null,\"custom_design_from\":null,\"custom_design_to\":null,\"custom_layout_update\":null,\"page_layout\":null,\"product_options_container\":null,\"msrp_display_actual_price_type\":null,\"country_of_manufacture\":null,\"additional_attributes\":\"has_options=0,required_options=0,size=L,color=Purple\",\"qty\":\"100\",\"out_of_stock_qty\":\"0\",\"use_config_min_qty\":\"1\",\"is_qty_decimal\":\"0\",\"allow_backorders\":\"0\",\"use_config_backorders\":\"1\",\"min_cart_qty\":\"1\",\"use_config_min_sale_qty\":\"1\",\"max_cart_qty\":\"0\",\"use_config_max_sale_qty\":\"1\",\"is_in_stock\":\"1\",\"notify_on_stock_below\":null,\"use_config_notify_stock_qty\":\"1\",\"manage_stock\":\"0\",\"use_config_manage_stock\":\"1\",\"use_config_qty_increments\":\"1\",\"qty_increments\":\"0\",\"use_config_enable_qty_inc\":\"1\",\"enable_qty_increments\":\"0\",\"is_decimal_divided\":\"0\",\"website_id\":\"1\",\"configurable_variations\":null,\"configurable_variation_prices\":null,\"configurable_variation_labels\":null,\"additional_images\":null,\"image\":\"\\/m\\/h\\/mh06-purple_main.jpg\",\"image_label\":null,\"thumbnail\":\"\\/m\\/h\\/mh06-purple_main.jpg\",\"thumbnail_label\":null,\"_media_image\":null,\"_store\":null,\"_attribute_set\":\"Top\",\"_product_websites\":\"base\",\"status\":\"1\",\"news_from_date\":null,\"news_to_date\":null,\"options_container\":null,\"minimal_price\":null,\"msrp\":null,\"msrp_enabled\":null,\"special_from_date\":null,\"special_to_date\":null,\"min_qty\":\"0\",\"backorders\":\"0\",\"min_sale_qty\":\"1\",\"max_sale_qty\":\"0\",\"notify_stock_qty\":null,\"meta_keyword\":null,\"has_options\":\"0\",\"required_options\":\"0\",\"size\":\"L\",\"color\":\"Purple\"},{\"sku\":\"MH06-XL-Black\",\"store_view_code\":null,\"attribute_set_code\":\"Top\",\"product_type\":\"simple\",\"categories\":\"Default Category\\/Men\\/Tops\\/Hoodies & Sweatshirts\",\"product_websites\":\"base\",\"name\":\"Stark Fundamental Hoodie-XL-Black\",\"description\":\"<p>You don\'t need bells and whistles when performance speaks for itself. The full-zip Stark Fundamental Hoodie give just what you need. Hood and fleece lining keep you warm, while breathable fabric and wicking technology won\'t let you overheat.<\\/p>\\n<p>&bull; Navy specked full zip hoodie.<br \\/>&bull; Ribbed cuffs, banded waist.<br \\/>&bull; Side pockets. <br \\/>&bull; Machine wash\\/dry.<\\/p>\",\"short_description\":null,\"weight\":\"1\",\"product_online\":\"1\",\"tax_class_name\":\"Taxable Goods\",\"visibility\":\"Not Visible Individually\",\"price\":\"42\",\"special_price\":null,\"special_price_from_date\":null,\"special_price_to_date\":null,\"url_key\":\"stark-fundamental-hoodie-xl-black\",\"meta_title\":null,\"meta_keywords\":null,\"meta_description\":null,\"base_image\":\"\\/m\\/h\\/mh06-black_main.jpg\",\"base_image_label\":null,\"small_image\":\"\\/m\\/h\\/mh06-black_main.jpg\",\"small_image_label\":null,\"thumbnail_image\":\"\\/m\\/h\\/mh06-black_main.jpg\",\"thumbnail_image_label\":null,\"created_at\":null,\"updated_at\":null,\"new_from_date\":null,\"new_to_date\":null,\"display_product_options_in\":null,\"map_price\":null,\"msrp_price\":null,\"map_enabled\":null,\"gift_message_available\":null,\"custom_design\":null,\"custom_design_from\":null,\"custom_design_to\":null,\"custom_layout_update\":null,\"page_layout\":null,\"product_options_container\":null,\"msrp_display_actual_price_type\":null,\"country_of_manufacture\":null,\"additional_attributes\":\"has_options=0,required_options=0,size=XL,color=Black\",\"qty\":\"100\",\"out_of_stock_qty\":\"0\",\"use_config_min_qty\":\"1\",\"is_qty_decimal\":\"0\",\"allow_backorders\":\"0\",\"use_config_backorders\":\"1\",\"min_cart_qty\":\"1\",\"use_config_min_sale_qty\":\"1\",\"max_cart_qty\":\"0\",\"use_config_max_sale_qty\":\"1\",\"is_in_stock\":\"1\",\"notify_on_stock_below\":null,\"use_config_notify_stock_qty\":\"1\",\"manage_stock\":\"0\",\"use_config_manage_stock\":\"1\",\"use_config_qty_increments\":\"1\",\"qty_increments\":\"0\",\"use_config_enable_qty_inc\":\"1\",\"enable_qty_increments\":\"0\",\"is_decimal_divided\":\"0\",\"website_id\":\"1\",\"configurable_variations\":null,\"configurable_variation_prices\":null,\"configurable_variation_labels\":null,\"additional_images\":null,\"image\":\"\\/m\\/h\\/mh06-black_main.jpg\",\"image_label\":null,\"thumbnail\":\"\\/m\\/h\\/mh06-black_main.jpg\",\"thumbnail_label\":null,\"_media_image\":null,\"_store\":null,\"_attribute_set\":\"Top\",\"_product_websites\":\"base\",\"status\":\"1\",\"news_from_date\":null,\"news_to_date\":null,\"options_container\":null,\"minimal_price\":null,\"msrp\":null,\"msrp_enabled\":null,\"special_from_date\":null,\"special_to_date\":null,\"min_qty\":\"0\",\"backorders\":\"0\",\"min_sale_qty\":\"1\",\"max_sale_qty\":\"0\",\"notify_stock_qty\":null,\"meta_keyword\":null,\"has_options\":\"0\",\"required_options\":\"0\",\"size\":\"XL\",\"color\":\"Black\"},{\"sku\":\"MH06-XL-Blue\",\"store_view_code\":null,\"attribute_set_code\":\"Top\",\"product_type\":\"simple\",\"categories\":\"Default Category\\/Men\\/Tops\\/Hoodies & Sweatshirts\",\"product_websites\":\"base\",\"name\":\"Stark Fundamental Hoodie-XL-Blue\",\"description\":\"<p>You don\'t need bells and whistles when performance speaks for itself. The full-zip Stark Fundamental Hoodie give just what you need. Hood and fleece lining keep you warm, while breathable fabric and wicking technology won\'t let you overheat.<\\/p>\\n<p>&bull; Navy specked full zip hoodie.<br \\/>&bull; Ribbed cuffs, banded waist.<br \\/>&bull; Side pockets. <br \\/>&bull; Machine wash\\/dry.<\\/p>\",\"short_description\":null,\"weight\":\"1\",\"product_online\":\"1\",\"tax_class_name\":\"Taxable Goods\",\"visibility\":\"Not Visible Individually\",\"price\":\"42\",\"special_price\":null,\"special_price_from_date\":null,\"special_price_to_date\":null,\"url_key\":\"stark-fundamental-hoodie-xl-blue\",\"meta_title\":null,\"meta_keywords\":null,\"meta_description\":null,\"base_image\":\"\\/m\\/h\\/mh06-blue_main.jpg\",\"base_image_label\":null,\"small_image\":\"\\/m\\/h\\/mh06-blue_main.jpg\",\"small_image_label\":null,\"thumbnail_image\":\"\\/m\\/h\\/mh06-blue_main.jpg\",\"thumbnail_image_label\":null,\"created_at\":null,\"updated_at\":null,\"new_from_date\":null,\"new_to_date\":null,\"display_product_options_in\":null,\"map_price\":null,\"msrp_price\":null,\"map_enabled\":null,\"gift_message_available\":null,\"custom_design\":null,\"custom_design_from\":null,\"custom_design_to\":null,\"custom_layout_update\":null,\"page_layout\":null,\"product_options_container\":null,\"msrp_display_actual_price_type\":null,\"country_of_manufacture\":null,\"additional_attributes\":\"has_options=0,required_options=0,size=XL,color=Blue\",\"qty\":\"100\",\"out_of_stock_qty\":\"0\",\"use_config_min_qty\":\"1\",\"is_qty_decimal\":\"0\",\"allow_backorders\":\"0\",\"use_config_backorders\":\"1\",\"min_cart_qty\":\"1\",\"use_config_min_sale_qty\":\"1\",\"max_cart_qty\":\"0\",\"use_config_max_sale_qty\":\"1\",\"is_in_stock\":\"1\",\"notify_on_stock_below\":null,\"use_config_notify_stock_qty\":\"1\",\"manage_stock\":\"0\",\"use_config_manage_stock\":\"1\",\"use_config_qty_increments\":\"1\",\"qty_increments\":\"0\",\"use_config_enable_qty_inc\":\"1\",\"enable_qty_increments\":\"0\",\"is_decimal_divided\":\"0\",\"website_id\":\"1\",\"configurable_variations\":null,\"configurable_variation_prices\":null,\"configurable_variation_labels\":null,\"additional_images\":\"\\/m\\/h\\/mh06-blue_alt1.jpg,\\/m\\/h\\/mh06-blue_back.jpg\",\"image\":\"\\/m\\/h\\/mh06-blue_main.jpg\",\"image_label\":null,\"thumbnail\":\"\\/m\\/h\\/mh06-blue_main.jpg\",\"thumbnail_label\":null,\"_media_image\":\"\\/m\\/h\\/mh06-blue_alt1.jpg,\\/m\\/h\\/mh06-blue_back.jpg\",\"_store\":null,\"_attribute_set\":\"Top\",\"_product_websites\":\"base\",\"status\":\"1\",\"news_from_date\":null,\"news_to_date\":null,\"options_container\":null,\"minimal_price\":null,\"msrp\":null,\"msrp_enabled\":null,\"special_from_date\":null,\"special_to_date\":null,\"min_qty\":\"0\",\"backorders\":\"0\",\"min_sale_qty\":\"1\",\"max_sale_qty\":\"0\",\"notify_stock_qty\":null,\"meta_keyword\":null,\"has_options\":\"0\",\"required_options\":\"0\",\"size\":\"XL\",\"color\":\"Blue\"},{\"sku\":\"MH06-XL-Purple\",\"store_view_code\":null,\"attribute_set_code\":\"Top\",\"product_type\":\"simple\",\"categories\":\"Default Category\\/Men\\/Tops\\/Hoodies & Sweatshirts\",\"product_websites\":\"base\",\"name\":\"Stark Fundamental Hoodie-XL-Purple\",\"description\":\"<p>You don\'t need bells and whistles when performance speaks for itself. The full-zip Stark Fundamental Hoodie give just what you need. Hood and fleece lining keep you warm, while breathable fabric and wicking technology won\'t let you overheat.<\\/p>\\n<p>&bull; Navy specked full zip hoodie.<br \\/>&bull; Ribbed cuffs, banded waist.<br \\/>&bull; Side pockets. <br \\/>&bull; Machine wash\\/dry.<\\/p>\",\"short_description\":null,\"weight\":\"1\",\"product_online\":\"1\",\"tax_class_name\":\"Taxable Goods\",\"visibility\":\"Not Visible Individually\",\"price\":\"42\",\"special_price\":null,\"special_price_from_date\":null,\"special_price_to_date\":null,\"url_key\":\"stark-fundamental-hoodie-xl-purple\",\"meta_title\":null,\"meta_keywords\":null,\"meta_description\":null,\"base_image\":\"\\/m\\/h\\/mh06-purple_main.jpg\",\"base_image_label\":null,\"small_image\":\"\\/m\\/h\\/mh06-purple_main.jpg\",\"small_image_label\":null,\"thumbnail_image\":\"\\/m\\/h\\/mh06-purple_main.jpg\",\"thumbnail_image_label\":null,\"created_at\":null,\"updated_at\":null,\"new_from_date\":null,\"new_to_date\":null,\"display_product_options_in\":null,\"map_price\":null,\"msrp_price\":null,\"map_enabled\":null,\"gift_message_available\":null,\"custom_design\":null,\"custom_design_from\":null,\"custom_design_to\":null,\"custom_layout_update\":null,\"page_layout\":null,\"product_options_container\":null,\"msrp_display_actual_price_type\":null,\"country_of_manufacture\":null,\"additional_attributes\":\"has_options=0,required_options=0,size=XL,color=Purple\",\"qty\":\"100\",\"out_of_stock_qty\":\"0\",\"use_config_min_qty\":\"1\",\"is_qty_decimal\":\"0\",\"allow_backorders\":\"0\",\"use_config_backorders\":\"1\",\"min_cart_qty\":\"1\",\"use_config_min_sale_qty\":\"1\",\"max_cart_qty\":\"0\",\"use_config_max_sale_qty\":\"1\",\"is_in_stock\":\"1\",\"notify_on_stock_below\":null,\"use_config_notify_stock_qty\":\"1\",\"manage_stock\":\"0\",\"use_config_manage_stock\":\"1\",\"use_config_qty_increments\":\"1\",\"qty_increments\":\"0\",\"use_config_enable_qty_inc\":\"1\",\"enable_qty_increments\":\"0\",\"is_decimal_divided\":\"0\",\"website_id\":\"1\",\"configurable_variations\":null,\"configurable_variation_prices\":null,\"configurable_variation_labels\":null,\"additional_images\":null,\"image\":\"\\/m\\/h\\/mh06-purple_main.jpg\",\"image_label\":null,\"thumbnail\":\"\\/m\\/h\\/mh06-purple_main.jpg\",\"thumbnail_label\":null,\"_media_image\":null,\"_store\":null,\"_attribute_set\":\"Top\",\"_product_websites\":\"base\",\"status\":\"1\",\"news_from_date\":null,\"news_to_date\":null,\"options_container\":null,\"minimal_price\":null,\"msrp\":null,\"msrp_enabled\":null,\"special_from_date\":null,\"special_to_date\":null,\"min_qty\":\"0\",\"backorders\":\"0\",\"min_sale_qty\":\"1\",\"max_sale_qty\":\"0\",\"notify_stock_qty\":null,\"meta_keyword\":null,\"has_options\":\"0\",\"required_options\":\"0\",\"size\":\"XL\",\"color\":\"Purple\"},{\"sku\":\"MH06\",\"store_view_code\":null,\"attribute_set_code\":\"Top\",\"product_type\":\"configurable\",\"categories\":\"Default Category\\/Men\\/Tops\\/Hoodies & Sweatshirts\",\"product_websites\":\"base\",\"name\":\"Stark Fundamental Hoodie\",\"description\":\"<p>You don\'t need bells and whistles when performance speaks for itself. The full-zip Stark Fundamental Hoodie give just what you need. Hood and fleece lining keep you warm, while breathable fabric and wicking technology won\'t let you overheat.<\\/p>\\n<p>&bull; Navy specked full zip hoodie.<br \\/>&bull; Ribbed cuffs, banded waist.<br \\/>&bull; Side pockets. <br \\/>&bull; Machine wash\\/dry.<\\/p>\",\"short_description\":null,\"weight\":null,\"product_online\":\"1\",\"tax_class_name\":\"Taxable Goods\",\"visibility\":\"Catalog, Search\",\"price\":\"42\",\"special_price\":null,\"special_price_from_date\":null,\"special_price_to_date\":null,\"url_key\":null,\"meta_title\":null,\"meta_keywords\":null,\"meta_description\":null,\"base_image\":\"\\/m\\/h\\/mh06-blue_main.jpg\",\"base_image_label\":null,\"small_image\":\"\\/m\\/h\\/mh06-blue_main.jpg\",\"small_image_label\":null,\"thumbnail_image\":\"\\/m\\/h\\/mh06-blue_main.jpg\",\"thumbnail_image_label\":null,\"created_at\":null,\"updated_at\":null,\"new_from_date\":null,\"new_to_date\":null,\"display_product_options_in\":null,\"map_price\":null,\"msrp_price\":null,\"map_enabled\":null,\"gift_message_available\":null,\"custom_design\":null,\"custom_design_from\":null,\"custom_design_to\":null,\"custom_layout_update\":null,\"page_layout\":null,\"product_options_container\":null,\"msrp_display_actual_price_type\":null,\"country_of_manufacture\":null,\"additional_attributes\":\"has_options=1,required_options=1,material=Wool|Polyester|Nylon,pattern=Solid,climate=All-weather|Cool|Indoor|Spring,eco_collection=No,performance_fabric=No,erin_recommends=No,new=No,sale=No\",\"qty\":\"0\",\"out_of_stock_qty\":\"0\",\"use_config_min_qty\":\"1\",\"is_qty_decimal\":\"0\",\"allow_backorders\":\"0\",\"use_config_backorders\":\"1\",\"min_cart_qty\":\"1\",\"use_config_min_sale_qty\":\"1\",\"max_cart_qty\":\"0\",\"use_config_max_sale_qty\":\"1\",\"is_in_stock\":\"1\",\"notify_on_stock_below\":null,\"use_config_notify_stock_qty\":\"1\",\"manage_stock\":\"0\",\"use_config_manage_stock\":\"1\",\"use_config_qty_increments\":\"1\",\"qty_increments\":\"0\",\"use_config_enable_qty_inc\":\"1\",\"enable_qty_increments\":\"0\",\"is_decimal_divided\":\"0\",\"website_id\":\"1\",\"configurable_variations\":\"sku=MH06-XS-Black,size=XS,color=Black|sku=MH06-XS-Blue,size=XS,color=Blue|sku=MH06-XS-Purple,size=XS,color=Purple|sku=MH06-S-Black,size=S,color=Black|sku=MH06-S-Blue,size=S,color=Blue|sku=MH06-S-Purple,size=S,color=Purple|sku=MH06-M-Black,size=M,color=Black|sku=MH06-M-Blue,size=M,color=Blue|sku=MH06-M-Purple,size=M,color=Purple|sku=MH06-L-Black,size=L,color=Black|sku=MH06-L-Blue,size=L,color=Blue|sku=MH06-L-Purple,size=L,color=Purple|sku=MH06-XL-Black,size=XL,color=Black|sku=MH06-XL-Blue,size=XL,color=Blue|sku=MH06-XL-Purple,size=XL,color=Purple\",\"configurable_variation_prices\":null,\"configurable_variation_labels\":null,\"additional_images\":\"\\/m\\/h\\/mh06-blue_alt1.jpg,\\/m\\/h\\/mh06-blue_back.jpg\",\"image\":\"\\/m\\/h\\/mh06-blue_main.jpg\",\"image_label\":null,\"thumbnail\":\"\\/m\\/h\\/mh06-blue_main.jpg\",\"thumbnail_label\":null,\"_media_image\":\"\\/m\\/h\\/mh06-blue_alt1.jpg,\\/m\\/h\\/mh06-blue_back.jpg\",\"_store\":null,\"_attribute_set\":\"Top\",\"_product_websites\":\"base\",\"status\":\"1\",\"news_from_date\":null,\"news_to_date\":null,\"options_container\":null,\"minimal_price\":null,\"msrp\":null,\"msrp_enabled\":null,\"special_from_date\":null,\"special_to_date\":null,\"min_qty\":\"0\",\"backorders\":\"0\",\"min_sale_qty\":\"1\",\"max_sale_qty\":\"0\",\"notify_stock_qty\":null,\"meta_keyword\":null,\"has_options\":\"1\",\"required_options\":\"1\",\"material\":\"Wool|Polyester|Nylon\",\"pattern\":\"Solid\",\"climate\":\"All-weather|Cool|Indoor|Spring\",\"eco_collection\":\"No\",\"performance_fabric\":\"No\",\"erin_recommends\":\"No\",\"new\":\"No\",\"sale\":\"No\"},{\"sku\":\"MH07-XS-Black\",\"store_view_code\":null,\"attribute_set_code\":\"Top\",\"product_type\":\"simple\",\"categories\":\"Default Category\\/Men\\/Tops\\/Hoodies & Sweatshirts\",\"product_websites\":\"base\",\"name\":\"Hero Hoodie-XS-Black\",\"description\":\"<p>Gray and black color blocking sets you apart as the Hero Hoodie keeps you warm on the bus, campus or cold mean streets. Slanted outsize front pockets keep your style real . . . convenient.<\\/p>\\n<p>&bull; Full-zip gray and black hoodie.<br \\/>&bull; Ribbed hem.<br \\/>&bull; Standard fit.<br \\/>&bull; Drawcord hood cinch.<br \\/>&bull; Water-resistant coating.<\\/p>\",\"short_description\":null,\"weight\":\"1\",\"product_online\":\"1\",\"tax_class_name\":\"Taxable Goods\",\"visibility\":\"Not Visible Individually\",\"price\":\"54\",\"special_price\":null,\"special_price_from_date\":null,\"special_price_to_date\":null,\"url_key\":\"hero-hoodie-xs-black\",\"meta_title\":null,\"meta_keywords\":null,\"meta_description\":null,\"base_image\":\"\\/m\\/h\\/mh07-black_main.jpg\",\"base_image_label\":null,\"small_image\":\"\\/m\\/h\\/mh07-black_main.jpg\",\"small_image_label\":null,\"thumbnail_image\":\"\\/m\\/h\\/mh07-black_main.jpg\",\"thumbnail_image_label\":null,\"created_at\":null,\"updated_at\":null,\"new_from_date\":null,\"new_to_date\":null,\"display_product_options_in\":null,\"map_price\":null,\"msrp_price\":null,\"map_enabled\":null,\"gift_message_available\":null,\"custom_design\":null,\"custom_design_from\":null,\"custom_design_to\":null,\"custom_layout_update\":null,\"page_layout\":null,\"product_options_container\":null,\"msrp_display_actual_price_type\":null,\"country_of_manufacture\":null,\"additional_attributes\":\"has_options=0,required_options=0,size=XS,color=Black\",\"qty\":\"100\",\"out_of_stock_qty\":\"0\",\"use_config_min_qty\":\"1\",\"is_qty_decimal\":\"0\",\"allow_backorders\":\"0\",\"use_config_backorders\":\"1\",\"min_cart_qty\":\"1\",\"use_config_min_sale_qty\":\"1\",\"max_cart_qty\":\"0\",\"use_config_max_sale_qty\":\"1\",\"is_in_stock\":\"1\",\"notify_on_stock_below\":null,\"use_config_notify_stock_qty\":\"1\",\"manage_stock\":\"0\",\"use_config_manage_stock\":\"1\",\"use_config_qty_increments\":\"1\",\"qty_increments\":\"0\",\"use_config_enable_qty_inc\":\"1\",\"enable_qty_increments\":\"0\",\"is_decimal_divided\":\"0\",\"website_id\":\"1\",\"configurable_variations\":null,\"configurable_variation_prices\":null,\"configurable_variation_labels\":null,\"additional_images\":null,\"image\":\"\\/m\\/h\\/mh07-black_main.jpg\",\"image_label\":null,\"thumbnail\":\"\\/m\\/h\\/mh07-black_main.jpg\",\"thumbnail_label\":null,\"_media_image\":null,\"_store\":null,\"_attribute_set\":\"Top\",\"_product_websites\":\"base\",\"status\":\"1\",\"news_from_date\":null,\"news_to_date\":null,\"options_container\":null,\"minimal_price\":null,\"msrp\":null,\"msrp_enabled\":null,\"special_from_date\":null,\"special_to_date\":null,\"min_qty\":\"0\",\"backorders\":\"0\",\"min_sale_qty\":\"1\",\"max_sale_qty\":\"0\",\"notify_stock_qty\":null,\"meta_keyword\":null,\"has_options\":\"0\",\"required_options\":\"0\",\"size\":\"XS\",\"color\":\"Black\"},{\"sku\":\"MH07-XS-Gray\",\"store_view_code\":null,\"attribute_set_code\":\"Top\",\"product_type\":\"simple\",\"categories\":\"Default Category\\/Men\\/Tops\\/Hoodies & Sweatshirts\",\"product_websites\":\"base\",\"name\":\"Hero Hoodie-XS-Gray\",\"description\":\"<p>Gray and black color blocking sets you apart as the Hero Hoodie keeps you warm on the bus, campus or cold mean streets. Slanted outsize front pockets keep your style real . . . convenient.<\\/p>\\n<p>&bull; Full-zip gray and black hoodie.<br \\/>&bull; Ribbed hem.<br \\/>&bull; Standard fit.<br \\/>&bull; Drawcord hood cinch.<br \\/>&bull; Water-resistant coating.<\\/p>\",\"short_description\":null,\"weight\":\"1\",\"product_online\":\"1\",\"tax_class_name\":\"Taxable Goods\",\"visibility\":\"Not Visible Individually\",\"price\":\"54\",\"special_price\":null,\"special_price_from_date\":null,\"special_price_to_date\":null,\"url_key\":\"hero-hoodie-xs-gray\",\"meta_title\":null,\"meta_keywords\":null,\"meta_description\":null,\"base_image\":\"\\/m\\/h\\/mh07-gray_main.jpg\",\"base_image_label\":null,\"small_image\":\"\\/m\\/h\\/mh07-gray_main.jpg\",\"small_image_label\":null,\"thumbnail_image\":\"\\/m\\/h\\/mh07-gray_main.jpg\",\"thumbnail_image_label\":null,\"created_at\":null,\"updated_at\":null,\"new_from_date\":null,\"new_to_date\":null,\"display_product_options_in\":null,\"map_price\":null,\"msrp_price\":null,\"map_enabled\":null,\"gift_message_available\":null,\"custom_design\":null,\"custom_design_from\":null,\"custom_design_to\":null,\"custom_layout_update\":null,\"page_layout\":null,\"product_options_container\":null,\"msrp_display_actual_price_type\":null,\"country_of_manufacture\":null,\"additional_attributes\":\"has_options=0,required_options=0,size=XS,color=Gray\",\"qty\":\"100\",\"out_of_stock_qty\":\"0\",\"use_config_min_qty\":\"1\",\"is_qty_decimal\":\"0\",\"allow_backorders\":\"0\",\"use_config_backorders\":\"1\",\"min_cart_qty\":\"1\",\"use_config_min_sale_qty\":\"1\",\"max_cart_qty\":\"0\",\"use_config_max_sale_qty\":\"1\",\"is_in_stock\":\"1\",\"notify_on_stock_below\":null,\"use_config_notify_stock_qty\":\"1\",\"manage_stock\":\"0\",\"use_config_manage_stock\":\"1\",\"use_config_qty_increments\":\"1\",\"qty_increments\":\"0\",\"use_config_enable_qty_inc\":\"1\",\"enable_qty_increments\":\"0\",\"is_decimal_divided\":\"0\",\"website_id\":\"1\",\"configurable_variations\":null,\"configurable_variation_prices\":null,\"configurable_variation_labels\":null,\"additional_images\":\"\\/m\\/h\\/mh07-gray_alt1.jpg,\\/m\\/h\\/mh07-gray_back.jpg\",\"image\":\"\\/m\\/h\\/mh07-gray_main.jpg\",\"image_label\":null,\"thumbnail\":\"\\/m\\/h\\/mh07-gray_main.jpg\",\"thumbnail_label\":null,\"_media_image\":\"\\/m\\/h\\/mh07-gray_alt1.jpg,\\/m\\/h\\/mh07-gray_back.jpg\",\"_store\":null,\"_attribute_set\":\"Top\",\"_product_websites\":\"base\",\"status\":\"1\",\"news_from_date\":null,\"news_to_date\":null,\"options_container\":null,\"minimal_price\":null,\"msrp\":null,\"msrp_enabled\":null,\"special_from_date\":null,\"special_to_date\":null,\"min_qty\":\"0\",\"backorders\":\"0\",\"min_sale_qty\":\"1\",\"max_sale_qty\":\"0\",\"notify_stock_qty\":null,\"meta_keyword\":null,\"has_options\":\"0\",\"required_options\":\"0\",\"size\":\"XS\",\"color\":\"Gray\"},{\"sku\":\"MH07-XS-Green\",\"store_view_code\":null,\"attribute_set_code\":\"Top\",\"product_type\":\"simple\",\"categories\":\"Default Category\\/Men\\/Tops\\/Hoodies & Sweatshirts\",\"product_websites\":\"base\",\"name\":\"Hero Hoodie-XS-Green\",\"description\":\"<p>Gray and black color blocking sets you apart as the Hero Hoodie keeps you warm on the bus, campus or cold mean streets. Slanted outsize front pockets keep your style real . . . convenient.<\\/p>\\n<p>&bull; Full-zip gray and black hoodie.<br \\/>&bull; Ribbed hem.<br \\/>&bull; Standard fit.<br \\/>&bull; Drawcord hood cinch.<br \\/>&bull; Water-resistant coating.<\\/p>\",\"short_description\":null,\"weight\":\"1\",\"product_online\":\"1\",\"tax_class_name\":\"Taxable Goods\",\"visibility\":\"Not Visible Individually\",\"price\":\"54\",\"special_price\":null,\"special_price_from_date\":null,\"special_price_to_date\":null,\"url_key\":\"hero-hoodie-xs-green\",\"meta_title\":null,\"meta_keywords\":null,\"meta_description\":null,\"base_image\":\"\\/m\\/h\\/mh07-green_main.jpg\",\"base_image_label\":null,\"small_image\":\"\\/m\\/h\\/mh07-green_main.jpg\",\"small_image_label\":null,\"thumbnail_image\":\"\\/m\\/h\\/mh07-green_main.jpg\",\"thumbnail_image_label\":null,\"created_at\":null,\"updated_at\":null,\"new_from_date\":null,\"new_to_date\":null,\"display_product_options_in\":null,\"map_price\":null,\"msrp_price\":null,\"map_enabled\":null,\"gift_message_available\":null,\"custom_design\":null,\"custom_design_from\":null,\"custom_design_to\":null,\"custom_layout_update\":null,\"page_layout\":null,\"product_options_container\":null,\"msrp_display_actual_price_type\":null,\"country_of_manufacture\":null,\"additional_attributes\":\"has_options=0,required_options=0,size=XS,color=Green\",\"qty\":\"100\",\"out_of_stock_qty\":\"0\",\"use_config_min_qty\":\"1\",\"is_qty_decimal\":\"0\",\"allow_backorders\":\"0\",\"use_config_backorders\":\"1\",\"min_cart_qty\":\"1\",\"use_config_min_sale_qty\":\"1\",\"max_cart_qty\":\"0\",\"use_config_max_sale_qty\":\"1\",\"is_in_stock\":\"1\",\"notify_on_stock_below\":null,\"use_config_notify_stock_qty\":\"1\",\"manage_stock\":\"0\",\"use_config_manage_stock\":\"1\",\"use_config_qty_increments\":\"1\",\"qty_increments\":\"0\",\"use_config_enable_qty_inc\":\"1\",\"enable_qty_increments\":\"0\",\"is_decimal_divided\":\"0\",\"website_id\":\"1\",\"configurable_variations\":null,\"configurable_variation_prices\":null,\"configurable_variation_labels\":null,\"additional_images\":null,\"image\":\"\\/m\\/h\\/mh07-green_main.jpg\",\"image_label\":null,\"thumbnail\":\"\\/m\\/h\\/mh07-green_main.jpg\",\"thumbnail_label\":null,\"_media_image\":null,\"_store\":null,\"_attribute_set\":\"Top\",\"_product_websites\":\"base\",\"status\":\"1\",\"news_from_date\":null,\"news_to_date\":null,\"options_container\":null,\"minimal_price\":null,\"msrp\":null,\"msrp_enabled\":null,\"special_from_date\":null,\"special_to_date\":null,\"min_qty\":\"0\",\"backorders\":\"0\",\"min_sale_qty\":\"1\",\"max_sale_qty\":\"0\",\"notify_stock_qty\":null,\"meta_keyword\":null,\"has_options\":\"0\",\"required_options\":\"0\",\"size\":\"XS\",\"color\":\"Green\"},{\"sku\":\"MH07-S-Black\",\"store_view_code\":null,\"attribute_set_code\":\"Top\",\"product_type\":\"simple\",\"categories\":\"Default Category\\/Men\\/Tops\\/Hoodies & Sweatshirts\",\"product_websites\":\"base\",\"name\":\"Hero Hoodie-S-Black\",\"description\":\"<p>Gray and black color blocking sets you apart as the Hero Hoodie keeps you warm on the bus, campus or cold mean streets. Slanted outsize front pockets keep your style real . . . convenient.<\\/p>\\n<p>&bull; Full-zip gray and black hoodie.<br \\/>&bull; Ribbed hem.<br \\/>&bull; Standard fit.<br \\/>&bull; Drawcord hood cinch.<br \\/>&bull; Water-resistant coating.<\\/p>\",\"short_description\":null,\"weight\":\"1\",\"product_online\":\"1\",\"tax_class_name\":\"Taxable Goods\",\"visibility\":\"Not Visible Individually\",\"price\":\"54\",\"special_price\":null,\"special_price_from_date\":null,\"special_price_to_date\":null,\"url_key\":\"hero-hoodie-s-black\",\"meta_title\":null,\"meta_keywords\":null,\"meta_description\":null,\"base_image\":\"\\/m\\/h\\/mh07-black_main.jpg\",\"base_image_label\":null,\"small_image\":\"\\/m\\/h\\/mh07-black_main.jpg\",\"small_image_label\":null,\"thumbnail_image\":\"\\/m\\/h\\/mh07-black_main.jpg\",\"thumbnail_image_label\":null,\"created_at\":null,\"updated_at\":null,\"new_from_date\":null,\"new_to_date\":null,\"display_product_options_in\":null,\"map_price\":null,\"msrp_price\":null,\"map_enabled\":null,\"gift_message_available\":null,\"custom_design\":null,\"custom_design_from\":null,\"custom_design_to\":null,\"custom_layout_update\":null,\"page_layout\":null,\"product_options_container\":null,\"msrp_display_actual_price_type\":null,\"country_of_manufacture\":null,\"additional_attributes\":\"has_options=0,required_options=0,size=S,color=Black\",\"qty\":\"100\",\"out_of_stock_qty\":\"0\",\"use_config_min_qty\":\"1\",\"is_qty_decimal\":\"0\",\"allow_backorders\":\"0\",\"use_config_backorders\":\"1\",\"min_cart_qty\":\"1\",\"use_config_min_sale_qty\":\"1\",\"max_cart_qty\":\"0\",\"use_config_max_sale_qty\":\"1\",\"is_in_stock\":\"1\",\"notify_on_stock_below\":null,\"use_config_notify_stock_qty\":\"1\",\"manage_stock\":\"0\",\"use_config_manage_stock\":\"1\",\"use_config_qty_increments\":\"1\",\"qty_increments\":\"0\",\"use_config_enable_qty_inc\":\"1\",\"enable_qty_increments\":\"0\",\"is_decimal_divided\":\"0\",\"website_id\":\"1\",\"configurable_variations\":null,\"configurable_variation_prices\":null,\"configurable_variation_labels\":null,\"additional_images\":null,\"image\":\"\\/m\\/h\\/mh07-black_main.jpg\",\"image_label\":null,\"thumbnail\":\"\\/m\\/h\\/mh07-black_main.jpg\",\"thumbnail_label\":null,\"_media_image\":null,\"_store\":null,\"_attribute_set\":\"Top\",\"_product_websites\":\"base\",\"status\":\"1\",\"news_from_date\":null,\"news_to_date\":null,\"options_container\":null,\"minimal_price\":null,\"msrp\":null,\"msrp_enabled\":null,\"special_from_date\":null,\"special_to_date\":null,\"min_qty\":\"0\",\"backorders\":\"0\",\"min_sale_qty\":\"1\",\"max_sale_qty\":\"0\",\"notify_stock_qty\":null,\"meta_keyword\":null,\"has_options\":\"0\",\"required_options\":\"0\",\"size\":\"S\",\"color\":\"Black\"}]');
