-- Table structure for table `catalog_category_entity`
--

CREATE TABLE `catalog_category_entity` (
  `entity_id` int(10) UNSIGNED NOT NULL COMMENT 'Entity ID',
  `attribute_set_id` smallint(5) UNSIGNED NOT NULL DEFAULT '0' COMMENT 'Attriute Set ID',
  `parent_id` int(10) UNSIGNED NOT NULL DEFAULT '0' COMMENT 'Parent Category ID',
  `created_at` timestamp NOT NULL DEFAULT CURRENT_TIMESTAMP COMMENT 'Creation Time',
  `updated_at` timestamp NOT NULL DEFAULT CURRENT_TIMESTAMP ON UPDATE CURRENT_TIMESTAMP COMMENT 'Update Time',
  `path` varchar(255) NOT NULL COMMENT 'Tree Path',
  `position` int(11) NOT NULL COMMENT 'Position',
  `level` int(11) NOT NULL DEFAULT '0' COMMENT 'Tree Level',
  `children_count` int(11) NOT NULL COMMENT 'Child Count'
) ENGINE=InnoDB DEFAULT CHARSET=utf8 COMMENT='Catalog Category Table';

--
-- Dumping data for table `catalog_category_entity`
--

INSERT INTO `catalog_category_entity` (`entity_id`, `attribute_set_id`, `parent_id`, `created_at`, `updated_at`, `path`, `position`, `level`, `children_count`) VALUES
(1, 3, 0, '2017-10-21 08:18:51', '2018-01-24 07:24:50', '1', 0, 0, -6),
(2, 3, 1, '2017-10-21 08:18:51', '2018-01-24 07:24:50', '1/2', 1, 1, -7),
(42, 3, 2, '2017-10-24 13:48:16', '2018-01-24 06:35:06', '1/2/42', 7, 2, 9),
(44, 3, 42, '2017-10-25 05:30:51', '2018-01-24 06:35:06', '1/2/42/44', 1, 3, 0),
(45, 3, 42, '2017-10-25 05:31:23', '2018-01-24 06:35:06', '1/2/42/45', 4, 3, 0),
(46, 3, 42, '2017-10-25 05:32:30', '2018-01-24 06:35:06', '1/2/42/46', 5, 3, 0),
(47, 3, 42, '2017-10-25 05:33:23', '2018-01-24 06:35:06', '1/2/42/47', 6, 3, 0),
(48, 3, 42, '2017-10-25 05:34:41', '2018-01-24 06:35:06', '1/2/42/48', 7, 3, 0),
(49, 3, 42, '2017-10-25 05:35:10', '2018-01-24 06:35:06', '1/2/42/49', 8, 3, 0),
(50, 3, 42, '2017-10-25 05:35:42', '2018-01-24 06:35:06', '1/2/42/50', 10, 3, 0),
(51, 3, 42, '2017-10-25 05:36:50', '2018-01-24 06:35:06', '1/2/42/51', 11, 3, 0),
(52, 3, 2, '2017-10-25 05:37:22', '2018-01-24 07:24:50', '1/2/52', 9, 2, 8),
(54, 3, 52, '2017-10-25 05:38:30', '2017-10-25 05:41:48', '1/2/52/54', 2, 3, 0),
(55, 3, 52, '2017-10-25 05:42:18', '2017-10-25 05:42:18', '1/2/52/55', 3, 3, 0),
(56, 3, 52, '2017-10-25 05:43:24', '2017-10-25 05:43:24', '1/2/52/56', 4, 3, 0),
(57, 3, 52, '2017-10-25 05:43:59', '2017-10-25 05:43:59', '1/2/52/57', 5, 3, 0),
(58, 3, 52, '2017-10-25 05:44:31', '2017-10-25 05:44:31', '1/2/52/58', 6, 3, 0),
(59, 3, 52, '2017-10-25 05:45:25', '2017-10-25 05:45:25', '1/2/52/59', 7, 3, 0),
(60, 3, 52, '2017-10-25 05:45:56', '2017-10-25 05:45:57', '1/2/52/60', 8, 3, 0),
(61, 3, 52, '2017-10-25 05:46:29', '2017-10-25 05:46:29', '1/2/52/61', 9, 3, 0),
(62, 3, 2, '2017-10-25 05:47:19', '2018-01-24 07:24:50', '1/2/62', 10, 2, 3),
(63, 3, 62, '2017-10-25 05:47:53', '2017-10-25 05:47:53', '1/2/62/63', 1, 3, 0),
(64, 3, 62, '2017-10-25 05:48:27', '2017-10-25 05:48:27', '1/2/62/64', 2, 3, 0),
(65, 3, 62, '2017-10-25 05:49:04', '2017-10-25 05:49:04', '1/2/62/65', 3, 3, 0),
(66, 3, 2, '2017-10-25 05:50:49', '2018-01-24 07:24:50', '1/2/66', 11, 2, 1),
(67, 3, 66, '2017-10-25 05:51:18', '2017-10-25 05:51:18', '1/2/66/67', 1, 3, 0),
(68, 3, 2, '2017-10-25 05:53:07', '2018-01-24 07:24:50', '1/2/68', 14, 2, 6),
(69, 3, 68, '2017-10-25 05:53:40', '2017-10-25 05:53:40', '1/2/68/69', 1, 3, 0),
(70, 3, 68, '2017-10-25 05:54:23', '2017-10-25 05:54:23', '1/2/68/70', 2, 3, 0),
(71, 3, 68, '2017-10-25 05:55:20', '2017-10-25 05:55:20', '1/2/68/71', 3, 3, 0),
(72, 3, 68, '2017-10-25 05:56:03', '2017-10-25 05:56:03', '1/2/68/72', 4, 3, 0),
(73, 3, 68, '2017-10-25 06:07:41', '2017-10-25 06:07:41', '1/2/68/73', 5, 3, 0),
(74, 3, 68, '2017-10-25 06:08:56', '2017-10-25 06:08:56', '1/2/68/74', 6, 3, 0),
(77, 3, 2, '2018-01-16 07:36:50', '2018-01-24 07:24:50', '1/2/77', 15, 2, 0),
(78, 3, 2, '2018-01-16 08:43:52', '2018-01-24 07:24:50', '1/2/78', 16, 2, 0),
(81, 3, 44, '2018-01-24 06:34:29', '2018-01-24 06:35:19', '1/2/42/81', 2, 4, 0),
(82, 3, 2, '2018-01-24 07:24:07', '2018-01-24 07:24:50', '1/2/82', 8, 2, 0);

-- --------------------------------------------------------

--
-- Table structure for table `catalog_category_entity_datetime`
--

CREATE TABLE `catalog_category_entity_datetime` (
  `value_id` int(11) NOT NULL COMMENT 'Value ID',
  `attribute_id` smallint(5) UNSIGNED NOT NULL DEFAULT '0' COMMENT 'Attribute ID',
  `store_id` smallint(5) UNSIGNED NOT NULL DEFAULT '0' COMMENT 'Store ID',
  `entity_id` int(10) UNSIGNED NOT NULL DEFAULT '0' COMMENT 'Entity ID',
  `value` datetime DEFAULT NULL COMMENT 'Value'
) ENGINE=InnoDB DEFAULT CHARSET=utf8 COMMENT='Catalog Category Datetime Attribute Backend Table';

--
-- Dumping data for table `catalog_category_entity_datetime`
--

INSERT INTO `catalog_category_entity_datetime` (`value_id`, `attribute_id`, `store_id`, `entity_id`, `value`) VALUES
(13, 61, 0, 2, NULL),
(14, 62, 0, 2, NULL),
(17, 61, 0, 42, NULL),
(18, 62, 0, 42, NULL),
(37, 61, 0, 74, NULL),
(38, 62, 0, 74, NULL),
(41, 61, 0, 45, NULL),
(42, 62, 0, 45, NULL),
(43, 61, 0, 77, NULL),
(44, 62, 0, 77, NULL),
(47, 61, 0, 44, NULL),
(48, 62, 0, 44, NULL),
(49, 61, 0, 81, NULL),
(50, 62, 0, 81, NULL),
(51, 61, 0, 82, NULL),
(52, 62, 0, 82, NULL);

-- --------------------------------------------------------

--
-- Table structure for table `catalog_category_entity_decimal`
--

CREATE TABLE `catalog_category_entity_decimal` (
  `value_id` int(11) NOT NULL COMMENT 'Value ID',
  `attribute_id` smallint(5) UNSIGNED NOT NULL DEFAULT '0' COMMENT 'Attribute ID',
  `store_id` smallint(5) UNSIGNED NOT NULL DEFAULT '0' COMMENT 'Store ID',
  `entity_id` int(10) UNSIGNED NOT NULL DEFAULT '0' COMMENT 'Entity ID',
  `value` decimal(12,4) DEFAULT NULL COMMENT 'Value'
) ENGINE=InnoDB DEFAULT CHARSET=utf8 COMMENT='Catalog Category Decimal Attribute Backend Table';

-- --------------------------------------------------------

--
-- Table structure for table `catalog_category_entity_int`
--

CREATE TABLE `catalog_category_entity_int` (
  `value_id` int(11) NOT NULL COMMENT 'Value ID',
  `attribute_id` smallint(5) UNSIGNED NOT NULL DEFAULT '0' COMMENT 'Attribute ID',
  `store_id` smallint(5) UNSIGNED NOT NULL DEFAULT '0' COMMENT 'Store ID',
  `entity_id` int(10) UNSIGNED NOT NULL DEFAULT '0' COMMENT 'Entity ID',
  `value` int(11) DEFAULT NULL COMMENT 'Value'
) ENGINE=InnoDB DEFAULT CHARSET=utf8 COMMENT='Catalog Category Integer Attribute Backend Table';

--
-- Dumping data for table `catalog_category_entity_int`
--

INSERT INTO `catalog_category_entity_int` (`value_id`, `attribute_id`, `store_id`, `entity_id`, `value`) VALUES
(1, 69, 0, 1, 1),
(2, 46, 0, 2, 1),
(3, 69, 0, 2, 1),
(148, 53, 0, 2, NULL),
(149, 54, 0, 2, 1),
(150, 70, 0, 2, 0),
(151, 71, 0, 2, 0),
(152, 157, 0, 2, 1),
(153, 158, 0, 2, 1),
(162, 46, 0, 42, 1),
(163, 54, 0, 42, 1),
(164, 69, 0, 42, 1),
(165, 70, 0, 42, 0),
(166, 71, 0, 42, 0),
(167, 157, 0, 42, 1),
(168, 158, 0, 42, 1),
(169, 53, 0, 42, NULL),
(218, 46, 0, 44, 1),
(219, 54, 0, 44, 1),
(220, 69, 0, 44, 1),
(221, 70, 0, 44, 0),
(222, 71, 0, 44, 0),
(223, 157, 0, 44, 1),
(224, 158, 0, 44, 1),
(225, 46, 0, 45, 1),
(226, 54, 0, 45, 1),
(227, 69, 0, 45, 1),
(228, 70, 0, 45, 0),
(229, 71, 0, 45, 0),
(230, 157, 0, 45, 1),
(231, 158, 0, 45, 1),
(232, 46, 0, 46, 1),
(233, 54, 0, 46, 1),
(234, 69, 0, 46, 1),
(235, 70, 0, 46, 0),
(236, 71, 0, 46, 0),
(237, 157, 0, 46, 1),
(238, 158, 0, 46, 1),
(239, 46, 0, 47, 1),
(240, 54, 0, 47, 1),
(241, 69, 0, 47, 1),
(242, 70, 0, 47, 0),
(243, 71, 0, 47, 0),
(244, 157, 0, 47, 1),
(245, 158, 0, 47, 1),
(246, 46, 0, 48, 1),
(247, 54, 0, 48, 1),
(248, 69, 0, 48, 1),
(249, 70, 0, 48, 0),
(250, 71, 0, 48, 0),
(251, 157, 0, 48, 1),
(252, 158, 0, 48, 1),
(253, 46, 0, 49, 1),
(254, 54, 0, 49, 1),
(255, 69, 0, 49, 1),
(256, 70, 0, 49, 0),
(257, 71, 0, 49, 0),
(258, 157, 0, 49, 1),
(259, 158, 0, 49, 1),
(260, 46, 0, 50, 1),
(261, 54, 0, 50, 1),
(262, 69, 0, 50, 1),
(263, 70, 0, 50, 0),
(264, 71, 0, 50, 0),
(265, 157, 0, 50, 1),
(266, 158, 0, 50, 1),
(267, 46, 0, 51, 1),
(268, 54, 0, 51, 1),
(269, 69, 0, 51, 1),
(270, 70, 0, 51, 0),
(271, 71, 0, 51, 0),
(272, 157, 0, 51, 1),
(273, 158, 0, 51, 1),
(274, 46, 0, 52, 1),
(275, 54, 0, 52, 1),
(276, 69, 0, 52, 1),
(277, 70, 0, 52, 0),
(278, 71, 0, 52, 0),
(279, 157, 0, 52, 1),
(280, 158, 0, 52, 1),
(288, 46, 0, 54, 1),
(289, 54, 0, 54, 1),
(290, 69, 0, 54, 1),
(291, 70, 0, 54, 0),
(292, 71, 0, 54, 0),
(293, 157, 0, 54, 1),
(294, 158, 0, 54, 1),
(295, 46, 0, 55, 1),
(296, 54, 0, 55, 1),
(297, 69, 0, 55, 1),
(298, 70, 0, 55, 0),
(299, 71, 0, 55, 0),
(300, 157, 0, 55, 1),
(301, 158, 0, 55, 1),
(302, 46, 0, 56, 1),
(303, 54, 0, 56, 1),
(304, 69, 0, 56, 1),
(305, 70, 0, 56, 0),
(306, 71, 0, 56, 0),
(307, 157, 0, 56, 1),
(308, 158, 0, 56, 1),
(309, 46, 0, 57, 1),
(310, 54, 0, 57, 1),
(311, 69, 0, 57, 1),
(312, 70, 0, 57, 0),
(313, 71, 0, 57, 0),
(314, 157, 0, 57, 1),
(315, 158, 0, 57, 1),
(316, 46, 0, 58, 1),
(317, 54, 0, 58, 1),
(318, 69, 0, 58, 1),
(319, 70, 0, 58, 0),
(320, 71, 0, 58, 0),
(321, 157, 0, 58, 1),
(322, 158, 0, 58, 1),
(323, 46, 0, 59, 1),
(324, 54, 0, 59, 1),
(325, 69, 0, 59, 1),
(326, 70, 0, 59, 0),
(327, 71, 0, 59, 0),
(328, 157, 0, 59, 1),
(329, 158, 0, 59, 1),
(330, 46, 0, 60, 1),
(331, 54, 0, 60, 1),
(332, 69, 0, 60, 1),
(333, 70, 0, 60, 0),
(334, 71, 0, 60, 0),
(335, 157, 0, 60, 1),
(336, 158, 0, 60, 1),
(337, 46, 0, 61, 1),
(338, 54, 0, 61, 1),
(339, 69, 0, 61, 1),
(340, 70, 0, 61, 0),
(341, 71, 0, 61, 0),
(342, 157, 0, 61, 1),
(343, 158, 0, 61, 1),
(344, 46, 0, 62, 1),
(345, 54, 0, 62, 1),
(346, 69, 0, 62, 1),
(347, 70, 0, 62, 0),
(348, 71, 0, 62, 0),
(349, 157, 0, 62, 1),
(350, 158, 0, 62, 1),
(351, 46, 0, 63, 1),
(352, 54, 0, 63, 1),
(353, 69, 0, 63, 1),
(354, 70, 0, 63, 0),
(355, 71, 0, 63, 0),
(356, 157, 0, 63, 1),
(357, 158, 0, 63, 1),
(358, 46, 0, 64, 1),
(359, 54, 0, 64, 1),
(360, 69, 0, 64, 1),
(361, 70, 0, 64, 0),
(362, 71, 0, 64, 0),
(363, 157, 0, 64, 1),
(364, 158, 0, 64, 1),
(365, 46, 0, 65, 1),
(366, 54, 0, 65, 1),
(367, 69, 0, 65, 1),
(368, 70, 0, 65, 0),
(369, 71, 0, 65, 0),
(370, 157, 0, 65, 1),
(371, 158, 0, 65, 1),
(372, 46, 0, 66, 1),
(373, 54, 0, 66, 1),
(374, 69, 0, 66, 1),
(375, 70, 0, 66, 0),
(376, 71, 0, 66, 0),
(377, 157, 0, 66, 1),
(378, 158, 0, 66, 1),
(379, 46, 0, 67, 1),
(380, 54, 0, 67, 1),
(381, 69, 0, 67, 1),
(382, 70, 0, 67, 0),
(383, 71, 0, 67, 0),
(384, 157, 0, 67, 1),
(385, 158, 0, 67, 1),
(386, 46, 0, 68, 1),
(387, 54, 0, 68, 1),
(388, 69, 0, 68, 1),
(389, 70, 0, 68, 0),
(390, 71, 0, 68, 0),
(391, 157, 0, 68, 1),
(392, 158, 0, 68, 1),
(393, 46, 0, 69, 1),
(394, 54, 0, 69, 1),
(395, 69, 0, 69, 1),
(396, 70, 0, 69, 0),
(397, 71, 0, 69, 0),
(398, 157, 0, 69, 1),
(399, 158, 0, 69, 1),
(400, 46, 0, 70, 1),
(401, 54, 0, 70, 1),
(402, 69, 0, 70, 1),
(403, 70, 0, 70, 0),
(404, 71, 0, 70, 0),
(405, 157, 0, 70, 1),
(406, 158, 0, 70, 1),
(407, 46, 0, 71, 1),
(408, 54, 0, 71, 1),
(409, 69, 0, 71, 1),
(410, 70, 0, 71, 0),
(411, 71, 0, 71, 0),
(412, 157, 0, 71, 1),
(413, 158, 0, 71, 1),
(414, 46, 0, 72, 1),
(415, 54, 0, 72, 1),
(416, 69, 0, 72, 1),
(417, 70, 0, 72, 0),
(418, 71, 0, 72, 0),
(419, 157, 0, 72, 1),
(420, 158, 0, 72, 1),
(421, 46, 0, 73, 1),
(422, 54, 0, 73, 1),
(423, 69, 0, 73, 1),
(424, 70, 0, 73, 0),
(425, 71, 0, 73, 0),
(426, 157, 0, 73, 1),
(427, 158, 0, 73, 1),
(428, 46, 0, 74, 1),
(429, 54, 0, 74, 1),
(430, 69, 0, 74, 1),
(431, 70, 0, 74, 0),
(432, 71, 0, 74, 0),
(433, 157, 0, 74, 1),
(434, 158, 0, 74, 1),
(435, 53, 0, 74, NULL),
(451, 53, 0, 45, 40),
(452, 46, 0, 77, 1),
(453, 54, 0, 77, 1),
(454, 69, 0, 77, 0),
(455, 70, 0, 77, 0),
(456, 71, 0, 77, 0),
(457, 157, 0, 77, 0),
(458, 158, 0, 77, 0),
(459, 53, 0, 77, NULL),
(460, 46, 0, 78, 1),
(461, 54, 0, 78, 1),
(462, 69, 0, 78, 0),
(463, 70, 0, 78, 0),
(464, 71, 0, 78, 0),
(465, 157, 0, 78, 0),
(466, 158, 0, 78, 0),
(482, 53, 0, 44, NULL),
(483, 46, 0, 81, 1),
(484, 54, 0, 81, 1),
(485, 69, 0, 81, 1),
(486, 70, 0, 81, 0),
(487, 71, 0, 81, 0),
(488, 157, 0, 81, 1),
(489, 158, 0, 81, 1),
(490, 53, 0, 81, NULL),
(491, 46, 0, 82, 1),
(492, 54, 0, 82, 1),
(493, 69, 0, 82, 1),
(494, 70, 0, 82, 0),
(495, 71, 0, 82, 0),
(496, 157, 0, 82, 1),
(497, 158, 0, 82, 1),
(498, 53, 0, 82, NULL);

-- --------------------------------------------------------

--
-- Table structure for table `catalog_category_entity_text`
--

CREATE TABLE `catalog_category_entity_text` (
  `value_id` int(11) NOT NULL COMMENT 'Value ID',
  `attribute_id` smallint(5) UNSIGNED NOT NULL DEFAULT '0' COMMENT 'Attribute ID',
  `store_id` smallint(5) UNSIGNED NOT NULL DEFAULT '0' COMMENT 'Store ID',
  `entity_id` int(10) UNSIGNED NOT NULL DEFAULT '0' COMMENT 'Entity ID',
  `value` text COMMENT 'Value'
) ENGINE=InnoDB DEFAULT CHARSET=utf8 COMMENT='Catalog Category Text Attribute Backend Table';

--
-- Dumping data for table `catalog_category_entity_text`
--

INSERT INTO `catalog_category_entity_text` (`value_id`, `attribute_id`, `store_id`, `entity_id`, `value`) VALUES
(27, 47, 0, 2, NULL),
(28, 50, 0, 2, NULL),
(29, 51, 0, 2, NULL),
(30, 64, 0, 2, NULL),
(35, 47, 0, 42, NULL),
(36, 50, 0, 42, NULL),
(37, 51, 0, 42, NULL),
(38, 64, 0, 42, NULL),
(75, 47, 0, 74, NULL),
(76, 50, 0, 74, NULL),
(77, 51, 0, 74, NULL),
(78, 64, 0, 74, NULL),
(83, 47, 0, 45, NULL),
(84, 50, 0, 45, NULL),
(85, 51, 0, 45, NULL),
(86, 64, 0, 45, NULL),
(87, 47, 0, 77, NULL),
(88, 50, 0, 77, NULL),
(89, 51, 0, 77, NULL),
(90, 64, 0, 77, NULL),
(96, 47, 0, 44, NULL),
(97, 50, 0, 44, NULL),
(98, 51, 0, 44, NULL),
(99, 64, 0, 44, NULL),
(100, 47, 0, 81, NULL),
(101, 50, 0, 81, NULL),
(102, 51, 0, 81, NULL),
(103, 64, 0, 81, NULL),
(104, 47, 0, 82, NULL),
(105, 50, 0, 82, NULL),
(106, 51, 0, 82, NULL),
(107, 64, 0, 82, NULL);

-- --------------------------------------------------------

--
-- Table structure for table `catalog_category_entity_varchar`
--

CREATE TABLE `catalog_category_entity_varchar` (
  `value_id` int(11) NOT NULL COMMENT 'Value ID',
  `attribute_id` smallint(5) UNSIGNED NOT NULL DEFAULT '0' COMMENT 'Attribute ID',
  `store_id` smallint(5) UNSIGNED NOT NULL DEFAULT '0' COMMENT 'Store ID',
  `entity_id` int(10) UNSIGNED NOT NULL DEFAULT '0' COMMENT 'Entity ID',
  `value` varchar(255) DEFAULT NULL COMMENT 'Value'
) ENGINE=InnoDB DEFAULT CHARSET=utf8 COMMENT='Catalog Category Varchar Attribute Backend Table';

--
-- Dumping data for table `catalog_category_entity_varchar`
--

INSERT INTO `catalog_category_entity_varchar` (`value_id`, `attribute_id`, `store_id`, `entity_id`, `value`) VALUES
(1, 45, 0, 1, 'Root Catalog'),
(2, 45, 0, 2, 'Default Category'),
(3, 52, 0, 2, 'PRODUCTS'),
(158, 49, 0, 2, NULL),
(159, 60, 0, 2, NULL),
(160, 63, 0, 2, NULL),
(161, 124, 0, 2, 'default-category'),
(162, 125, 0, 2, NULL),
(172, 45, 0, 42, 'SPORTS'),
(173, 52, 0, 42, 'PRODUCTS'),
(174, 124, 0, 42, 'sports'),
(175, 49, 0, 42, NULL),
(176, 60, 0, 42, NULL),
(177, 63, 0, 42, NULL),
(180, 125, 0, 42, 'sports'),
(229, 45, 0, 44, 'Baseball'),
(230, 52, 0, 44, 'PRODUCTS'),
(231, 124, 0, 44, 'baseball-softball'),
(232, 125, 0, 44, 'sports/baseball-softball'),
(233, 45, 0, 45, 'Basketball'),
(234, 52, 0, 45, 'PRODUCTS_AND_PAGE'),
(235, 124, 0, 45, 'basketball'),
(236, 125, 0, 45, 'sports/basketball'),
(237, 45, 0, 46, 'Football'),
(238, 52, 0, 46, 'PRODUCTS'),
(239, 124, 0, 46, 'football'),
(240, 125, 0, 46, 'sports/football'),
(241, 45, 0, 47, 'Lacrosse'),
(242, 52, 0, 47, 'PRODUCTS'),
(243, 124, 0, 47, 'lacrosse'),
(244, 125, 0, 47, 'sports/lacrosse'),
(245, 45, 0, 48, 'Soccer'),
(246, 52, 0, 48, 'PRODUCTS'),
(247, 124, 0, 48, 'soccer'),
(248, 125, 0, 48, 'sports/soccer'),
(249, 45, 0, 49, 'Swimming'),
(250, 52, 0, 49, 'PRODUCTS'),
(251, 124, 0, 49, 'swimming'),
(252, 125, 0, 49, 'sports/swimming'),
(253, 45, 0, 50, 'Volleyball'),
(254, 52, 0, 50, 'PRODUCTS'),
(255, 124, 0, 50, 'volleyball'),
(256, 125, 0, 50, 'sports/volleyball'),
(257, 45, 0, 51, 'Wrestling'),
(258, 52, 0, 51, 'PRODUCTS'),
(259, 124, 0, 51, 'wrestling'),
(260, 125, 0, 51, 'sports/wrestling'),
(261, 45, 0, 52, 'Products'),
(262, 52, 0, 52, 'PRODUCTS'),
(263, 124, 0, 52, 'products'),
(268, 45, 0, 54, 'Shirts and Sweaters'),
(269, 52, 0, 54, 'PRODUCTS'),
(270, 124, 0, 54, 'shirts-and-sweaters'),
(271, 125, 0, 54, 'products/shirts-and-sweaters'),
(272, 125, 0, 52, 'products'),
(275, 45, 0, 55, 'Slacks and Shorts'),
(276, 52, 0, 55, 'PRODUCTS'),
(277, 124, 0, 55, 'slacks-and-shorts'),
(278, 125, 0, 55, 'products/slacks-and-shorts'),
(279, 45, 0, 56, 'Socks & Shoes'),
(280, 52, 0, 56, 'PRODUCTS'),
(281, 124, 0, 56, 'socks-shoes'),
(282, 125, 0, 56, 'products/socks-shoes'),
(283, 45, 0, 57, 'Caps & Hats'),
(284, 52, 0, 57, 'PRODUCTS'),
(285, 124, 0, 57, 'caps-hats'),
(286, 125, 0, 57, 'products/caps-hats'),
(287, 45, 0, 58, 'Cold-Weather Gear'),
(288, 52, 0, 58, 'PRODUCTS'),
(289, 124, 0, 58, 'cold-weather-gear'),
(290, 125, 0, 58, 'products/cold-weather-gear'),
(291, 45, 0, 59, 'Undergarments'),
(292, 52, 0, 59, 'PRODUCTS'),
(293, 124, 0, 59, 'undergarments'),
(294, 125, 0, 59, 'products/undergarments'),
(295, 45, 0, 60, 'Gear & Accessories'),
(296, 52, 0, 60, 'PRODUCTS'),
(297, 124, 0, 60, 'gear-accessories'),
(298, 125, 0, 60, 'products/gear-accessories'),
(299, 45, 0, 61, 'Package Deals'),
(300, 52, 0, 61, 'PRODUCTS'),
(301, 124, 0, 61, 'package-deals'),
(302, 125, 0, 61, 'products/package-deals'),
(303, 45, 0, 62, 'Organizations'),
(304, 52, 0, 62, 'PRODUCTS'),
(305, 124, 0, 62, 'organizations'),
(306, 125, 0, 62, 'organizations'),
(307, 45, 0, 63, 'High School Associations'),
(308, 52, 0, 63, 'PRODUCTS'),
(309, 124, 0, 63, 'high-school-associations'),
(310, 125, 0, 63, 'organizations/high-school-associations'),
(311, 45, 0, 64, 'Collegiate Conferences'),
(312, 52, 0, 64, 'PRODUCTS'),
(313, 124, 0, 64, 'collegiate-conferences'),
(314, 125, 0, 64, 'organizations/collegiate-conferences'),
(315, 45, 0, 65, 'Additional Associations'),
(316, 52, 0, 65, 'PRODUCTS'),
(317, 124, 0, 65, 'additional-associations'),
(318, 125, 0, 65, 'organizations/additional-associations'),
(319, 45, 0, 66, 'Specials'),
(320, 52, 0, 66, 'PRODUCTS'),
(321, 124, 0, 66, 'specials'),
(322, 125, 0, 66, 'specials'),
(323, 45, 0, 67, 'Closeout & Sale Items'),
(324, 52, 0, 67, 'PRODUCTS'),
(325, 124, 0, 67, 'closeout-sale-items'),
(326, 125, 0, 67, 'specials/closeout-sale-items'),
(327, 45, 0, 68, 'EVENTS'),
(328, 52, 0, 68, 'PRODUCTS'),
(329, 124, 0, 68, 'events'),
(330, 125, 0, 68, 'events'),
(331, 45, 0, 69, 'View All Events'),
(332, 52, 0, 69, 'PRODUCTS'),
(333, 124, 0, 69, 'view-all-events'),
(334, 125, 0, 69, 'events/view-all-events'),
(335, 45, 0, 70, 'Baseball'),
(336, 52, 0, 70, 'PRODUCTS'),
(337, 124, 0, 70, 'baseball'),
(338, 125, 0, 70, 'events/baseball'),
(339, 45, 0, 71, 'Football'),
(340, 52, 0, 71, 'PRODUCTS'),
(341, 124, 0, 71, 'football'),
(342, 125, 0, 71, 'events/football'),
(343, 45, 0, 72, 'Basketball'),
(344, 52, 0, 72, 'PRODUCTS'),
(345, 124, 0, 72, 'basketball'),
(346, 125, 0, 72, 'events/basketball'),
(347, 45, 0, 73, 'Lacrosse'),
(348, 52, 0, 73, 'PRODUCTS'),
(349, 124, 0, 73, 'lacrosse'),
(350, 125, 0, 73, 'events/lacrosse'),
(351, 45, 0, 74, 'Volleyball'),
(352, 52, 0, 74, 'PRODUCTS'),
(353, 124, 0, 74, 'volleyball'),
(354, 125, 0, 74, 'events/volleyball'),
(356, 49, 0, 74, NULL),
(357, 60, 0, 74, NULL),
(358, 63, 0, 74, NULL),
(386, 49, 0, 45, NULL),
(387, 60, 0, 45, NULL),
(388, 63, 0, 45, NULL),
(389, 45, 0, 77, 'Liquidation Sale'),
(390, 52, 0, 77, 'PRODUCTS_AND_PAGE'),
(391, 124, 0, 77, 'liquidation-sale'),
(392, 49, 0, 77, NULL),
(393, 60, 0, 77, NULL),
(394, 63, 0, 77, NULL),
(396, 125, 0, 77, 'liquidation-sale'),
(401, 45, 0, 78, 'Flash Sales'),
(402, 52, 0, 78, 'PRODUCTS_AND_PAGE'),
(403, 124, 0, 78, 'flash-sales'),
(404, 125, 0, 78, 'flash-sales'),
(426, 49, 0, 44, NULL),
(427, 60, 0, 44, NULL),
(428, 63, 0, 44, NULL),
(429, 45, 0, 81, 'Softball'),
(430, 52, 0, 81, 'PRODUCTS'),
(431, 124, 0, 81, 'softball'),
(432, 125, 0, 81, 'sports/baseball-softball/softball'),
(436, 49, 0, 81, NULL),
(437, 60, 0, 81, NULL),
(438, 63, 0, 81, NULL),
(439, 45, 0, 82, 'Honig\'s Line'),
(440, 52, 0, 82, 'PRODUCTS'),
(441, 124, 0, 82, 'honig-s-line'),
(442, 125, 0, 82, 'honig-s-line'),
(445, 49, 0, 82, NULL),
(446, 60, 0, 82, NULL),
(447, 63, 0, 82, NULL);

-- --------------------------------------------------------

--
-- Table structure for table `catalog_category_product`
--

CREATE TABLE `catalog_category_product` (
  `entity_id` int(11) NOT NULL COMMENT 'Entity ID',
  `category_id` int(10) UNSIGNED NOT NULL DEFAULT '0' COMMENT 'Category ID',
  `product_id` int(10) UNSIGNED NOT NULL DEFAULT '0' COMMENT 'Product ID',
  `position` int(11) NOT NULL DEFAULT '0' COMMENT 'Position'
) ENGINE=InnoDB DEFAULT CHARSET=utf8 COMMENT='Catalog Product To Category Linkage Table';

--
-- Dumping data for table `catalog_category_product`
--

INSERT INTO `catalog_category_product` (`entity_id`, `category_id`, `product_id`, `position`) VALUES
(126, 2, 52, 1),
(129, 2, 53, 1),
(132, 2, 54, 1),
(135, 2, 55, 1),
(138, 2, 56, 1),
(141, 2, 57, 1),
(144, 2, 58, 1),
(147, 2, 59, 1),
(150, 2, 60, 1),
(153, 2, 61, 1),
(156, 2, 62, 1),
(159, 2, 63, 1),
(162, 2, 64, 1),
(165, 2, 65, 1),
(168, 2, 66, 1),
(171, 2, 67, 1),
(190, 2, 84, 1),
(193, 2, 85, 1),
(196, 2, 86, 1),
(199, 2, 87, 1),
(202, 2, 88, 1),
(205, 2, 89, 1),
(208, 2, 90, 1),
(211, 2, 91, 1),
(214, 2, 92, 1),
(217, 2, 93, 1),
(220, 2, 94, 1),
(223, 2, 95, 1),
(226, 2, 96, 1),
(229, 2, 97, 1),
(232, 2, 98, 1),
(235, 2, 99, 1),
(238, 2, 100, 1),
(241, 2, 101, 1),
(244, 2, 102, 1),
(247, 2, 103, 1),
(250, 2, 104, 1),
(253, 2, 105, 1),
(256, 2, 106, 1),
(259, 2, 107, 1),
(262, 2, 108, 1),
(265, 2, 109, 1),
(268, 2, 110, 1),
(271, 2, 111, 1),
(274, 2, 112, 1),
(277, 2, 113, 1),
(280, 2, 114, 1),
(283, 2, 115, 1),
(462, 2, 292, 1),
(465, 2, 293, 1),
(468, 2, 294, 1),
(471, 2, 295, 1),
(474, 2, 296, 1),
(477, 2, 297, 1),
(480, 2, 298, 1),
(483, 2, 299, 1),
(486, 2, 300, 1),
(489, 2, 301, 1),
(492, 2, 302, 1),
(495, 2, 303, 1),
(498, 2, 304, 1),
(501, 2, 305, 1),
(504, 2, 306, 1),
(507, 2, 307, 1),
(590, 2, 388, 1),
(593, 2, 389, 1),
(596, 2, 390, 1),
(599, 2, 391, 1),
(602, 2, 392, 1),
(605, 2, 393, 1),
(608, 2, 394, 1),
(611, 2, 395, 1),
(614, 2, 396, 1),
(617, 2, 397, 1),
(620, 2, 398, 1),
(623, 2, 399, 1),
(626, 2, 400, 1),
(629, 2, 401, 1),
(632, 2, 402, 1),
(635, 2, 403, 1),
(686, 2, 452, 1),
(689, 2, 453, 1),
(692, 2, 454, 1),
(695, 2, 455, 1),
(698, 2, 456, 1),
(701, 2, 457, 1),
(704, 2, 458, 1),
(707, 2, 459, 1),
(710, 2, 460, 1),
(713, 2, 461, 1),
(716, 2, 462, 1),
(719, 2, 463, 1),
(722, 2, 464, 1),
(725, 2, 465, 1),
(728, 2, 466, 1),
(731, 2, 467, 1),
(960, 2, 694, 1),
(963, 2, 695, 1),
(966, 2, 696, 1),
(969, 2, 697, 1),
(972, 2, 698, 1),
(975, 2, 699, 1),
(996, 2, 718, 1),
(999, 2, 719, 1),
(1002, 2, 720, 1),
(1005, 2, 721, 1),
(1008, 2, 722, 1),
(1011, 2, 723, 1),
(1020, 2, 730, 1),
(1023, 2, 731, 1),
(1026, 2, 732, 1),
(1029, 2, 733, 1),
(1032, 2, 734, 1),
(1035, 2, 735, 1),
(1038, 2, 736, 1),
(1041, 2, 737, 1),
(1044, 2, 738, 1),
(1047, 2, 739, 1),
(1050, 2, 740, 1),
(1053, 2, 741, 1),
(1056, 2, 742, 1),
(1060, 2, 743, 1),
(1064, 2, 744, 1),
(1068, 2, 745, 1),
(1072, 2, 746, 1),
(1076, 2, 747, 1),
(1080, 2, 748, 1),
(1084, 2, 749, 1),
(1088, 2, 750, 1),
(1092, 2, 751, 1),
(1096, 2, 752, 1),
(1100, 2, 753, 1),
(1104, 2, 754, 1),
(1108, 2, 755, 1),
(1112, 2, 756, 1),
(1116, 2, 757, 1),
(1120, 2, 758, 1),
(1124, 2, 759, 1),
(1128, 2, 760, 1),
(1132, 2, 761, 1),
(1136, 2, 762, 1),
(1140, 2, 763, 1),
(1144, 2, 764, 1),
(1148, 2, 765, 1),
(1152, 2, 766, 1),
(1156, 2, 767, 1),
(1160, 2, 768, 1),
(1163, 2, 769, 1),
(1166, 2, 770, 1),
(1169, 2, 771, 1),
(1172, 2, 772, 1),
(1175, 2, 773, 1),
(1178, 2, 774, 1),
(1181, 2, 775, 1),
(1184, 2, 776, 1),
(1187, 2, 777, 1),
(1190, 2, 778, 1),
(1193, 2, 779, 1),
(1196, 2, 780, 1),
(1199, 2, 781, 1),
(1203, 2, 782, 1),
(1207, 2, 783, 1),
(1211, 2, 784, 1),
(1215, 2, 785, 1),
(1219, 2, 786, 1),
(1223, 2, 787, 1),
(1227, 2, 788, 1),
(1231, 2, 789, 1),
(1235, 2, 790, 1),
(1239, 2, 791, 1),
(1243, 2, 792, 1),
(1247, 2, 793, 1),
(1251, 2, 794, 1),
(1255, 2, 795, 1),
(1259, 2, 796, 1),
(1263, 2, 797, 1),
(1267, 2, 798, 1),
(1271, 2, 799, 1),
(1275, 2, 800, 1),
(1279, 2, 801, 1),
(1283, 2, 802, 1),
(1287, 2, 803, 1),
(1291, 2, 804, 1),
(1295, 2, 805, 1),
(1299, 2, 806, 1),
(1303, 2, 807, 1),
(1307, 2, 808, 1),
(1311, 2, 809, 1),
(1315, 2, 810, 1),
(1319, 2, 811, 1),
(1323, 2, 812, 1),
(1327, 2, 813, 1),
(1331, 2, 814, 1),
(1335, 2, 815, 1),
(1339, 2, 816, 1),
(1343, 2, 817, 1),
(1347, 2, 818, 1),
(1351, 2, 819, 1),
(1355, 2, 820, 1),
(1359, 2, 821, 1),
(1363, 2, 822, 1),
(1367, 2, 823, 1),
(1371, 2, 824, 1),
(1375, 2, 825, 1),
(1379, 2, 826, 1),
(1383, 2, 827, 1),
(1387, 2, 828, 1),
(1391, 2, 829, 1),
(1395, 2, 830, 1),
(1399, 2, 831, 1),
(1403, 2, 832, 1),
(1407, 2, 833, 1),
(1412, 2, 834, 1),
(1417, 2, 835, 1),
(1422, 2, 836, 1),
(1427, 2, 837, 1),
(1432, 2, 838, 1),
(1437, 2, 839, 1),
(1442, 2, 840, 1),
(1447, 2, 841, 1),
(1452, 2, 842, 1),
(1457, 2, 843, 1),
(1462, 2, 844, 1),
(1467, 2, 845, 1),
(1472, 2, 846, 1),
(1476, 2, 847, 1),
(1480, 2, 848, 1),
(1484, 2, 849, 1),
(1488, 2, 850, 1),
(1492, 2, 851, 1),
(1496, 2, 852, 1),
(1500, 2, 853, 1),
(1504, 2, 854, 1),
(1508, 2, 855, 1),
(1512, 2, 856, 1),
(1516, 2, 857, 1),
(1520, 2, 858, 1),
(1524, 2, 859, 1),
(1528, 2, 860, 1),
(1532, 2, 861, 1),
(1536, 2, 862, 1),
(1540, 2, 863, 1),
(1544, 2, 864, 1),
(1548, 2, 865, 1),
(1552, 2, 866, 1),
(1556, 2, 867, 1),
(1560, 2, 868, 1),
(1564, 2, 869, 1),
(1568, 2, 870, 1),
(1572, 2, 871, 1),
(1576, 2, 872, 1),
(1579, 2, 873, 1),
(1582, 2, 874, 1),
(1585, 2, 875, 1),
(1588, 2, 876, 1),
(1591, 2, 877, 1),
(1594, 2, 878, 1),
(1597, 2, 879, 1),
(1600, 2, 880, 1),
(1603, 2, 881, 1),
(1606, 2, 882, 1),
(1609, 2, 883, 1),
(1612, 2, 884, 1),
(1615, 2, 885, 1),
(1618, 2, 886, 1),
(1621, 2, 887, 1),
(1624, 2, 888, 1),
(1627, 2, 889, 1),
(1630, 2, 890, 1),
(1633, 2, 891, 1),
(1636, 2, 892, 1),
(1639, 2, 893, 1),
(1642, 2, 894, 1),
(1645, 2, 895, 1),
(1648, 2, 896, 1),
(1651, 2, 897, 1),
(1654, 2, 898, 1),
(1662, 2, 904, 1),
(1665, 2, 905, 1),
(1668, 2, 906, 1),
(1671, 2, 907, 1),
(1674, 2, 908, 1),
(1677, 2, 909, 1),
(1680, 2, 910, 1),
(1683, 2, 911, 1),
(1686, 2, 912, 1),
(1689, 2, 913, 1),
(1692, 2, 914, 1),
(1695, 2, 915, 1),
(1698, 2, 916, 1),
(1714, 2, 930, 1),
(1717, 2, 931, 1),
(1720, 2, 932, 1),
(1723, 2, 933, 1),
(1726, 2, 934, 1),
(1729, 2, 935, 1),
(1732, 2, 936, 1),
(1735, 2, 937, 1),
(1738, 2, 938, 1),
(1741, 2, 939, 1),
(1744, 2, 940, 1),
(1747, 2, 941, 1),
(1750, 2, 942, 1),
(1753, 2, 943, 1),
(1756, 2, 944, 1),
(1759, 2, 945, 1),
(1762, 2, 946, 1),
(1765, 2, 947, 1),
(1768, 2, 948, 1),
(1771, 2, 949, 1),
(1774, 2, 950, 1),
(1777, 2, 951, 1),
(1780, 2, 952, 1),
(1783, 2, 953, 1),
(1786, 2, 954, 1),
(1789, 2, 955, 1),
(1793, 2, 956, 1),
(1797, 2, 957, 1),
(1801, 2, 958, 1),
(1805, 2, 959, 1),
(1809, 2, 960, 1),
(1813, 2, 961, 1),
(1817, 2, 962, 1),
(1821, 2, 963, 1),
(1825, 2, 964, 1),
(1829, 2, 965, 1),
(1833, 2, 966, 1),
(1837, 2, 967, 1),
(1841, 2, 968, 1),
(1844, 2, 969, 1),
(1847, 2, 970, 1),
(1850, 2, 971, 1),
(1853, 2, 972, 1),
(1856, 2, 973, 1),
(1859, 2, 974, 1),
(1862, 2, 975, 1),
(1865, 2, 976, 1),
(1868, 2, 977, 1),
(1871, 2, 978, 1),
(1874, 2, 979, 1),
(1877, 2, 980, 1),
(1880, 2, 981, 1),
(1883, 2, 982, 1),
(1886, 2, 983, 1),
(1889, 2, 984, 1),
(1892, 2, 985, 1),
(1895, 2, 986, 1),
(1898, 2, 987, 1),
(1901, 2, 988, 1),
(1904, 2, 989, 1),
(1907, 2, 990, 1),
(1910, 2, 991, 1),
(1913, 2, 992, 1),
(1916, 2, 993, 1),
(1919, 2, 994, 1),
(1922, 2, 995, 1),
(1925, 2, 996, 1),
(1928, 2, 997, 1),
(1931, 2, 998, 1),
(1934, 2, 999, 1),
(1937, 2, 1000, 1),
(1940, 2, 1001, 1),
(1943, 2, 1002, 1),
(1946, 2, 1003, 1),
(1949, 2, 1004, 1),
(1952, 2, 1005, 1),
(1955, 2, 1006, 1),
(1958, 2, 1007, 1),
(1974, 2, 1021, 1),
(1977, 2, 1022, 1),
(1980, 2, 1023, 1),
(1983, 2, 1024, 1),
(1986, 2, 1025, 1),
(1989, 2, 1026, 1),
(1992, 2, 1027, 1),
(1995, 2, 1028, 1),
(1998, 2, 1029, 1),
(2001, 2, 1030, 1),
(2004, 2, 1031, 1),
(2007, 2, 1032, 1),
(2010, 2, 1033, 1),
(2014, 2, 1034, 1),
(2018, 2, 1035, 1),
(2022, 2, 1036, 1),
(2026, 2, 1037, 1),
(2030, 2, 1038, 1),
(2034, 2, 1039, 1),
(2038, 2, 1040, 1),
(2042, 2, 1041, 1),
(2046, 2, 1042, 1),
(2050, 2, 1043, 1),
(2054, 2, 1044, 1),
(2058, 2, 1045, 1),
(2062, 2, 1046, 1),
(2066, 2, 1047, 1),
(2070, 2, 1048, 1),
(2074, 2, 1049, 1),
(2077, 2, 1050, 1),
(2080, 2, 1051, 1),
(2083, 2, 1052, 1),
(2086, 2, 1053, 1),
(2089, 2, 1054, 1),
(2092, 2, 1055, 1),
(2095, 2, 1056, 1),
(2098, 2, 1057, 1),
(2101, 2, 1058, 1),
(2104, 2, 1059, 1),
(2107, 2, 1060, 1),
(2110, 2, 1061, 1),
(2113, 2, 1062, 1),
(2116, 2, 1063, 1),
(2119, 2, 1064, 1),
(2122, 2, 1065, 1),
(2180, 2, 1120, 1),
(2184, 2, 1121, 1),
(2188, 2, 1122, 1),
(2192, 2, 1123, 1),
(2196, 2, 1124, 1),
(2200, 2, 1125, 1),
(2204, 2, 1126, 1),
(2208, 2, 1127, 1),
(2212, 2, 1128, 1),
(2216, 2, 1129, 1),
(2220, 2, 1130, 1),
(2224, 2, 1131, 1),
(2228, 2, 1132, 1),
(2232, 2, 1133, 1),
(2236, 2, 1134, 1),
(2240, 2, 1135, 1),
(2244, 2, 1136, 1),
(2248, 2, 1137, 1),
(2252, 2, 1138, 1),
(2256, 2, 1139, 1),
(2260, 2, 1140, 1),
(2264, 2, 1141, 1),
(2268, 2, 1142, 1),
(2272, 2, 1143, 1),
(2276, 2, 1144, 1),
(2280, 2, 1145, 1),
(2284, 2, 1146, 1),
(2288, 2, 1147, 1),
(2292, 2, 1148, 1),
(2296, 2, 1149, 1),
(2300, 2, 1150, 1),
(2304, 2, 1151, 1),
(2307, 2, 1152, 1),
(2310, 2, 1153, 1),
(2313, 2, 1154, 1),
(2316, 2, 1155, 1),
(2319, 2, 1156, 1),
(2322, 2, 1157, 1),
(2325, 2, 1158, 1),
(2328, 2, 1159, 1),
(2331, 2, 1160, 1),
(2334, 2, 1161, 1),
(2337, 2, 1162, 1),
(2340, 2, 1163, 1),
(2343, 2, 1164, 1),
(2346, 2, 1165, 1),
(2349, 2, 1166, 1),
(2352, 2, 1167, 1),
(2355, 2, 1168, 1),
(2358, 2, 1169, 1),
(2361, 2, 1170, 1),
(2364, 2, 1171, 1),
(2367, 2, 1172, 1),
(2370, 2, 1173, 1),
(2373, 2, 1174, 1),
(2376, 2, 1175, 1),
(2379, 2, 1176, 1),
(2382, 2, 1177, 1),
(2385, 2, 1178, 1),
(2388, 2, 1179, 1),
(2391, 2, 1180, 1),
(2394, 2, 1181, 1),
(2397, 2, 1182, 1),
(2400, 2, 1183, 1),
(2403, 2, 1184, 1),
(2406, 2, 1185, 1),
(2409, 2, 1186, 1),
(2412, 2, 1187, 1),
(2415, 2, 1188, 1),
(2418, 2, 1189, 1),
(2421, 2, 1190, 1),
(2424, 2, 1191, 1),
(2427, 2, 1192, 1),
(2430, 2, 1193, 1),
(2433, 2, 1194, 1),
(2436, 2, 1195, 1),
(2439, 2, 1196, 1),
(2442, 2, 1197, 1),
(2445, 2, 1198, 1),
(2448, 2, 1199, 1),
(2451, 2, 1200, 1),
(2454, 2, 1201, 1),
(2457, 2, 1202, 1),
(2460, 2, 1203, 1),
(2463, 2, 1204, 1),
(2466, 2, 1205, 1),
(2469, 2, 1206, 1),
(2472, 2, 1207, 1),
(2475, 2, 1208, 1),
(2478, 2, 1209, 1),
(2481, 2, 1210, 1),
(2484, 2, 1211, 1),
(2487, 2, 1212, 1),
(2490, 2, 1213, 1),
(2493, 2, 1214, 1),
(2496, 2, 1215, 1),
(2500, 2, 1216, 1),
(2504, 2, 1217, 1),
(2508, 2, 1218, 1),
(2512, 2, 1219, 1),
(2516, 2, 1220, 1),
(2520, 2, 1221, 1),
(2524, 2, 1222, 1),
(2528, 2, 1223, 1),
(2532, 2, 1224, 1),
(2536, 2, 1225, 1),
(2539, 2, 1226, 1),
(2542, 2, 1227, 1),
(2545, 2, 1228, 1),
(2548, 2, 1229, 1),
(2551, 2, 1230, 1),
(2554, 2, 1231, 1),
(2557, 2, 1232, 1),
(2560, 2, 1233, 1),
(2563, 2, 1234, 1),
(2566, 2, 1235, 1),
(2569, 2, 1236, 1),
(2572, 2, 1237, 1),
(2575, 2, 1238, 1),
(2578, 2, 1239, 1),
(2581, 2, 1240, 1),
(2584, 2, 1241, 1),
(2604, 2, 1258, 1),
(2608, 2, 1259, 1),
(2612, 2, 1260, 1),
(2616, 2, 1261, 1),
(2620, 2, 1262, 1),
(2624, 2, 1263, 1),
(2628, 2, 1264, 1),
(2632, 2, 1265, 1),
(2636, 2, 1266, 1),
(2640, 2, 1267, 1),
(2644, 2, 1268, 1),
(2648, 2, 1269, 1),
(2652, 2, 1270, 1),
(2656, 2, 1271, 1),
(2660, 2, 1272, 1),
(2664, 2, 1273, 1),
(2700, 2, 1306, 1),
(2704, 2, 1307, 1),
(2708, 2, 1308, 1),
(2712, 2, 1309, 1),
(2716, 2, 1310, 1),
(2720, 2, 1311, 1),
(2724, 2, 1312, 1),
(2728, 2, 1313, 1),
(2732, 2, 1314, 1),
(2736, 2, 1315, 1),
(2740, 2, 1316, 1),
(2744, 2, 1317, 1),
(2748, 2, 1318, 1),
(2752, 2, 1319, 1),
(2756, 2, 1320, 1),
(2760, 2, 1321, 1),
(2763, 2, 1322, 1),
(2766, 2, 1323, 1),
(2769, 2, 1324, 1),
(2772, 2, 1325, 1),
(2775, 2, 1326, 1),
(2778, 2, 1327, 1),
(2781, 2, 1328, 1),
(2784, 2, 1329, 1),
(2787, 2, 1330, 1),
(2790, 2, 1331, 1),
(2793, 2, 1332, 1),
(2796, 2, 1333, 1),
(2799, 2, 1334, 1),
(2802, 2, 1335, 1),
(2805, 2, 1336, 1),
(2808, 2, 1337, 1),
(2812, 2, 1338, 1),
(2816, 2, 1339, 1),
(2820, 2, 1340, 1),
(2824, 2, 1341, 1),
(2828, 2, 1342, 1),
(2832, 2, 1343, 1),
(2836, 2, 1344, 1),
(2840, 2, 1345, 1),
(2844, 2, 1346, 1),
(2848, 2, 1347, 1),
(2852, 2, 1348, 1),
(2856, 2, 1349, 1),
(2860, 2, 1350, 1),
(2864, 2, 1351, 1),
(2868, 2, 1352, 1),
(2872, 2, 1353, 1),
(2875, 2, 1354, 1),
(2878, 2, 1355, 1),
(2881, 2, 1356, 1),
(2884, 2, 1357, 1),
(2887, 2, 1358, 1),
(2890, 2, 1359, 1),
(2893, 2, 1360, 1),
(2896, 2, 1361, 1),
(2899, 2, 1362, 1),
(2902, 2, 1363, 1),
(2905, 2, 1364, 1),
(2908, 2, 1365, 1),
(2911, 2, 1366, 1),
(2914, 2, 1367, 1),
(2917, 2, 1368, 1),
(2920, 2, 1369, 1),
(2924, 2, 1370, 1),
(2928, 2, 1371, 1),
(2932, 2, 1372, 1),
(2936, 2, 1373, 1),
(2940, 2, 1374, 1),
(2944, 2, 1375, 1),
(2948, 2, 1376, 1),
(2952, 2, 1377, 1),
(2956, 2, 1378, 1),
(2960, 2, 1379, 1),
(2964, 2, 1380, 1),
(2968, 2, 1381, 1),
(2972, 2, 1382, 1),
(2976, 2, 1383, 1),
(2980, 2, 1384, 1),
(2984, 2, 1385, 1),
(2988, 2, 1386, 1),
(2992, 2, 1387, 1),
(2996, 2, 1388, 1),
(3000, 2, 1389, 1),
(3004, 2, 1390, 1),
(3008, 2, 1391, 1),
(3012, 2, 1392, 1),
(3016, 2, 1393, 1),
(3020, 2, 1394, 1),
(3024, 2, 1395, 1),
(3028, 2, 1396, 1),
(3032, 2, 1397, 1),
(3036, 2, 1398, 1),
(3040, 2, 1399, 1),
(3044, 2, 1400, 1),
(3048, 2, 1401, 1),
(3052, 2, 1402, 1),
(3056, 2, 1403, 1),
(3060, 2, 1404, 1),
(3064, 2, 1405, 1),
(3068, 2, 1406, 1),
(3072, 2, 1407, 1),
(3076, 2, 1408, 1),
(3080, 2, 1409, 1),
(3084, 2, 1410, 1),
(3088, 2, 1411, 1),
(3092, 2, 1412, 1),
(3096, 2, 1413, 1),
(3100, 2, 1414, 1),
(3104, 2, 1415, 1),
(3108, 2, 1416, 1),
(3112, 2, 1417, 1),
(3116, 2, 1418, 1),
(3120, 2, 1419, 1),
(3124, 2, 1420, 1),
(3128, 2, 1421, 1),
(3132, 2, 1422, 1),
(3136, 2, 1423, 1),
(3140, 2, 1424, 1),
(3144, 2, 1425, 1),
(3148, 2, 1426, 1),
(3152, 2, 1427, 1),
(3156, 2, 1428, 1),
(3160, 2, 1429, 1),
(3164, 2, 1430, 1),
(3168, 2, 1431, 1),
(3172, 2, 1432, 1),
(3176, 2, 1433, 1),
(3181, 2, 1434, 1),
(3186, 2, 1435, 1),
(3191, 2, 1436, 1),
(3196, 2, 1437, 1),
(3201, 2, 1438, 1),
(3206, 2, 1439, 1),
(3211, 2, 1440, 1),
(3216, 2, 1441, 1),
(3221, 2, 1442, 1),
(3226, 2, 1443, 1),
(3231, 2, 1444, 1),
(3236, 2, 1445, 1),
(3241, 2, 1446, 1),
(3246, 2, 1447, 1),
(3251, 2, 1448, 1),
(3256, 2, 1449, 1),
(3261, 2, 1450, 1),
(3266, 2, 1451, 1),
(3271, 2, 1452, 1),
(3276, 2, 1453, 1),
(3281, 2, 1454, 1),
(3286, 2, 1455, 1),
(3291, 2, 1456, 1),
(3296, 2, 1457, 1),
(3301, 2, 1458, 1),
(3306, 2, 1459, 1),
(3311, 2, 1460, 1),
(3316, 2, 1461, 1),
(3321, 2, 1462, 1),
(3326, 2, 1463, 1),
(3331, 2, 1464, 1),
(3336, 2, 1465, 1),
(3341, 2, 1466, 1),
(3346, 2, 1467, 1),
(3351, 2, 1468, 1),
(3356, 2, 1469, 1),
(3361, 2, 1470, 1),
(3366, 2, 1471, 1),
(3371, 2, 1472, 1),
(3376, 2, 1473, 1),
(3381, 2, 1474, 1),
(3386, 2, 1475, 1),
(3391, 2, 1476, 1),
(3396, 2, 1477, 1),
(3401, 2, 1478, 1),
(3406, 2, 1479, 1),
(3411, 2, 1480, 1),
(3416, 2, 1481, 1),
(3420, 2, 1482, 1),
(3424, 2, 1483, 1),
(3428, 2, 1484, 1),
(3432, 2, 1485, 1),
(3436, 2, 1486, 1),
(3440, 2, 1487, 1),
(3444, 2, 1488, 1),
(3448, 2, 1489, 1),
(3452, 2, 1490, 1),
(3456, 2, 1491, 1),
(3460, 2, 1492, 1),
(3464, 2, 1493, 1),
(3468, 2, 1494, 1),
(3472, 2, 1495, 1),
(3476, 2, 1496, 1),
(3480, 2, 1497, 1),
(3485, 2, 1498, 1),
(3490, 2, 1499, 1),
(3495, 2, 1500, 1),
(3500, 2, 1501, 1),
(3505, 2, 1502, 1),
(3510, 2, 1503, 1),
(3515, 2, 1504, 1),
(3520, 2, 1505, 1),
(3525, 2, 1506, 1),
(3530, 2, 1507, 1),
(3535, 2, 1508, 1),
(3540, 2, 1509, 1),
(3545, 2, 1510, 1),
(3550, 2, 1511, 1),
(3555, 2, 1512, 1),
(3560, 2, 1513, 1),
(3564, 2, 1514, 1),
(3568, 2, 1515, 1),
(3572, 2, 1516, 1),
(3576, 2, 1517, 1),
(3580, 2, 1518, 1),
(3584, 2, 1519, 1),
(3588, 2, 1520, 1),
(3592, 2, 1521, 1),
(3596, 2, 1522, 1),
(3600, 2, 1523, 1),
(3604, 2, 1524, 1),
(3608, 2, 1525, 1),
(3612, 2, 1526, 1),
(3616, 2, 1527, 1),
(3620, 2, 1528, 1),
(3624, 2, 1529, 1),
(3629, 2, 1530, 1),
(3634, 2, 1531, 1),
(3639, 2, 1532, 1),
(3644, 2, 1533, 1),
(3649, 2, 1534, 1),
(3654, 2, 1535, 1),
(3659, 2, 1536, 1),
(3664, 2, 1537, 1),
(3669, 2, 1538, 1),
(3674, 2, 1539, 1),
(3679, 2, 1540, 1),
(3684, 2, 1541, 1),
(3689, 2, 1542, 1),
(3694, 2, 1543, 1),
(3699, 2, 1544, 1),
(3704, 2, 1545, 1),
(3708, 2, 1546, 1),
(3712, 2, 1547, 1),
(3716, 2, 1548, 1),
(3720, 2, 1549, 1),
(3724, 2, 1550, 1),
(3728, 2, 1551, 1),
(3732, 2, 1552, 1),
(3736, 2, 1553, 1),
(3740, 2, 1554, 1),
(3744, 2, 1555, 1),
(3748, 2, 1556, 1),
(3752, 2, 1557, 1),
(3756, 2, 1558, 1),
(3760, 2, 1559, 1),
(3764, 2, 1560, 1),
(3768, 2, 1561, 1),
(3771, 2, 1562, 1),
(3774, 2, 1563, 1),
(3777, 2, 1564, 1),
(3780, 2, 1565, 1),
(3783, 2, 1566, 1),
(3786, 2, 1567, 1),
(3789, 2, 1568, 1),
(3792, 2, 1569, 1),
(3795, 2, 1570, 1),
(3798, 2, 1571, 1),
(3801, 2, 1572, 1),
(3804, 2, 1573, 1),
(3807, 2, 1574, 1),
(3810, 2, 1575, 1),
(3813, 2, 1576, 1),
(3816, 2, 1577, 1),
(3819, 2, 1578, 1),
(3822, 2, 1579, 1),
(3825, 2, 1580, 1),
(3828, 2, 1581, 1),
(3831, 2, 1582, 1),
(3834, 2, 1583, 1),
(3837, 2, 1584, 1),
(3840, 2, 1585, 1),
(3843, 2, 1586, 1),
(3846, 2, 1587, 1),
(3849, 2, 1588, 1),
(3852, 2, 1589, 1),
(3855, 2, 1590, 1),
(3858, 2, 1591, 1),
(3861, 2, 1592, 1),
(3864, 2, 1593, 1),
(3868, 2, 1594, 1),
(3872, 2, 1595, 1),
(3876, 2, 1596, 1),
(3880, 2, 1597, 1),
(3884, 2, 1598, 1),
(3888, 2, 1599, 1),
(3892, 2, 1600, 1),
(3896, 2, 1601, 1),
(3900, 2, 1602, 1),
(3904, 2, 1603, 1),
(3908, 2, 1604, 1),
(3912, 2, 1605, 1),
(3916, 2, 1606, 1),
(3920, 2, 1607, 1),
(3924, 2, 1608, 1),
(3928, 2, 1609, 1),
(3948, 2, 1626, 1),
(3952, 2, 1627, 1),
(3956, 2, 1628, 1),
(3960, 2, 1629, 1),
(3964, 2, 1630, 1),
(3968, 2, 1631, 1),
(3972, 2, 1632, 1),
(3976, 2, 1633, 1),
(3980, 2, 1634, 1),
(3984, 2, 1635, 1),
(3988, 2, 1636, 1),
(3992, 2, 1637, 1),
(3996, 2, 1638, 1),
(4000, 2, 1639, 1),
(4004, 2, 1640, 1),
(4008, 2, 1641, 1),
(4043, 2, 1674, 1),
(4046, 2, 1675, 1),
(4049, 2, 1676, 1),
(4052, 2, 1677, 1),
(4055, 2, 1678, 1),
(4058, 2, 1679, 1),
(4061, 2, 1680, 1),
(4064, 2, 1681, 1),
(4067, 2, 1682, 1),
(4070, 2, 1683, 1),
(4073, 2, 1684, 1),
(4076, 2, 1685, 1),
(4079, 2, 1686, 1),
(4082, 2, 1687, 1),
(4085, 2, 1688, 1),
(4088, 2, 1689, 1),
(4108, 2, 1706, 1),
(4112, 2, 1707, 1),
(4116, 2, 1708, 1),
(4120, 2, 1709, 1),
(4124, 2, 1710, 1),
(4128, 2, 1711, 1),
(4132, 2, 1712, 1),
(4136, 2, 1713, 1),
(4140, 2, 1714, 1),
(4144, 2, 1715, 1),
(4148, 2, 1716, 1),
(4152, 2, 1717, 1),
(4156, 2, 1718, 1),
(4160, 2, 1719, 1),
(4164, 2, 1720, 1),
(4168, 2, 1721, 1),
(4171, 2, 1722, 1),
(4174, 2, 1723, 1),
(4177, 2, 1724, 1),
(4180, 2, 1725, 1),
(4183, 2, 1726, 1),
(4186, 2, 1727, 1),
(4189, 2, 1728, 1),
(4192, 2, 1729, 1),
(4195, 2, 1730, 1),
(4198, 2, 1731, 1),
(4201, 2, 1732, 1),
(4204, 2, 1733, 1),
(4207, 2, 1734, 1),
(4210, 2, 1735, 1),
(4213, 2, 1736, 1),
(4216, 2, 1737, 1),
(4219, 2, 1738, 1),
(4222, 2, 1739, 1),
(4225, 2, 1740, 1),
(4228, 2, 1741, 1),
(4231, 2, 1742, 1),
(4234, 2, 1743, 1),
(4237, 2, 1744, 1),
(4240, 2, 1745, 1),
(4243, 2, 1746, 1),
(4246, 2, 1747, 1),
(4249, 2, 1748, 1),
(4252, 2, 1749, 1),
(4255, 2, 1750, 1),
(4258, 2, 1751, 1),
(4261, 2, 1752, 1),
(4264, 2, 1753, 1),
(4283, 2, 1770, 1),
(4286, 2, 1771, 1),
(4289, 2, 1772, 1),
(4292, 2, 1773, 1),
(4295, 2, 1774, 1),
(4298, 2, 1775, 1),
(4301, 2, 1776, 1),
(4304, 2, 1777, 1),
(4307, 2, 1778, 1),
(4310, 2, 1779, 1),
(4313, 2, 1780, 1),
(4316, 2, 1781, 1),
(4319, 2, 1782, 1),
(4322, 2, 1783, 1),
(4325, 2, 1784, 1),
(4328, 2, 1785, 1),
(4332, 2, 1786, 1),
(4336, 2, 1787, 1),
(4340, 2, 1788, 1),
(4344, 2, 1789, 1),
(4348, 2, 1790, 1),
(4352, 2, 1791, 1),
(4356, 2, 1792, 1),
(4360, 2, 1793, 1),
(4364, 2, 1794, 1),
(4368, 2, 1795, 1),
(4372, 2, 1796, 1),
(4376, 2, 1797, 1),
(4380, 2, 1798, 1),
(4384, 2, 1799, 1),
(4388, 2, 1800, 1),
(4392, 2, 1801, 1),
(4396, 2, 1802, 1),
(4400, 2, 1803, 1),
(4404, 2, 1804, 1),
(4408, 2, 1805, 1),
(4412, 2, 1806, 1),
(4416, 2, 1807, 1),
(4420, 2, 1808, 1),
(4424, 2, 1809, 1),
(4428, 2, 1810, 1),
(4432, 2, 1811, 1),
(4436, 2, 1812, 1),
(4440, 2, 1813, 1),
(4444, 2, 1814, 1),
(4448, 2, 1815, 1),
(4452, 2, 1816, 1),
(4456, 2, 1817, 1),
(4460, 2, 1818, 1),
(4464, 2, 1819, 1),
(4468, 2, 1820, 1),
(4472, 2, 1821, 1),
(4476, 2, 1822, 1),
(4480, 2, 1823, 1),
(4484, 2, 1824, 1),
(4488, 2, 1825, 1),
(4492, 2, 1826, 1),
(4496, 2, 1827, 1),
(4500, 2, 1828, 1),
(4504, 2, 1829, 1),
(4508, 2, 1830, 1),
(4512, 2, 1831, 1),
(4516, 2, 1832, 1),
(4520, 2, 1833, 1),
(4524, 2, 1834, 1),
(4528, 2, 1835, 1),
(4532, 2, 1836, 1),
(4536, 2, 1837, 1),
(4540, 2, 1838, 1),
(4543, 2, 1839, 1),
(4546, 2, 1840, 1),
(4549, 2, 1841, 1),
(4552, 2, 1842, 1),
(4555, 2, 1843, 1),
(4558, 2, 1844, 1),
(4561, 2, 1845, 1),
(4565, 2, 1846, 1),
(4569, 2, 1847, 1),
(4573, 2, 1848, 1),
(4577, 2, 1849, 1),
(4581, 2, 1850, 1),
(4585, 2, 1851, 1),
(4589, 2, 1852, 1),
(4593, 2, 1853, 1),
(4597, 2, 1854, 1),
(4601, 2, 1855, 1),
(4605, 2, 1856, 1),
(4609, 2, 1857, 1),
(4613, 2, 1858, 1),
(4617, 2, 1859, 1),
(4621, 2, 1860, 1),
(4625, 2, 1861, 1),
(4629, 2, 1862, 1),
(4633, 2, 1863, 1),
(4637, 2, 1864, 1),
(4641, 2, 1865, 1),
(4645, 2, 1866, 1),
(4648, 2, 1867, 1),
(4651, 2, 1868, 1),
(4654, 2, 1869, 1),
(4657, 2, 1870, 1),
(4660, 2, 1871, 1),
(4663, 2, 1872, 1),
(4666, 2, 1873, 1),
(4669, 2, 1874, 1),
(4672, 2, 1875, 1),
(4675, 2, 1876, 1),
(4678, 2, 1877, 1),
(4681, 2, 1878, 1),
(4684, 2, 1879, 1),
(4687, 2, 1880, 1),
(4691, 2, 1881, 1),
(4695, 2, 1882, 1),
(4699, 2, 1883, 1),
(4703, 2, 1884, 1),
(4707, 2, 1885, 1),
(4711, 2, 1886, 1),
(4715, 2, 1887, 1),
(4718, 2, 1888, 1),
(4721, 2, 1889, 1),
(4724, 2, 1890, 1),
(4727, 2, 1891, 1),
(4730, 2, 1892, 1),
(4733, 2, 1893, 1),
(4736, 2, 1894, 1),
(4740, 2, 1895, 1),
(4744, 2, 1896, 1),
(4748, 2, 1897, 1),
(4752, 2, 1898, 1),
(4756, 2, 1899, 1),
(4760, 2, 1900, 1),
(4764, 2, 1901, 1),
(4768, 2, 1902, 1),
(4772, 2, 1903, 1),
(4776, 2, 1904, 1),
(4780, 2, 1905, 1),
(4784, 2, 1906, 1),
(4788, 2, 1907, 1),
(4792, 2, 1908, 1),
(4796, 2, 1909, 1),
(4800, 2, 1910, 1),
(4804, 2, 1911, 1),
(4808, 2, 1912, 1),
(4812, 2, 1913, 1),
(4816, 2, 1914, 1),
(4820, 2, 1915, 1),
(4824, 2, 1916, 1),
(4828, 2, 1917, 1),
(4832, 2, 1918, 1),
(4836, 2, 1919, 1),
(4840, 2, 1920, 1),
(4844, 2, 1921, 1),
(4848, 2, 1922, 1),
(4852, 2, 1923, 1),
(4856, 2, 1924, 1),
(4859, 2, 1925, 1),
(4862, 2, 1926, 1),
(4865, 2, 1927, 1),
(4868, 2, 1928, 1),
(4871, 2, 1929, 1),
(4874, 2, 1930, 1),
(4877, 2, 1931, 1),
(4880, 2, 1932, 1),
(4883, 2, 1933, 1),
(4886, 2, 1934, 1),
(4889, 2, 1935, 1),
(4892, 2, 1936, 1),
(4895, 2, 1937, 1),
(4898, 2, 1938, 1),
(4901, 2, 1939, 1),
(4904, 2, 1940, 1),
(4908, 2, 1941, 1),
(4912, 2, 1942, 1),
(4916, 2, 1943, 1),
(4920, 2, 1944, 1),
(4924, 2, 1945, 1),
(4928, 2, 1946, 1),
(4932, 2, 1947, 1),
(4936, 2, 1948, 1),
(4940, 2, 1949, 1),
(4944, 2, 1950, 1),
(4948, 2, 1951, 1),
(4952, 2, 1952, 1),
(4956, 2, 1953, 1),
(4960, 2, 1954, 1),
(4964, 2, 1955, 1),
(4968, 2, 1956, 1),
(4987, 2, 1973, 1),
(4990, 2, 1974, 1),
(4993, 2, 1975, 1),
(4996, 2, 1976, 1),
(4999, 2, 1977, 1),
(5002, 2, 1978, 1),
(5005, 2, 1979, 1),
(5008, 2, 1980, 1),
(5011, 2, 1981, 1),
(5014, 2, 1982, 1),
(5017, 2, 1983, 1),
(5020, 2, 1984, 1),
(5023, 2, 1985, 1),
(5026, 2, 1986, 1),
(5029, 2, 1987, 1),
(5032, 2, 1988, 1),
(5042, 2, 1996, 1),
(5045, 2, 1997, 1),
(5048, 2, 1998, 1),
(5051, 2, 1999, 1),
(5054, 2, 2000, 1),
(5057, 2, 2001, 1),
(5060, 2, 2002, 1),
(5063, 2, 2003, 1),
(5066, 2, 2004, 1),
(5069, 2, 2005, 1),
(5072, 2, 2006, 1),
(5075, 2, 2007, 1),
(5078, 2, 2008, 1),
(5088, 2, 2016, 1),
(5091, 2, 2017, 1),
(5094, 2, 2018, 1),
(5097, 2, 2019, 1),
(5100, 2, 2020, 1),
(5103, 2, 2021, 1),
(5106, 2, 2022, 1),
(5109, 2, 2023, 1),
(5112, 2, 2024, 1),
(5115, 2, 2025, 1),
(5118, 2, 2026, 1),
(5121, 2, 2027, 1),
(5124, 2, 2028, 1),
(5127, 2, 2029, 1),
(5130, 2, 2030, 1),
(5133, 2, 2031, 1),
(5136, 2, 2032, 1),
(5139, 2, 2033, 1),
(5142, 2, 2034, 1),
(5145, 2, 2035, 1),
(5148, 2, 2036, 1),
(5151, 2, 2037, 1),
(5154, 2, 2038, 1),
(5157, 2, 2039, 1),
(5160, 2, 2040, 1),
(5163, 2, 2041, 1),
(5166, 2, 2042, 1),
(5169, 2, 2043, 1),
(5172, 2, 2044, 1),
(5175, 2, 2045, 1),
(5178, 2, 2047, 1),
(5179, 42, 2047, 1),
(5181, 44, 2047, 1),
(5182, 2, 2048, 1),
(5183, 42, 2048, 1),
(5185, 44, 2048, 1),
(5186, 2, 2049, 1),
(5187, 42, 2049, 1),
(5189, 44, 2049, 1),
(5190, 2, 1, 1),
(5191, 42, 1, 1),
(5192, 2, 17, 1),
(5193, 42, 17, 1),
(5194, 2, 19, 1),
(5195, 42, 19, 1),
(5196, 2, 20, 1),
(5197, 42, 20, 1),
(5198, 2, 15, 1),
(5199, 42, 15, 1),
(5200, 2, 2069, 1),
(5201, 42, 2069, 1),
(5203, 45, 2069, 1),
(5204, 2, 2070, 1),
(5205, 42, 2070, 1),
(5207, 45, 2070, 1),
(5208, 2, 2071, 1),
(5209, 42, 2071, 1),
(5211, 45, 2071, 1),
(5212, 2, 2072, 1),
(5213, 42, 2072, 1),
(5214, 50, 2072, 1),
(5218, 2, 2068, 1),
(5219, 42, 2068, 1),
(5220, 44, 2068, 1),
(5221, 2, 2074, 1),
(5222, 42, 2074, 1),
(5223, 44, 2074, 1),
(5224, 2, 2075, 1),
(5225, 42, 2075, 1),
(5226, 44, 2075, 1),
(5227, 44, 1, 1);

-- --------------------------------------------------------

--
-- Table structure for table `catalog_category_product_index`
--

CREATE TABLE `catalog_category_product_index` (
  `category_id` int(10) UNSIGNED NOT NULL DEFAULT '0' COMMENT 'Category ID',
  `product_id` int(10) UNSIGNED NOT NULL DEFAULT '0' COMMENT 'Product ID',
  `position` int(11) DEFAULT NULL COMMENT 'Position',
  `is_parent` smallint(5) UNSIGNED NOT NULL DEFAULT '0' COMMENT 'Is Parent',
  `store_id` smallint(5) UNSIGNED NOT NULL DEFAULT '0' COMMENT 'Store ID',
  `visibility` smallint(5) UNSIGNED NOT NULL COMMENT 'Visibility'
) ENGINE=InnoDB DEFAULT CHARSET=utf8 COMMENT='Catalog Category Product Index';

--
-- Dumping data for table `catalog_category_product_index`
--

INSERT INTO `catalog_category_product_index` (`category_id`, `product_id`, `position`, `is_parent`, `store_id`, `visibility`) VALUES
(2, 1, 10001, 0, 1, 4),
(2, 2, 10001, 0, 1, 4),
(2, 4, 10001, 0, 1, 4),
(2, 5, 10001, 0, 1, 4),
(2, 10, 10001, 0, 1, 4),
(2, 11, 10001, 0, 1, 4),
(2, 13, 10001, 0, 1, 4),
(2, 14, 10001, 0, 1, 4),
(2, 15, 10001, 0, 1, 4),
(2, 16, 10001, 0, 1, 4),
(2, 17, 10001, 0, 1, 4),
(2, 19, 10001, 0, 1, 4),
(2, 20, 10001, 0, 1, 4),
(2, 38, 10001, 0, 1, 4),
(2, 39, 10001, 0, 1, 4),
(2, 40, 10001, 0, 1, 4),
(2, 44, 10001, 0, 1, 4),
(2, 67, 10001, 0, 1, 4),
(2, 99, 10001, 0, 1, 4),
(2, 115, 10001, 0, 1, 4),
(2, 307, 10001, 0, 1, 4),
(2, 403, 10001, 0, 1, 4),
(2, 467, 10001, 0, 1, 4),
(2, 699, 10001, 0, 1, 4),
(2, 723, 10001, 0, 1, 4),
(2, 742, 10001, 0, 1, 4),
(2, 755, 10001, 0, 1, 4),
(2, 768, 10001, 0, 1, 4),
(2, 781, 10001, 0, 1, 4),
(2, 794, 10001, 0, 1, 4),
(2, 807, 10001, 0, 1, 4),
(2, 820, 10001, 0, 1, 4),
(2, 833, 10001, 0, 1, 4),
(2, 846, 10001, 0, 1, 4),
(2, 859, 10001, 0, 1, 4),
(2, 872, 10001, 0, 1, 4),
(2, 885, 10001, 0, 1, 4),
(2, 898, 10001, 0, 1, 4),
(2, 916, 10001, 0, 1, 4),
(2, 942, 10001, 0, 1, 4),
(2, 955, 10001, 0, 1, 4),
(2, 968, 10001, 0, 1, 4),
(2, 981, 10001, 0, 1, 4),
(2, 994, 10001, 0, 1, 4),
(2, 1007, 10001, 0, 1, 4),
(2, 1033, 10001, 0, 1, 4),
(2, 1049, 10001, 0, 1, 4),
(2, 1065, 10001, 0, 1, 4),
(2, 1135, 10001, 0, 1, 4),
(2, 1151, 10001, 0, 1, 4),
(2, 1167, 10001, 0, 1, 4),
(2, 1183, 10001, 0, 1, 4),
(2, 1199, 10001, 0, 1, 4),
(2, 1215, 10001, 0, 1, 4),
(2, 1225, 10001, 0, 1, 4),
(2, 1241, 10001, 0, 1, 4),
(2, 1273, 10001, 0, 1, 4),
(2, 1321, 10001, 0, 1, 4),
(2, 1337, 10001, 0, 1, 4),
(2, 1353, 10001, 0, 1, 4),
(2, 1369, 10001, 0, 1, 4),
(2, 1385, 10001, 0, 1, 4),
(2, 1401, 10001, 0, 1, 4),
(2, 1417, 10001, 0, 1, 4),
(2, 1433, 10001, 0, 1, 4),
(2, 1449, 10001, 0, 1, 4),
(2, 1465, 10001, 0, 1, 4),
(2, 1481, 10001, 0, 1, 4),
(2, 1497, 10001, 0, 1, 4),
(2, 1513, 10001, 0, 1, 4),
(2, 1529, 10001, 0, 1, 4),
(2, 1545, 10001, 0, 1, 4),
(2, 1561, 10001, 0, 1, 4),
(2, 1577, 10001, 0, 1, 4),
(2, 1593, 10001, 0, 1, 4),
(2, 1609, 10001, 0, 1, 4),
(2, 1641, 10001, 0, 1, 4),
(2, 1689, 10001, 0, 1, 4),
(2, 1721, 10001, 0, 1, 4),
(2, 1737, 10001, 0, 1, 4),
(2, 1753, 10001, 0, 1, 4),
(2, 1785, 10001, 0, 1, 4),
(2, 1801, 10001, 0, 1, 4),
(2, 1817, 10001, 0, 1, 4),
(2, 1824, 10001, 0, 1, 4),
(2, 1831, 10001, 0, 1, 4),
(2, 1838, 10001, 0, 1, 4),
(2, 1845, 10001, 0, 1, 4),
(2, 1852, 10001, 0, 1, 4),
(2, 1859, 10001, 0, 1, 4),
(2, 1866, 10001, 0, 1, 4),
(2, 1873, 10001, 0, 1, 4),
(2, 1880, 10001, 0, 1, 4),
(2, 1887, 10001, 0, 1, 4),
(2, 1894, 10001, 0, 1, 4),
(2, 1901, 10001, 0, 1, 4),
(2, 1908, 10001, 0, 1, 4),
(2, 1924, 10001, 0, 1, 4),
(2, 1940, 10001, 0, 1, 4),
(2, 1956, 10001, 0, 1, 4),
(2, 1988, 10001, 0, 1, 4),
(2, 2002, 10001, 0, 1, 4),
(2, 2008, 10001, 0, 1, 4),
(2, 2022, 10001, 0, 1, 4),
(2, 2029, 10001, 0, 1, 4),
(2, 2045, 10001, 0, 1, 4),
(2, 2047, 10001, 0, 1, 4),
(2, 2068, 10001, 0, 1, 4),
(2, 2071, 10001, 0, 1, 4),
(2, 2072, 10001, 0, 1, 4),
(2, 2074, 10001, 0, 1, 4),
(2, 2075, 10001, 0, 1, 4),
(2, 3, 1, 1, 1, 4),
(2, 6, 1, 1, 1, 4),
(2, 7, 1, 1, 1, 4),
(2, 8, 1, 1, 1, 4),
(2, 9, 1, 1, 1, 4),
(2, 12, 1, 1, 1, 4),
(2, 18, 1, 1, 1, 4),
(2, 21, 1, 1, 1, 4),
(2, 22, 1, 1, 1, 4),
(2, 23, 1, 1, 1, 4),
(2, 36, 1, 1, 1, 4),
(2, 37, 1, 1, 1, 4),
(2, 41, 1, 1, 1, 4),
(2, 42, 1, 1, 1, 4),
(2, 43, 1, 1, 1, 4),
(2, 45, 1, 1, 1, 4),
(2, 46, 1, 1, 1, 4),
(2, 47, 1, 1, 1, 4),
(2, 48, 1, 1, 1, 4),
(2, 49, 1, 1, 1, 4),
(2, 50, 1, 1, 1, 4),
(2, 51, 1, 1, 1, 4),
(2, 83, 1, 1, 1, 4),
(2, 131, 1, 1, 1, 4),
(2, 147, 1, 1, 1, 4),
(2, 163, 1, 1, 1, 4),
(2, 179, 1, 1, 1, 4),
(2, 195, 1, 1, 1, 4),
(2, 211, 1, 1, 1, 4),
(2, 227, 1, 1, 1, 4),
(2, 243, 1, 1, 1, 4),
(2, 259, 1, 1, 1, 4),
(2, 275, 1, 1, 1, 4),
(2, 291, 1, 1, 1, 4),
(2, 323, 1, 1, 1, 4),
(2, 339, 1, 1, 1, 4),
(2, 355, 1, 1, 1, 4),
(2, 371, 1, 1, 1, 4),
(2, 387, 1, 1, 1, 4),
(2, 419, 1, 1, 1, 4),
(2, 435, 1, 1, 1, 4),
(2, 451, 1, 1, 1, 4),
(2, 483, 1, 1, 1, 4),
(2, 499, 1, 1, 1, 4),
(2, 515, 1, 1, 1, 4),
(2, 531, 1, 1, 1, 4),
(2, 547, 1, 1, 1, 4),
(2, 563, 1, 1, 1, 4),
(2, 579, 1, 1, 1, 4),
(2, 595, 1, 1, 1, 4),
(2, 611, 1, 1, 1, 4),
(2, 627, 1, 1, 1, 4),
(2, 643, 1, 1, 1, 4),
(2, 659, 1, 1, 1, 4),
(2, 675, 1, 1, 1, 4),
(2, 681, 1, 1, 1, 4),
(2, 687, 1, 1, 1, 4),
(2, 693, 1, 1, 1, 4),
(2, 705, 1, 1, 1, 4),
(2, 711, 1, 1, 1, 4),
(2, 717, 1, 1, 1, 4),
(2, 729, 1, 1, 1, 4),
(2, 903, 1, 1, 1, 4),
(2, 929, 1, 1, 1, 4),
(2, 1020, 1, 1, 1, 4),
(2, 1081, 1, 1, 1, 4),
(2, 1097, 1, 1, 1, 4),
(2, 1113, 1, 1, 1, 4),
(2, 1119, 1, 1, 1, 4),
(2, 1257, 1, 1, 1, 4),
(2, 1289, 1, 1, 1, 4),
(2, 1305, 1, 1, 1, 4),
(2, 1625, 1, 1, 1, 4),
(2, 1657, 1, 1, 1, 4),
(2, 1673, 1, 1, 1, 4),
(2, 1705, 1, 1, 1, 4),
(2, 1769, 1, 1, 1, 4),
(2, 1972, 1, 1, 1, 4),
(2, 1995, 1, 1, 1, 4),
(2, 2015, 1, 1, 1, 4),
(2, 2046, 1, 1, 1, 4),
(3, 2, 1, 1, 1, 4),
(3, 3, 1, 1, 1, 4),
(3, 4, 1, 1, 1, 4),
(3, 5, 1, 1, 1, 4),
(3, 6, 1, 1, 1, 4),
(3, 7, 1, 1, 1, 4),
(3, 8, 1, 1, 1, 4),
(3, 9, 1, 1, 1, 4),
(3, 10, 1, 1, 1, 4),
(3, 11, 1, 1, 1, 4),
(3, 12, 1, 1, 1, 4),
(3, 13, 1, 1, 1, 4),
(3, 14, 1, 1, 1, 4),
(3, 16, 1, 1, 1, 4),
(3, 18, 1, 1, 1, 4),
(3, 21, 1, 1, 1, 4),
(3, 22, 1, 1, 1, 4),
(3, 23, 1, 1, 1, 4),
(3, 36, 1, 1, 1, 4),
(3, 37, 1, 1, 1, 4),
(3, 38, 1, 1, 1, 4),
(3, 39, 1, 1, 1, 4),
(3, 40, 1, 1, 1, 4),
(3, 41, 1, 1, 1, 4),
(3, 42, 1, 1, 1, 4),
(3, 43, 1, 1, 1, 4),
(3, 44, 1, 1, 1, 4),
(3, 51, 1, 1, 1, 4),
(3, 2046, 1, 1, 1, 4),
(4, 2, 1, 1, 1, 4),
(4, 3, 1, 1, 1, 4),
(4, 4, 1, 1, 1, 4),
(4, 5, 1, 1, 1, 4),
(4, 6, 1, 1, 1, 4),
(4, 7, 1, 1, 1, 4),
(4, 8, 1, 1, 1, 4),
(4, 9, 1, 1, 1, 4),
(4, 10, 1, 1, 1, 4),
(4, 11, 1, 1, 1, 4),
(4, 12, 1, 1, 1, 4),
(4, 13, 1, 1, 1, 4),
(4, 14, 1, 1, 1, 4),
(5, 16, 1, 1, 1, 4),
(5, 18, 1, 1, 1, 4),
(5, 21, 1, 1, 1, 4),
(5, 22, 1, 1, 1, 4),
(5, 23, 1, 1, 1, 4),
(5, 51, 1, 1, 1, 4),
(5, 2046, 1, 1, 1, 4),
(6, 36, 1, 1, 1, 4),
(6, 37, 1, 1, 1, 4),
(6, 38, 1, 1, 1, 4),
(6, 39, 1, 1, 1, 4),
(6, 40, 1, 1, 1, 4),
(6, 41, 1, 1, 1, 4),
(6, 42, 1, 1, 1, 4),
(6, 43, 1, 1, 1, 4),
(6, 44, 1, 1, 1, 4),
(7, 2, 1, 1, 1, 4),
(7, 4, 1, 1, 1, 4),
(7, 5, 1, 1, 1, 4),
(7, 10, 1, 1, 1, 4),
(7, 11, 1, 1, 1, 4),
(7, 13, 1, 1, 1, 4),
(7, 14, 1, 1, 1, 4),
(7, 16, 1, 1, 1, 4),
(7, 38, 1, 1, 1, 4),
(7, 39, 1, 1, 1, 4),
(7, 40, 1, 1, 1, 4),
(7, 44, 1, 1, 1, 4),
(8, 4, 1, 1, 1, 4),
(8, 5, 1, 1, 1, 4),
(8, 13, 1, 1, 1, 4),
(8, 38, 1, 1, 1, 4),
(8, 39, 1, 1, 1, 4),
(8, 40, 1, 1, 1, 4),
(8, 44, 1, 1, 1, 4),
(8, 768, 1, 1, 1, 4),
(8, 794, 1, 1, 1, 4),
(8, 820, 1, 1, 1, 4),
(8, 833, 1, 1, 1, 4),
(8, 846, 1, 1, 1, 4),
(8, 955, 1, 1, 1, 4),
(8, 1007, 1, 1, 1, 4),
(8, 1049, 1, 1, 1, 4),
(8, 1135, 1, 1, 1, 4),
(8, 1183, 1, 1, 1, 4),
(8, 1225, 1, 1, 1, 4),
(8, 1273, 1, 1, 1, 4),
(8, 1353, 1, 1, 1, 4),
(8, 1369, 1, 1, 1, 4),
(8, 1417, 1, 1, 1, 4),
(8, 1449, 1, 1, 1, 4),
(8, 1465, 1, 1, 1, 4),
(8, 1481, 1, 1, 1, 4),
(8, 1641, 1, 1, 1, 4),
(8, 1721, 1, 1, 1, 4),
(8, 1838, 1, 1, 1, 4),
(8, 1924, 1, 1, 1, 4),
(8, 1956, 1, 1, 1, 4),
(8, 2002, 1, 1, 1, 4),
(9, 45, 1, 1, 1, 4),
(9, 46, 1, 1, 1, 4),
(9, 47, 1, 1, 1, 4),
(9, 48, 1, 1, 1, 4),
(9, 49, 1, 1, 1, 4),
(9, 50, 1, 1, 1, 4),
(10, 45, 1, 1, 1, 4),
(10, 46, 1, 1, 1, 4),
(10, 47, 1, 1, 1, 4),
(10, 48, 1, 1, 1, 4),
(10, 49, 1, 1, 1, 4),
(10, 50, 1, 1, 1, 4),
(12, 67, 10001, 0, 1, 4),
(12, 83, 10001, 0, 1, 4),
(12, 99, 10001, 0, 1, 4),
(12, 115, 10001, 0, 1, 4),
(12, 131, 10001, 0, 1, 4),
(12, 147, 10001, 0, 1, 4),
(12, 163, 10001, 0, 1, 4),
(12, 179, 10001, 0, 1, 4),
(12, 195, 10001, 0, 1, 4),
(12, 211, 10001, 0, 1, 4),
(12, 227, 10001, 0, 1, 4),
(12, 243, 10001, 0, 1, 4),
(12, 259, 10001, 0, 1, 4),
(12, 275, 10001, 0, 1, 4),
(12, 291, 10001, 0, 1, 4),
(12, 307, 10001, 0, 1, 4),
(12, 323, 10001, 0, 1, 4),
(12, 339, 10001, 0, 1, 4),
(12, 355, 10001, 0, 1, 4),
(12, 371, 10001, 0, 1, 4),
(12, 387, 10001, 0, 1, 4),
(12, 403, 10001, 0, 1, 4),
(12, 419, 10001, 0, 1, 4),
(12, 435, 10001, 0, 1, 4),
(12, 451, 10001, 0, 1, 4),
(12, 467, 10001, 0, 1, 4),
(12, 483, 10001, 0, 1, 4),
(12, 499, 10001, 0, 1, 4),
(12, 515, 10001, 0, 1, 4),
(12, 531, 10001, 0, 1, 4),
(12, 547, 10001, 0, 1, 4),
(12, 563, 10001, 0, 1, 4),
(12, 579, 10001, 0, 1, 4),
(12, 595, 10001, 0, 1, 4),
(12, 611, 10001, 0, 1, 4),
(12, 627, 10001, 0, 1, 4),
(12, 643, 10001, 0, 1, 4),
(12, 659, 10001, 0, 1, 4),
(12, 675, 10001, 0, 1, 4),
(12, 681, 10001, 0, 1, 4),
(12, 687, 10001, 0, 1, 4),
(12, 693, 10001, 0, 1, 4),
(12, 699, 10001, 0, 1, 4),
(12, 705, 10001, 0, 1, 4),
(12, 711, 10001, 0, 1, 4),
(12, 717, 10001, 0, 1, 4),
(12, 723, 10001, 0, 1, 4),
(12, 729, 10001, 0, 1, 4),
(13, 742, 10001, 0, 1, 4),
(13, 755, 10001, 0, 1, 4),
(13, 768, 10001, 0, 1, 4),
(13, 781, 10001, 0, 1, 4),
(13, 794, 10001, 0, 1, 4),
(13, 807, 10001, 0, 1, 4),
(13, 820, 10001, 0, 1, 4),
(13, 833, 10001, 0, 1, 4),
(13, 846, 10001, 0, 1, 4),
(13, 859, 10001, 0, 1, 4),
(13, 872, 10001, 0, 1, 4),
(13, 885, 10001, 0, 1, 4),
(13, 898, 10001, 0, 1, 4),
(13, 903, 10001, 0, 1, 4),
(13, 916, 10001, 0, 1, 4),
(13, 929, 10001, 0, 1, 4),
(13, 942, 10001, 0, 1, 4),
(13, 955, 10001, 0, 1, 4),
(13, 968, 10001, 0, 1, 4),
(13, 981, 10001, 0, 1, 4),
(13, 994, 10001, 0, 1, 4),
(13, 1007, 10001, 0, 1, 4),
(13, 1020, 10001, 0, 1, 4),
(13, 1033, 10001, 0, 1, 4),
(14, 275, 1, 1, 1, 4),
(14, 291, 1, 1, 1, 4),
(14, 307, 1, 1, 1, 4),
(14, 323, 1, 1, 1, 4),
(14, 339, 1, 1, 1, 4),
(14, 355, 1, 1, 1, 4),
(14, 371, 1, 1, 1, 4),
(14, 387, 1, 1, 1, 4),
(14, 403, 1, 1, 1, 4),
(14, 419, 1, 1, 1, 4),
(14, 435, 1, 1, 1, 4),
(15, 67, 1, 1, 1, 4),
(15, 83, 1, 1, 1, 4),
(15, 99, 1, 1, 1, 4),
(15, 115, 1, 1, 1, 4),
(15, 131, 1, 1, 1, 4),
(15, 147, 1, 1, 1, 4),
(15, 163, 1, 1, 1, 4),
(15, 179, 1, 1, 1, 4),
(15, 195, 1, 1, 1, 4),
(15, 211, 1, 1, 1, 4),
(15, 227, 1, 1, 1, 4),
(15, 243, 1, 1, 1, 4),
(15, 259, 1, 1, 1, 4),
(16, 451, 1, 1, 1, 4),
(16, 467, 1, 1, 1, 4),
(16, 483, 1, 1, 1, 4),
(16, 499, 1, 1, 1, 4),
(16, 515, 1, 1, 1, 4),
(16, 531, 1, 1, 1, 4),
(16, 547, 1, 1, 1, 4),
(16, 563, 1, 1, 1, 4),
(16, 579, 1, 1, 1, 4),
(16, 595, 1, 1, 1, 4),
(16, 611, 1, 1, 1, 4),
(16, 627, 1, 1, 1, 4),
(17, 643, 1, 1, 1, 4),
(17, 659, 1, 1, 1, 4),
(17, 675, 1, 1, 1, 4),
(17, 681, 1, 1, 1, 4),
(17, 687, 1, 1, 1, 4),
(17, 693, 1, 1, 1, 4),
(17, 699, 1, 1, 1, 4),
(17, 705, 1, 1, 1, 4),
(17, 711, 1, 1, 1, 4),
(17, 717, 1, 1, 1, 4),
(17, 723, 1, 1, 1, 4),
(17, 729, 1, 1, 1, 4),
(18, 742, 1, 1, 1, 4),
(18, 755, 1, 1, 1, 4),
(18, 768, 1, 1, 1, 4),
(18, 781, 1, 1, 1, 4),
(18, 794, 1, 1, 1, 4),
(18, 807, 1, 1, 1, 4),
(18, 820, 1, 1, 1, 4),
(18, 833, 1, 1, 1, 4),
(18, 846, 1, 1, 1, 4),
(18, 859, 1, 1, 1, 4),
(18, 872, 1, 1, 1, 4),
(18, 885, 1, 1, 1, 4),
(19, 898, 1, 1, 1, 4),
(19, 903, 1, 1, 1, 4),
(19, 916, 1, 1, 1, 4),
(19, 929, 1, 1, 1, 4),
(19, 942, 1, 1, 1, 4),
(19, 955, 1, 1, 1, 4),
(19, 968, 1, 1, 1, 4),
(19, 981, 1, 1, 1, 4),
(19, 994, 1, 1, 1, 4),
(19, 1007, 1, 1, 1, 4),
(19, 1020, 1, 1, 1, 4),
(19, 1033, 1, 1, 1, 4),
(21, 1049, 10001, 0, 1, 4),
(21, 1065, 10001, 0, 1, 4),
(21, 1081, 10001, 0, 1, 4),
(21, 1097, 10001, 0, 1, 4),
(21, 1113, 10001, 0, 1, 4),
(21, 1119, 10001, 0, 1, 4),
(21, 1135, 10001, 0, 1, 4),
(21, 1151, 10001, 0, 1, 4),
(21, 1167, 10001, 0, 1, 4),
(21, 1183, 10001, 0, 1, 4),
(21, 1199, 10001, 0, 1, 4),
(21, 1215, 10001, 0, 1, 4),
(21, 1225, 10001, 0, 1, 4),
(21, 1241, 10001, 0, 1, 4),
(21, 1257, 10001, 0, 1, 4),
(21, 1273, 10001, 0, 1, 4),
(21, 1289, 10001, 0, 1, 4),
(21, 1305, 10001, 0, 1, 4),
(21, 1321, 10001, 0, 1, 4),
(21, 1337, 10001, 0, 1, 4),
(21, 1353, 10001, 0, 1, 4),
(21, 1369, 10001, 0, 1, 4),
(21, 1385, 10001, 0, 1, 4),
(21, 1401, 10001, 0, 1, 4),
(21, 1417, 10001, 0, 1, 4),
(21, 1433, 10001, 0, 1, 4),
(21, 1449, 10001, 0, 1, 4),
(21, 1465, 10001, 0, 1, 4),
(21, 1481, 10001, 0, 1, 4),
(21, 1497, 10001, 0, 1, 4),
(21, 1513, 10001, 0, 1, 4),
(21, 1529, 10001, 0, 1, 4),
(21, 1545, 10001, 0, 1, 4),
(21, 1561, 10001, 0, 1, 4),
(21, 1577, 10001, 0, 1, 4),
(21, 1593, 10001, 0, 1, 4),
(21, 1609, 10001, 0, 1, 4),
(21, 1625, 10001, 0, 1, 4),
(21, 1641, 10001, 0, 1, 4),
(21, 1657, 10001, 0, 1, 4),
(21, 1673, 10001, 0, 1, 4),
(21, 1689, 10001, 0, 1, 4),
(21, 1705, 10001, 0, 1, 4),
(21, 1721, 10001, 0, 1, 4),
(21, 1737, 10001, 0, 1, 4),
(21, 1753, 10001, 0, 1, 4),
(21, 1769, 10001, 0, 1, 4),
(21, 1785, 10001, 0, 1, 4),
(21, 1801, 10001, 0, 1, 4),
(21, 1817, 10001, 0, 1, 4),
(22, 1824, 10001, 0, 1, 4),
(22, 1831, 10001, 0, 1, 4),
(22, 1838, 10001, 0, 1, 4),
(22, 1845, 10001, 0, 1, 4),
(22, 1852, 10001, 0, 1, 4),
(22, 1859, 10001, 0, 1, 4),
(22, 1866, 10001, 0, 1, 4),
(22, 1873, 10001, 0, 1, 4),
(22, 1880, 10001, 0, 1, 4),
(22, 1887, 10001, 0, 1, 4),
(22, 1894, 10001, 0, 1, 4),
(22, 1901, 10001, 0, 1, 4),
(22, 1908, 10001, 0, 1, 4),
(22, 1924, 10001, 0, 1, 4),
(22, 1940, 10001, 0, 1, 4),
(22, 1956, 10001, 0, 1, 4),
(22, 1972, 10001, 0, 1, 4),
(22, 1988, 10001, 0, 1, 4),
(22, 1995, 10001, 0, 1, 4),
(22, 2002, 10001, 0, 1, 4),
(22, 2008, 10001, 0, 1, 4),
(22, 2015, 10001, 0, 1, 4),
(22, 2022, 10001, 0, 1, 4),
(22, 2029, 10001, 0, 1, 4),
(22, 2045, 10001, 0, 1, 4),
(23, 1225, 1, 1, 1, 4),
(23, 1241, 1, 1, 1, 4),
(23, 1257, 1, 1, 1, 4),
(23, 1273, 1, 1, 1, 4),
(23, 1289, 1, 1, 1, 4),
(23, 1305, 1, 1, 1, 4),
(23, 1321, 1, 1, 1, 4),
(23, 1337, 1, 1, 1, 4),
(23, 1353, 1, 1, 1, 4),
(23, 1369, 1, 1, 1, 4),
(23, 1385, 1, 1, 1, 4),
(23, 1401, 1, 1, 1, 4),
(24, 1049, 1, 1, 1, 4),
(24, 1065, 1, 1, 1, 4),
(24, 1081, 1, 1, 1, 4),
(24, 1097, 1, 1, 1, 4),
(24, 1113, 1, 1, 1, 4),
(24, 1119, 1, 1, 1, 4),
(24, 1135, 1, 1, 1, 4),
(24, 1151, 1, 1, 1, 4),
(24, 1167, 1, 1, 1, 4),
(24, 1183, 1, 1, 1, 4),
(24, 1199, 1, 1, 1, 4),
(24, 1215, 1, 1, 1, 4),
(25, 1417, 1, 1, 1, 4),
(25, 1433, 1, 1, 1, 4),
(25, 1449, 1, 1, 1, 4),
(25, 1465, 1, 1, 1, 4),
(25, 1481, 1, 1, 1, 4),
(25, 1497, 1, 1, 1, 4),
(25, 1513, 1, 1, 1, 4),
(25, 1529, 1, 1, 1, 4),
(25, 1545, 1, 1, 1, 4),
(25, 1561, 1, 1, 1, 4),
(25, 1577, 1, 1, 1, 4),
(25, 1593, 1, 1, 1, 4),
(26, 1609, 1, 1, 1, 4),
(26, 1625, 1, 1, 1, 4),
(26, 1641, 1, 1, 1, 4),
(26, 1657, 1, 1, 1, 4),
(26, 1673, 1, 1, 1, 4),
(26, 1689, 1, 1, 1, 4),
(26, 1705, 1, 1, 1, 4),
(26, 1721, 1, 1, 1, 4),
(26, 1737, 1, 1, 1, 4),
(26, 1753, 1, 1, 1, 4),
(26, 1769, 1, 1, 1, 4),
(26, 1785, 1, 1, 1, 4),
(26, 1801, 1, 1, 1, 4),
(26, 1817, 1, 1, 1, 4),
(27, 1824, 1, 1, 1, 4),
(27, 1831, 1, 1, 1, 4),
(27, 1838, 1, 1, 1, 4),
(27, 1845, 1, 1, 1, 4),
(27, 1852, 1, 1, 1, 4),
(27, 1859, 1, 1, 1, 4),
(27, 1866, 1, 1, 1, 4),
(27, 1873, 1, 1, 1, 4),
(27, 1880, 1, 1, 1, 4),
(27, 1887, 1, 1, 1, 4),
(27, 1894, 1, 1, 1, 4),
(27, 1901, 1, 1, 1, 4),
(27, 1908, 1, 1, 1, 4),
(28, 1924, 1, 1, 1, 4),
(28, 1940, 1, 1, 1, 4),
(28, 1956, 1, 1, 1, 4),
(28, 1972, 1, 1, 1, 4),
(28, 1988, 1, 1, 1, 4),
(28, 1995, 1, 1, 1, 4),
(28, 2002, 1, 1, 1, 4),
(28, 2008, 1, 1, 1, 4),
(28, 2015, 1, 1, 1, 4),
(28, 2022, 1, 1, 1, 4),
(28, 2029, 1, 1, 1, 4),
(28, 2045, 1, 1, 1, 4),
(30, 1065, 1, 1, 1, 4),
(30, 1151, 1, 1, 1, 4),
(30, 1241, 1, 1, 1, 4),
(30, 1321, 1, 1, 1, 4),
(30, 1385, 1, 1, 1, 4),
(30, 1401, 1, 1, 1, 4),
(30, 1497, 1, 1, 1, 4),
(30, 1513, 1, 1, 1, 4),
(30, 1545, 1, 1, 1, 4),
(30, 1609, 1, 1, 1, 4),
(30, 1801, 1, 1, 1, 4),
(30, 1817, 1, 1, 1, 4),
(30, 1940, 1, 1, 1, 4),
(30, 1988, 1, 1, 1, 4),
(31, 968, 1, 1, 1, 4),
(31, 981, 1, 1, 1, 4),
(31, 1033, 1, 1, 1, 4),
(32, 742, 1, 1, 1, 4),
(32, 755, 1, 1, 1, 4),
(32, 768, 1, 1, 1, 4),
(32, 781, 1, 1, 1, 4),
(32, 794, 1, 1, 1, 4),
(32, 807, 1, 1, 1, 4),
(32, 820, 1, 1, 1, 4),
(32, 833, 1, 1, 1, 4),
(32, 846, 1, 1, 1, 4),
(32, 859, 1, 1, 1, 4),
(32, 872, 1, 1, 1, 4),
(32, 885, 1, 1, 1, 4),
(32, 1824, 1, 1, 1, 4),
(32, 1831, 1, 1, 1, 4),
(32, 1838, 1, 1, 1, 4),
(32, 1845, 1, 1, 1, 4),
(32, 1852, 1, 1, 1, 4),
(32, 1859, 1, 1, 1, 4),
(32, 1866, 1, 1, 1, 4),
(32, 1873, 1, 1, 1, 4),
(32, 1880, 1, 1, 1, 4),
(32, 1887, 1, 1, 1, 4),
(32, 1894, 1, 1, 1, 4),
(32, 1901, 1, 1, 1, 4),
(32, 1908, 1, 1, 1, 4),
(33, 1417, 1, 1, 1, 4),
(33, 1433, 1, 1, 1, 4),
(33, 1449, 1, 1, 1, 4),
(33, 1465, 1, 1, 1, 4),
(33, 1481, 1, 1, 1, 4),
(33, 1497, 1, 1, 1, 4),
(33, 1513, 1, 1, 1, 4),
(33, 1529, 1, 1, 1, 4),
(33, 1545, 1, 1, 1, 4),
(33, 1561, 1, 1, 1, 4),
(33, 1577, 1, 1, 1, 4),
(33, 1593, 1, 1, 1, 4),
(34, 846, 1, 1, 1, 4),
(34, 859, 1, 1, 1, 4),
(34, 872, 1, 1, 1, 4),
(34, 898, 1, 1, 1, 4),
(34, 968, 1, 1, 1, 4),
(34, 1049, 1, 1, 1, 4),
(34, 1135, 1, 1, 1, 4),
(34, 1199, 1, 1, 1, 4),
(34, 1225, 1, 1, 1, 4),
(34, 1321, 1, 1, 1, 4),
(34, 1337, 1, 1, 1, 4),
(34, 1481, 1, 1, 1, 4),
(34, 1545, 1, 1, 1, 4),
(34, 1721, 1, 1, 1, 4),
(34, 1753, 1, 1, 1, 4),
(34, 1817, 1, 1, 1, 4),
(34, 1852, 1, 1, 1, 4),
(34, 1859, 1, 1, 1, 4),
(34, 1908, 1, 1, 1, 4),
(34, 2029, 1, 1, 1, 4),
(34, 2045, 1, 1, 1, 4),
(35, 755, 1, 1, 1, 4),
(35, 916, 1, 1, 1, 4),
(35, 942, 1, 1, 1, 4),
(35, 994, 1, 1, 1, 4),
(35, 1151, 1, 1, 1, 4),
(35, 1215, 1, 1, 1, 4),
(35, 1273, 1, 1, 1, 4),
(35, 1353, 1, 1, 1, 4),
(35, 1385, 1, 1, 1, 4),
(35, 1401, 1, 1, 1, 4),
(35, 1433, 1, 1, 1, 4),
(35, 1529, 1, 1, 1, 4),
(35, 1561, 1, 1, 1, 4),
(35, 1641, 1, 1, 1, 4),
(35, 1737, 1, 1, 1, 4),
(35, 1785, 1, 1, 1, 4),
(35, 1801, 1, 1, 1, 4),
(35, 1824, 1, 1, 1, 4),
(35, 1831, 1, 1, 1, 4),
(35, 1866, 1, 1, 1, 4),
(35, 1901, 1, 1, 1, 4),
(35, 1956, 1, 1, 1, 4),
(35, 2008, 1, 1, 1, 4),
(36, 67, 1, 1, 1, 4),
(36, 99, 1, 1, 1, 4),
(36, 115, 1, 1, 1, 4),
(36, 307, 1, 1, 1, 4),
(36, 403, 1, 1, 1, 4),
(36, 467, 1, 1, 1, 4),
(36, 699, 1, 1, 1, 4),
(36, 723, 1, 1, 1, 4),
(36, 807, 1, 1, 1, 4),
(36, 1167, 1, 1, 1, 4),
(36, 1449, 1, 1, 1, 4),
(36, 1465, 1, 1, 1, 4),
(36, 1513, 1, 1, 1, 4),
(36, 1609, 1, 1, 1, 4),
(36, 1689, 1, 1, 1, 4),
(36, 1887, 1, 1, 1, 4),
(36, 1924, 1, 1, 1, 4),
(36, 2022, 1, 1, 1, 4),
(42, 1, 1, 1, 1, 4),
(42, 15, 1, 1, 1, 4),
(42, 17, 1, 1, 1, 4),
(42, 19, 1, 1, 1, 4),
(42, 20, 1, 1, 1, 4),
(42, 2047, 1, 1, 1, 4),
(42, 2068, 1, 1, 1, 4),
(42, 2071, 1, 1, 1, 4),
(42, 2072, 1, 1, 1, 4),
(42, 2074, 1, 1, 1, 4),
(42, 2075, 1, 1, 1, 4),
(43, 2047, 1, 1, 1, 4),
(43, 2071, 1, 1, 1, 4),
(44, 1, 1, 1, 1, 4),
(44, 2047, 1, 1, 1, 4),
(44, 2068, 1, 1, 1, 4),
(44, 2074, 1, 1, 1, 4),
(44, 2075, 1, 1, 1, 4),
(45, 2071, 1, 1, 1, 4),
(50, 2072, 1, 1, 1, 4);

-- --------------------------------------------------------

--
-- Table structure for table `catalog_category_product_index_tmp`
--

CREATE TABLE `catalog_category_product_index_tmp` (
  `category_id` int(10) UNSIGNED NOT NULL DEFAULT '0' COMMENT 'Category ID',
  `product_id` int(10) UNSIGNED NOT NULL DEFAULT '0' COMMENT 'Product ID',
  `position` int(11) NOT NULL DEFAULT '0' COMMENT 'Position',
  `is_parent` smallint(5) UNSIGNED NOT NULL DEFAULT '0' COMMENT 'Is Parent',
  `store_id` smallint(5) UNSIGNED NOT NULL DEFAULT '0' COMMENT 'Store ID',
  `visibility` smallint(5) UNSIGNED NOT NULL COMMENT 'Visibility'
) ENGINE=MEMORY DEFAULT CHARSET=utf8 COMMENT='Catalog Category Product Indexer Temp Table';

-- --------------------------------------------------------

--
-- Table structure for table `catalog_compare_item`
--

CREATE TABLE `catalog_compare_item` (
  `catalog_compare_item_id` int(10) UNSIGNED NOT NULL COMMENT 'Compare Item ID',
  `visitor_id` int(10) UNSIGNED NOT NULL DEFAULT '0' COMMENT 'Visitor ID',
  `customer_id` int(10) UNSIGNED DEFAULT NULL COMMENT 'Customer ID',
  `product_id` int(10) UNSIGNED NOT NULL DEFAULT '0' COMMENT 'Product ID',
  `store_id` smallint(5) UNSIGNED DEFAULT NULL COMMENT 'Store ID'
) ENGINE=InnoDB DEFAULT CHARSET=utf8 COMMENT='Catalog Compare Table';

--
-- Dumping data for table `catalog_compare_item`
--

INSERT INTO `catalog_compare_item` (`catalog_compare_item_id`, `visitor_id`, `customer_id`, `product_id`, `store_id`) VALUES
(1, 8, NULL, 2, 1),
(2, 349, NULL, 2068, 1),
(3, 1214, 4, 2047, 1),
(4, 1214, 4, 2071, 1);

-- --------------------------------------------------------

--
-- Table structure for table `catalog_eav_attribute`
--

CREATE TABLE `catalog_eav_attribute` (
  `attribute_id` smallint(5) UNSIGNED NOT NULL COMMENT 'Attribute ID',
  `frontend_input_renderer` varchar(255) DEFAULT NULL COMMENT 'Frontend Input Renderer',
  `is_global` smallint(5) UNSIGNED NOT NULL DEFAULT '1' COMMENT 'Is Global',
  `is_visible` smallint(5) UNSIGNED NOT NULL DEFAULT '1' COMMENT 'Is Visible',
  `is_searchable` smallint(5) UNSIGNED NOT NULL DEFAULT '0' COMMENT 'Is Searchable',
  `is_filterable` smallint(5) UNSIGNED NOT NULL DEFAULT '0' COMMENT 'Is Filterable',
  `is_comparable` smallint(5) UNSIGNED NOT NULL DEFAULT '0' COMMENT 'Is Comparable',
  `is_visible_on_front` smallint(5) UNSIGNED NOT NULL DEFAULT '0' COMMENT 'Is Visible On Front',
  `is_html_allowed_on_front` smallint(5) UNSIGNED NOT NULL DEFAULT '0' COMMENT 'Is HTML Allowed On Front',
  `is_used_for_price_rules` smallint(5) UNSIGNED NOT NULL DEFAULT '0' COMMENT 'Is Used For Price Rules',
  `is_filterable_in_search` smallint(5) UNSIGNED NOT NULL DEFAULT '0' COMMENT 'Is Filterable In Search',
  `used_in_product_listing` smallint(5) UNSIGNED NOT NULL DEFAULT '0' COMMENT 'Is Used In Product Listing',
  `used_for_sort_by` smallint(5) UNSIGNED NOT NULL DEFAULT '0' COMMENT 'Is Used For Sorting',
  `apply_to` varchar(255) DEFAULT NULL COMMENT 'Apply To',
  `is_visible_in_advanced_search` smallint(5) UNSIGNED NOT NULL DEFAULT '0' COMMENT 'Is Visible In Advanced Search',
  `position` int(11) NOT NULL DEFAULT '0' COMMENT 'Position',
  `is_wysiwyg_enabled` smallint(5) UNSIGNED NOT NULL DEFAULT '0' COMMENT 'Is WYSIWYG Enabled',
  `is_used_for_promo_rules` smallint(5) UNSIGNED NOT NULL DEFAULT '0' COMMENT 'Is Used For Promo Rules',
  `is_required_in_admin_store` smallint(5) UNSIGNED NOT NULL DEFAULT '0' COMMENT 'Is Required In Admin Store',
  `is_used_in_grid` smallint(5) UNSIGNED NOT NULL DEFAULT '0' COMMENT 'Is Used in Grid',
  `is_visible_in_grid` smallint(5) UNSIGNED NOT NULL DEFAULT '0' COMMENT 'Is Visible in Grid',
  `is_filterable_in_grid` smallint(5) UNSIGNED NOT NULL DEFAULT '0' COMMENT 'Is Filterable in Grid',
  `search_weight` float NOT NULL DEFAULT '1' COMMENT 'Search Weight',
  `additional_data` text COMMENT 'Additional swatch attributes data'
) ENGINE=InnoDB DEFAULT CHARSET=utf8 COMMENT='Catalog EAV Attribute Table';

--
-- Dumping data for table `catalog_eav_attribute`
--

INSERT INTO `catalog_eav_attribute` (`attribute_id`, `frontend_input_renderer`, `is_global`, `is_visible`, `is_searchable`, `is_filterable`, `is_comparable`, `is_visible_on_front`, `is_html_allowed_on_front`, `is_used_for_price_rules`, `is_filterable_in_search`, `used_in_product_listing`, `used_for_sort_by`, `apply_to`, `is_visible_in_advanced_search`, `position`, `is_wysiwyg_enabled`, `is_used_for_promo_rules`, `is_required_in_admin_store`, `is_used_in_grid`, `is_visible_in_grid`, `is_filterable_in_grid`, `search_weight`, `additional_data`) VALUES
(45, NULL, 0, 1, 0, 0, 0, 0, 0, 0, 0, 0, 0, NULL, 0, 0, 0, 0, 0, 0, 0, 0, 1, NULL),
(46, NULL, 0, 1, 0, 0, 0, 0, 0, 0, 0, 0, 0, NULL, 0, 0, 0, 0, 0, 0, 0, 0, 1, NULL),
(47, NULL, 0, 1, 0, 0, 0, 0, 1, 0, 0, 0, 0, NULL, 0, 0, 1, 0, 0, 0, 0, 0, 1, NULL),
(48, NULL, 0, 1, 0, 0, 0, 0, 0, 0, 0, 0, 0, NULL, 0, 0, 0, 0, 0, 0, 0, 0, 1, NULL),
(49, NULL, 0, 1, 0, 0, 0, 0, 0, 0, 0, 0, 0, NULL, 0, 0, 0, 0, 0, 0, 0, 0, 1, NULL),
(50, NULL, 0, 1, 0, 0, 0, 0, 0, 0, 0, 0, 0, NULL, 0, 0, 0, 0, 0, 0, 0, 0, 1, NULL),
(51, NULL, 0, 1, 0, 0, 0, 0, 0, 0, 0, 0, 0, NULL, 0, 0, 0, 0, 0, 0, 0, 0, 1, NULL),
(52, NULL, 0, 1, 0, 0, 0, 0, 0, 0, 0, 0, 0, NULL, 0, 0, 0, 0, 0, 0, 0, 0, 1, NULL),
(53, NULL, 0, 1, 0, 0, 0, 0, 0, 0, 0, 0, 0, NULL, 0, 0, 0, 0, 0, 0, 0, 0, 1, NULL),
(54, NULL, 1, 1, 0, 0, 0, 0, 0, 0, 0, 0, 0, NULL, 0, 0, 0, 0, 0, 0, 0, 0, 1, NULL),
(55, NULL, 1, 0, 0, 0, 0, 0, 0, 0, 0, 0, 0, NULL, 0, 0, 0, 0, 0, 0, 0, 0, 1, NULL),
(56, NULL, 1, 0, 0, 0, 0, 0, 0, 0, 0, 0, 0, NULL, 0, 0, 0, 0, 0, 0, 0, 0, 1, NULL),
(57, NULL, 1, 0, 0, 0, 0, 0, 0, 0, 0, 0, 0, NULL, 0, 0, 0, 0, 0, 0, 0, 0, 1, NULL),
(58, NULL, 1, 0, 0, 0, 0, 0, 0, 0, 0, 0, 0, NULL, 0, 0, 0, 0, 0, 0, 0, 0, 1, NULL),
(59, NULL, 1, 0, 0, 0, 0, 0, 0, 0, 0, 0, 0, NULL, 0, 0, 0, 0, 0, 0, 0, 0, 1, NULL),
(60, NULL, 0, 1, 0, 0, 0, 0, 0, 0, 0, 0, 0, NULL, 0, 0, 0, 0, 0, 0, 0, 0, 1, NULL),
(61, NULL, 0, 1, 0, 0, 0, 0, 0, 0, 0, 0, 0, NULL, 0, 0, 0, 0, 0, 0, 0, 0, 1, NULL),
(62, NULL, 0, 1, 0, 0, 0, 0, 0, 0, 0, 0, 0, NULL, 0, 0, 0, 0, 0, 0, 0, 0, 1, NULL),
(63, NULL, 0, 1, 0, 0, 0, 0, 0, 0, 0, 0, 0, NULL, 0, 0, 0, 0, 0, 0, 0, 0, 1, NULL),
(64, NULL, 0, 1, 0, 0, 0, 0, 0, 0, 0, 0, 0, NULL, 0, 0, 0, 0, 0, 0, 0, 0, 1, NULL),
(65, NULL, 1, 0, 0, 0, 0, 0, 0, 0, 0, 0, 0, NULL, 0, 0, 0, 0, 0, 0, 0, 0, 1, NULL),
(66, NULL, 1, 0, 0, 0, 0, 0, 0, 0, 0, 0, 0, NULL, 0, 0, 0, 0, 0, 0, 0, 0, 1, NULL),
(67, 'Magento\\Catalog\\Block\\Adminhtml\\Category\\Helper\\Sortby\\Available', 0, 1, 0, 0, 0, 0, 0, 0, 0, 0, 0, NULL, 0, 0, 0, 0, 0, 0, 0, 0, 1, NULL),
(68, 'Magento\\Catalog\\Block\\Adminhtml\\Category\\Helper\\Sortby\\DefaultSortby', 0, 1, 0, 0, 0, 0, 0, 0, 0, 0, 0, NULL, 0, 0, 0, 0, 0, 0, 0, 0, 1, NULL),
(69, NULL, 0, 1, 0, 0, 0, 0, 0, 0, 0, 0, 0, NULL, 0, 0, 0, 0, 0, 0, 0, 0, 1, NULL),
(70, NULL, 0, 1, 0, 0, 0, 0, 0, 0, 0, 0, 0, NULL, 0, 0, 0, 0, 0, 0, 0, 0, 1, NULL),
(71, NULL, 0, 1, 0, 0, 0, 0, 0, 0, 0, 0, 0, NULL, 0, 0, 0, 0, 0, 0, 0, 0, 1, NULL),
(72, 'Magento\\Catalog\\Block\\Adminhtml\\Category\\Helper\\Pricestep', 0, 1, 0, 0, 0, 0, 0, 0, 0, 0, 0, NULL, 0, 0, 0, 0, 0, 0, 0, 0, 1, NULL),
(73, NULL, 0, 1, 1, 0, 0, 0, 0, 0, 0, 1, 1, NULL, 1, 0, 0, 0, 0, 0, 0, 0, 5, NULL),
(74, NULL, 1, 1, 1, 0, 1, 0, 0, 0, 0, 0, 0, NULL, 1, 0, 0, 1, 0, 0, 0, 0, 6, NULL),
(75, NULL, 0, 1, 1, 0, 1, 0, 1, 0, 0, 0, 0, NULL, 1, 0, 1, 0, 0, 0, 0, 0, 1, NULL),
(76, NULL, 0, 1, 1, 0, 1, 0, 1, 0, 0, 1, 0, NULL, 1, 0, 1, 0, 0, 1, 0, 0, 1, NULL),
(77, NULL, 1, 1, 1, 1, 0, 0, 0, 0, 0, 1, 1, 'simple,virtual,bundle,downloadable,configurable', 1, 0, 0, 0, 0, 0, 0, 0, 1, NULL),
(78, NULL, 1, 1, 0, 0, 0, 0, 0, 0, 0, 1, 0, 'simple,virtual,bundle,downloadable,configurable', 0, 0, 0, 0, 0, 1, 0, 1, 1, NULL),
(79, NULL, 2, 1, 0, 0, 0, 0, 0, 0, 0, 1, 0, 'simple,virtual,bundle,downloadable,configurable', 0, 0, 0, 0, 0, 1, 0, 0, 1, NULL),
(80, NULL, 2, 1, 0, 0, 0, 0, 0, 0, 0, 1, 0, 'simple,virtual,bundle,downloadable,configurable', 0, 0, 0, 0, 0, 1, 0, 0, 1, NULL),
(81, NULL, 1, 1, 0, 0, 0, 0, 0, 0, 0, 0, 0, 'simple,virtual,downloadable', 0, 0, 0, 0, 0, 1, 0, 1, 1, NULL),
(82, 'Magento\\Catalog\\Block\\Adminhtml\\Product\\Helper\\Form\\Weight', 1, 1, 0, 0, 0, 0, 0, 0, 0, 0, 0, 'simple,virtual,bundle,downloadable,configurable', 0, 0, 0, 0, 0, 1, 0, 1, 1, NULL),
(83, NULL, 1, 1, 1, 1, 1, 0, 0, 0, 0, 0, 0, 'simple', 1, 0, 0, 0, 0, 1, 0, 1, 1, NULL),
(84, NULL, 0, 1, 0, 0, 0, 0, 0, 0, 0, 0, 0, NULL, 0, 0, 0, 0, 0, 1, 0, 1, 1, NULL),
(85, NULL, 0, 1, 0, 0, 0, 0, 0, 0, 0, 0, 0, NULL, 0, 0, 0, 0, 0, 1, 0, 1, 1, NULL),
(86, NULL, 0, 1, 0, 0, 0, 0, 0, 0, 0, 0, 0, NULL, 0, 0, 0, 0, 0, 1, 0, 1, 1, NULL),
(87, NULL, 0, 1, 0, 0, 0, 0, 0, 0, 0, 1, 0, NULL, 0, 0, 0, 0, 0, 0, 0, 0, 1, NULL),
(88, NULL, 0, 1, 0, 0, 0, 0, 0, 0, 0, 1, 0, NULL, 0, 0, 0, 0, 0, 0, 0, 0, 1, NULL),
(89, NULL, 0, 1, 0, 0, 0, 0, 0, 0, 0, 1, 0, NULL, 0, 0, 0, 0, 0, 0, 0, 0, 1, NULL),
(90, NULL, 1, 1, 0, 0, 0, 0, 0, 0, 0, 0, 0, NULL, 0, 0, 0, 0, 0, 0, 0, 0, 1, NULL),
(91, NULL, 1, 0, 0, 0, 0, 0, 0, 0, 0, 0, 0, NULL, 0, 0, 0, 0, 0, 0, 0, 0, 1, NULL),
(92, NULL, 2, 1, 0, 0, 0, 0, 0, 0, 0, 0, 0, 'simple,virtual,bundle,downloadable,configurable', 0, 0, 0, 0, 0, 0, 0, 0, 1, NULL),
(93, NULL, 1, 1, 0, 1, 0, 0, 1, 0, 0, 1, 0, NULL, 0, 0, 0, 1, 0, 1, 0, 1, 1, 'a:3:{s:17:\"swatch_input_type\";s:6:\"visual\";s:28:\"update_product_preview_image\";s:1:\"1\";s:28:\"use_product_image_for_swatch\";s:1:\"0\";}'),
(94, NULL, 2, 1, 0, 0, 0, 0, 0, 0, 0, 1, 0, NULL, 0, 0, 0, 0, 0, 1, 0, 0, 1, NULL),
(95, NULL, 2, 1, 0, 0, 0, 0, 0, 0, 0, 1, 0, NULL, 0, 0, 0, 0, 0, 1, 0, 0, 1, NULL),
(96, NULL, 1, 1, 0, 0, 0, 0, 0, 0, 0, 0, 0, NULL, 0, 0, 0, 0, 0, 0, 0, 0, 1, NULL),
(97, 'Magento\\Framework\\Data\\Form\\Element\\Hidden', 2, 1, 1, 0, 0, 0, 0, 0, 0, 1, 0, NULL, 0, 0, 0, 0, 1, 0, 0, 0, 1, NULL),
(98, NULL, 0, 0, 0, 0, 0, 0, 0, 0, 0, 0, 0, 'simple,virtual,bundle,downloadable,configurable', 0, 0, 0, 0, 0, 0, 0, 0, 1, NULL),
(99, NULL, 0, 1, 0, 0, 0, 0, 0, 0, 0, 0, 0, NULL, 0, 0, 0, 0, 1, 0, 0, 0, 1, NULL),
(100, NULL, 0, 1, 0, 0, 0, 0, 0, 0, 0, 0, 0, NULL, 0, 0, 0, 0, 0, 1, 0, 1, 1, NULL),
(101, NULL, 0, 1, 0, 0, 0, 0, 0, 0, 0, 0, 0, NULL, 0, 0, 0, 0, 0, 1, 0, 0, 1, NULL),
(102, NULL, 0, 1, 0, 0, 0, 0, 0, 0, 0, 0, 0, NULL, 0, 0, 0, 0, 0, 1, 0, 0, 1, NULL),
(103, NULL, 0, 1, 0, 0, 0, 0, 0, 0, 0, 0, 0, NULL, 0, 0, 0, 0, 0, 0, 0, 0, 1, NULL),
(104, NULL, 0, 1, 0, 0, 0, 0, 0, 0, 0, 0, 0, NULL, 0, 0, 0, 0, 0, 1, 0, 0, 1, NULL),
(105, 'Magento\\Catalog\\Block\\Adminhtml\\Product\\Helper\\Form\\Category', 1, 1, 0, 0, 0, 0, 0, 0, 0, 0, 0, NULL, 0, 0, 0, 0, 0, 0, 0, 0, 1, NULL),
(106, NULL, 0, 1, 0, 0, 0, 0, 0, 0, 0, 0, 0, NULL, 0, 0, 0, 0, 0, 0, 0, 0, 1, NULL),
(107, NULL, 1, 0, 0, 0, 0, 0, 0, 0, 0, 1, 0, NULL, 0, 0, 0, 0, 0, 0, 0, 0, 1, NULL),
(108, NULL, 1, 0, 0, 0, 0, 0, 0, 0, 0, 0, 0, NULL, 0, 0, 0, 0, 0, 0, 0, 0, 1, NULL),
(109, NULL, 0, 0, 0, 0, 0, 0, 0, 0, 0, 1, 0, NULL, 0, 0, 0, 0, 0, 0, 0, 0, 1, NULL),
(110, NULL, 0, 0, 0, 0, 0, 0, 0, 0, 0, 1, 0, NULL, 0, 0, 0, 0, 0, 0, 0, 0, 1, NULL),
(111, NULL, 0, 0, 0, 0, 0, 0, 0, 0, 0, 1, 0, NULL, 0, 0, 0, 0, 0, 0, 0, 0, 1, NULL),
(112, NULL, 1, 0, 0, 0, 0, 0, 0, 0, 0, 0, 0, NULL, 0, 0, 0, 0, 0, 0, 0, 0, 1, NULL),
(113, NULL, 1, 0, 0, 0, 0, 0, 0, 0, 0, 0, 0, NULL, 0, 0, 0, 0, 0, 0, 0, 0, 1, NULL),
(114, NULL, 2, 1, 0, 0, 0, 0, 0, 0, 0, 0, 0, 'simple,bundle,grouped,configurable', 0, 0, 0, 0, 0, 1, 0, 1, 1, NULL),
(115, 'Magento\\CatalogInventory\\Block\\Adminhtml\\Form\\Field\\Stock', 1, 1, 0, 0, 0, 0, 0, 0, 0, 0, 0, NULL, 0, 0, 0, 0, 0, 0, 0, 0, 1, NULL),
(116, NULL, 0, 1, 0, 0, 0, 0, 0, 0, 0, 0, 0, NULL, 0, 0, 0, 0, 0, 1, 0, 0, 1, NULL),
(117, 'Magento\\Msrp\\Block\\Adminhtml\\Product\\Helper\\Form\\Type', 1, 1, 0, 0, 0, 0, 0, 0, 0, 1, 0, 'simple,virtual,downloadable,bundle,configurable', 0, 0, 0, 0, 0, 1, 0, 1, 1, NULL),
(118, 'Magento\\Msrp\\Block\\Adminhtml\\Product\\Helper\\Form\\Type\\Price', 2, 1, 0, 0, 0, 0, 0, 0, 0, 1, 0, 'simple,virtual,downloadable,bundle,configurable', 0, 0, 0, 0, 0, 0, 0, 0, 1, NULL),
(119, NULL, 1, 1, 0, 0, 0, 0, 0, 0, 0, 1, 0, 'bundle', 0, 0, 0, 0, 0, 0, 0, 0, 1, NULL),
(120, NULL, 1, 1, 0, 0, 0, 0, 0, 0, 0, 0, 0, 'bundle', 0, 0, 0, 0, 0, 0, 0, 0, 1, NULL),
(121, NULL, 1, 1, 0, 0, 0, 0, 0, 0, 0, 1, 0, 'bundle', 0, 0, 0, 0, 0, 0, 0, 0, 1, NULL),
(122, NULL, 1, 1, 0, 0, 0, 0, 0, 0, 0, 1, 0, 'bundle', 0, 0, 0, 0, 0, 0, 0, 0, 1, NULL),
(123, NULL, 1, 1, 0, 0, 0, 0, 0, 0, 0, 1, 0, 'bundle', 0, 0, 0, 0, 0, 0, 0, 0, 1, NULL),
(124, NULL, 0, 1, 0, 0, 0, 0, 0, 0, 0, 0, 0, NULL, 0, 0, 0, 0, 0, 0, 0, 0, 1, NULL),
(125, NULL, 0, 0, 0, 0, 0, 0, 0, 0, 0, 0, 0, NULL, 0, 0, 0, 0, 0, 0, 0, 0, 1, NULL),
(126, NULL, 0, 1, 0, 0, 0, 0, 0, 0, 0, 1, 0, NULL, 0, 0, 0, 0, 0, 1, 0, 1, 1, NULL),
(127, NULL, 0, 0, 0, 0, 0, 0, 0, 0, 0, 0, 0, NULL, 0, 0, 0, 0, 0, 0, 0, 0, 1, NULL),
(128, NULL, 1, 0, 0, 0, 0, 0, 0, 0, 0, 1, 0, 'downloadable', 0, 0, 0, 0, 0, 0, 0, 0, 1, NULL),
(129, NULL, 0, 0, 0, 0, 0, 0, 0, 0, 0, 0, 0, 'downloadable', 0, 0, 0, 0, 0, 0, 0, 0, 1, NULL),
(130, NULL, 0, 0, 0, 0, 0, 0, 0, 0, 0, 0, 0, 'downloadable', 0, 0, 0, 0, 0, 0, 0, 0, 1, NULL),
(131, NULL, 1, 0, 0, 0, 0, 0, 0, 0, 0, 1, 0, 'downloadable', 0, 0, 0, 0, 0, 0, 0, 0, 1, NULL),
(132, 'Magento\\GiftMessage\\Block\\Adminhtml\\Product\\Helper\\Form\\Config', 1, 1, 0, 0, 0, 0, 0, 0, 0, 0, 0, NULL, 0, 0, 0, 0, 0, 1, 0, 0, 1, NULL),
(133, NULL, 2, 1, 1, 0, 0, 0, 0, 0, 0, 1, 0, 'simple,virtual,bundle,downloadable,configurable', 0, 0, 0, 0, 0, 1, 0, 1, 1, NULL),
(134, NULL, 1, 1, 0, 1, 1, 1, 1, 0, 0, 0, 0, NULL, 0, 0, 0, 1, 0, 0, 0, 0, 1, NULL),
(135, NULL, 1, 1, 0, 1, 0, 1, 1, 0, 0, 0, 0, NULL, 0, 0, 0, 1, 0, 0, 0, 0, 1, NULL),
(136, NULL, 1, 1, 0, 1, 0, 1, 1, 0, 0, 0, 0, NULL, 0, 0, 0, 1, 0, 0, 0, 0, 1, NULL),
(137, NULL, 1, 1, 0, 1, 0, 1, 1, 0, 0, 0, 0, NULL, 0, 0, 0, 1, 0, 0, 0, 0, 1, NULL),
(138, NULL, 1, 1, 0, 1, 0, 1, 1, 0, 0, 0, 0, NULL, 0, 0, 0, 1, 0, 0, 0, 0, 1, NULL),
(139, NULL, 1, 1, 0, 1, 0, 1, 1, 0, 0, 0, 0, NULL, 0, 0, 0, 1, 0, 0, 0, 0, 1, NULL),
(140, NULL, 1, 1, 0, 1, 0, 1, 1, 0, 0, 0, 0, NULL, 0, 0, 0, 1, 0, 0, 0, 0, 1, NULL),
(141, NULL, 1, 1, 0, 1, 0, 0, 1, 0, 0, 1, 0, NULL, 0, 0, 0, 1, 0, 0, 0, 0, 1, 'a:3:{s:17:\"swatch_input_type\";s:4:\"text\";s:28:\"update_product_preview_image\";i:1;s:28:\"use_product_image_for_swatch\";i:0;}'),
(142, NULL, 1, 1, 0, 1, 0, 0, 1, 0, 0, 0, 0, NULL, 0, 0, 0, 1, 0, 0, 0, 0, 1, NULL),
(143, NULL, 1, 1, 0, 1, 0, 0, 1, 0, 0, 0, 0, NULL, 0, 0, 0, 1, 0, 0, 0, 0, 1, NULL),
(144, NULL, 1, 1, 0, 1, 0, 0, 1, 0, 0, 0, 0, NULL, 0, 0, 0, 1, 0, 0, 0, 0, 1, NULL),
(145, NULL, 1, 1, 0, 1, 0, 0, 1, 0, 0, 0, 0, NULL, 0, 0, 0, 1, 0, 0, 0, 0, 1, NULL),
(146, NULL, 1, 1, 0, 1, 0, 0, 1, 0, 0, 0, 0, NULL, 0, 0, 0, 1, 0, 0, 0, 0, 1, NULL),
(147, NULL, 1, 1, 0, 1, 0, 1, 1, 0, 0, 0, 0, NULL, 0, 0, 0, 1, 0, 0, 0, 0, 1, NULL),
(148, NULL, 1, 1, 0, 1, 0, 1, 1, 0, 0, 0, 0, NULL, 0, 0, 0, 1, 0, 0, 0, 0, 1, NULL),
(149, NULL, 1, 1, 0, 1, 0, 1, 1, 0, 0, 0, 0, NULL, 0, 0, 0, 1, 0, 0, 0, 0, 1, NULL),
(150, NULL, 1, 1, 0, 1, 0, 1, 1, 0, 0, 0, 0, NULL, 0, 0, 0, 1, 0, 0, 0, 0, 1, NULL),
(151, NULL, 1, 1, 0, 1, 0, 1, 1, 0, 0, 0, 0, NULL, 0, 0, 0, 1, 0, 0, 0, 0, 1, NULL),
(152, NULL, 1, 1, 0, 1, 0, 1, 1, 0, 0, 0, 0, NULL, 0, 0, 0, 1, 0, 0, 0, 0, 1, NULL),
(153, NULL, 1, 1, 0, 1, 0, 1, 1, 0, 0, 0, 0, NULL, 0, 0, 0, 1, 0, 0, 0, 0, 1, NULL),
(154, NULL, 0, 1, 0, 0, 0, 0, 0, 0, 0, 1, 0, NULL, 0, 0, 0, 0, 0, 0, 0, 0, 1, NULL),
(155, NULL, 0, 1, 0, 0, 0, 0, 0, 0, 0, 1, 0, 'simple,virtual,configurable', 0, 0, 0, 0, 0, 1, 0, 1, 1, NULL),
(156, NULL, 0, 1, 0, 0, 0, 0, 0, 0, 0, 0, 0, NULL, 0, 0, 0, 0, 0, 0, 0, 0, 1, NULL),
(157, NULL, 0, 1, 0, 0, 0, 0, 0, 0, 0, 0, 0, NULL, 0, 0, 0, 0, 0, 0, 0, 0, 1, NULL),
(158, NULL, 0, 1, 0, 0, 0, 0, 0, 0, 0, 0, 0, NULL, 0, 0, 0, 0, 0, 0, 0, 0, 1, NULL),
(160, NULL, 1, 1, 0, 0, 0, 0, 1, 0, 0, 0, 0, NULL, 0, 0, 0, 0, 0, 1, 1, 1, 1, NULL),
(161, NULL, 1, 1, 0, 0, 0, 0, 1, 0, 0, 0, 0, NULL, 0, 0, 0, 0, 0, 1, 1, 1, 1, NULL),
(162, NULL, 1, 1, 0, 0, 0, 0, 1, 0, 0, 0, 0, NULL, 0, 0, 0, 0, 0, 1, 1, 1, 1, NULL);

-- --------------------------------------------------------

--
-- Table structure for table `catalog_product_bundle_option`
--

CREATE TABLE `catalog_product_bundle_option` (
  `option_id` int(10) UNSIGNED NOT NULL COMMENT 'Option Id',
  `parent_id` int(10) UNSIGNED NOT NULL COMMENT 'Parent Id',
  `required` smallint(5) UNSIGNED NOT NULL DEFAULT '0' COMMENT 'Required',
  `position` int(10) UNSIGNED NOT NULL DEFAULT '0' COMMENT 'Position',
  `type` varchar(255) DEFAULT NULL COMMENT 'Type'
) ENGINE=InnoDB DEFAULT CHARSET=utf8 COMMENT='Catalog Product Bundle Option';

--
-- Dumping data for table `catalog_product_bundle_option`
--

INSERT INTO `catalog_product_bundle_option` (`option_id`, `parent_id`, `required`, `position`, `type`) VALUES
(1, 51, 1, 1, 'radio'),
(2, 51, 1, 2, 'radio'),
(3, 51, 1, 3, 'radio'),
(4, 51, 1, 4, 'radio');

-- --------------------------------------------------------

--
-- Table structure for table `catalog_product_bundle_option_value`
--

CREATE TABLE `catalog_product_bundle_option_value` (
  `value_id` int(10) UNSIGNED NOT NULL COMMENT 'Value Id',
  `option_id` int(10) UNSIGNED NOT NULL COMMENT 'Option Id',
  `store_id` smallint(5) UNSIGNED NOT NULL COMMENT 'Store Id',
  `title` varchar(255) DEFAULT NULL COMMENT 'Title'
) ENGINE=InnoDB DEFAULT CHARSET=utf8 COMMENT='Catalog Product Bundle Option Value';

--
-- Dumping data for table `catalog_product_bundle_option_value`
--

INSERT INTO `catalog_product_bundle_option_value` (`value_id`, `option_id`, `store_id`, `title`) VALUES
(1, 1, 0, 'Sprite Stasis Ball'),
(2, 2, 0, 'Sprite Foam Yoga Brick'),
(3, 3, 0, 'Sprite Yoga Strap'),
(4, 4, 0, 'Sprite Foam Roller');

-- --------------------------------------------------------

--
-- Table structure for table `catalog_product_bundle_price_index`
--

CREATE TABLE `catalog_product_bundle_price_index` (
  `entity_id` int(10) UNSIGNED NOT NULL COMMENT 'Entity Id',
  `website_id` smallint(5) UNSIGNED NOT NULL COMMENT 'Website Id',
  `customer_group_id` smallint(5) UNSIGNED NOT NULL COMMENT 'Customer Group Id',
  `min_price` decimal(12,4) NOT NULL COMMENT 'Min Price',
  `max_price` decimal(12,4) NOT NULL COMMENT 'Max Price'
) ENGINE=InnoDB DEFAULT CHARSET=utf8 COMMENT='Catalog Product Bundle Price Index';

-- --------------------------------------------------------

--
-- Table structure for table `catalog_product_bundle_selection`
--

CREATE TABLE `catalog_product_bundle_selection` (
  `selection_id` int(10) UNSIGNED NOT NULL COMMENT 'Selection Id',
  `option_id` int(10) UNSIGNED NOT NULL COMMENT 'Option Id',
  `parent_product_id` int(10) UNSIGNED NOT NULL COMMENT 'Parent Product Id',
  `product_id` int(10) UNSIGNED NOT NULL COMMENT 'Product Id',
  `position` int(10) UNSIGNED NOT NULL DEFAULT '0' COMMENT 'Position',
  `is_default` smallint(5) UNSIGNED NOT NULL DEFAULT '0' COMMENT 'Is Default',
  `selection_price_type` smallint(5) UNSIGNED NOT NULL DEFAULT '0' COMMENT 'Selection Price Type',
  `selection_price_value` decimal(12,4) NOT NULL DEFAULT '0.0000' COMMENT 'Selection Price Value',
  `selection_qty` decimal(12,4) DEFAULT NULL COMMENT 'Selection Qty',
  `selection_can_change_qty` smallint(6) NOT NULL DEFAULT '0' COMMENT 'Selection Can Change Qty'
) ENGINE=InnoDB DEFAULT CHARSET=utf8 COMMENT='Catalog Product Bundle Selection';

--
-- Dumping data for table `catalog_product_bundle_selection`
--

INSERT INTO `catalog_product_bundle_selection` (`selection_id`, `option_id`, `parent_product_id`, `product_id`, `position`, `is_default`, `selection_price_type`, `selection_price_value`, `selection_qty`, `selection_can_change_qty`) VALUES
(1, 1, 51, 26, 1, 1, 0, '0.0000', '1.0000', 1),
(2, 1, 51, 29, 2, 0, 0, '0.0000', '1.0000', 1),
(3, 1, 51, 32, 3, 0, 0, '0.0000', '1.0000', 1),
(4, 2, 51, 21, 1, 1, 0, '0.0000', '1.0000', 1),
(5, 3, 51, 33, 1, 1, 0, '0.0000', '1.0000', 1),
(6, 3, 51, 34, 2, 0, 0, '0.0000', '1.0000', 1),
(7, 3, 51, 35, 3, 0, 0, '0.0000', '1.0000', 1),
(8, 4, 51, 22, 1, 1, 0, '0.0000', '1.0000', 1);

-- --------------------------------------------------------

--
-- Table structure for table `catalog_product_bundle_selection_price`
--

CREATE TABLE `catalog_product_bundle_selection_price` (
  `selection_id` int(10) UNSIGNED NOT NULL COMMENT 'Selection Id',
  `website_id` smallint(5) UNSIGNED NOT NULL COMMENT 'Website Id',
  `selection_price_type` smallint(5) UNSIGNED NOT NULL DEFAULT '0' COMMENT 'Selection Price Type',
  `selection_price_value` decimal(12,4) NOT NULL DEFAULT '0.0000' COMMENT 'Selection Price Value'
) ENGINE=InnoDB DEFAULT CHARSET=utf8 COMMENT='Catalog Product Bundle Selection Price';

-- --------------------------------------------------------

--
-- Table structure for table `catalog_product_bundle_stock_index`
--

CREATE TABLE `catalog_product_bundle_stock_index` (
  `entity_id` int(10) UNSIGNED NOT NULL COMMENT 'Entity Id',
  `website_id` smallint(5) UNSIGNED NOT NULL COMMENT 'Website Id',
  `stock_id` smallint(5) UNSIGNED NOT NULL COMMENT 'Stock Id',
  `option_id` int(10) UNSIGNED NOT NULL DEFAULT '0' COMMENT 'Option Id',
  `stock_status` smallint(6) DEFAULT '0' COMMENT 'Stock Status'
) ENGINE=InnoDB DEFAULT CHARSET=utf8 COMMENT='Catalog Product Bundle Stock Index';

-- --------------------------------------------------------

--
-- Table structure for table `catalog_product_entity`
--

CREATE TABLE `catalog_product_entity` (
  `entity_id` int(10) UNSIGNED NOT NULL COMMENT 'Entity ID',
  `attribute_set_id` smallint(5) UNSIGNED NOT NULL DEFAULT '0' COMMENT 'Attribute Set ID',
  `type_id` varchar(32) NOT NULL DEFAULT 'simple' COMMENT 'Type ID',
  `sku` varchar(64) DEFAULT NULL COMMENT 'SKU',
  `has_options` smallint(6) NOT NULL DEFAULT '0' COMMENT 'Has Options',
  `required_options` smallint(5) UNSIGNED NOT NULL DEFAULT '0' COMMENT 'Required Options',
  `created_at` timestamp NOT NULL DEFAULT CURRENT_TIMESTAMP COMMENT 'Creation Time',
  `updated_at` timestamp NOT NULL DEFAULT CURRENT_TIMESTAMP ON UPDATE CURRENT_TIMESTAMP COMMENT 'Update Time'
) ENGINE=InnoDB DEFAULT CHARSET=utf8 COMMENT='Catalog Product Table';

--
-- Dumping data for table `catalog_product_entity`
--

INSERT INTO `catalog_product_entity` (`entity_id`, `attribute_set_id`, `type_id`, `sku`, `has_options`, `required_options`, `created_at`, `updated_at`) VALUES
(1, 15, 'simple', '24-MB01', 0, 0, '2017-10-21 08:20:06', '2017-10-21 08:20:06'),
(2, 15, 'simple', '24-MB04', 0, 0, '2017-10-21 08:20:08', '2017-10-21 08:20:08'),
(3, 15, 'simple', '24-MB03', 0, 0, '2017-10-21 08:20:10', '2017-10-21 08:20:10'),
(4, 15, 'simple', '24-MB05', 0, 0, '2017-10-21 08:20:11', '2017-10-21 08:20:11'),
(5, 15, 'simple', '24-MB06', 0, 0, '2017-10-21 08:20:12', '2017-10-21 08:20:12'),
(6, 15, 'simple', '24-MB02', 0, 0, '2017-10-21 08:20:13', '2017-10-21 08:20:13'),
(7, 15, 'simple', '24-UB02', 0, 0, '2017-10-21 08:20:14', '2017-10-21 08:20:14'),
(8, 15, 'simple', '24-WB01', 0, 0, '2017-10-21 08:20:15', '2017-10-21 08:20:15'),
(9, 15, 'simple', '24-WB02', 0, 0, '2017-10-21 08:20:16', '2017-10-21 08:20:16'),
(10, 15, 'simple', '24-WB05', 0, 0, '2017-10-21 08:20:17', '2017-10-21 08:20:17'),
(11, 15, 'simple', '24-WB06', 0, 0, '2017-10-21 08:20:18', '2017-10-21 08:20:18'),
(12, 15, 'simple', '24-WB03', 0, 0, '2017-10-21 08:20:19', '2017-10-21 08:20:19'),
(13, 15, 'simple', '24-WB07', 0, 0, '2017-10-21 08:20:20', '2017-10-21 08:20:20'),
(14, 15, 'simple', '24-WB04', 0, 0, '2017-10-21 08:20:21', '2017-10-21 08:20:21'),
(15, 11, 'simple', '24-UG06', 0, 0, '2017-10-21 08:20:22', '2017-10-21 08:20:22'),
(16, 11, 'simple', '24-UG07', 0, 0, '2017-10-21 08:20:23', '2017-10-21 08:20:23'),
(17, 11, 'simple', '24-UG04', 0, 0, '2017-10-21 08:20:24', '2017-10-21 08:20:24'),
(18, 11, 'simple', '24-UG02', 0, 0, '2017-10-21 08:20:25', '2017-10-21 08:20:25'),
(19, 11, 'simple', '24-UG05', 0, 0, '2017-10-21 08:20:26', '2017-10-21 08:20:26'),
(20, 11, 'simple', '24-UG01', 0, 0, '2017-10-21 08:20:27', '2017-10-21 08:20:27'),
(21, 11, 'simple', '24-WG084', 0, 0, '2017-10-21 08:20:28', '2017-10-21 08:20:28'),
(22, 11, 'simple', '24-WG088', 0, 0, '2017-10-21 08:20:29', '2017-10-21 08:20:29'),
(23, 11, 'simple', '24-UG03', 0, 0, '2017-10-21 08:20:30', '2017-10-21 08:20:30'),
(24, 12, 'simple', '24-WG081-gray', 0, 0, '2017-10-21 08:20:31', '2017-10-21 08:20:31'),
(25, 12, 'simple', '24-WG081-pink', 0, 0, '2017-10-21 08:20:32', '2017-10-21 08:20:32'),
(26, 12, 'simple', '24-WG081-blue', 0, 0, '2017-10-21 08:20:33', '2017-10-21 08:20:33'),
(27, 12, 'simple', '24-WG082-gray', 0, 0, '2017-10-21 08:20:34', '2017-10-21 08:20:34'),
(28, 12, 'simple', '24-WG082-pink', 0, 0, '2017-10-21 08:20:35', '2017-10-21 08:20:35'),
(29, 12, 'simple', '24-WG082-blue', 0, 0, '2017-10-21 08:20:37', '2017-10-21 08:20:37'),
(30, 12, 'simple', '24-WG083-gray', 0, 0, '2017-10-21 08:20:38', '2017-10-21 08:20:38'),
(31, 12, 'simple', '24-WG083-pink', 0, 0, '2017-10-21 08:20:39', '2017-10-21 08:20:39'),
(32, 12, 'simple', '24-WG083-blue', 0, 0, '2017-10-21 08:20:40', '2017-10-21 08:20:40'),
(33, 13, 'simple', '24-WG085', 0, 0, '2017-10-21 08:20:41', '2017-10-21 08:20:41'),
(34, 13, 'simple', '24-WG086', 0, 0, '2017-10-21 08:20:42', '2017-10-21 08:20:42'),
(35, 13, 'simple', '24-WG087', 0, 0, '2017-10-21 08:20:42', '2017-10-21 08:20:42'),
(36, 11, 'simple', '24-MG04', 0, 0, '2017-10-21 08:20:43', '2017-10-21 08:20:43'),
(37, 11, 'simple', '24-MG01', 0, 0, '2017-10-21 08:20:44', '2017-10-21 08:20:44'),
(38, 11, 'simple', '24-MG03', 0, 0, '2017-10-21 08:20:45', '2017-10-21 08:20:45'),
(39, 11, 'simple', '24-MG05', 0, 0, '2017-10-21 08:20:46', '2017-10-21 08:20:46'),
(40, 11, 'simple', '24-MG02', 0, 0, '2017-10-21 08:20:47', '2017-10-21 08:20:47'),
(41, 11, 'simple', '24-WG09', 0, 0, '2017-10-21 08:20:48', '2017-10-21 08:20:48'),
(42, 11, 'simple', '24-WG01', 0, 0, '2017-10-21 08:20:49', '2017-10-21 08:20:49'),
(43, 11, 'simple', '24-WG03', 0, 0, '2017-10-21 08:20:50', '2017-10-21 08:20:50'),
(44, 11, 'simple', '24-WG02', 0, 0, '2017-10-21 08:20:51', '2017-10-21 08:20:51'),
(45, 14, 'downloadable', '240-LV04', 0, 0, '2017-10-21 08:20:58', '2017-10-21 08:20:58'),
(46, 14, 'downloadable', '240-LV05', 0, 0, '2017-10-21 08:20:59', '2017-10-21 08:20:59'),
(47, 14, 'downloadable', '240-LV06', 0, 0, '2017-10-21 08:21:01', '2017-10-21 08:21:01'),
(48, 14, 'downloadable', '240-LV07', 0, 0, '2017-10-21 08:21:02', '2017-10-21 08:21:02'),
(49, 14, 'downloadable', '240-LV08', 0, 0, '2017-10-21 08:21:04', '2017-10-21 08:21:04'),
(50, 14, 'downloadable', '240-LV09', 0, 0, '2017-10-21 08:21:05', '2017-10-21 08:21:05'),
(51, 11, 'bundle', '24-WG080', 1, 1, '2017-10-21 08:21:09', '2017-10-21 08:21:09'),
(52, 9, 'simple', 'MH01-XS-Black', 0, 0, '2017-10-21 08:21:46', '2017-10-21 08:21:46'),
(53, 9, 'simple', 'MH01-XS-Gray', 0, 0, '2017-10-21 08:21:46', '2017-10-21 08:21:46'),
(54, 9, 'simple', 'MH01-XS-Orange', 0, 0, '2017-10-21 08:21:46', '2017-10-21 08:21:46'),
(55, 9, 'simple', 'MH01-S-Black', 0, 0, '2017-10-21 08:21:47', '2017-10-21 08:21:47'),
(56, 9, 'simple', 'MH01-S-Gray', 0, 0, '2017-10-21 08:21:47', '2017-10-21 08:21:47'),
(57, 9, 'simple', 'MH01-S-Orange', 0, 0, '2017-10-21 08:21:47', '2017-10-21 08:21:47'),
(58, 9, 'simple', 'MH01-M-Black', 0, 0, '2017-10-21 08:21:47', '2017-10-21 08:21:47'),
(59, 9, 'simple', 'MH01-M-Gray', 0, 0, '2017-10-21 08:21:47', '2017-10-21 08:21:47'),
(60, 9, 'simple', 'MH01-M-Orange', 0, 0, '2017-10-21 08:21:47', '2017-10-21 08:21:47'),
(61, 9, 'simple', 'MH01-L-Black', 0, 0, '2017-10-21 08:21:47', '2017-10-21 08:21:47'),
(62, 9, 'simple', 'MH01-L-Gray', 0, 0, '2017-10-21 08:21:47', '2017-10-21 08:21:47'),
(63, 9, 'simple', 'MH01-L-Orange', 0, 0, '2017-10-21 08:21:47', '2017-10-21 08:21:47'),
(64, 9, 'simple', 'MH01-XL-Black', 0, 0, '2017-10-21 08:21:47', '2017-10-21 08:21:47'),
(65, 9, 'simple', 'MH01-XL-Gray', 0, 0, '2017-10-21 08:21:47', '2017-10-21 08:21:47'),
(66, 9, 'simple', 'MH01-XL-Orange', 0, 0, '2017-10-21 08:21:47', '2017-10-21 08:21:47'),
(67, 9, 'configurable', 'MH01', 1, 0, '2017-10-21 08:21:47', '2017-10-21 08:21:47'),
(68, 9, 'simple', 'MH02-XS-Black', 0, 0, '2017-10-21 08:21:47', '2017-10-21 08:21:47'),
(69, 9, 'simple', 'MH02-XS-Purple', 0, 0, '2017-10-21 08:21:47', '2017-10-21 08:21:47'),
(70, 9, 'simple', 'MH02-XS-Red', 0, 0, '2017-10-21 08:21:47', '2017-10-21 08:21:47'),
(71, 9, 'simple', 'MH02-S-Black', 0, 0, '2017-10-21 08:21:47', '2017-10-21 08:21:47'),
(72, 9, 'simple', 'MH02-S-Purple', 0, 0, '2017-10-21 08:21:47', '2017-10-21 08:21:47'),
(73, 9, 'simple', 'MH02-S-Red', 0, 0, '2017-10-21 08:21:47', '2017-10-21 08:21:47'),
(74, 9, 'simple', 'MH02-M-Black', 0, 0, '2017-10-21 08:21:47', '2017-10-21 08:21:47'),
(75, 9, 'simple', 'MH02-M-Purple', 0, 0, '2017-10-21 08:21:47', '2017-10-21 08:21:47'),
(76, 9, 'simple', 'MH02-M-Red', 0, 0, '2017-10-21 08:21:47', '2017-10-21 08:21:47'),
(77, 9, 'simple', 'MH02-L-Black', 0, 0, '2017-10-21 08:21:47', '2017-10-21 08:21:47'),
(78, 9, 'simple', 'MH02-L-Purple', 0, 0, '2017-10-21 08:21:47', '2017-10-21 08:21:47'),
(79, 9, 'simple', 'MH02-L-Red', 0, 0, '2017-10-21 08:21:47', '2017-10-21 08:21:47'),
(80, 9, 'simple', 'MH02-XL-Black', 0, 0, '2017-10-21 08:21:47', '2017-10-21 08:21:47'),
(81, 9, 'simple', 'MH02-XL-Purple', 0, 0, '2017-10-21 08:21:47', '2017-10-21 08:21:47'),
(82, 9, 'simple', 'MH02-XL-Red', 0, 0, '2017-10-21 08:21:47', '2017-10-21 08:21:47'),
(83, 9, 'configurable', 'MH02', 1, 0, '2017-10-21 08:21:47', '2017-10-21 08:21:47'),
(84, 9, 'simple', 'MH03-XS-Black', 0, 0, '2017-10-21 08:21:47', '2017-10-21 08:21:47'),
(85, 9, 'simple', 'MH03-XS-Blue', 0, 0, '2017-10-21 08:21:47', '2017-10-21 08:21:47'),
(86, 9, 'simple', 'MH03-XS-Green', 0, 0, '2017-10-21 08:21:47', '2017-10-21 08:21:47'),
(87, 9, 'simple', 'MH03-S-Black', 0, 0, '2017-10-21 08:21:47', '2017-10-21 08:21:47'),
(88, 9, 'simple', 'MH03-S-Blue', 0, 0, '2017-10-21 08:21:47', '2017-10-21 08:21:47'),
(89, 9, 'simple', 'MH03-S-Green', 0, 0, '2017-10-21 08:21:47', '2017-10-21 08:21:47'),
(90, 9, 'simple', 'MH03-M-Black', 0, 0, '2017-10-21 08:21:47', '2017-10-21 08:21:47'),
(91, 9, 'simple', 'MH03-M-Blue', 0, 0, '2017-10-21 08:21:47', '2017-10-21 08:21:47'),
(92, 9, 'simple', 'MH03-M-Green', 0, 0, '2017-10-21 08:21:47', '2017-10-21 08:21:47'),
(93, 9, 'simple', 'MH03-L-Black', 0, 0, '2017-10-21 08:21:47', '2017-10-21 08:21:47'),
(94, 9, 'simple', 'MH03-L-Blue', 0, 0, '2017-10-21 08:21:47', '2017-10-21 08:21:47'),
(95, 9, 'simple', 'MH03-L-Green', 0, 0, '2017-10-21 08:21:47', '2017-10-21 08:21:47'),
(96, 9, 'simple', 'MH03-XL-Black', 0, 0, '2017-10-21 08:21:47', '2017-10-21 08:21:47'),
(97, 9, 'simple', 'MH03-XL-Blue', 0, 0, '2017-10-21 08:21:47', '2017-10-21 08:21:47'),
(98, 9, 'simple', 'MH03-XL-Green', 0, 0, '2017-10-21 08:21:47', '2017-10-21 08:21:47'),
(99, 9, 'configurable', 'MH03', 1, 0, '2017-10-21 08:21:47', '2017-10-21 08:21:47'),
(100, 9, 'simple', 'MH04-XS-Green', 0, 0, '2017-10-21 08:21:47', '2017-10-21 08:21:47'),
(101, 9, 'simple', 'MH04-XS-White', 0, 0, '2017-10-21 08:21:47', '2017-10-21 08:21:47'),
(102, 9, 'simple', 'MH04-XS-Yellow', 0, 0, '2017-10-21 08:21:47', '2017-10-21 08:21:47'),
(103, 9, 'simple', 'MH04-S-Green', 0, 0, '2017-10-21 08:21:47', '2017-10-21 08:21:47'),
(104, 9, 'simple', 'MH04-S-White', 0, 0, '2017-10-21 08:21:47', '2017-10-21 08:21:47'),
(105, 9, 'simple', 'MH04-S-Yellow', 0, 0, '2017-10-21 08:21:47', '2017-10-21 08:21:47'),
(106, 9, 'simple', 'MH04-M-Green', 0, 0, '2017-10-21 08:21:47', '2017-10-21 08:21:47'),
(107, 9, 'simple', 'MH04-M-White', 0, 0, '2017-10-21 08:21:47', '2017-10-21 08:21:47'),
(108, 9, 'simple', 'MH04-M-Yellow', 0, 0, '2017-10-21 08:21:47', '2017-10-21 08:21:47'),
(109, 9, 'simple', 'MH04-L-Green', 0, 0, '2017-10-21 08:21:47', '2017-10-21 08:21:47'),
(110, 9, 'simple', 'MH04-L-White', 0, 0, '2017-10-21 08:21:47', '2017-10-21 08:21:47'),
(111, 9, 'simple', 'MH04-L-Yellow', 0, 0, '2017-10-21 08:21:47', '2017-10-21 08:21:47'),
(112, 9, 'simple', 'MH04-XL-Green', 0, 0, '2017-10-21 08:21:47', '2017-10-21 08:21:47'),
(113, 9, 'simple', 'MH04-XL-White', 0, 0, '2017-10-21 08:21:47', '2017-10-21 08:21:47'),
(114, 9, 'simple', 'MH04-XL-Yellow', 0, 0, '2017-10-21 08:21:47', '2017-10-21 08:21:47'),
(115, 9, 'configurable', 'MH04', 1, 0, '2017-10-21 08:21:47', '2017-10-21 08:21:47'),
(116, 9, 'simple', 'MH05-XS-Green', 0, 0, '2017-10-21 08:21:47', '2017-10-21 08:21:47'),
(117, 9, 'simple', 'MH05-XS-Red', 0, 0, '2017-10-21 08:21:47', '2017-10-21 08:21:47'),
(118, 9, 'simple', 'MH05-XS-White', 0, 0, '2017-10-21 08:21:47', '2017-10-21 08:21:47'),
(119, 9, 'simple', 'MH05-S-Green', 0, 0, '2017-10-21 08:21:47', '2017-10-21 08:21:47'),
(120, 9, 'simple', 'MH05-S-Red', 0, 0, '2017-10-21 08:21:47', '2017-10-21 08:21:47'),
(121, 9, 'simple', 'MH05-S-White', 0, 0, '2017-10-21 08:21:47', '2017-10-21 08:21:47'),
(122, 9, 'simple', 'MH05-M-Green', 0, 0, '2017-10-21 08:21:47', '2017-10-21 08:21:47'),
(123, 9, 'simple', 'MH05-M-Red', 0, 0, '2017-10-21 08:21:47', '2017-10-21 08:21:47'),
(124, 9, 'simple', 'MH05-M-White', 0, 0, '2017-10-21 08:21:47', '2017-10-21 08:21:47'),
(125, 9, 'simple', 'MH05-L-Green', 0, 0, '2017-10-21 08:21:47', '2017-10-21 08:21:47'),
(126, 9, 'simple', 'MH05-L-Red', 0, 0, '2017-10-21 08:21:47', '2017-10-21 08:21:47'),
(127, 9, 'simple', 'MH05-L-White', 0, 0, '2017-10-21 08:21:47', '2017-10-21 08:21:47'),
(128, 9, 'simple', 'MH05-XL-Green', 0, 0, '2017-10-21 08:21:47', '2017-10-21 08:21:47'),
(129, 9, 'simple', 'MH05-XL-Red', 0, 0, '2017-10-21 08:21:47', '2017-10-21 08:21:47'),
(130, 9, 'simple', 'MH05-XL-White', 0, 0, '2017-10-21 08:21:47', '2017-10-21 08:21:47'),
(131, 9, 'configurable', 'MH05', 1, 0, '2017-10-21 08:21:47', '2017-10-21 08:21:47'),
(132, 9, 'simple', 'MH06-XS-Black', 0, 0, '2017-10-21 08:21:47', '2017-10-21 08:21:47'),
(133, 9, 'simple', 'MH06-XS-Blue', 0, 0, '2017-10-21 08:21:47', '2017-10-21 08:21:47'),
(134, 9, 'simple', 'MH06-XS-Purple', 0, 0, '2017-10-21 08:21:47', '2017-10-21 08:21:47'),
(135, 9, 'simple', 'MH06-S-Black', 0, 0, '2017-10-21 08:21:47', '2017-10-21 08:21:47'),
(136, 9, 'simple', 'MH06-S-Blue', 0, 0, '2017-10-21 08:21:47', '2017-10-21 08:21:47'),
(137, 9, 'simple', 'MH06-S-Purple', 0, 0, '2017-10-21 08:21:47', '2017-10-21 08:21:47'),
(138, 9, 'simple', 'MH06-M-Black', 0, 0, '2017-10-21 08:21:47', '2017-10-21 08:21:47'),
(139, 9, 'simple', 'MH06-M-Blue', 0, 0, '2017-10-21 08:21:47', '2017-10-21 08:21:47'),
(140, 9, 'simple', 'MH06-M-Purple', 0, 0, '2017-10-21 08:21:47', '2017-10-21 08:21:47'),
(141, 9, 'simple', 'MH06-L-Black', 0, 0, '2017-10-21 08:21:47', '2017-10-21 08:21:47'),
(142, 9, 'simple', 'MH06-L-Blue', 0, 0, '2017-10-21 08:21:47', '2017-10-21 08:21:47'),
(143, 9, 'simple', 'MH06-L-Purple', 0, 0, '2017-10-21 08:21:47', '2017-10-21 08:21:47'),
(144, 9, 'simple', 'MH06-XL-Black', 0, 0, '2017-10-21 08:21:47', '2017-10-21 08:21:47'),
(145, 9, 'simple', 'MH06-XL-Blue', 0, 0, '2017-10-21 08:21:47', '2017-10-21 08:21:47'),
(146, 9, 'simple', 'MH06-XL-Purple', 0, 0, '2017-10-21 08:21:47', '2017-10-21 08:21:47'),
(147, 9, 'configurable', 'MH06', 1, 0, '2017-10-21 08:21:47', '2017-10-21 08:21:47'),
(148, 9, 'simple', 'MH07-XS-Black', 0, 0, '2017-10-21 08:21:47', '2017-10-21 08:21:47'),
(149, 9, 'simple', 'MH07-XS-Gray', 0, 0, '2017-10-21 08:21:48', '2017-10-21 08:21:48'),
(150, 9, 'simple', 'MH07-XS-Green', 0, 0, '2017-10-21 08:21:48', '2017-10-21 08:21:48'),
(151, 9, 'simple', 'MH07-S-Black', 0, 0, '2017-10-21 08:21:48', '2017-10-21 08:21:48'),
(152, 9, 'simple', 'MH07-S-Gray', 0, 0, '2017-10-21 08:21:51', '2017-10-21 08:21:51'),
(153, 9, 'simple', 'MH07-S-Green', 0, 0, '2017-10-21 08:21:51', '2017-10-21 08:21:51'),
(154, 9, 'simple', 'MH07-M-Black', 0, 0, '2017-10-21 08:21:51', '2017-10-21 08:21:51'),
(155, 9, 'simple', 'MH07-M-Gray', 0, 0, '2017-10-21 08:21:51', '2017-10-21 08:21:51'),
(156, 9, 'simple', 'MH07-M-Green', 0, 0, '2017-10-21 08:21:51', '2017-10-21 08:21:51'),
(157, 9, 'simple', 'MH07-L-Black', 0, 0, '2017-10-21 08:21:51', '2017-10-21 08:21:51'),
(158, 9, 'simple', 'MH07-L-Gray', 0, 0, '2017-10-21 08:21:51', '2017-10-21 08:21:51'),
(159, 9, 'simple', 'MH07-L-Green', 0, 0, '2017-10-21 08:21:51', '2017-10-21 08:21:51'),
(160, 9, 'simple', 'MH07-XL-Black', 0, 0, '2017-10-21 08:21:51', '2017-10-21 08:21:51'),
(161, 9, 'simple', 'MH07-XL-Gray', 0, 0, '2017-10-21 08:21:51', '2017-10-21 08:21:51'),
(162, 9, 'simple', 'MH07-XL-Green', 0, 0, '2017-10-21 08:21:51', '2017-10-21 08:21:51'),
(163, 9, 'configurable', 'MH07', 1, 0, '2017-10-21 08:21:51', '2017-10-21 08:21:51'),
(164, 9, 'simple', 'MH08-XS-Brown', 0, 0, '2017-10-21 08:21:51', '2017-10-21 08:21:51'),
(165, 9, 'simple', 'MH08-XS-Purple', 0, 0, '2017-10-21 08:21:51', '2017-10-21 08:21:51'),
(166, 9, 'simple', 'MH08-XS-Red', 0, 0, '2017-10-21 08:21:51', '2017-10-21 08:21:51'),
(167, 9, 'simple', 'MH08-S-Brown', 0, 0, '2017-10-21 08:21:51', '2017-10-21 08:21:51'),
(168, 9, 'simple', 'MH08-S-Purple', 0, 0, '2017-10-21 08:21:51', '2017-10-21 08:21:51'),
(169, 9, 'simple', 'MH08-S-Red', 0, 0, '2017-10-21 08:21:51', '2017-10-21 08:21:51'),
(170, 9, 'simple', 'MH08-M-Brown', 0, 0, '2017-10-21 08:21:51', '2017-10-21 08:21:51'),
(171, 9, 'simple', 'MH08-M-Purple', 0, 0, '2017-10-21 08:21:51', '2017-10-21 08:21:51'),
(172, 9, 'simple', 'MH08-M-Red', 0, 0, '2017-10-21 08:21:51', '2017-10-21 08:21:51'),
(173, 9, 'simple', 'MH08-L-Brown', 0, 0, '2017-10-21 08:21:51', '2017-10-21 08:21:51'),
(174, 9, 'simple', 'MH08-L-Purple', 0, 0, '2017-10-21 08:21:51', '2017-10-21 08:21:51'),
(175, 9, 'simple', 'MH08-L-Red', 0, 0, '2017-10-21 08:21:51', '2017-10-21 08:21:51'),
(176, 9, 'simple', 'MH08-XL-Brown', 0, 0, '2017-10-21 08:21:51', '2017-10-21 08:21:51'),
(177, 9, 'simple', 'MH08-XL-Purple', 0, 0, '2017-10-21 08:21:51', '2017-10-21 08:21:51'),
(178, 9, 'simple', 'MH08-XL-Red', 0, 0, '2017-10-21 08:21:51', '2017-10-21 08:21:51'),
(179, 9, 'configurable', 'MH08', 1, 0, '2017-10-21 08:21:51', '2017-10-21 08:21:51'),
(180, 9, 'simple', 'MH09-XS-Blue', 0, 0, '2017-10-21 08:21:51', '2017-10-21 08:21:51'),
(181, 9, 'simple', 'MH09-XS-Green', 0, 0, '2017-10-21 08:21:51', '2017-10-21 08:21:51'),
(182, 9, 'simple', 'MH09-XS-Red', 0, 0, '2017-10-21 08:21:51', '2017-10-21 08:21:51'),
(183, 9, 'simple', 'MH09-S-Blue', 0, 0, '2017-10-21 08:21:51', '2017-10-21 08:21:51'),
(184, 9, 'simple', 'MH09-S-Green', 0, 0, '2017-10-21 08:21:51', '2017-10-21 08:21:51'),
(185, 9, 'simple', 'MH09-S-Red', 0, 0, '2017-10-21 08:21:51', '2017-10-21 08:21:51'),
(186, 9, 'simple', 'MH09-M-Blue', 0, 0, '2017-10-21 08:21:51', '2017-10-21 08:21:51'),
(187, 9, 'simple', 'MH09-M-Green', 0, 0, '2017-10-21 08:21:51', '2017-10-21 08:21:51'),
(188, 9, 'simple', 'MH09-M-Red', 0, 0, '2017-10-21 08:21:51', '2017-10-21 08:21:51'),
(189, 9, 'simple', 'MH09-L-Blue', 0, 0, '2017-10-21 08:21:51', '2017-10-21 08:21:51'),
(190, 9, 'simple', 'MH09-L-Green', 0, 0, '2017-10-21 08:21:51', '2017-10-21 08:21:51'),
(191, 9, 'simple', 'MH09-L-Red', 0, 0, '2017-10-21 08:21:51', '2017-10-21 08:21:51'),
(192, 9, 'simple', 'MH09-XL-Blue', 0, 0, '2017-10-21 08:21:51', '2017-10-21 08:21:51'),
(193, 9, 'simple', 'MH09-XL-Green', 0, 0, '2017-10-21 08:21:51', '2017-10-21 08:21:51'),
(194, 9, 'simple', 'MH09-XL-Red', 0, 0, '2017-10-21 08:21:51', '2017-10-21 08:21:51'),
(195, 9, 'configurable', 'MH09', 1, 0, '2017-10-21 08:21:51', '2017-10-21 08:21:51'),
(196, 9, 'simple', 'MH10-XS-Black', 0, 0, '2017-10-21 08:21:51', '2017-10-21 08:21:51'),
(197, 9, 'simple', 'MH10-XS-Blue', 0, 0, '2017-10-21 08:21:51', '2017-10-21 08:21:51'),
(198, 9, 'simple', 'MH10-XS-Red', 0, 0, '2017-10-21 08:21:51', '2017-10-21 08:21:51'),
(199, 9, 'simple', 'MH10-S-Black', 0, 0, '2017-10-21 08:21:51', '2017-10-21 08:21:51'),
(200, 9, 'simple', 'MH10-S-Blue', 0, 0, '2017-10-21 08:21:51', '2017-10-21 08:21:51'),
(201, 9, 'simple', 'MH10-S-Red', 0, 0, '2017-10-21 08:21:51', '2017-10-21 08:21:51'),
(202, 9, 'simple', 'MH10-M-Black', 0, 0, '2017-10-21 08:21:51', '2017-10-21 08:21:51'),
(203, 9, 'simple', 'MH10-M-Blue', 0, 0, '2017-10-21 08:21:51', '2017-10-21 08:21:51'),
(204, 9, 'simple', 'MH10-M-Red', 0, 0, '2017-10-21 08:21:51', '2017-10-21 08:21:51'),
(205, 9, 'simple', 'MH10-L-Black', 0, 0, '2017-10-21 08:21:51', '2017-10-21 08:21:51'),
(206, 9, 'simple', 'MH10-L-Blue', 0, 0, '2017-10-21 08:21:51', '2017-10-21 08:21:51'),
(207, 9, 'simple', 'MH10-L-Red', 0, 0, '2017-10-21 08:21:51', '2017-10-21 08:21:51'),
(208, 9, 'simple', 'MH10-XL-Black', 0, 0, '2017-10-21 08:21:51', '2017-10-21 08:21:51'),
(209, 9, 'simple', 'MH10-XL-Blue', 0, 0, '2017-10-21 08:21:51', '2017-10-21 08:21:51'),
(210, 9, 'simple', 'MH10-XL-Red', 0, 0, '2017-10-21 08:21:51', '2017-10-21 08:21:51'),
(211, 9, 'configurable', 'MH10', 1, 0, '2017-10-21 08:21:51', '2017-10-21 08:21:51'),
(212, 9, 'simple', 'MH11-XS-Orange', 0, 0, '2017-10-21 08:21:51', '2017-10-21 08:21:51'),
(213, 9, 'simple', 'MH11-XS-Red', 0, 0, '2017-10-21 08:21:51', '2017-10-21 08:21:51'),
(214, 9, 'simple', 'MH11-XS-White', 0, 0, '2017-10-21 08:21:51', '2017-10-21 08:21:51'),
(215, 9, 'simple', 'MH11-S-Orange', 0, 0, '2017-10-21 08:21:52', '2017-10-21 08:21:52'),
(216, 9, 'simple', 'MH11-S-Red', 0, 0, '2017-10-21 08:21:52', '2017-10-21 08:21:52'),
(217, 9, 'simple', 'MH11-S-White', 0, 0, '2017-10-21 08:21:52', '2017-10-21 08:21:52'),
(218, 9, 'simple', 'MH11-M-Orange', 0, 0, '2017-10-21 08:21:52', '2017-10-21 08:21:52'),
(219, 9, 'simple', 'MH11-M-Red', 0, 0, '2017-10-21 08:21:52', '2017-10-21 08:21:52'),
(220, 9, 'simple', 'MH11-M-White', 0, 0, '2017-10-21 08:21:52', '2017-10-21 08:21:52'),
(221, 9, 'simple', 'MH11-L-Orange', 0, 0, '2017-10-21 08:21:52', '2017-10-21 08:21:52'),
(222, 9, 'simple', 'MH11-L-Red', 0, 0, '2017-10-21 08:21:52', '2017-10-21 08:21:52'),
(223, 9, 'simple', 'MH11-L-White', 0, 0, '2017-10-21 08:21:52', '2017-10-21 08:21:52'),
(224, 9, 'simple', 'MH11-XL-Orange', 0, 0, '2017-10-21 08:21:52', '2017-10-21 08:21:52'),
(225, 9, 'simple', 'MH11-XL-Red', 0, 0, '2017-10-21 08:21:52', '2017-10-21 08:21:52'),
(226, 9, 'simple', 'MH11-XL-White', 0, 0, '2017-10-21 08:21:52', '2017-10-21 08:21:52'),
(227, 9, 'configurable', 'MH11', 1, 0, '2017-10-21 08:21:52', '2017-10-21 08:21:52'),
(228, 9, 'simple', 'MH12-XS-Blue', 0, 0, '2017-10-21 08:21:52', '2017-10-21 08:21:52'),
(229, 9, 'simple', 'MH12-XS-Green', 0, 0, '2017-10-21 08:21:52', '2017-10-21 08:21:52'),
(230, 9, 'simple', 'MH12-XS-Red', 0, 0, '2017-10-21 08:21:52', '2017-10-21 08:21:52'),
(231, 9, 'simple', 'MH12-S-Blue', 0, 0, '2017-10-21 08:21:52', '2017-10-21 08:21:52'),
(232, 9, 'simple', 'MH12-S-Green', 0, 0, '2017-10-21 08:21:52', '2017-10-21 08:21:52'),
(233, 9, 'simple', 'MH12-S-Red', 0, 0, '2017-10-21 08:21:52', '2017-10-21 08:21:52'),
(234, 9, 'simple', 'MH12-M-Blue', 0, 0, '2017-10-21 08:21:52', '2017-10-21 08:21:52'),
(235, 9, 'simple', 'MH12-M-Green', 0, 0, '2017-10-21 08:21:52', '2017-10-21 08:21:52'),
(236, 9, 'simple', 'MH12-M-Red', 0, 0, '2017-10-21 08:21:52', '2017-10-21 08:21:52'),
(237, 9, 'simple', 'MH12-L-Blue', 0, 0, '2017-10-21 08:21:52', '2017-10-21 08:21:52'),
(238, 9, 'simple', 'MH12-L-Green', 0, 0, '2017-10-21 08:21:52', '2017-10-21 08:21:52'),
(239, 9, 'simple', 'MH12-L-Red', 0, 0, '2017-10-21 08:21:52', '2017-10-21 08:21:52'),
(240, 9, 'simple', 'MH12-XL-Blue', 0, 0, '2017-10-21 08:21:52', '2017-10-21 08:21:52'),
(241, 9, 'simple', 'MH12-XL-Green', 0, 0, '2017-10-21 08:21:52', '2017-10-21 08:21:52'),
(242, 9, 'simple', 'MH12-XL-Red', 0, 0, '2017-10-21 08:21:52', '2017-10-21 08:21:52'),
(243, 9, 'configurable', 'MH12', 1, 0, '2017-10-21 08:21:52', '2017-10-21 08:21:52'),
(244, 9, 'simple', 'MH13-XS-Blue', 0, 0, '2017-10-21 08:21:52', '2017-10-21 08:21:52'),
(245, 9, 'simple', 'MH13-XS-Green', 0, 0, '2017-10-21 08:21:52', '2017-10-21 08:21:52'),
(246, 9, 'simple', 'MH13-XS-Lavender', 0, 0, '2017-10-21 08:21:52', '2017-10-21 08:21:52'),
(247, 9, 'simple', 'MH13-S-Blue', 0, 0, '2017-10-21 08:21:52', '2017-10-21 08:21:52'),
(248, 9, 'simple', 'MH13-S-Green', 0, 0, '2017-10-21 08:21:52', '2017-10-21 08:21:52'),
(249, 9, 'simple', 'MH13-S-Lavender', 0, 0, '2017-10-21 08:21:52', '2017-10-21 08:21:52'),
(250, 9, 'simple', 'MH13-M-Blue', 0, 0, '2017-10-21 08:21:52', '2017-10-21 08:21:52'),
(251, 9, 'simple', 'MH13-M-Green', 0, 0, '2017-10-21 08:21:52', '2017-10-21 08:21:52'),
(252, 9, 'simple', 'MH13-M-Lavender', 0, 0, '2017-10-21 08:21:54', '2017-10-21 08:21:54'),
(253, 9, 'simple', 'MH13-L-Blue', 0, 0, '2017-10-21 08:21:54', '2017-10-21 08:21:54'),
(254, 9, 'simple', 'MH13-L-Green', 0, 0, '2017-10-21 08:21:55', '2017-10-21 08:21:55'),
(255, 9, 'simple', 'MH13-L-Lavender', 0, 0, '2017-10-21 08:21:55', '2017-10-21 08:21:55'),
(256, 9, 'simple', 'MH13-XL-Blue', 0, 0, '2017-10-21 08:21:55', '2017-10-21 08:21:55'),
(257, 9, 'simple', 'MH13-XL-Green', 0, 0, '2017-10-21 08:21:55', '2017-10-21 08:21:55'),
(258, 9, 'simple', 'MH13-XL-Lavender', 0, 0, '2017-10-21 08:21:55', '2017-10-21 08:21:55'),
(259, 9, 'configurable', 'MH13', 1, 0, '2017-10-21 08:21:55', '2017-10-21 08:21:55'),
(260, 9, 'simple', 'MJ01-XS-Orange', 0, 0, '2017-10-21 08:21:55', '2017-10-21 08:21:55'),
(261, 9, 'simple', 'MJ01-XS-Red', 0, 0, '2017-10-21 08:21:55', '2017-10-21 08:21:55'),
(262, 9, 'simple', 'MJ01-XS-Yellow', 0, 0, '2017-10-21 08:21:55', '2017-10-21 08:21:55'),
(263, 9, 'simple', 'MJ01-S-Orange', 0, 0, '2017-10-21 08:21:55', '2017-10-21 08:21:55'),
(264, 9, 'simple', 'MJ01-S-Red', 0, 0, '2017-10-21 08:21:55', '2017-10-21 08:21:55'),
(265, 9, 'simple', 'MJ01-S-Yellow', 0, 0, '2017-10-21 08:21:55', '2017-10-21 08:21:55'),
(266, 9, 'simple', 'MJ01-M-Orange', 0, 0, '2017-10-21 08:21:55', '2017-10-21 08:21:55'),
(267, 9, 'simple', 'MJ01-M-Red', 0, 0, '2017-10-21 08:21:55', '2017-10-21 08:21:55'),
(268, 9, 'simple', 'MJ01-M-Yellow', 0, 0, '2017-10-21 08:21:55', '2017-10-21 08:21:55'),
(269, 9, 'simple', 'MJ01-L-Orange', 0, 0, '2017-10-21 08:21:55', '2017-10-21 08:21:55'),
(270, 9, 'simple', 'MJ01-L-Red', 0, 0, '2017-10-21 08:21:55', '2017-10-21 08:21:55'),
(271, 9, 'simple', 'MJ01-L-Yellow', 0, 0, '2017-10-21 08:21:55', '2017-10-21 08:21:55'),
(272, 9, 'simple', 'MJ01-XL-Orange', 0, 0, '2017-10-21 08:21:55', '2017-10-21 08:21:55'),
(273, 9, 'simple', 'MJ01-XL-Red', 0, 0, '2017-10-21 08:21:55', '2017-10-21 08:21:55'),
(274, 9, 'simple', 'MJ01-XL-Yellow', 0, 0, '2017-10-21 08:21:55', '2017-10-21 08:21:55'),
(275, 9, 'configurable', 'MJ01', 1, 0, '2017-10-21 08:21:55', '2017-10-21 08:21:55'),
(276, 9, 'simple', 'MJ02-XS-Green', 0, 0, '2017-10-21 08:21:55', '2017-10-21 08:21:55'),
(277, 9, 'simple', 'MJ02-XS-Orange', 0, 0, '2017-10-21 08:21:55', '2017-10-21 08:21:55'),
(278, 9, 'simple', 'MJ02-XS-Red', 0, 0, '2017-10-21 08:21:55', '2017-10-21 08:21:55'),
(279, 9, 'simple', 'MJ02-S-Green', 0, 0, '2017-10-21 08:21:55', '2017-10-21 08:21:55'),
(280, 9, 'simple', 'MJ02-S-Orange', 0, 0, '2017-10-21 08:21:55', '2017-10-21 08:21:55'),
(281, 9, 'simple', 'MJ02-S-Red', 0, 0, '2017-10-21 08:21:55', '2017-10-21 08:21:55'),
(282, 9, 'simple', 'MJ02-M-Green', 0, 0, '2017-10-21 08:21:55', '2017-10-21 08:21:55'),
(283, 9, 'simple', 'MJ02-M-Orange', 0, 0, '2017-10-21 08:21:55', '2017-10-21 08:21:55'),
(284, 9, 'simple', 'MJ02-M-Red', 0, 0, '2017-10-21 08:21:55', '2017-10-21 08:21:55'),
(285, 9, 'simple', 'MJ02-L-Green', 0, 0, '2017-10-21 08:21:55', '2017-10-21 08:21:55'),
(286, 9, 'simple', 'MJ02-L-Orange', 0, 0, '2017-10-21 08:21:55', '2017-10-21 08:21:55'),
(287, 9, 'simple', 'MJ02-L-Red', 0, 0, '2017-10-21 08:21:55', '2017-10-21 08:21:55'),
(288, 9, 'simple', 'MJ02-XL-Green', 0, 0, '2017-10-21 08:21:55', '2017-10-21 08:21:55'),
(289, 9, 'simple', 'MJ02-XL-Orange', 0, 0, '2017-10-21 08:21:55', '2017-10-21 08:21:55'),
(290, 9, 'simple', 'MJ02-XL-Red', 0, 0, '2017-10-21 08:21:55', '2017-10-21 08:21:55'),
(291, 9, 'configurable', 'MJ02', 1, 0, '2017-10-21 08:21:55', '2017-10-21 08:21:55'),
(292, 9, 'simple', 'MJ04-XS-Black', 0, 0, '2017-10-21 08:21:55', '2017-10-21 08:21:55'),
(293, 9, 'simple', 'MJ04-XS-Blue', 0, 0, '2017-10-21 08:21:55', '2017-10-21 08:21:55'),
(294, 9, 'simple', 'MJ04-XS-Purple', 0, 0, '2017-10-21 08:21:55', '2017-10-21 08:21:55'),
(295, 9, 'simple', 'MJ04-S-Black', 0, 0, '2017-10-21 08:21:55', '2017-10-21 08:21:55'),
(296, 9, 'simple', 'MJ04-S-Blue', 0, 0, '2017-10-21 08:21:55', '2017-10-21 08:21:55'),
(297, 9, 'simple', 'MJ04-S-Purple', 0, 0, '2017-10-21 08:21:55', '2017-10-21 08:21:55'),
(298, 9, 'simple', 'MJ04-M-Black', 0, 0, '2017-10-21 08:21:55', '2017-10-21 08:21:55'),
(299, 9, 'simple', 'MJ04-M-Blue', 0, 0, '2017-10-21 08:21:55', '2017-10-21 08:21:55'),
(300, 9, 'simple', 'MJ04-M-Purple', 0, 0, '2017-10-21 08:21:55', '2017-10-21 08:21:55'),
(301, 9, 'simple', 'MJ04-L-Black', 0, 0, '2017-10-21 08:21:55', '2017-10-21 08:21:55'),
(302, 9, 'simple', 'MJ04-L-Blue', 0, 0, '2017-10-21 08:21:55', '2017-10-21 08:21:55'),
(303, 9, 'simple', 'MJ04-L-Purple', 0, 0, '2017-10-21 08:21:55', '2017-10-21 08:21:55'),
(304, 9, 'simple', 'MJ04-XL-Black', 0, 0, '2017-10-21 08:21:55', '2017-10-21 08:21:55'),
(305, 9, 'simple', 'MJ04-XL-Blue', 0, 0, '2017-10-21 08:21:55', '2017-10-21 08:21:55'),
(306, 9, 'simple', 'MJ04-XL-Purple', 0, 0, '2017-10-21 08:21:55', '2017-10-21 08:21:55'),
(307, 9, 'configurable', 'MJ04', 1, 0, '2017-10-21 08:21:55', '2017-10-21 08:21:55'),
(308, 9, 'simple', 'MJ07-XS-Black', 0, 0, '2017-10-21 08:21:55', '2017-10-21 08:21:55'),
(309, 9, 'simple', 'MJ07-XS-Red', 0, 0, '2017-10-21 08:21:55', '2017-10-21 08:21:55'),
(310, 9, 'simple', 'MJ07-XS-Yellow', 0, 0, '2017-10-21 08:21:55', '2017-10-21 08:21:55'),
(311, 9, 'simple', 'MJ07-S-Black', 0, 0, '2017-10-21 08:21:55', '2017-10-21 08:21:55'),
(312, 9, 'simple', 'MJ07-S-Red', 0, 0, '2017-10-21 08:21:55', '2017-10-21 08:21:55'),
(313, 9, 'simple', 'MJ07-S-Yellow', 0, 0, '2017-10-21 08:21:55', '2017-10-21 08:21:55'),
(314, 9, 'simple', 'MJ07-M-Black', 0, 0, '2017-10-21 08:21:55', '2017-10-21 08:21:55'),
(315, 9, 'simple', 'MJ07-M-Red', 0, 0, '2017-10-21 08:21:55', '2017-10-21 08:21:55'),
(316, 9, 'simple', 'MJ07-M-Yellow', 0, 0, '2017-10-21 08:21:55', '2017-10-21 08:21:55'),
(317, 9, 'simple', 'MJ07-L-Black', 0, 0, '2017-10-21 08:21:55', '2017-10-21 08:21:55'),
(318, 9, 'simple', 'MJ07-L-Red', 0, 0, '2017-10-21 08:21:55', '2017-10-21 08:21:55'),
(319, 9, 'simple', 'MJ07-L-Yellow', 0, 0, '2017-10-21 08:21:55', '2017-10-21 08:21:55'),
(320, 9, 'simple', 'MJ07-XL-Black', 0, 0, '2017-10-21 08:21:55', '2017-10-21 08:21:55'),
(321, 9, 'simple', 'MJ07-XL-Red', 0, 0, '2017-10-21 08:21:55', '2017-10-21 08:21:55'),
(322, 9, 'simple', 'MJ07-XL-Yellow', 0, 0, '2017-10-21 08:21:55', '2017-10-21 08:21:55'),
(323, 9, 'configurable', 'MJ07', 1, 0, '2017-10-21 08:21:55', '2017-10-21 08:21:55'),
(324, 9, 'simple', 'MJ08-XS-Blue', 0, 0, '2017-10-21 08:21:55', '2017-10-21 08:21:55'),
(325, 9, 'simple', 'MJ08-XS-Gray', 0, 0, '2017-10-21 08:21:55', '2017-10-21 08:21:55'),
(326, 9, 'simple', 'MJ08-XS-Green', 0, 0, '2017-10-21 08:21:56', '2017-10-21 08:21:56'),
(327, 9, 'simple', 'MJ08-S-Blue', 0, 0, '2017-10-21 08:21:56', '2017-10-21 08:21:56'),
(328, 9, 'simple', 'MJ08-S-Gray', 0, 0, '2017-10-21 08:21:56', '2017-10-21 08:21:56'),
(329, 9, 'simple', 'MJ08-S-Green', 0, 0, '2017-10-21 08:21:56', '2017-10-21 08:21:56'),
(330, 9, 'simple', 'MJ08-M-Blue', 0, 0, '2017-10-21 08:21:56', '2017-10-21 08:21:56'),
(331, 9, 'simple', 'MJ08-M-Gray', 0, 0, '2017-10-21 08:21:56', '2017-10-21 08:21:56'),
(332, 9, 'simple', 'MJ08-M-Green', 0, 0, '2017-10-21 08:21:56', '2017-10-21 08:21:56'),
(333, 9, 'simple', 'MJ08-L-Blue', 0, 0, '2017-10-21 08:21:56', '2017-10-21 08:21:56'),
(334, 9, 'simple', 'MJ08-L-Gray', 0, 0, '2017-10-21 08:21:56', '2017-10-21 08:21:56'),
(335, 9, 'simple', 'MJ08-L-Green', 0, 0, '2017-10-21 08:21:56', '2017-10-21 08:21:56'),
(336, 9, 'simple', 'MJ08-XL-Blue', 0, 0, '2017-10-21 08:21:56', '2017-10-21 08:21:56'),
(337, 9, 'simple', 'MJ08-XL-Gray', 0, 0, '2017-10-21 08:21:56', '2017-10-21 08:21:56'),
(338, 9, 'simple', 'MJ08-XL-Green', 0, 0, '2017-10-21 08:21:56', '2017-10-21 08:21:56'),
(339, 9, 'configurable', 'MJ08', 1, 0, '2017-10-21 08:21:56', '2017-10-21 08:21:56'),
(340, 9, 'simple', 'MJ09-XS-Blue', 0, 0, '2017-10-21 08:21:56', '2017-10-21 08:21:56'),
(341, 9, 'simple', 'MJ09-XS-White', 0, 0, '2017-10-21 08:21:56', '2017-10-21 08:21:56'),
(342, 9, 'simple', 'MJ09-XS-Yellow', 0, 0, '2017-10-21 08:21:56', '2017-10-21 08:21:56'),
(343, 9, 'simple', 'MJ09-S-Blue', 0, 0, '2017-10-21 08:21:56', '2017-10-21 08:21:56'),
(344, 9, 'simple', 'MJ09-S-White', 0, 0, '2017-10-21 08:21:56', '2017-10-21 08:21:56'),
(345, 9, 'simple', 'MJ09-S-Yellow', 0, 0, '2017-10-21 08:21:56', '2017-10-21 08:21:56'),
(346, 9, 'simple', 'MJ09-M-Blue', 0, 0, '2017-10-21 08:21:56', '2017-10-21 08:21:56'),
(347, 9, 'simple', 'MJ09-M-White', 0, 0, '2017-10-21 08:21:56', '2017-10-21 08:21:56'),
(348, 9, 'simple', 'MJ09-M-Yellow', 0, 0, '2017-10-21 08:21:56', '2017-10-21 08:21:56'),
(349, 9, 'simple', 'MJ09-L-Blue', 0, 0, '2017-10-21 08:21:56', '2017-10-21 08:21:56'),
(350, 9, 'simple', 'MJ09-L-White', 0, 0, '2017-10-21 08:21:56', '2017-10-21 08:21:56'),
(351, 9, 'simple', 'MJ09-L-Yellow', 0, 0, '2017-10-21 08:21:56', '2017-10-21 08:21:56'),
(352, 9, 'simple', 'MJ09-XL-Blue', 0, 0, '2017-10-21 08:21:59', '2017-10-21 08:21:59'),
(353, 9, 'simple', 'MJ09-XL-White', 0, 0, '2017-10-21 08:21:59', '2017-10-21 08:21:59'),
(354, 9, 'simple', 'MJ09-XL-Yellow', 0, 0, '2017-10-21 08:21:59', '2017-10-21 08:21:59'),
(355, 9, 'configurable', 'MJ09', 1, 0, '2017-10-21 08:21:59', '2017-10-21 08:21:59'),
(356, 9, 'simple', 'MJ10-XS-Black', 0, 0, '2017-10-21 08:21:59', '2017-10-21 08:21:59'),
(357, 9, 'simple', 'MJ10-XS-Orange', 0, 0, '2017-10-21 08:21:59', '2017-10-21 08:21:59'),
(358, 9, 'simple', 'MJ10-XS-Red', 0, 0, '2017-10-21 08:21:59', '2017-10-21 08:21:59'),
(359, 9, 'simple', 'MJ10-S-Black', 0, 0, '2017-10-21 08:21:59', '2017-10-21 08:21:59'),
(360, 9, 'simple', 'MJ10-S-Orange', 0, 0, '2017-10-21 08:21:59', '2017-10-21 08:21:59'),
(361, 9, 'simple', 'MJ10-S-Red', 0, 0, '2017-10-21 08:21:59', '2017-10-21 08:21:59'),
(362, 9, 'simple', 'MJ10-M-Black', 0, 0, '2017-10-21 08:21:59', '2017-10-21 08:21:59'),
(363, 9, 'simple', 'MJ10-M-Orange', 0, 0, '2017-10-21 08:21:59', '2017-10-21 08:21:59'),
(364, 9, 'simple', 'MJ10-M-Red', 0, 0, '2017-10-21 08:21:59', '2017-10-21 08:21:59'),
(365, 9, 'simple', 'MJ10-L-Black', 0, 0, '2017-10-21 08:21:59', '2017-10-21 08:21:59'),
(366, 9, 'simple', 'MJ10-L-Orange', 0, 0, '2017-10-21 08:21:59', '2017-10-21 08:21:59'),
(367, 9, 'simple', 'MJ10-L-Red', 0, 0, '2017-10-21 08:21:59', '2017-10-21 08:21:59'),
(368, 9, 'simple', 'MJ10-XL-Black', 0, 0, '2017-10-21 08:21:59', '2017-10-21 08:21:59'),
(369, 9, 'simple', 'MJ10-XL-Orange', 0, 0, '2017-10-21 08:21:59', '2017-10-21 08:21:59'),
(370, 9, 'simple', 'MJ10-XL-Red', 0, 0, '2017-10-21 08:21:59', '2017-10-21 08:21:59'),
(371, 9, 'configurable', 'MJ10', 1, 0, '2017-10-21 08:21:59', '2017-10-21 08:21:59'),
(372, 9, 'simple', 'MJ11-XS-Black', 0, 0, '2017-10-21 08:21:59', '2017-10-21 08:21:59'),
(373, 9, 'simple', 'MJ11-XS-Green', 0, 0, '2017-10-21 08:21:59', '2017-10-21 08:21:59'),
(374, 9, 'simple', 'MJ11-XS-Red', 0, 0, '2017-10-21 08:21:59', '2017-10-21 08:21:59'),
(375, 9, 'simple', 'MJ11-S-Black', 0, 0, '2017-10-21 08:21:59', '2017-10-21 08:21:59'),
(376, 9, 'simple', 'MJ11-S-Green', 0, 0, '2017-10-21 08:21:59', '2017-10-21 08:21:59'),
(377, 9, 'simple', 'MJ11-S-Red', 0, 0, '2017-10-21 08:21:59', '2017-10-21 08:21:59'),
(378, 9, 'simple', 'MJ11-M-Black', 0, 0, '2017-10-21 08:21:59', '2017-10-21 08:21:59'),
(379, 9, 'simple', 'MJ11-M-Green', 0, 0, '2017-10-21 08:21:59', '2017-10-21 08:21:59'),
(380, 9, 'simple', 'MJ11-M-Red', 0, 0, '2017-10-21 08:21:59', '2017-10-21 08:21:59'),
(381, 9, 'simple', 'MJ11-L-Black', 0, 0, '2017-10-21 08:21:59', '2017-10-21 08:21:59'),
(382, 9, 'simple', 'MJ11-L-Green', 0, 0, '2017-10-21 08:21:59', '2017-10-21 08:21:59'),
(383, 9, 'simple', 'MJ11-L-Red', 0, 0, '2017-10-21 08:21:59', '2017-10-21 08:21:59'),
(384, 9, 'simple', 'MJ11-XL-Black', 0, 0, '2017-10-21 08:21:59', '2017-10-21 08:21:59'),
(385, 9, 'simple', 'MJ11-XL-Green', 0, 0, '2017-10-21 08:21:59', '2017-10-21 08:21:59'),
(386, 9, 'simple', 'MJ11-XL-Red', 0, 0, '2017-10-21 08:21:59', '2017-10-21 08:21:59'),
(387, 9, 'configurable', 'MJ11', 1, 0, '2017-10-21 08:21:59', '2017-10-21 08:21:59'),
(388, 9, 'simple', 'MJ06-XS-Blue', 0, 0, '2017-10-21 08:21:59', '2017-10-21 08:21:59'),
(389, 9, 'simple', 'MJ06-XS-Green', 0, 0, '2017-10-21 08:21:59', '2017-10-21 08:21:59'),
(390, 9, 'simple', 'MJ06-XS-Purple', 0, 0, '2017-10-21 08:21:59', '2017-10-21 08:21:59'),
(391, 9, 'simple', 'MJ06-S-Blue', 0, 0, '2017-10-21 08:21:59', '2017-10-21 08:21:59'),
(392, 9, 'simple', 'MJ06-S-Green', 0, 0, '2017-10-21 08:21:59', '2017-10-21 08:21:59'),
(393, 9, 'simple', 'MJ06-S-Purple', 0, 0, '2017-10-21 08:21:59', '2017-10-21 08:21:59'),
(394, 9, 'simple', 'MJ06-M-Blue', 0, 0, '2017-10-21 08:21:59', '2017-10-21 08:21:59'),
(395, 9, 'simple', 'MJ06-M-Green', 0, 0, '2017-10-21 08:21:59', '2017-10-21 08:21:59'),
(396, 9, 'simple', 'MJ06-M-Purple', 0, 0, '2017-10-21 08:21:59', '2017-10-21 08:21:59'),
(397, 9, 'simple', 'MJ06-L-Blue', 0, 0, '2017-10-21 08:21:59', '2017-10-21 08:21:59'),
(398, 9, 'simple', 'MJ06-L-Green', 0, 0, '2017-10-21 08:21:59', '2017-10-21 08:21:59'),
(399, 9, 'simple', 'MJ06-L-Purple', 0, 0, '2017-10-21 08:21:59', '2017-10-21 08:21:59'),
(400, 9, 'simple', 'MJ06-XL-Blue', 0, 0, '2017-10-21 08:21:59', '2017-10-21 08:21:59'),
(401, 9, 'simple', 'MJ06-XL-Green', 0, 0, '2017-10-21 08:21:59', '2017-10-21 08:21:59'),
(402, 9, 'simple', 'MJ06-XL-Purple', 0, 0, '2017-10-21 08:21:59', '2017-10-21 08:21:59'),
(403, 9, 'configurable', 'MJ06', 1, 0, '2017-10-21 08:21:59', '2017-10-21 08:21:59'),
(404, 9, 'simple', 'MJ03-XS-Black', 0, 0, '2017-10-21 08:21:59', '2017-10-21 08:21:59'),
(405, 9, 'simple', 'MJ03-XS-Green', 0, 0, '2017-10-21 08:22:00', '2017-10-21 08:22:00'),
(406, 9, 'simple', 'MJ03-XS-Red', 0, 0, '2017-10-21 08:22:00', '2017-10-21 08:22:00'),
(407, 9, 'simple', 'MJ03-S-Black', 0, 0, '2017-10-21 08:22:00', '2017-10-21 08:22:00'),
(408, 9, 'simple', 'MJ03-S-Green', 0, 0, '2017-10-21 08:22:00', '2017-10-21 08:22:00'),
(409, 9, 'simple', 'MJ03-S-Red', 0, 0, '2017-10-21 08:22:00', '2017-10-21 08:22:00'),
(410, 9, 'simple', 'MJ03-M-Black', 0, 0, '2017-10-21 08:22:00', '2017-10-21 08:22:00'),
(411, 9, 'simple', 'MJ03-M-Green', 0, 0, '2017-10-21 08:22:00', '2017-10-21 08:22:00'),
(412, 9, 'simple', 'MJ03-M-Red', 0, 0, '2017-10-21 08:22:00', '2017-10-21 08:22:00'),
(413, 9, 'simple', 'MJ03-L-Black', 0, 0, '2017-10-21 08:22:00', '2017-10-21 08:22:00'),
(414, 9, 'simple', 'MJ03-L-Green', 0, 0, '2017-10-21 08:22:00', '2017-10-21 08:22:00'),
(415, 9, 'simple', 'MJ03-L-Red', 0, 0, '2017-10-21 08:22:00', '2017-10-21 08:22:00'),
(416, 9, 'simple', 'MJ03-XL-Black', 0, 0, '2017-10-21 08:22:00', '2017-10-21 08:22:00'),
(417, 9, 'simple', 'MJ03-XL-Green', 0, 0, '2017-10-21 08:22:00', '2017-10-21 08:22:00'),
(418, 9, 'simple', 'MJ03-XL-Red', 0, 0, '2017-10-21 08:22:00', '2017-10-21 08:22:00'),
(419, 9, 'configurable', 'MJ03', 1, 0, '2017-10-21 08:22:00', '2017-10-21 08:22:00'),
(420, 9, 'simple', 'MJ12-XS-Black', 0, 0, '2017-10-21 08:22:00', '2017-10-21 08:22:00'),
(421, 9, 'simple', 'MJ12-XS-Blue', 0, 0, '2017-10-21 08:22:00', '2017-10-21 08:22:00'),
(422, 9, 'simple', 'MJ12-XS-Orange', 0, 0, '2017-10-21 08:22:00', '2017-10-21 08:22:00'),
(423, 9, 'simple', 'MJ12-S-Black', 0, 0, '2017-10-21 08:22:00', '2017-10-21 08:22:00'),
(424, 9, 'simple', 'MJ12-S-Blue', 0, 0, '2017-10-21 08:22:00', '2017-10-21 08:22:00'),
(425, 9, 'simple', 'MJ12-S-Orange', 0, 0, '2017-10-21 08:22:00', '2017-10-21 08:22:00'),
(426, 9, 'simple', 'MJ12-M-Black', 0, 0, '2017-10-21 08:22:00', '2017-10-21 08:22:00'),
(427, 9, 'simple', 'MJ12-M-Blue', 0, 0, '2017-10-21 08:22:00', '2017-10-21 08:22:00'),
(428, 9, 'simple', 'MJ12-M-Orange', 0, 0, '2017-10-21 08:22:00', '2017-10-21 08:22:00'),
(429, 9, 'simple', 'MJ12-L-Black', 0, 0, '2017-10-21 08:22:00', '2017-10-21 08:22:00'),
(430, 9, 'simple', 'MJ12-L-Blue', 0, 0, '2017-10-21 08:22:00', '2017-10-21 08:22:00'),
(431, 9, 'simple', 'MJ12-L-Orange', 0, 0, '2017-10-21 08:22:00', '2017-10-21 08:22:00'),
(432, 9, 'simple', 'MJ12-XL-Black', 0, 0, '2017-10-21 08:22:00', '2017-10-21 08:22:00'),
(433, 9, 'simple', 'MJ12-XL-Blue', 0, 0, '2017-10-21 08:22:00', '2017-10-21 08:22:00'),
(434, 9, 'simple', 'MJ12-XL-Orange', 0, 0, '2017-10-21 08:22:00', '2017-10-21 08:22:00'),
(435, 9, 'configurable', 'MJ12', 1, 0, '2017-10-21 08:22:00', '2017-10-21 08:22:00'),
(436, 9, 'simple', 'MS04-XS-Black', 0, 0, '2017-10-21 08:22:00', '2017-10-21 08:22:00'),
(437, 9, 'simple', 'MS04-XS-Orange', 0, 0, '2017-10-21 08:22:00', '2017-10-21 08:22:00'),
(438, 9, 'simple', 'MS04-XS-Red', 0, 0, '2017-10-21 08:22:00', '2017-10-21 08:22:00'),
(439, 9, 'simple', 'MS04-S-Black', 0, 0, '2017-10-21 08:22:00', '2017-10-21 08:22:00'),
(440, 9, 'simple', 'MS04-S-Orange', 0, 0, '2017-10-21 08:22:00', '2017-10-21 08:22:00'),
(441, 9, 'simple', 'MS04-S-Red', 0, 0, '2017-10-21 08:22:00', '2017-10-21 08:22:00'),
(442, 9, 'simple', 'MS04-M-Black', 0, 0, '2017-10-21 08:22:00', '2017-10-21 08:22:00'),
(443, 9, 'simple', 'MS04-M-Orange', 0, 0, '2017-10-21 08:22:00', '2017-10-21 08:22:00'),
(444, 9, 'simple', 'MS04-M-Red', 0, 0, '2017-10-21 08:22:00', '2017-10-21 08:22:00'),
(445, 9, 'simple', 'MS04-L-Black', 0, 0, '2017-10-21 08:22:00', '2017-10-21 08:22:00'),
(446, 9, 'simple', 'MS04-L-Orange', 0, 0, '2017-10-21 08:22:00', '2017-10-21 08:22:00'),
(447, 9, 'simple', 'MS04-L-Red', 0, 0, '2017-10-21 08:22:00', '2017-10-21 08:22:00'),
(448, 9, 'simple', 'MS04-XL-Black', 0, 0, '2017-10-21 08:22:00', '2017-10-21 08:22:00'),
(449, 9, 'simple', 'MS04-XL-Orange', 0, 0, '2017-10-21 08:22:00', '2017-10-21 08:22:00'),
(450, 9, 'simple', 'MS04-XL-Red', 0, 0, '2017-10-21 08:22:00', '2017-10-21 08:22:00'),
(451, 9, 'configurable', 'MS04', 1, 0, '2017-10-21 08:22:00', '2017-10-21 08:22:00'),
(452, 9, 'simple', 'MS05-XS-Black', 0, 0, '2017-10-21 08:22:05', '2017-10-21 08:22:05'),
(453, 9, 'simple', 'MS05-XS-Blue', 0, 0, '2017-10-21 08:22:05', '2017-10-21 08:22:05'),
(454, 9, 'simple', 'MS05-XS-Purple', 0, 0, '2017-10-21 08:22:05', '2017-10-21 08:22:05'),
(455, 9, 'simple', 'MS05-S-Black', 0, 0, '2017-10-21 08:22:05', '2017-10-21 08:22:05'),
(456, 9, 'simple', 'MS05-S-Blue', 0, 0, '2017-10-21 08:22:05', '2017-10-21 08:22:05'),
(457, 9, 'simple', 'MS05-S-Purple', 0, 0, '2017-10-21 08:22:05', '2017-10-21 08:22:05'),
(458, 9, 'simple', 'MS05-M-Black', 0, 0, '2017-10-21 08:22:05', '2017-10-21 08:22:05'),
(459, 9, 'simple', 'MS05-M-Blue', 0, 0, '2017-10-21 08:22:05', '2017-10-21 08:22:05'),
(460, 9, 'simple', 'MS05-M-Purple', 0, 0, '2017-10-21 08:22:05', '2017-10-21 08:22:05'),
(461, 9, 'simple', 'MS05-L-Black', 0, 0, '2017-10-21 08:22:05', '2017-10-21 08:22:05'),
(462, 9, 'simple', 'MS05-L-Blue', 0, 0, '2017-10-21 08:22:05', '2017-10-21 08:22:05'),
(463, 9, 'simple', 'MS05-L-Purple', 0, 0, '2017-10-21 08:22:05', '2017-10-21 08:22:05'),
(464, 9, 'simple', 'MS05-XL-Black', 0, 0, '2017-10-21 08:22:05', '2017-10-21 08:22:05'),
(465, 9, 'simple', 'MS05-XL-Blue', 0, 0, '2017-10-21 08:22:05', '2017-10-21 08:22:05'),
(466, 9, 'simple', 'MS05-XL-Purple', 0, 0, '2017-10-21 08:22:05', '2017-10-21 08:22:05'),
(467, 9, 'configurable', 'MS05', 1, 0, '2017-10-21 08:22:05', '2017-10-21 08:22:05'),
(468, 9, 'simple', 'MS09-XS-Black', 0, 0, '2017-10-21 08:22:05', '2017-10-21 08:22:05'),
(469, 9, 'simple', 'MS09-XS-Blue', 0, 0, '2017-10-21 08:22:05', '2017-10-21 08:22:05'),
(470, 9, 'simple', 'MS09-XS-Red', 0, 0, '2017-10-21 08:22:05', '2017-10-21 08:22:05'),
(471, 9, 'simple', 'MS09-S-Black', 0, 0, '2017-10-21 08:22:05', '2017-10-21 08:22:05'),
(472, 9, 'simple', 'MS09-S-Blue', 0, 0, '2017-10-21 08:22:05', '2017-10-21 08:22:05'),
(473, 9, 'simple', 'MS09-S-Red', 0, 0, '2017-10-21 08:22:05', '2017-10-21 08:22:05'),
(474, 9, 'simple', 'MS09-M-Black', 0, 0, '2017-10-21 08:22:05', '2017-10-21 08:22:05'),
(475, 9, 'simple', 'MS09-M-Blue', 0, 0, '2017-10-21 08:22:05', '2017-10-21 08:22:05'),
(476, 9, 'simple', 'MS09-M-Red', 0, 0, '2017-10-21 08:22:05', '2017-10-21 08:22:05'),
(477, 9, 'simple', 'MS09-L-Black', 0, 0, '2017-10-21 08:22:05', '2017-10-21 08:22:05'),
(478, 9, 'simple', 'MS09-L-Blue', 0, 0, '2017-10-21 08:22:05', '2017-10-21 08:22:05'),
(479, 9, 'simple', 'MS09-L-Red', 0, 0, '2017-10-21 08:22:05', '2017-10-21 08:22:05'),
(480, 9, 'simple', 'MS09-XL-Black', 0, 0, '2017-10-21 08:22:05', '2017-10-21 08:22:05'),
(481, 9, 'simple', 'MS09-XL-Blue', 0, 0, '2017-10-21 08:22:05', '2017-10-21 08:22:05'),
(482, 9, 'simple', 'MS09-XL-Red', 0, 0, '2017-10-21 08:22:05', '2017-10-21 08:22:05'),
(483, 9, 'configurable', 'MS09', 1, 0, '2017-10-21 08:22:05', '2017-10-21 08:22:05'),
(484, 9, 'simple', 'MS11-XS-Blue', 0, 0, '2017-10-21 08:22:05', '2017-10-21 08:22:05'),
(485, 9, 'simple', 'MS11-XS-Green', 0, 0, '2017-10-21 08:22:05', '2017-10-21 08:22:05'),
(486, 9, 'simple', 'MS11-XS-Yellow', 0, 0, '2017-10-21 08:22:05', '2017-10-21 08:22:05'),
(487, 9, 'simple', 'MS11-S-Blue', 0, 0, '2017-10-21 08:22:05', '2017-10-21 08:22:05'),
(488, 9, 'simple', 'MS11-S-Green', 0, 0, '2017-10-21 08:22:05', '2017-10-21 08:22:05'),
(489, 9, 'simple', 'MS11-S-Yellow', 0, 0, '2017-10-21 08:22:05', '2017-10-21 08:22:05'),
(490, 9, 'simple', 'MS11-M-Blue', 0, 0, '2017-10-21 08:22:05', '2017-10-21 08:22:05'),
(491, 9, 'simple', 'MS11-M-Green', 0, 0, '2017-10-21 08:22:05', '2017-10-21 08:22:05'),
(492, 9, 'simple', 'MS11-M-Yellow', 0, 0, '2017-10-21 08:22:05', '2017-10-21 08:22:05'),
(493, 9, 'simple', 'MS11-L-Blue', 0, 0, '2017-10-21 08:22:05', '2017-10-21 08:22:05'),
(494, 9, 'simple', 'MS11-L-Green', 0, 0, '2017-10-21 08:22:05', '2017-10-21 08:22:05'),
(495, 9, 'simple', 'MS11-L-Yellow', 0, 0, '2017-10-21 08:22:05', '2017-10-21 08:22:05'),
(496, 9, 'simple', 'MS11-XL-Blue', 0, 0, '2017-10-21 08:22:05', '2017-10-21 08:22:05'),
(497, 9, 'simple', 'MS11-XL-Green', 0, 0, '2017-10-21 08:22:05', '2017-10-21 08:22:05'),
(498, 9, 'simple', 'MS11-XL-Yellow', 0, 0, '2017-10-21 08:22:05', '2017-10-21 08:22:05'),
(499, 9, 'configurable', 'MS11', 1, 0, '2017-10-21 08:22:05', '2017-10-21 08:22:05'),
(500, 9, 'simple', 'MS12-XS-Black', 0, 0, '2017-10-21 08:22:05', '2017-10-21 08:22:05'),
(501, 9, 'simple', 'MS12-XS-Blue', 0, 0, '2017-10-21 08:22:05', '2017-10-21 08:22:05'),
(502, 9, 'simple', 'MS12-XS-Red', 0, 0, '2017-10-21 08:22:05', '2017-10-21 08:22:05'),
(503, 9, 'simple', 'MS12-S-Black', 0, 0, '2017-10-21 08:22:05', '2017-10-21 08:22:05'),
(504, 9, 'simple', 'MS12-S-Blue', 0, 0, '2017-10-21 08:22:05', '2017-10-21 08:22:05'),
(505, 9, 'simple', 'MS12-S-Red', 0, 0, '2017-10-21 08:22:05', '2017-10-21 08:22:05'),
(506, 9, 'simple', 'MS12-M-Black', 0, 0, '2017-10-21 08:22:05', '2017-10-21 08:22:05'),
(507, 9, 'simple', 'MS12-M-Blue', 0, 0, '2017-10-21 08:22:05', '2017-10-21 08:22:05'),
(508, 9, 'simple', 'MS12-M-Red', 0, 0, '2017-10-21 08:22:05', '2017-10-21 08:22:05'),
(509, 9, 'simple', 'MS12-L-Black', 0, 0, '2017-10-21 08:22:05', '2017-10-21 08:22:05'),
(510, 9, 'simple', 'MS12-L-Blue', 0, 0, '2017-10-21 08:22:05', '2017-10-21 08:22:05'),
(511, 9, 'simple', 'MS12-L-Red', 0, 0, '2017-10-21 08:22:05', '2017-10-21 08:22:05'),
(512, 9, 'simple', 'MS12-XL-Black', 0, 0, '2017-10-21 08:22:05', '2017-10-21 08:22:05'),
(513, 9, 'simple', 'MS12-XL-Blue', 0, 0, '2017-10-21 08:22:05', '2017-10-21 08:22:05'),
(514, 9, 'simple', 'MS12-XL-Red', 0, 0, '2017-10-21 08:22:05', '2017-10-21 08:22:05'),
(515, 9, 'configurable', 'MS12', 1, 0, '2017-10-21 08:22:05', '2017-10-21 08:22:05'),
(516, 9, 'simple', 'MS03-XS-Gray', 0, 0, '2017-10-21 08:22:05', '2017-10-21 08:22:05'),
(517, 9, 'simple', 'MS03-XS-Green', 0, 0, '2017-10-21 08:22:05', '2017-10-21 08:22:05'),
(518, 9, 'simple', 'MS03-XS-Orange', 0, 0, '2017-10-21 08:22:05', '2017-10-21 08:22:05'),
(519, 9, 'simple', 'MS03-S-Gray', 0, 0, '2017-10-21 08:22:05', '2017-10-21 08:22:05'),
(520, 9, 'simple', 'MS03-S-Green', 0, 0, '2017-10-21 08:22:05', '2017-10-21 08:22:05'),
(521, 9, 'simple', 'MS03-S-Orange', 0, 0, '2017-10-21 08:22:05', '2017-10-21 08:22:05'),
(522, 9, 'simple', 'MS03-M-Gray', 0, 0, '2017-10-21 08:22:06', '2017-10-21 08:22:06'),
(523, 9, 'simple', 'MS03-M-Green', 0, 0, '2017-10-21 08:22:06', '2017-10-21 08:22:06'),
(524, 9, 'simple', 'MS03-M-Orange', 0, 0, '2017-10-21 08:22:06', '2017-10-21 08:22:06'),
(525, 9, 'simple', 'MS03-L-Gray', 0, 0, '2017-10-21 08:22:06', '2017-10-21 08:22:06'),
(526, 9, 'simple', 'MS03-L-Green', 0, 0, '2017-10-21 08:22:06', '2017-10-21 08:22:06'),
(527, 9, 'simple', 'MS03-L-Orange', 0, 0, '2017-10-21 08:22:06', '2017-10-21 08:22:06'),
(528, 9, 'simple', 'MS03-XL-Gray', 0, 0, '2017-10-21 08:22:06', '2017-10-21 08:22:06'),
(529, 9, 'simple', 'MS03-XL-Green', 0, 0, '2017-10-21 08:22:06', '2017-10-21 08:22:06'),
(530, 9, 'simple', 'MS03-XL-Orange', 0, 0, '2017-10-21 08:22:06', '2017-10-21 08:22:06'),
(531, 9, 'configurable', 'MS03', 1, 0, '2017-10-21 08:22:06', '2017-10-21 08:22:06'),
(532, 9, 'simple', 'MS06-XS-Blue', 0, 0, '2017-10-21 08:22:06', '2017-10-21 08:22:06'),
(533, 9, 'simple', 'MS06-XS-Green', 0, 0, '2017-10-21 08:22:06', '2017-10-21 08:22:06'),
(534, 9, 'simple', 'MS06-XS-Yellow', 0, 0, '2017-10-21 08:22:06', '2017-10-21 08:22:06'),
(535, 9, 'simple', 'MS06-S-Blue', 0, 0, '2017-10-21 08:22:06', '2017-10-21 08:22:06'),
(536, 9, 'simple', 'MS06-S-Green', 0, 0, '2017-10-21 08:22:06', '2017-10-21 08:22:06'),
(537, 9, 'simple', 'MS06-S-Yellow', 0, 0, '2017-10-21 08:22:06', '2017-10-21 08:22:06'),
(538, 9, 'simple', 'MS06-M-Blue', 0, 0, '2017-10-21 08:22:06', '2017-10-21 08:22:06'),
(539, 9, 'simple', 'MS06-M-Green', 0, 0, '2017-10-21 08:22:06', '2017-10-21 08:22:06'),
(540, 9, 'simple', 'MS06-M-Yellow', 0, 0, '2017-10-21 08:22:06', '2017-10-21 08:22:06'),
(541, 9, 'simple', 'MS06-L-Blue', 0, 0, '2017-10-21 08:22:06', '2017-10-21 08:22:06'),
(542, 9, 'simple', 'MS06-L-Green', 0, 0, '2017-10-21 08:22:06', '2017-10-21 08:22:06'),
(543, 9, 'simple', 'MS06-L-Yellow', 0, 0, '2017-10-21 08:22:06', '2017-10-21 08:22:06'),
(544, 9, 'simple', 'MS06-XL-Blue', 0, 0, '2017-10-21 08:22:06', '2017-10-21 08:22:06'),
(545, 9, 'simple', 'MS06-XL-Green', 0, 0, '2017-10-21 08:22:06', '2017-10-21 08:22:06'),
(546, 9, 'simple', 'MS06-XL-Yellow', 0, 0, '2017-10-21 08:22:06', '2017-10-21 08:22:06'),
(547, 9, 'configurable', 'MS06', 1, 0, '2017-10-21 08:22:06', '2017-10-21 08:22:06'),
(548, 9, 'simple', 'MS01-XS-Black', 0, 0, '2017-10-21 08:22:06', '2017-10-21 08:22:06'),
(549, 9, 'simple', 'MS01-XS-Brown', 0, 0, '2017-10-21 08:22:06', '2017-10-21 08:22:06'),
(550, 9, 'simple', 'MS01-XS-Yellow', 0, 0, '2017-10-21 08:22:06', '2017-10-21 08:22:06'),
(551, 9, 'simple', 'MS01-S-Black', 0, 0, '2017-10-21 08:22:06', '2017-10-21 08:22:06'),
(552, 9, 'simple', 'MS01-S-Brown', 0, 0, '2017-10-21 08:22:09', '2017-10-21 08:22:09'),
(553, 9, 'simple', 'MS01-S-Yellow', 0, 0, '2017-10-21 08:22:09', '2017-10-21 08:22:09'),
(554, 9, 'simple', 'MS01-M-Black', 0, 0, '2017-10-21 08:22:09', '2017-10-21 08:22:09'),
(555, 9, 'simple', 'MS01-M-Brown', 0, 0, '2017-10-21 08:22:09', '2017-10-21 08:22:09'),
(556, 9, 'simple', 'MS01-M-Yellow', 0, 0, '2017-10-21 08:22:09', '2017-10-21 08:22:09'),
(557, 9, 'simple', 'MS01-L-Black', 0, 0, '2017-10-21 08:22:09', '2017-10-21 08:22:09'),
(558, 9, 'simple', 'MS01-L-Brown', 0, 0, '2017-10-21 08:22:09', '2017-10-21 08:22:09'),
(559, 9, 'simple', 'MS01-L-Yellow', 0, 0, '2017-10-21 08:22:09', '2017-10-21 08:22:09'),
(560, 9, 'simple', 'MS01-XL-Black', 0, 0, '2017-10-21 08:22:09', '2017-10-21 08:22:09'),
(561, 9, 'simple', 'MS01-XL-Brown', 0, 0, '2017-10-21 08:22:09', '2017-10-21 08:22:09'),
(562, 9, 'simple', 'MS01-XL-Yellow', 0, 0, '2017-10-21 08:22:09', '2017-10-21 08:22:09'),
(563, 9, 'configurable', 'MS01', 1, 0, '2017-10-21 08:22:09', '2017-10-21 08:22:09'),
(564, 9, 'simple', 'MS02-XS-Black', 0, 0, '2017-10-21 08:22:09', '2017-10-21 08:22:09'),
(565, 9, 'simple', 'MS02-XS-Blue', 0, 0, '2017-10-21 08:22:09', '2017-10-21 08:22:09'),
(566, 9, 'simple', 'MS02-XS-Gray', 0, 0, '2017-10-21 08:22:09', '2017-10-21 08:22:09'),
(567, 9, 'simple', 'MS02-S-Black', 0, 0, '2017-10-21 08:22:09', '2017-10-21 08:22:09'),
(568, 9, 'simple', 'MS02-S-Blue', 0, 0, '2017-10-21 08:22:09', '2017-10-21 08:22:09'),
(569, 9, 'simple', 'MS02-S-Gray', 0, 0, '2017-10-21 08:22:09', '2017-10-21 08:22:09'),
(570, 9, 'simple', 'MS02-M-Black', 0, 0, '2017-10-21 08:22:09', '2017-10-21 08:22:09'),
(571, 9, 'simple', 'MS02-M-Blue', 0, 0, '2017-10-21 08:22:09', '2017-10-21 08:22:09'),
(572, 9, 'simple', 'MS02-M-Gray', 0, 0, '2017-10-21 08:22:09', '2017-10-21 08:22:09'),
(573, 9, 'simple', 'MS02-L-Black', 0, 0, '2017-10-21 08:22:09', '2017-10-21 08:22:09'),
(574, 9, 'simple', 'MS02-L-Blue', 0, 0, '2017-10-21 08:22:09', '2017-10-21 08:22:09'),
(575, 9, 'simple', 'MS02-L-Gray', 0, 0, '2017-10-21 08:22:09', '2017-10-21 08:22:09'),
(576, 9, 'simple', 'MS02-XL-Black', 0, 0, '2017-10-21 08:22:09', '2017-10-21 08:22:09'),
(577, 9, 'simple', 'MS02-XL-Blue', 0, 0, '2017-10-21 08:22:09', '2017-10-21 08:22:09'),
(578, 9, 'simple', 'MS02-XL-Gray', 0, 0, '2017-10-21 08:22:09', '2017-10-21 08:22:09'),
(579, 9, 'configurable', 'MS02', 1, 0, '2017-10-21 08:22:09', '2017-10-21 08:22:09'),
(580, 9, 'simple', 'MS10-XS-Black', 0, 0, '2017-10-21 08:22:09', '2017-10-21 08:22:09'),
(581, 9, 'simple', 'MS10-XS-Blue', 0, 0, '2017-10-21 08:22:09', '2017-10-21 08:22:09'),
(582, 9, 'simple', 'MS10-XS-Red', 0, 0, '2017-10-21 08:22:09', '2017-10-21 08:22:09');
INSERT INTO `catalog_product_entity` (`entity_id`, `attribute_set_id`, `type_id`, `sku`, `has_options`, `required_options`, `created_at`, `updated_at`) VALUES
(583, 9, 'simple', 'MS10-S-Black', 0, 0, '2017-10-21 08:22:09', '2017-10-21 08:22:09'),
(584, 9, 'simple', 'MS10-S-Blue', 0, 0, '2017-10-21 08:22:09', '2017-10-21 08:22:09'),
(585, 9, 'simple', 'MS10-S-Red', 0, 0, '2017-10-21 08:22:09', '2017-10-21 08:22:09'),
(586, 9, 'simple', 'MS10-M-Black', 0, 0, '2017-10-21 08:22:09', '2017-10-21 08:22:09'),
(587, 9, 'simple', 'MS10-M-Blue', 0, 0, '2017-10-21 08:22:09', '2017-10-21 08:22:09'),
(588, 9, 'simple', 'MS10-M-Red', 0, 0, '2017-10-21 08:22:09', '2017-10-21 08:22:09'),
(589, 9, 'simple', 'MS10-L-Black', 0, 0, '2017-10-21 08:22:09', '2017-10-21 08:22:09'),
(590, 9, 'simple', 'MS10-L-Blue', 0, 0, '2017-10-21 08:22:09', '2017-10-21 08:22:09'),
(591, 9, 'simple', 'MS10-L-Red', 0, 0, '2017-10-21 08:22:09', '2017-10-21 08:22:09'),
(592, 9, 'simple', 'MS10-XL-Black', 0, 0, '2017-10-21 08:22:09', '2017-10-21 08:22:09'),
(593, 9, 'simple', 'MS10-XL-Blue', 0, 0, '2017-10-21 08:22:09', '2017-10-21 08:22:09'),
(594, 9, 'simple', 'MS10-XL-Red', 0, 0, '2017-10-21 08:22:09', '2017-10-21 08:22:09'),
(595, 9, 'configurable', 'MS10', 1, 0, '2017-10-21 08:22:09', '2017-10-21 08:22:09'),
(596, 9, 'simple', 'MS07-XS-Black', 0, 0, '2017-10-21 08:22:09', '2017-10-21 08:22:09'),
(597, 9, 'simple', 'MS07-XS-Green', 0, 0, '2017-10-21 08:22:09', '2017-10-21 08:22:09'),
(598, 9, 'simple', 'MS07-XS-White', 0, 0, '2017-10-21 08:22:09', '2017-10-21 08:22:09'),
(599, 9, 'simple', 'MS07-S-Black', 0, 0, '2017-10-21 08:22:09', '2017-10-21 08:22:09'),
(600, 9, 'simple', 'MS07-S-Green', 0, 0, '2017-10-21 08:22:09', '2017-10-21 08:22:09'),
(601, 9, 'simple', 'MS07-S-White', 0, 0, '2017-10-21 08:22:09', '2017-10-21 08:22:09'),
(602, 9, 'simple', 'MS07-M-Black', 0, 0, '2017-10-21 08:22:09', '2017-10-21 08:22:09'),
(603, 9, 'simple', 'MS07-M-Green', 0, 0, '2017-10-21 08:22:09', '2017-10-21 08:22:09'),
(604, 9, 'simple', 'MS07-M-White', 0, 0, '2017-10-21 08:22:09', '2017-10-21 08:22:09'),
(605, 9, 'simple', 'MS07-L-Black', 0, 0, '2017-10-21 08:22:09', '2017-10-21 08:22:09'),
(606, 9, 'simple', 'MS07-L-Green', 0, 0, '2017-10-21 08:22:09', '2017-10-21 08:22:09'),
(607, 9, 'simple', 'MS07-L-White', 0, 0, '2017-10-21 08:22:09', '2017-10-21 08:22:09'),
(608, 9, 'simple', 'MS07-XL-Black', 0, 0, '2017-10-21 08:22:09', '2017-10-21 08:22:09'),
(609, 9, 'simple', 'MS07-XL-Green', 0, 0, '2017-10-21 08:22:09', '2017-10-21 08:22:09'),
(610, 9, 'simple', 'MS07-XL-White', 0, 0, '2017-10-21 08:22:09', '2017-10-21 08:22:09'),
(611, 9, 'configurable', 'MS07', 1, 0, '2017-10-21 08:22:09', '2017-10-21 08:22:09'),
(612, 9, 'simple', 'MS08-XS-Black', 0, 0, '2017-10-21 08:22:09', '2017-10-21 08:22:09'),
(613, 9, 'simple', 'MS08-XS-Blue', 0, 0, '2017-10-21 08:22:09', '2017-10-21 08:22:09'),
(614, 9, 'simple', 'MS08-XS-Red', 0, 0, '2017-10-21 08:22:09', '2017-10-21 08:22:09'),
(615, 9, 'simple', 'MS08-S-Black', 0, 0, '2017-10-21 08:22:09', '2017-10-21 08:22:09'),
(616, 9, 'simple', 'MS08-S-Blue', 0, 0, '2017-10-21 08:22:09', '2017-10-21 08:22:09'),
(617, 9, 'simple', 'MS08-S-Red', 0, 0, '2017-10-21 08:22:09', '2017-10-21 08:22:09'),
(618, 9, 'simple', 'MS08-M-Black', 0, 0, '2017-10-21 08:22:09', '2017-10-21 08:22:09'),
(619, 9, 'simple', 'MS08-M-Blue', 0, 0, '2017-10-21 08:22:09', '2017-10-21 08:22:09'),
(620, 9, 'simple', 'MS08-M-Red', 0, 0, '2017-10-21 08:22:09', '2017-10-21 08:22:09'),
(621, 9, 'simple', 'MS08-L-Black', 0, 0, '2017-10-21 08:22:09', '2017-10-21 08:22:09'),
(622, 9, 'simple', 'MS08-L-Blue', 0, 0, '2017-10-21 08:22:09', '2017-10-21 08:22:09'),
(623, 9, 'simple', 'MS08-L-Red', 0, 0, '2017-10-21 08:22:09', '2017-10-21 08:22:09'),
(624, 9, 'simple', 'MS08-XL-Black', 0, 0, '2017-10-21 08:22:09', '2017-10-21 08:22:09'),
(625, 9, 'simple', 'MS08-XL-Blue', 0, 0, '2017-10-21 08:22:09', '2017-10-21 08:22:09'),
(626, 9, 'simple', 'MS08-XL-Red', 0, 0, '2017-10-21 08:22:10', '2017-10-21 08:22:10'),
(627, 9, 'configurable', 'MS08', 1, 0, '2017-10-21 08:22:10', '2017-10-21 08:22:10'),
(628, 9, 'simple', 'MT01-XS-Gray', 0, 0, '2017-10-21 08:22:10', '2017-10-21 08:22:10'),
(629, 9, 'simple', 'MT01-XS-Orange', 0, 0, '2017-10-21 08:22:10', '2017-10-21 08:22:10'),
(630, 9, 'simple', 'MT01-XS-Red', 0, 0, '2017-10-21 08:22:10', '2017-10-21 08:22:10'),
(631, 9, 'simple', 'MT01-S-Gray', 0, 0, '2017-10-21 08:22:10', '2017-10-21 08:22:10'),
(632, 9, 'simple', 'MT01-S-Orange', 0, 0, '2017-10-21 08:22:10', '2017-10-21 08:22:10'),
(633, 9, 'simple', 'MT01-S-Red', 0, 0, '2017-10-21 08:22:10', '2017-10-21 08:22:10'),
(634, 9, 'simple', 'MT01-M-Gray', 0, 0, '2017-10-21 08:22:10', '2017-10-21 08:22:10'),
(635, 9, 'simple', 'MT01-M-Orange', 0, 0, '2017-10-21 08:22:10', '2017-10-21 08:22:10'),
(636, 9, 'simple', 'MT01-M-Red', 0, 0, '2017-10-21 08:22:10', '2017-10-21 08:22:10'),
(637, 9, 'simple', 'MT01-L-Gray', 0, 0, '2017-10-21 08:22:10', '2017-10-21 08:22:10'),
(638, 9, 'simple', 'MT01-L-Orange', 0, 0, '2017-10-21 08:22:10', '2017-10-21 08:22:10'),
(639, 9, 'simple', 'MT01-L-Red', 0, 0, '2017-10-21 08:22:10', '2017-10-21 08:22:10'),
(640, 9, 'simple', 'MT01-XL-Gray', 0, 0, '2017-10-21 08:22:10', '2017-10-21 08:22:10'),
(641, 9, 'simple', 'MT01-XL-Orange', 0, 0, '2017-10-21 08:22:10', '2017-10-21 08:22:10'),
(642, 9, 'simple', 'MT01-XL-Red', 0, 0, '2017-10-21 08:22:10', '2017-10-21 08:22:10'),
(643, 9, 'configurable', 'MT01', 1, 0, '2017-10-21 08:22:10', '2017-10-21 08:22:10'),
(644, 9, 'simple', 'MT02-XS-Gray', 0, 0, '2017-10-21 08:22:10', '2017-10-21 08:22:10'),
(645, 9, 'simple', 'MT02-XS-Red', 0, 0, '2017-10-21 08:22:10', '2017-10-21 08:22:10'),
(646, 9, 'simple', 'MT02-XS-White', 0, 0, '2017-10-21 08:22:10', '2017-10-21 08:22:10'),
(647, 9, 'simple', 'MT02-S-Gray', 0, 0, '2017-10-21 08:22:10', '2017-10-21 08:22:10'),
(648, 9, 'simple', 'MT02-S-Red', 0, 0, '2017-10-21 08:22:10', '2017-10-21 08:22:10'),
(649, 9, 'simple', 'MT02-S-White', 0, 0, '2017-10-21 08:22:10', '2017-10-21 08:22:10'),
(650, 9, 'simple', 'MT02-M-Gray', 0, 0, '2017-10-21 08:22:10', '2017-10-21 08:22:10'),
(651, 9, 'simple', 'MT02-M-Red', 0, 0, '2017-10-21 08:22:10', '2017-10-21 08:22:10'),
(652, 9, 'simple', 'MT02-M-White', 0, 0, '2017-10-21 08:22:13', '2017-10-21 08:22:13'),
(653, 9, 'simple', 'MT02-L-Gray', 0, 0, '2017-10-21 08:22:13', '2017-10-21 08:22:13'),
(654, 9, 'simple', 'MT02-L-Red', 0, 0, '2017-10-21 08:22:13', '2017-10-21 08:22:13'),
(655, 9, 'simple', 'MT02-L-White', 0, 0, '2017-10-21 08:22:13', '2017-10-21 08:22:13'),
(656, 9, 'simple', 'MT02-XL-Gray', 0, 0, '2017-10-21 08:22:13', '2017-10-21 08:22:13'),
(657, 9, 'simple', 'MT02-XL-Red', 0, 0, '2017-10-21 08:22:13', '2017-10-21 08:22:13'),
(658, 9, 'simple', 'MT02-XL-White', 0, 0, '2017-10-21 08:22:13', '2017-10-21 08:22:13'),
(659, 9, 'configurable', 'MT02', 1, 0, '2017-10-21 08:22:13', '2017-10-21 08:22:13'),
(660, 9, 'simple', 'MT03-XS-Blue', 0, 0, '2017-10-21 08:22:13', '2017-10-21 08:22:13'),
(661, 9, 'simple', 'MT03-XS-Red', 0, 0, '2017-10-21 08:22:13', '2017-10-21 08:22:13'),
(662, 9, 'simple', 'MT03-XS-Yellow', 0, 0, '2017-10-21 08:22:13', '2017-10-21 08:22:13'),
(663, 9, 'simple', 'MT03-S-Blue', 0, 0, '2017-10-21 08:22:13', '2017-10-21 08:22:13'),
(664, 9, 'simple', 'MT03-S-Red', 0, 0, '2017-10-21 08:22:13', '2017-10-21 08:22:13'),
(665, 9, 'simple', 'MT03-S-Yellow', 0, 0, '2017-10-21 08:22:13', '2017-10-21 08:22:13'),
(666, 9, 'simple', 'MT03-M-Blue', 0, 0, '2017-10-21 08:22:13', '2017-10-21 08:22:13'),
(667, 9, 'simple', 'MT03-M-Red', 0, 0, '2017-10-21 08:22:13', '2017-10-21 08:22:13'),
(668, 9, 'simple', 'MT03-M-Yellow', 0, 0, '2017-10-21 08:22:13', '2017-10-21 08:22:13'),
(669, 9, 'simple', 'MT03-L-Blue', 0, 0, '2017-10-21 08:22:13', '2017-10-21 08:22:13'),
(670, 9, 'simple', 'MT03-L-Red', 0, 0, '2017-10-21 08:22:13', '2017-10-21 08:22:13'),
(671, 9, 'simple', 'MT03-L-Yellow', 0, 0, '2017-10-21 08:22:13', '2017-10-21 08:22:13'),
(672, 9, 'simple', 'MT03-XL-Blue', 0, 0, '2017-10-21 08:22:13', '2017-10-21 08:22:13'),
(673, 9, 'simple', 'MT03-XL-Red', 0, 0, '2017-10-21 08:22:13', '2017-10-21 08:22:13'),
(674, 9, 'simple', 'MT03-XL-Yellow', 0, 0, '2017-10-21 08:22:13', '2017-10-21 08:22:13'),
(675, 9, 'configurable', 'MT03', 1, 0, '2017-10-21 08:22:13', '2017-10-21 08:22:13'),
(676, 9, 'simple', 'MT04-XS-Blue', 0, 0, '2017-10-21 08:22:13', '2017-10-21 08:22:13'),
(677, 9, 'simple', 'MT04-S-Blue', 0, 0, '2017-10-21 08:22:13', '2017-10-21 08:22:13'),
(678, 9, 'simple', 'MT04-M-Blue', 0, 0, '2017-10-21 08:22:13', '2017-10-21 08:22:13'),
(679, 9, 'simple', 'MT04-L-Blue', 0, 0, '2017-10-21 08:22:13', '2017-10-21 08:22:13'),
(680, 9, 'simple', 'MT04-XL-Blue', 0, 0, '2017-10-21 08:22:13', '2017-10-21 08:22:13'),
(681, 9, 'configurable', 'MT04', 1, 0, '2017-10-21 08:22:13', '2017-10-21 08:22:13'),
(682, 9, 'simple', 'MT05-XS-Blue', 0, 0, '2017-10-21 08:22:13', '2017-10-21 08:22:13'),
(683, 9, 'simple', 'MT05-S-Blue', 0, 0, '2017-10-21 08:22:13', '2017-10-21 08:22:13'),
(684, 9, 'simple', 'MT05-M-Blue', 0, 0, '2017-10-21 08:22:13', '2017-10-21 08:22:13'),
(685, 9, 'simple', 'MT05-L-Blue', 0, 0, '2017-10-21 08:22:13', '2017-10-21 08:22:13'),
(686, 9, 'simple', 'MT05-XL-Blue', 0, 0, '2017-10-21 08:22:13', '2017-10-21 08:22:13'),
(687, 9, 'configurable', 'MT05', 1, 0, '2017-10-21 08:22:13', '2017-10-21 08:22:13'),
(688, 9, 'simple', 'MT06-XS-Black', 0, 0, '2017-10-21 08:22:13', '2017-10-21 08:22:13'),
(689, 9, 'simple', 'MT06-S-Black', 0, 0, '2017-10-21 08:22:14', '2017-10-21 08:22:14'),
(690, 9, 'simple', 'MT06-M-Black', 0, 0, '2017-10-21 08:22:14', '2017-10-21 08:22:14'),
(691, 9, 'simple', 'MT06-L-Black', 0, 0, '2017-10-21 08:22:14', '2017-10-21 08:22:14'),
(692, 9, 'simple', 'MT06-XL-Black', 0, 0, '2017-10-21 08:22:14', '2017-10-21 08:22:14'),
(693, 9, 'configurable', 'MT06', 1, 0, '2017-10-21 08:22:14', '2017-10-21 08:22:14'),
(694, 9, 'simple', 'MT07-XS-Gray', 0, 0, '2017-10-21 08:22:14', '2017-10-21 08:22:14'),
(695, 9, 'simple', 'MT07-S-Gray', 0, 0, '2017-10-21 08:22:14', '2017-10-21 08:22:14'),
(696, 9, 'simple', 'MT07-M-Gray', 0, 0, '2017-10-21 08:22:14', '2017-10-21 08:22:14'),
(697, 9, 'simple', 'MT07-L-Gray', 0, 0, '2017-10-21 08:22:14', '2017-10-21 08:22:14'),
(698, 9, 'simple', 'MT07-XL-Gray', 0, 0, '2017-10-21 08:22:14', '2017-10-21 08:22:14'),
(699, 9, 'configurable', 'MT07', 1, 0, '2017-10-21 08:22:14', '2017-10-21 08:22:14'),
(700, 9, 'simple', 'MT08-XS-Green', 0, 0, '2017-10-21 08:22:14', '2017-10-21 08:22:14'),
(701, 9, 'simple', 'MT08-S-Green', 0, 0, '2017-10-21 08:22:14', '2017-10-21 08:22:14'),
(702, 9, 'simple', 'MT08-M-Green', 0, 0, '2017-10-21 08:22:14', '2017-10-21 08:22:14'),
(703, 9, 'simple', 'MT08-L-Green', 0, 0, '2017-10-21 08:22:14', '2017-10-21 08:22:14'),
(704, 9, 'simple', 'MT08-XL-Green', 0, 0, '2017-10-21 08:22:14', '2017-10-21 08:22:14'),
(705, 9, 'configurable', 'MT08', 1, 0, '2017-10-21 08:22:14', '2017-10-21 08:22:14'),
(706, 9, 'simple', 'MT09-XS-Blue', 0, 0, '2017-10-21 08:22:14', '2017-10-21 08:22:14'),
(707, 9, 'simple', 'MT09-S-Blue', 0, 0, '2017-10-21 08:22:14', '2017-10-21 08:22:14'),
(708, 9, 'simple', 'MT09-M-Blue', 0, 0, '2017-10-21 08:22:14', '2017-10-21 08:22:14'),
(709, 9, 'simple', 'MT09-L-Blue', 0, 0, '2017-10-21 08:22:14', '2017-10-21 08:22:14'),
(710, 9, 'simple', 'MT09-XL-Blue', 0, 0, '2017-10-21 08:22:14', '2017-10-21 08:22:14'),
(711, 9, 'configurable', 'MT09', 1, 0, '2017-10-21 08:22:14', '2017-10-21 08:22:14'),
(712, 9, 'simple', 'MT10-XS-Yellow', 0, 0, '2017-10-21 08:22:14', '2017-10-21 08:22:14'),
(713, 9, 'simple', 'MT10-S-Yellow', 0, 0, '2017-10-21 08:22:14', '2017-10-21 08:22:14'),
(714, 9, 'simple', 'MT10-M-Yellow', 0, 0, '2017-10-21 08:22:14', '2017-10-21 08:22:14'),
(715, 9, 'simple', 'MT10-L-Yellow', 0, 0, '2017-10-21 08:22:14', '2017-10-21 08:22:14'),
(716, 9, 'simple', 'MT10-XL-Yellow', 0, 0, '2017-10-21 08:22:14', '2017-10-21 08:22:14'),
(717, 9, 'configurable', 'MT10', 1, 0, '2017-10-21 08:22:14', '2017-10-21 08:22:14'),
(718, 9, 'simple', 'MT11-XS-Blue', 0, 0, '2017-10-21 08:22:14', '2017-10-21 08:22:14'),
(719, 9, 'simple', 'MT11-S-Blue', 0, 0, '2017-10-21 08:22:14', '2017-10-21 08:22:14'),
(720, 9, 'simple', 'MT11-M-Blue', 0, 0, '2017-10-21 08:22:14', '2017-10-21 08:22:14'),
(721, 9, 'simple', 'MT11-L-Blue', 0, 0, '2017-10-21 08:22:14', '2017-10-21 08:22:14'),
(722, 9, 'simple', 'MT11-XL-Blue', 0, 0, '2017-10-21 08:22:14', '2017-10-21 08:22:14'),
(723, 9, 'configurable', 'MT11', 1, 0, '2017-10-21 08:22:14', '2017-10-21 08:22:14'),
(724, 9, 'simple', 'MT12-XS-Blue', 0, 0, '2017-10-21 08:22:14', '2017-10-21 08:22:14'),
(725, 9, 'simple', 'MT12-S-Blue', 0, 0, '2017-10-21 08:22:14', '2017-10-21 08:22:14'),
(726, 9, 'simple', 'MT12-M-Blue', 0, 0, '2017-10-21 08:22:14', '2017-10-21 08:22:14'),
(727, 9, 'simple', 'MT12-L-Blue', 0, 0, '2017-10-21 08:22:14', '2017-10-21 08:22:14'),
(728, 9, 'simple', 'MT12-XL-Blue', 0, 0, '2017-10-21 08:22:14', '2017-10-21 08:22:14'),
(729, 9, 'configurable', 'MT12', 1, 0, '2017-10-21 08:22:14', '2017-10-21 08:22:14'),
(730, 10, 'simple', 'MP01-32-Black', 0, 0, '2017-10-21 08:22:14', '2017-10-21 08:22:14'),
(731, 10, 'simple', 'MP01-32-Gray', 0, 0, '2017-10-21 08:22:14', '2017-10-21 08:22:14'),
(732, 10, 'simple', 'MP01-32-Purple', 0, 0, '2017-10-21 08:22:14', '2017-10-21 08:22:14'),
(733, 10, 'simple', 'MP01-33-Black', 0, 0, '2017-10-21 08:22:14', '2017-10-21 08:22:14'),
(734, 10, 'simple', 'MP01-33-Gray', 0, 0, '2017-10-21 08:22:14', '2017-10-21 08:22:14'),
(735, 10, 'simple', 'MP01-33-Purple', 0, 0, '2017-10-21 08:22:14', '2017-10-21 08:22:14'),
(736, 10, 'simple', 'MP01-34-Black', 0, 0, '2017-10-21 08:22:14', '2017-10-21 08:22:14'),
(737, 10, 'simple', 'MP01-34-Gray', 0, 0, '2017-10-21 08:22:14', '2017-10-21 08:22:14'),
(738, 10, 'simple', 'MP01-34-Purple', 0, 0, '2017-10-21 08:22:14', '2017-10-21 08:22:14'),
(739, 10, 'simple', 'MP01-36-Black', 0, 0, '2017-10-21 08:22:14', '2017-10-21 08:22:14'),
(740, 10, 'simple', 'MP01-36-Gray', 0, 0, '2017-10-21 08:22:14', '2017-10-21 08:22:14'),
(741, 10, 'simple', 'MP01-36-Purple', 0, 0, '2017-10-21 08:22:14', '2017-10-21 08:22:14'),
(742, 10, 'configurable', 'MP01', 1, 0, '2017-10-21 08:22:14', '2017-10-21 08:22:14'),
(743, 10, 'simple', 'MP02-32-Blue', 0, 0, '2017-10-21 08:22:14', '2017-10-21 08:22:14'),
(744, 10, 'simple', 'MP02-32-Gray', 0, 0, '2017-10-21 08:22:14', '2017-10-21 08:22:14'),
(745, 10, 'simple', 'MP02-32-Red', 0, 0, '2017-10-21 08:22:14', '2017-10-21 08:22:14'),
(746, 10, 'simple', 'MP02-33-Blue', 0, 0, '2017-10-21 08:22:14', '2017-10-21 08:22:14'),
(747, 10, 'simple', 'MP02-33-Gray', 0, 0, '2017-10-21 08:22:14', '2017-10-21 08:22:14'),
(748, 10, 'simple', 'MP02-33-Red', 0, 0, '2017-10-21 08:22:14', '2017-10-21 08:22:14'),
(749, 10, 'simple', 'MP02-34-Blue', 0, 0, '2017-10-21 08:22:14', '2017-10-21 08:22:14'),
(750, 10, 'simple', 'MP02-34-Gray', 0, 0, '2017-10-21 08:22:14', '2017-10-21 08:22:14'),
(751, 10, 'simple', 'MP02-34-Red', 0, 0, '2017-10-21 08:22:14', '2017-10-21 08:22:14'),
(752, 10, 'simple', 'MP02-36-Blue', 0, 0, '2017-10-21 08:22:17', '2017-10-21 08:22:17'),
(753, 10, 'simple', 'MP02-36-Gray', 0, 0, '2017-10-21 08:22:17', '2017-10-21 08:22:17'),
(754, 10, 'simple', 'MP02-36-Red', 0, 0, '2017-10-21 08:22:17', '2017-10-21 08:22:17'),
(755, 10, 'configurable', 'MP02', 1, 0, '2017-10-21 08:22:17', '2017-10-21 08:22:17'),
(756, 10, 'simple', 'MP03-32-Blue', 0, 0, '2017-10-21 08:22:17', '2017-10-21 08:22:17'),
(757, 10, 'simple', 'MP03-32-Green', 0, 0, '2017-10-21 08:22:17', '2017-10-21 08:22:17'),
(758, 10, 'simple', 'MP03-32-Red', 0, 0, '2017-10-21 08:22:17', '2017-10-21 08:22:17'),
(759, 10, 'simple', 'MP03-33-Blue', 0, 0, '2017-10-21 08:22:17', '2017-10-21 08:22:17'),
(760, 10, 'simple', 'MP03-33-Green', 0, 0, '2017-10-21 08:22:17', '2017-10-21 08:22:17'),
(761, 10, 'simple', 'MP03-33-Red', 0, 0, '2017-10-21 08:22:17', '2017-10-21 08:22:17'),
(762, 10, 'simple', 'MP03-34-Blue', 0, 0, '2017-10-21 08:22:17', '2017-10-21 08:22:17'),
(763, 10, 'simple', 'MP03-34-Green', 0, 0, '2017-10-21 08:22:17', '2017-10-21 08:22:17'),
(764, 10, 'simple', 'MP03-34-Red', 0, 0, '2017-10-21 08:22:17', '2017-10-21 08:22:17'),
(765, 10, 'simple', 'MP03-36-Blue', 0, 0, '2017-10-21 08:22:17', '2017-10-21 08:22:17'),
(766, 10, 'simple', 'MP03-36-Green', 0, 0, '2017-10-21 08:22:17', '2017-10-21 08:22:17'),
(767, 10, 'simple', 'MP03-36-Red', 0, 0, '2017-10-21 08:22:17', '2017-10-21 08:22:17'),
(768, 10, 'configurable', 'MP03', 1, 0, '2017-10-21 08:22:17', '2017-10-21 08:22:17'),
(769, 10, 'simple', 'MP04-32-Black', 0, 0, '2017-10-21 08:22:17', '2017-10-21 08:22:17'),
(770, 10, 'simple', 'MP04-32-Gray', 0, 0, '2017-10-21 08:22:17', '2017-10-21 08:22:17'),
(771, 10, 'simple', 'MP04-32-Green', 0, 0, '2017-10-21 08:22:17', '2017-10-21 08:22:17'),
(772, 10, 'simple', 'MP04-33-Black', 0, 0, '2017-10-21 08:22:17', '2017-10-21 08:22:17'),
(773, 10, 'simple', 'MP04-33-Gray', 0, 0, '2017-10-21 08:22:17', '2017-10-21 08:22:17'),
(774, 10, 'simple', 'MP04-33-Green', 0, 0, '2017-10-21 08:22:17', '2017-10-21 08:22:17'),
(775, 10, 'simple', 'MP04-34-Black', 0, 0, '2017-10-21 08:22:17', '2017-10-21 08:22:17'),
(776, 10, 'simple', 'MP04-34-Gray', 0, 0, '2017-10-21 08:22:17', '2017-10-21 08:22:17'),
(777, 10, 'simple', 'MP04-34-Green', 0, 0, '2017-10-21 08:22:17', '2017-10-21 08:22:17'),
(778, 10, 'simple', 'MP04-36-Black', 0, 0, '2017-10-21 08:22:17', '2017-10-21 08:22:17'),
(779, 10, 'simple', 'MP04-36-Gray', 0, 0, '2017-10-21 08:22:17', '2017-10-21 08:22:17'),
(780, 10, 'simple', 'MP04-36-Green', 0, 0, '2017-10-21 08:22:17', '2017-10-21 08:22:17'),
(781, 10, 'configurable', 'MP04', 1, 0, '2017-10-21 08:22:17', '2017-10-21 08:22:17'),
(782, 10, 'simple', 'MP05-32-Black', 0, 0, '2017-10-21 08:22:17', '2017-10-21 08:22:17'),
(783, 10, 'simple', 'MP05-32-Blue', 0, 0, '2017-10-21 08:22:17', '2017-10-21 08:22:17'),
(784, 10, 'simple', 'MP05-32-Green', 0, 0, '2017-10-21 08:22:17', '2017-10-21 08:22:17'),
(785, 10, 'simple', 'MP05-33-Black', 0, 0, '2017-10-21 08:22:17', '2017-10-21 08:22:17'),
(786, 10, 'simple', 'MP05-33-Blue', 0, 0, '2017-10-21 08:22:17', '2017-10-21 08:22:17'),
(787, 10, 'simple', 'MP05-33-Green', 0, 0, '2017-10-21 08:22:17', '2017-10-21 08:22:17'),
(788, 10, 'simple', 'MP05-34-Black', 0, 0, '2017-10-21 08:22:17', '2017-10-21 08:22:17'),
(789, 10, 'simple', 'MP05-34-Blue', 0, 0, '2017-10-21 08:22:17', '2017-10-21 08:22:17'),
(790, 10, 'simple', 'MP05-34-Green', 0, 0, '2017-10-21 08:22:17', '2017-10-21 08:22:17'),
(791, 10, 'simple', 'MP05-36-Black', 0, 0, '2017-10-21 08:22:17', '2017-10-21 08:22:17'),
(792, 10, 'simple', 'MP05-36-Blue', 0, 0, '2017-10-21 08:22:17', '2017-10-21 08:22:17'),
(793, 10, 'simple', 'MP05-36-Green', 0, 0, '2017-10-21 08:22:17', '2017-10-21 08:22:17'),
(794, 10, 'configurable', 'MP05', 1, 0, '2017-10-21 08:22:17', '2017-10-21 08:22:17'),
(795, 10, 'simple', 'MP06-32-Gray', 0, 0, '2017-10-21 08:22:17', '2017-10-21 08:22:17'),
(796, 10, 'simple', 'MP06-32-Green', 0, 0, '2017-10-21 08:22:17', '2017-10-21 08:22:17'),
(797, 10, 'simple', 'MP06-32-Orange', 0, 0, '2017-10-21 08:22:17', '2017-10-21 08:22:17'),
(798, 10, 'simple', 'MP06-33-Gray', 0, 0, '2017-10-21 08:22:17', '2017-10-21 08:22:17'),
(799, 10, 'simple', 'MP06-33-Green', 0, 0, '2017-10-21 08:22:17', '2017-10-21 08:22:17'),
(800, 10, 'simple', 'MP06-33-Orange', 0, 0, '2017-10-21 08:22:17', '2017-10-21 08:22:17'),
(801, 10, 'simple', 'MP06-34-Gray', 0, 0, '2017-10-21 08:22:17', '2017-10-21 08:22:17'),
(802, 10, 'simple', 'MP06-34-Green', 0, 0, '2017-10-21 08:22:17', '2017-10-21 08:22:17'),
(803, 10, 'simple', 'MP06-34-Orange', 0, 0, '2017-10-21 08:22:17', '2017-10-21 08:22:17'),
(804, 10, 'simple', 'MP06-36-Gray', 0, 0, '2017-10-21 08:22:17', '2017-10-21 08:22:17'),
(805, 10, 'simple', 'MP06-36-Green', 0, 0, '2017-10-21 08:22:17', '2017-10-21 08:22:17'),
(806, 10, 'simple', 'MP06-36-Orange', 0, 0, '2017-10-21 08:22:17', '2017-10-21 08:22:17'),
(807, 10, 'configurable', 'MP06', 1, 0, '2017-10-21 08:22:17', '2017-10-21 08:22:17'),
(808, 10, 'simple', 'MP07-32-Black', 0, 0, '2017-10-21 08:22:17', '2017-10-21 08:22:17'),
(809, 10, 'simple', 'MP07-32-Blue', 0, 0, '2017-10-21 08:22:17', '2017-10-21 08:22:17'),
(810, 10, 'simple', 'MP07-32-Purple', 0, 0, '2017-10-21 08:22:17', '2017-10-21 08:22:17'),
(811, 10, 'simple', 'MP07-33-Black', 0, 0, '2017-10-21 08:22:17', '2017-10-21 08:22:17'),
(812, 10, 'simple', 'MP07-33-Blue', 0, 0, '2017-10-21 08:22:17', '2017-10-21 08:22:17'),
(813, 10, 'simple', 'MP07-33-Purple', 0, 0, '2017-10-21 08:22:17', '2017-10-21 08:22:17'),
(814, 10, 'simple', 'MP07-34-Black', 0, 0, '2017-10-21 08:22:17', '2017-10-21 08:22:17'),
(815, 10, 'simple', 'MP07-34-Blue', 0, 0, '2017-10-21 08:22:17', '2017-10-21 08:22:17'),
(816, 10, 'simple', 'MP07-34-Purple', 0, 0, '2017-10-21 08:22:17', '2017-10-21 08:22:17'),
(817, 10, 'simple', 'MP07-36-Black', 0, 0, '2017-10-21 08:22:17', '2017-10-21 08:22:17'),
(818, 10, 'simple', 'MP07-36-Blue', 0, 0, '2017-10-21 08:22:17', '2017-10-21 08:22:17'),
(819, 10, 'simple', 'MP07-36-Purple', 0, 0, '2017-10-21 08:22:17', '2017-10-21 08:22:17'),
(820, 10, 'configurable', 'MP07', 1, 0, '2017-10-21 08:22:17', '2017-10-21 08:22:17'),
(821, 10, 'simple', 'MP08-32-Blue', 0, 0, '2017-10-21 08:22:17', '2017-10-21 08:22:17'),
(822, 10, 'simple', 'MP08-32-Green', 0, 0, '2017-10-21 08:22:17', '2017-10-21 08:22:17'),
(823, 10, 'simple', 'MP08-32-Red', 0, 0, '2017-10-21 08:22:18', '2017-10-21 08:22:18'),
(824, 10, 'simple', 'MP08-33-Blue', 0, 0, '2017-10-21 08:22:18', '2017-10-21 08:22:18'),
(825, 10, 'simple', 'MP08-33-Green', 0, 0, '2017-10-21 08:22:18', '2017-10-21 08:22:18'),
(826, 10, 'simple', 'MP08-33-Red', 0, 0, '2017-10-21 08:22:18', '2017-10-21 08:22:18'),
(827, 10, 'simple', 'MP08-34-Blue', 0, 0, '2017-10-21 08:22:18', '2017-10-21 08:22:18'),
(828, 10, 'simple', 'MP08-34-Green', 0, 0, '2017-10-21 08:22:18', '2017-10-21 08:22:18'),
(829, 10, 'simple', 'MP08-34-Red', 0, 0, '2017-10-21 08:22:18', '2017-10-21 08:22:18'),
(830, 10, 'simple', 'MP08-36-Blue', 0, 0, '2017-10-21 08:22:18', '2017-10-21 08:22:18'),
(831, 10, 'simple', 'MP08-36-Green', 0, 0, '2017-10-21 08:22:18', '2017-10-21 08:22:18'),
(832, 10, 'simple', 'MP08-36-Red', 0, 0, '2017-10-21 08:22:18', '2017-10-21 08:22:18'),
(833, 10, 'configurable', 'MP08', 1, 0, '2017-10-21 08:22:18', '2017-10-21 08:22:18'),
(834, 10, 'simple', 'MP09-32-Black', 0, 0, '2017-10-21 08:22:18', '2017-10-21 08:22:18'),
(835, 10, 'simple', 'MP09-32-Blue', 0, 0, '2017-10-21 08:22:18', '2017-10-21 08:22:18'),
(836, 10, 'simple', 'MP09-32-Red', 0, 0, '2017-10-21 08:22:18', '2017-10-21 08:22:18'),
(837, 10, 'simple', 'MP09-33-Black', 0, 0, '2017-10-21 08:22:18', '2017-10-21 08:22:18'),
(838, 10, 'simple', 'MP09-33-Blue', 0, 0, '2017-10-21 08:22:18', '2017-10-21 08:22:18'),
(839, 10, 'simple', 'MP09-33-Red', 0, 0, '2017-10-21 08:22:18', '2017-10-21 08:22:18'),
(840, 10, 'simple', 'MP09-34-Black', 0, 0, '2017-10-21 08:22:18', '2017-10-21 08:22:18'),
(841, 10, 'simple', 'MP09-34-Blue', 0, 0, '2017-10-21 08:22:18', '2017-10-21 08:22:18'),
(842, 10, 'simple', 'MP09-34-Red', 0, 0, '2017-10-21 08:22:18', '2017-10-21 08:22:18'),
(843, 10, 'simple', 'MP09-36-Black', 0, 0, '2017-10-21 08:22:18', '2017-10-21 08:22:18'),
(844, 10, 'simple', 'MP09-36-Blue', 0, 0, '2017-10-21 08:22:18', '2017-10-21 08:22:18'),
(845, 10, 'simple', 'MP09-36-Red', 0, 0, '2017-10-21 08:22:18', '2017-10-21 08:22:18'),
(846, 10, 'configurable', 'MP09', 1, 0, '2017-10-21 08:22:18', '2017-10-21 08:22:18'),
(847, 10, 'simple', 'MP10-32-Black', 0, 0, '2017-10-21 08:22:18', '2017-10-21 08:22:18'),
(848, 10, 'simple', 'MP10-32-Blue', 0, 0, '2017-10-21 08:22:18', '2017-10-21 08:22:18'),
(849, 10, 'simple', 'MP10-32-Green', 0, 0, '2017-10-21 08:22:18', '2017-10-21 08:22:18'),
(850, 10, 'simple', 'MP10-33-Black', 0, 0, '2017-10-21 08:22:18', '2017-10-21 08:22:18'),
(851, 10, 'simple', 'MP10-33-Blue', 0, 0, '2017-10-21 08:22:18', '2017-10-21 08:22:18'),
(852, 10, 'simple', 'MP10-33-Green', 0, 0, '2017-10-21 08:22:20', '2017-10-21 08:22:20'),
(853, 10, 'simple', 'MP10-34-Black', 0, 0, '2017-10-21 08:22:20', '2017-10-21 08:22:20'),
(854, 10, 'simple', 'MP10-34-Blue', 0, 0, '2017-10-21 08:22:20', '2017-10-21 08:22:20'),
(855, 10, 'simple', 'MP10-34-Green', 0, 0, '2017-10-21 08:22:20', '2017-10-21 08:22:20'),
(856, 10, 'simple', 'MP10-36-Black', 0, 0, '2017-10-21 08:22:20', '2017-10-21 08:22:20'),
(857, 10, 'simple', 'MP10-36-Blue', 0, 0, '2017-10-21 08:22:20', '2017-10-21 08:22:20'),
(858, 10, 'simple', 'MP10-36-Green', 0, 0, '2017-10-21 08:22:20', '2017-10-21 08:22:20'),
(859, 10, 'configurable', 'MP10', 1, 0, '2017-10-21 08:22:20', '2017-10-21 08:22:20'),
(860, 10, 'simple', 'MP11-32-Blue', 0, 0, '2017-10-21 08:22:20', '2017-10-21 08:22:20'),
(861, 10, 'simple', 'MP11-32-Brown', 0, 0, '2017-10-21 08:22:20', '2017-10-21 08:22:20'),
(862, 10, 'simple', 'MP11-32-Green', 0, 0, '2017-10-21 08:22:20', '2017-10-21 08:22:20'),
(863, 10, 'simple', 'MP11-33-Blue', 0, 0, '2017-10-21 08:22:20', '2017-10-21 08:22:20'),
(864, 10, 'simple', 'MP11-33-Brown', 0, 0, '2017-10-21 08:22:20', '2017-10-21 08:22:20'),
(865, 10, 'simple', 'MP11-33-Green', 0, 0, '2017-10-21 08:22:20', '2017-10-21 08:22:20'),
(866, 10, 'simple', 'MP11-34-Blue', 0, 0, '2017-10-21 08:22:20', '2017-10-21 08:22:20'),
(867, 10, 'simple', 'MP11-34-Brown', 0, 0, '2017-10-21 08:22:20', '2017-10-21 08:22:20'),
(868, 10, 'simple', 'MP11-34-Green', 0, 0, '2017-10-21 08:22:20', '2017-10-21 08:22:20'),
(869, 10, 'simple', 'MP11-36-Blue', 0, 0, '2017-10-21 08:22:20', '2017-10-21 08:22:20'),
(870, 10, 'simple', 'MP11-36-Brown', 0, 0, '2017-10-21 08:22:20', '2017-10-21 08:22:20'),
(871, 10, 'simple', 'MP11-36-Green', 0, 0, '2017-10-21 08:22:20', '2017-10-21 08:22:20'),
(872, 10, 'configurable', 'MP11', 1, 0, '2017-10-21 08:22:20', '2017-10-21 08:22:20'),
(873, 10, 'simple', 'MP12-32-Black', 0, 0, '2017-10-21 08:22:20', '2017-10-21 08:22:20'),
(874, 10, 'simple', 'MP12-32-Blue', 0, 0, '2017-10-21 08:22:20', '2017-10-21 08:22:20'),
(875, 10, 'simple', 'MP12-32-Red', 0, 0, '2017-10-21 08:22:20', '2017-10-21 08:22:20'),
(876, 10, 'simple', 'MP12-33-Black', 0, 0, '2017-10-21 08:22:20', '2017-10-21 08:22:20'),
(877, 10, 'simple', 'MP12-33-Blue', 0, 0, '2017-10-21 08:22:20', '2017-10-21 08:22:20'),
(878, 10, 'simple', 'MP12-33-Red', 0, 0, '2017-10-21 08:22:20', '2017-10-21 08:22:20'),
(879, 10, 'simple', 'MP12-34-Black', 0, 0, '2017-10-21 08:22:20', '2017-10-21 08:22:20'),
(880, 10, 'simple', 'MP12-34-Blue', 0, 0, '2017-10-21 08:22:20', '2017-10-21 08:22:20'),
(881, 10, 'simple', 'MP12-34-Red', 0, 0, '2017-10-21 08:22:20', '2017-10-21 08:22:20'),
(882, 10, 'simple', 'MP12-36-Black', 0, 0, '2017-10-21 08:22:20', '2017-10-21 08:22:20'),
(883, 10, 'simple', 'MP12-36-Blue', 0, 0, '2017-10-21 08:22:20', '2017-10-21 08:22:20'),
(884, 10, 'simple', 'MP12-36-Red', 0, 0, '2017-10-21 08:22:20', '2017-10-21 08:22:20'),
(885, 10, 'configurable', 'MP12', 1, 0, '2017-10-21 08:22:20', '2017-10-21 08:22:20'),
(886, 10, 'simple', 'MSH01-32-Black', 0, 0, '2017-10-21 08:22:20', '2017-10-21 08:22:20'),
(887, 10, 'simple', 'MSH01-32-Blue', 0, 0, '2017-10-21 08:22:20', '2017-10-21 08:22:20'),
(888, 10, 'simple', 'MSH01-32-Red', 0, 0, '2017-10-21 08:22:20', '2017-10-21 08:22:20'),
(889, 10, 'simple', 'MSH01-33-Black', 0, 0, '2017-10-21 08:22:20', '2017-10-21 08:22:20'),
(890, 10, 'simple', 'MSH01-33-Blue', 0, 0, '2017-10-21 08:22:20', '2017-10-21 08:22:20'),
(891, 10, 'simple', 'MSH01-33-Red', 0, 0, '2017-10-21 08:22:20', '2017-10-21 08:22:20'),
(892, 10, 'simple', 'MSH01-34-Black', 0, 0, '2017-10-21 08:22:20', '2017-10-21 08:22:20'),
(893, 10, 'simple', 'MSH01-34-Blue', 0, 0, '2017-10-21 08:22:20', '2017-10-21 08:22:20'),
(894, 10, 'simple', 'MSH01-34-Red', 0, 0, '2017-10-21 08:22:20', '2017-10-21 08:22:20'),
(895, 10, 'simple', 'MSH01-36-Black', 0, 0, '2017-10-21 08:22:20', '2017-10-21 08:22:20'),
(896, 10, 'simple', 'MSH01-36-Blue', 0, 0, '2017-10-21 08:22:20', '2017-10-21 08:22:20'),
(897, 10, 'simple', 'MSH01-36-Red', 0, 0, '2017-10-21 08:22:20', '2017-10-21 08:22:20'),
(898, 10, 'configurable', 'MSH01', 1, 0, '2017-10-21 08:22:20', '2017-10-21 08:22:20'),
(899, 10, 'simple', 'MSH02-32-Black', 0, 0, '2017-10-21 08:22:20', '2017-10-21 08:22:20'),
(900, 10, 'simple', 'MSH02-33-Black', 0, 0, '2017-10-21 08:22:20', '2017-10-21 08:22:20'),
(901, 10, 'simple', 'MSH02-34-Black', 0, 0, '2017-10-21 08:22:20', '2017-10-21 08:22:20'),
(902, 10, 'simple', 'MSH02-36-Black', 0, 0, '2017-10-21 08:22:20', '2017-10-21 08:22:20'),
(903, 10, 'configurable', 'MSH02', 1, 0, '2017-10-21 08:22:20', '2017-10-21 08:22:20'),
(904, 10, 'simple', 'MSH03-32-Black', 0, 0, '2017-10-21 08:22:20', '2017-10-21 08:22:20'),
(905, 10, 'simple', 'MSH03-32-Blue', 0, 0, '2017-10-21 08:22:20', '2017-10-21 08:22:20'),
(906, 10, 'simple', 'MSH03-32-Green', 0, 0, '2017-10-21 08:22:20', '2017-10-21 08:22:20'),
(907, 10, 'simple', 'MSH03-33-Black', 0, 0, '2017-10-21 08:22:20', '2017-10-21 08:22:20'),
(908, 10, 'simple', 'MSH03-33-Blue', 0, 0, '2017-10-21 08:22:20', '2017-10-21 08:22:20'),
(909, 10, 'simple', 'MSH03-33-Green', 0, 0, '2017-10-21 08:22:20', '2017-10-21 08:22:20'),
(910, 10, 'simple', 'MSH03-34-Black', 0, 0, '2017-10-21 08:22:20', '2017-10-21 08:22:20'),
(911, 10, 'simple', 'MSH03-34-Blue', 0, 0, '2017-10-21 08:22:20', '2017-10-21 08:22:20'),
(912, 10, 'simple', 'MSH03-34-Green', 0, 0, '2017-10-21 08:22:20', '2017-10-21 08:22:20'),
(913, 10, 'simple', 'MSH03-36-Black', 0, 0, '2017-10-21 08:22:20', '2017-10-21 08:22:20'),
(914, 10, 'simple', 'MSH03-36-Blue', 0, 0, '2017-10-21 08:22:20', '2017-10-21 08:22:20'),
(915, 10, 'simple', 'MSH03-36-Green', 0, 0, '2017-10-21 08:22:20', '2017-10-21 08:22:20'),
(916, 10, 'configurable', 'MSH03', 1, 0, '2017-10-21 08:22:20', '2017-10-21 08:22:20'),
(917, 10, 'simple', 'MSH04-32-Gray', 0, 0, '2017-10-21 08:22:20', '2017-10-21 08:22:20'),
(918, 10, 'simple', 'MSH04-32-Purple', 0, 0, '2017-10-21 08:22:20', '2017-10-21 08:22:20'),
(919, 10, 'simple', 'MSH04-32-Yellow', 0, 0, '2017-10-21 08:22:20', '2017-10-21 08:22:20'),
(920, 10, 'simple', 'MSH04-33-Gray', 0, 0, '2017-10-21 08:22:20', '2017-10-21 08:22:20'),
(921, 10, 'simple', 'MSH04-33-Purple', 0, 0, '2017-10-21 08:22:20', '2017-10-21 08:22:20'),
(922, 10, 'simple', 'MSH04-33-Yellow', 0, 0, '2017-10-21 08:22:20', '2017-10-21 08:22:20'),
(923, 10, 'simple', 'MSH04-34-Gray', 0, 0, '2017-10-21 08:22:20', '2017-10-21 08:22:20'),
(924, 10, 'simple', 'MSH04-34-Purple', 0, 0, '2017-10-21 08:22:20', '2017-10-21 08:22:20'),
(925, 10, 'simple', 'MSH04-34-Yellow', 0, 0, '2017-10-21 08:22:20', '2017-10-21 08:22:20'),
(926, 10, 'simple', 'MSH04-36-Gray', 0, 0, '2017-10-21 08:22:20', '2017-10-21 08:22:20'),
(927, 10, 'simple', 'MSH04-36-Purple', 0, 0, '2017-10-21 08:22:20', '2017-10-21 08:22:20'),
(928, 10, 'simple', 'MSH04-36-Yellow', 0, 0, '2017-10-21 08:22:20', '2017-10-21 08:22:20'),
(929, 10, 'configurable', 'MSH04', 1, 0, '2017-10-21 08:22:20', '2017-10-21 08:22:20'),
(930, 10, 'simple', 'MSH05-32-Black', 0, 0, '2017-10-21 08:22:20', '2017-10-21 08:22:20'),
(931, 10, 'simple', 'MSH05-32-Blue', 0, 0, '2017-10-21 08:22:20', '2017-10-21 08:22:20'),
(932, 10, 'simple', 'MSH05-32-Gray', 0, 0, '2017-10-21 08:22:20', '2017-10-21 08:22:20'),
(933, 10, 'simple', 'MSH05-33-Black', 0, 0, '2017-10-21 08:22:20', '2017-10-21 08:22:20'),
(934, 10, 'simple', 'MSH05-33-Blue', 0, 0, '2017-10-21 08:22:20', '2017-10-21 08:22:20'),
(935, 10, 'simple', 'MSH05-33-Gray', 0, 0, '2017-10-21 08:22:20', '2017-10-21 08:22:20'),
(936, 10, 'simple', 'MSH05-34-Black', 0, 0, '2017-10-21 08:22:20', '2017-10-21 08:22:20'),
(937, 10, 'simple', 'MSH05-34-Blue', 0, 0, '2017-10-21 08:22:20', '2017-10-21 08:22:20'),
(938, 10, 'simple', 'MSH05-34-Gray', 0, 0, '2017-10-21 08:22:20', '2017-10-21 08:22:20'),
(939, 10, 'simple', 'MSH05-36-Black', 0, 0, '2017-10-21 08:22:20', '2017-10-21 08:22:20'),
(940, 10, 'simple', 'MSH05-36-Blue', 0, 0, '2017-10-21 08:22:20', '2017-10-21 08:22:20'),
(941, 10, 'simple', 'MSH05-36-Gray', 0, 0, '2017-10-21 08:22:20', '2017-10-21 08:22:20'),
(942, 10, 'configurable', 'MSH05', 1, 0, '2017-10-21 08:22:20', '2017-10-21 08:22:20'),
(943, 10, 'simple', 'MSH06-32-Blue', 0, 0, '2017-10-21 08:22:20', '2017-10-21 08:22:20'),
(944, 10, 'simple', 'MSH06-32-Gray', 0, 0, '2017-10-21 08:22:20', '2017-10-21 08:22:20'),
(945, 10, 'simple', 'MSH06-32-Red', 0, 0, '2017-10-21 08:22:20', '2017-10-21 08:22:20'),
(946, 10, 'simple', 'MSH06-33-Blue', 0, 0, '2017-10-21 08:22:20', '2017-10-21 08:22:20'),
(947, 10, 'simple', 'MSH06-33-Gray', 0, 0, '2017-10-21 08:22:20', '2017-10-21 08:22:20'),
(948, 10, 'simple', 'MSH06-33-Red', 0, 0, '2017-10-21 08:22:20', '2017-10-21 08:22:20'),
(949, 10, 'simple', 'MSH06-34-Blue', 0, 0, '2017-10-21 08:22:20', '2017-10-21 08:22:20'),
(950, 10, 'simple', 'MSH06-34-Gray', 0, 0, '2017-10-21 08:22:20', '2017-10-21 08:22:20'),
(951, 10, 'simple', 'MSH06-34-Red', 0, 0, '2017-10-21 08:22:20', '2017-10-21 08:22:20'),
(952, 10, 'simple', 'MSH06-36-Blue', 0, 0, '2017-10-21 08:22:22', '2017-10-21 08:22:22'),
(953, 10, 'simple', 'MSH06-36-Gray', 0, 0, '2017-10-21 08:22:22', '2017-10-21 08:22:22'),
(954, 10, 'simple', 'MSH06-36-Red', 0, 0, '2017-10-21 08:22:22', '2017-10-21 08:22:22'),
(955, 10, 'configurable', 'MSH06', 1, 0, '2017-10-21 08:22:22', '2017-10-21 08:22:22'),
(956, 10, 'simple', 'MSH07-32-Black', 0, 0, '2017-10-21 08:22:22', '2017-10-21 08:22:22'),
(957, 10, 'simple', 'MSH07-32-Blue', 0, 0, '2017-10-21 08:22:22', '2017-10-21 08:22:22'),
(958, 10, 'simple', 'MSH07-32-Purple', 0, 0, '2017-10-21 08:22:22', '2017-10-21 08:22:22'),
(959, 10, 'simple', 'MSH07-33-Black', 0, 0, '2017-10-21 08:22:22', '2017-10-21 08:22:22'),
(960, 10, 'simple', 'MSH07-33-Blue', 0, 0, '2017-10-21 08:22:22', '2017-10-21 08:22:22'),
(961, 10, 'simple', 'MSH07-33-Purple', 0, 0, '2017-10-21 08:22:22', '2017-10-21 08:22:22'),
(962, 10, 'simple', 'MSH07-34-Black', 0, 0, '2017-10-21 08:22:22', '2017-10-21 08:22:22'),
(963, 10, 'simple', 'MSH07-34-Blue', 0, 0, '2017-10-21 08:22:22', '2017-10-21 08:22:22'),
(964, 10, 'simple', 'MSH07-34-Purple', 0, 0, '2017-10-21 08:22:22', '2017-10-21 08:22:22'),
(965, 10, 'simple', 'MSH07-36-Black', 0, 0, '2017-10-21 08:22:22', '2017-10-21 08:22:22'),
(966, 10, 'simple', 'MSH07-36-Blue', 0, 0, '2017-10-21 08:22:22', '2017-10-21 08:22:22'),
(967, 10, 'simple', 'MSH07-36-Purple', 0, 0, '2017-10-21 08:22:22', '2017-10-21 08:22:22'),
(968, 10, 'configurable', 'MSH07', 1, 0, '2017-10-21 08:22:22', '2017-10-21 08:22:22'),
(969, 10, 'simple', 'MSH08-32-Black', 0, 0, '2017-10-21 08:22:22', '2017-10-21 08:22:22'),
(970, 10, 'simple', 'MSH08-32-Blue', 0, 0, '2017-10-21 08:22:22', '2017-10-21 08:22:22'),
(971, 10, 'simple', 'MSH08-32-Green', 0, 0, '2017-10-21 08:22:22', '2017-10-21 08:22:22'),
(972, 10, 'simple', 'MSH08-33-Black', 0, 0, '2017-10-21 08:22:22', '2017-10-21 08:22:22'),
(973, 10, 'simple', 'MSH08-33-Blue', 0, 0, '2017-10-21 08:22:22', '2017-10-21 08:22:22'),
(974, 10, 'simple', 'MSH08-33-Green', 0, 0, '2017-10-21 08:22:22', '2017-10-21 08:22:22'),
(975, 10, 'simple', 'MSH08-34-Black', 0, 0, '2017-10-21 08:22:22', '2017-10-21 08:22:22'),
(976, 10, 'simple', 'MSH08-34-Blue', 0, 0, '2017-10-21 08:22:22', '2017-10-21 08:22:22'),
(977, 10, 'simple', 'MSH08-34-Green', 0, 0, '2017-10-21 08:22:22', '2017-10-21 08:22:22'),
(978, 10, 'simple', 'MSH08-36-Black', 0, 0, '2017-10-21 08:22:22', '2017-10-21 08:22:22'),
(979, 10, 'simple', 'MSH08-36-Blue', 0, 0, '2017-10-21 08:22:22', '2017-10-21 08:22:22'),
(980, 10, 'simple', 'MSH08-36-Green', 0, 0, '2017-10-21 08:22:22', '2017-10-21 08:22:22'),
(981, 10, 'configurable', 'MSH08', 1, 0, '2017-10-21 08:22:22', '2017-10-21 08:22:22'),
(982, 10, 'simple', 'MSH09-32-Black', 0, 0, '2017-10-21 08:22:22', '2017-10-21 08:22:22'),
(983, 10, 'simple', 'MSH09-32-Blue', 0, 0, '2017-10-21 08:22:23', '2017-10-21 08:22:23'),
(984, 10, 'simple', 'MSH09-32-Green', 0, 0, '2017-10-21 08:22:23', '2017-10-21 08:22:23'),
(985, 10, 'simple', 'MSH09-33-Black', 0, 0, '2017-10-21 08:22:23', '2017-10-21 08:22:23'),
(986, 10, 'simple', 'MSH09-33-Blue', 0, 0, '2017-10-21 08:22:23', '2017-10-21 08:22:23'),
(987, 10, 'simple', 'MSH09-33-Green', 0, 0, '2017-10-21 08:22:23', '2017-10-21 08:22:23'),
(988, 10, 'simple', 'MSH09-34-Black', 0, 0, '2017-10-21 08:22:23', '2017-10-21 08:22:23'),
(989, 10, 'simple', 'MSH09-34-Blue', 0, 0, '2017-10-21 08:22:23', '2017-10-21 08:22:23'),
(990, 10, 'simple', 'MSH09-34-Green', 0, 0, '2017-10-21 08:22:23', '2017-10-21 08:22:23'),
(991, 10, 'simple', 'MSH09-36-Black', 0, 0, '2017-10-21 08:22:23', '2017-10-21 08:22:23'),
(992, 10, 'simple', 'MSH09-36-Blue', 0, 0, '2017-10-21 08:22:23', '2017-10-21 08:22:23'),
(993, 10, 'simple', 'MSH09-36-Green', 0, 0, '2017-10-21 08:22:23', '2017-10-21 08:22:23'),
(994, 10, 'configurable', 'MSH09', 1, 0, '2017-10-21 08:22:23', '2017-10-21 08:22:23'),
(995, 10, 'simple', 'MSH10-32-Blue', 0, 0, '2017-10-21 08:22:23', '2017-10-21 08:22:23'),
(996, 10, 'simple', 'MSH10-32-Green', 0, 0, '2017-10-21 08:22:23', '2017-10-21 08:22:23'),
(997, 10, 'simple', 'MSH10-32-Purple', 0, 0, '2017-10-21 08:22:23', '2017-10-21 08:22:23'),
(998, 10, 'simple', 'MSH10-33-Blue', 0, 0, '2017-10-21 08:22:23', '2017-10-21 08:22:23'),
(999, 10, 'simple', 'MSH10-33-Green', 0, 0, '2017-10-21 08:22:23', '2017-10-21 08:22:23'),
(1000, 10, 'simple', 'MSH10-33-Purple', 0, 0, '2017-10-21 08:22:23', '2017-10-21 08:22:23'),
(1001, 10, 'simple', 'MSH10-34-Blue', 0, 0, '2017-10-21 08:22:23', '2017-10-21 08:22:23'),
(1002, 10, 'simple', 'MSH10-34-Green', 0, 0, '2017-10-21 08:22:23', '2017-10-21 08:22:23'),
(1003, 10, 'simple', 'MSH10-34-Purple', 0, 0, '2017-10-21 08:22:23', '2017-10-21 08:22:23'),
(1004, 10, 'simple', 'MSH10-36-Blue', 0, 0, '2017-10-21 08:22:23', '2017-10-21 08:22:23'),
(1005, 10, 'simple', 'MSH10-36-Green', 0, 0, '2017-10-21 08:22:23', '2017-10-21 08:22:23'),
(1006, 10, 'simple', 'MSH10-36-Purple', 0, 0, '2017-10-21 08:22:23', '2017-10-21 08:22:23'),
(1007, 10, 'configurable', 'MSH10', 1, 0, '2017-10-21 08:22:23', '2017-10-21 08:22:23'),
(1008, 10, 'simple', 'MSH11-32-Black', 0, 0, '2017-10-21 08:22:23', '2017-10-21 08:22:23'),
(1009, 10, 'simple', 'MSH11-32-Blue', 0, 0, '2017-10-21 08:22:23', '2017-10-21 08:22:23'),
(1010, 10, 'simple', 'MSH11-32-Red', 0, 0, '2017-10-21 08:22:23', '2017-10-21 08:22:23'),
(1011, 10, 'simple', 'MSH11-33-Black', 0, 0, '2017-10-21 08:22:23', '2017-10-21 08:22:23'),
(1012, 10, 'simple', 'MSH11-33-Blue', 0, 0, '2017-10-21 08:22:23', '2017-10-21 08:22:23'),
(1013, 10, 'simple', 'MSH11-33-Red', 0, 0, '2017-10-21 08:22:23', '2017-10-21 08:22:23'),
(1014, 10, 'simple', 'MSH11-34-Black', 0, 0, '2017-10-21 08:22:23', '2017-10-21 08:22:23'),
(1015, 10, 'simple', 'MSH11-34-Blue', 0, 0, '2017-10-21 08:22:23', '2017-10-21 08:22:23'),
(1016, 10, 'simple', 'MSH11-34-Red', 0, 0, '2017-10-21 08:22:23', '2017-10-21 08:22:23'),
(1017, 10, 'simple', 'MSH11-36-Black', 0, 0, '2017-10-21 08:22:23', '2017-10-21 08:22:23'),
(1018, 10, 'simple', 'MSH11-36-Blue', 0, 0, '2017-10-21 08:22:23', '2017-10-21 08:22:23'),
(1019, 10, 'simple', 'MSH11-36-Red', 0, 0, '2017-10-21 08:22:23', '2017-10-21 08:22:23'),
(1020, 10, 'configurable', 'MSH11', 1, 0, '2017-10-21 08:22:23', '2017-10-21 08:22:23'),
(1021, 10, 'simple', 'MSH12-32-Black', 0, 0, '2017-10-21 08:22:23', '2017-10-21 08:22:23'),
(1022, 10, 'simple', 'MSH12-32-Gray', 0, 0, '2017-10-21 08:22:23', '2017-10-21 08:22:23'),
(1023, 10, 'simple', 'MSH12-32-Red', 0, 0, '2017-10-21 08:22:23', '2017-10-21 08:22:23'),
(1024, 10, 'simple', 'MSH12-33-Black', 0, 0, '2017-10-21 08:22:23', '2017-10-21 08:22:23'),
(1025, 10, 'simple', 'MSH12-33-Gray', 0, 0, '2017-10-21 08:22:23', '2017-10-21 08:22:23'),
(1026, 10, 'simple', 'MSH12-33-Red', 0, 0, '2017-10-21 08:22:23', '2017-10-21 08:22:23'),
(1027, 10, 'simple', 'MSH12-34-Black', 0, 0, '2017-10-21 08:22:23', '2017-10-21 08:22:23'),
(1028, 10, 'simple', 'MSH12-34-Gray', 0, 0, '2017-10-21 08:22:23', '2017-10-21 08:22:23'),
(1029, 10, 'simple', 'MSH12-34-Red', 0, 0, '2017-10-21 08:22:23', '2017-10-21 08:22:23'),
(1030, 10, 'simple', 'MSH12-36-Black', 0, 0, '2017-10-21 08:22:23', '2017-10-21 08:22:23'),
(1031, 10, 'simple', 'MSH12-36-Gray', 0, 0, '2017-10-21 08:22:23', '2017-10-21 08:22:23'),
(1032, 10, 'simple', 'MSH12-36-Red', 0, 0, '2017-10-21 08:22:23', '2017-10-21 08:22:23'),
(1033, 10, 'configurable', 'MSH12', 1, 0, '2017-10-21 08:22:23', '2017-10-21 08:22:23'),
(1034, 9, 'simple', 'WH01-XS-Green', 0, 0, '2017-10-21 08:22:23', '2017-10-21 08:22:23'),
(1035, 9, 'simple', 'WH01-XS-Orange', 0, 0, '2017-10-21 08:22:23', '2017-10-21 08:22:23'),
(1036, 9, 'simple', 'WH01-XS-Purple', 0, 0, '2017-10-21 08:22:23', '2017-10-21 08:22:23'),
(1037, 9, 'simple', 'WH01-S-Green', 0, 0, '2017-10-21 08:22:23', '2017-10-21 08:22:23'),
(1038, 9, 'simple', 'WH01-S-Orange', 0, 0, '2017-10-21 08:22:23', '2017-10-21 08:22:23'),
(1039, 9, 'simple', 'WH01-S-Purple', 0, 0, '2017-10-21 08:22:23', '2017-10-21 08:22:23'),
(1040, 9, 'simple', 'WH01-M-Green', 0, 0, '2017-10-21 08:22:23', '2017-10-21 08:22:23'),
(1041, 9, 'simple', 'WH01-M-Orange', 0, 0, '2017-10-21 08:22:23', '2017-10-21 08:22:23'),
(1042, 9, 'simple', 'WH01-M-Purple', 0, 0, '2017-10-21 08:22:23', '2017-10-21 08:22:23'),
(1043, 9, 'simple', 'WH01-L-Green', 0, 0, '2017-10-21 08:22:23', '2017-10-21 08:22:23'),
(1044, 9, 'simple', 'WH01-L-Orange', 0, 0, '2017-10-21 08:22:23', '2017-10-21 08:22:23'),
(1045, 9, 'simple', 'WH01-L-Purple', 0, 0, '2017-10-21 08:22:23', '2017-10-21 08:22:23'),
(1046, 9, 'simple', 'WH01-XL-Green', 0, 0, '2017-10-21 08:22:23', '2017-10-21 08:22:23'),
(1047, 9, 'simple', 'WH01-XL-Orange', 0, 0, '2017-10-21 08:22:23', '2017-10-21 08:22:23'),
(1048, 9, 'simple', 'WH01-XL-Purple', 0, 0, '2017-10-21 08:22:23', '2017-10-21 08:22:23'),
(1049, 9, 'configurable', 'WH01', 1, 0, '2017-10-21 08:22:23', '2017-10-21 08:22:23'),
(1050, 9, 'simple', 'WH02-XS-Blue', 0, 0, '2017-10-21 08:22:23', '2017-10-21 08:22:23'),
(1051, 9, 'simple', 'WH02-XS-Green', 0, 0, '2017-10-21 08:22:23', '2017-10-21 08:22:23'),
(1052, 9, 'simple', 'WH02-XS-Orange', 0, 0, '2017-10-21 08:22:25', '2017-10-21 08:22:25'),
(1053, 9, 'simple', 'WH02-S-Blue', 0, 0, '2017-10-21 08:22:25', '2017-10-21 08:22:25'),
(1054, 9, 'simple', 'WH02-S-Green', 0, 0, '2017-10-21 08:22:25', '2017-10-21 08:22:25'),
(1055, 9, 'simple', 'WH02-S-Orange', 0, 0, '2017-10-21 08:22:25', '2017-10-21 08:22:25'),
(1056, 9, 'simple', 'WH02-M-Blue', 0, 0, '2017-10-21 08:22:25', '2017-10-21 08:22:25'),
(1057, 9, 'simple', 'WH02-M-Green', 0, 0, '2017-10-21 08:22:25', '2017-10-21 08:22:25'),
(1058, 9, 'simple', 'WH02-M-Orange', 0, 0, '2017-10-21 08:22:25', '2017-10-21 08:22:25'),
(1059, 9, 'simple', 'WH02-L-Blue', 0, 0, '2017-10-21 08:22:25', '2017-10-21 08:22:25'),
(1060, 9, 'simple', 'WH02-L-Green', 0, 0, '2017-10-21 08:22:25', '2017-10-21 08:22:25'),
(1061, 9, 'simple', 'WH02-L-Orange', 0, 0, '2017-10-21 08:22:25', '2017-10-21 08:22:25'),
(1062, 9, 'simple', 'WH02-XL-Blue', 0, 0, '2017-10-21 08:22:25', '2017-10-21 08:22:25'),
(1063, 9, 'simple', 'WH02-XL-Green', 0, 0, '2017-10-21 08:22:25', '2017-10-21 08:22:25'),
(1064, 9, 'simple', 'WH02-XL-Orange', 0, 0, '2017-10-21 08:22:25', '2017-10-21 08:22:25'),
(1065, 9, 'configurable', 'WH02', 1, 0, '2017-10-21 08:22:25', '2017-10-21 08:22:25'),
(1066, 9, 'simple', 'WH03-XS-Green', 0, 0, '2017-10-21 08:22:25', '2017-10-21 08:22:25'),
(1067, 9, 'simple', 'WH03-XS-Purple', 0, 0, '2017-10-21 08:22:25', '2017-10-21 08:22:25'),
(1068, 9, 'simple', 'WH03-XS-Red', 0, 0, '2017-10-21 08:22:25', '2017-10-21 08:22:25'),
(1069, 9, 'simple', 'WH03-S-Green', 0, 0, '2017-10-21 08:22:25', '2017-10-21 08:22:25'),
(1070, 9, 'simple', 'WH03-S-Purple', 0, 0, '2017-10-21 08:22:25', '2017-10-21 08:22:25'),
(1071, 9, 'simple', 'WH03-S-Red', 0, 0, '2017-10-21 08:22:25', '2017-10-21 08:22:25'),
(1072, 9, 'simple', 'WH03-M-Green', 0, 0, '2017-10-21 08:22:25', '2017-10-21 08:22:25'),
(1073, 9, 'simple', 'WH03-M-Purple', 0, 0, '2017-10-21 08:22:25', '2017-10-21 08:22:25'),
(1074, 9, 'simple', 'WH03-M-Red', 0, 0, '2017-10-21 08:22:25', '2017-10-21 08:22:25'),
(1075, 9, 'simple', 'WH03-L-Green', 0, 0, '2017-10-21 08:22:25', '2017-10-21 08:22:25'),
(1076, 9, 'simple', 'WH03-L-Purple', 0, 0, '2017-10-21 08:22:25', '2017-10-21 08:22:25'),
(1077, 9, 'simple', 'WH03-L-Red', 0, 0, '2017-10-21 08:22:25', '2017-10-21 08:22:25'),
(1078, 9, 'simple', 'WH03-XL-Green', 0, 0, '2017-10-21 08:22:25', '2017-10-21 08:22:25'),
(1079, 9, 'simple', 'WH03-XL-Purple', 0, 0, '2017-10-21 08:22:25', '2017-10-21 08:22:25'),
(1080, 9, 'simple', 'WH03-XL-Red', 0, 0, '2017-10-21 08:22:25', '2017-10-21 08:22:25'),
(1081, 9, 'configurable', 'WH03', 1, 0, '2017-10-21 08:22:25', '2017-10-21 08:22:25'),
(1082, 9, 'simple', 'WH04-XS-Blue', 0, 0, '2017-10-21 08:22:25', '2017-10-21 08:22:25'),
(1083, 9, 'simple', 'WH04-XS-Orange', 0, 0, '2017-10-21 08:22:25', '2017-10-21 08:22:25'),
(1084, 9, 'simple', 'WH04-XS-Purple', 0, 0, '2017-10-21 08:22:25', '2017-10-21 08:22:25'),
(1085, 9, 'simple', 'WH04-S-Blue', 0, 0, '2017-10-21 08:22:25', '2017-10-21 08:22:25'),
(1086, 9, 'simple', 'WH04-S-Orange', 0, 0, '2017-10-21 08:22:25', '2017-10-21 08:22:25'),
(1087, 9, 'simple', 'WH04-S-Purple', 0, 0, '2017-10-21 08:22:25', '2017-10-21 08:22:25'),
(1088, 9, 'simple', 'WH04-M-Blue', 0, 0, '2017-10-21 08:22:25', '2017-10-21 08:22:25'),
(1089, 9, 'simple', 'WH04-M-Orange', 0, 0, '2017-10-21 08:22:25', '2017-10-21 08:22:25'),
(1090, 9, 'simple', 'WH04-M-Purple', 0, 0, '2017-10-21 08:22:25', '2017-10-21 08:22:25'),
(1091, 9, 'simple', 'WH04-L-Blue', 0, 0, '2017-10-21 08:22:25', '2017-10-21 08:22:25'),
(1092, 9, 'simple', 'WH04-L-Orange', 0, 0, '2017-10-21 08:22:25', '2017-10-21 08:22:25'),
(1093, 9, 'simple', 'WH04-L-Purple', 0, 0, '2017-10-21 08:22:25', '2017-10-21 08:22:25'),
(1094, 9, 'simple', 'WH04-XL-Blue', 0, 0, '2017-10-21 08:22:25', '2017-10-21 08:22:25'),
(1095, 9, 'simple', 'WH04-XL-Orange', 0, 0, '2017-10-21 08:22:25', '2017-10-21 08:22:25'),
(1096, 9, 'simple', 'WH04-XL-Purple', 0, 0, '2017-10-21 08:22:25', '2017-10-21 08:22:25'),
(1097, 9, 'configurable', 'WH04', 1, 0, '2017-10-21 08:22:25', '2017-10-21 08:22:25'),
(1098, 9, 'simple', 'WH05-XS-Orange', 0, 0, '2017-10-21 08:22:25', '2017-10-21 08:22:25'),
(1099, 9, 'simple', 'WH05-XS-Purple', 0, 0, '2017-10-21 08:22:25', '2017-10-21 08:22:25'),
(1100, 9, 'simple', 'WH05-XS-White', 0, 0, '2017-10-21 08:22:25', '2017-10-21 08:22:25'),
(1101, 9, 'simple', 'WH05-S-Orange', 0, 0, '2017-10-21 08:22:26', '2017-10-21 08:22:26'),
(1102, 9, 'simple', 'WH05-S-Purple', 0, 0, '2017-10-21 08:22:26', '2017-10-21 08:22:26'),
(1103, 9, 'simple', 'WH05-S-White', 0, 0, '2017-10-21 08:22:26', '2017-10-21 08:22:26'),
(1104, 9, 'simple', 'WH05-M-Orange', 0, 0, '2017-10-21 08:22:26', '2017-10-21 08:22:26'),
(1105, 9, 'simple', 'WH05-M-Purple', 0, 0, '2017-10-21 08:22:26', '2017-10-21 08:22:26'),
(1106, 9, 'simple', 'WH05-M-White', 0, 0, '2017-10-21 08:22:26', '2017-10-21 08:22:26'),
(1107, 9, 'simple', 'WH05-L-Orange', 0, 0, '2017-10-21 08:22:26', '2017-10-21 08:22:26'),
(1108, 9, 'simple', 'WH05-L-Purple', 0, 0, '2017-10-21 08:22:26', '2017-10-21 08:22:26'),
(1109, 9, 'simple', 'WH05-L-White', 0, 0, '2017-10-21 08:22:26', '2017-10-21 08:22:26'),
(1110, 9, 'simple', 'WH05-XL-Orange', 0, 0, '2017-10-21 08:22:26', '2017-10-21 08:22:26'),
(1111, 9, 'simple', 'WH05-XL-Purple', 0, 0, '2017-10-21 08:22:26', '2017-10-21 08:22:26'),
(1112, 9, 'simple', 'WH05-XL-White', 0, 0, '2017-10-21 08:22:26', '2017-10-21 08:22:26'),
(1113, 9, 'configurable', 'WH05', 1, 0, '2017-10-21 08:22:26', '2017-10-21 08:22:26'),
(1114, 9, 'simple', 'WH06-XS-Purple', 0, 0, '2017-10-21 08:22:26', '2017-10-21 08:22:26'),
(1115, 9, 'simple', 'WH06-S-Purple', 0, 0, '2017-10-21 08:22:26', '2017-10-21 08:22:26'),
(1116, 9, 'simple', 'WH06-M-Purple', 0, 0, '2017-10-21 08:22:26', '2017-10-21 08:22:26'),
(1117, 9, 'simple', 'WH06-L-Purple', 0, 0, '2017-10-21 08:22:26', '2017-10-21 08:22:26'),
(1118, 9, 'simple', 'WH06-XL-Purple', 0, 0, '2017-10-21 08:22:26', '2017-10-21 08:22:26'),
(1119, 9, 'configurable', 'WH06', 1, 0, '2017-10-21 08:22:26', '2017-10-21 08:22:26'),
(1120, 9, 'simple', 'WH07-XS-Gray', 0, 0, '2017-10-21 08:22:26', '2017-10-21 08:22:26'),
(1121, 9, 'simple', 'WH07-XS-Purple', 0, 0, '2017-10-21 08:22:26', '2017-10-21 08:22:26'),
(1122, 9, 'simple', 'WH07-XS-White', 0, 0, '2017-10-21 08:22:26', '2017-10-21 08:22:26'),
(1123, 9, 'simple', 'WH07-S-Gray', 0, 0, '2017-10-21 08:22:26', '2017-10-21 08:22:26'),
(1124, 9, 'simple', 'WH07-S-Purple', 0, 0, '2017-10-21 08:22:26', '2017-10-21 08:22:26'),
(1125, 9, 'simple', 'WH07-S-White', 0, 0, '2017-10-21 08:22:26', '2017-10-21 08:22:26'),
(1126, 9, 'simple', 'WH07-M-Gray', 0, 0, '2017-10-21 08:22:26', '2017-10-21 08:22:26'),
(1127, 9, 'simple', 'WH07-M-Purple', 0, 0, '2017-10-21 08:22:26', '2017-10-21 08:22:26'),
(1128, 9, 'simple', 'WH07-M-White', 0, 0, '2017-10-21 08:22:26', '2017-10-21 08:22:26'),
(1129, 9, 'simple', 'WH07-L-Gray', 0, 0, '2017-10-21 08:22:26', '2017-10-21 08:22:26'),
(1130, 9, 'simple', 'WH07-L-Purple', 0, 0, '2017-10-21 08:22:26', '2017-10-21 08:22:26'),
(1131, 9, 'simple', 'WH07-L-White', 0, 0, '2017-10-21 08:22:26', '2017-10-21 08:22:26'),
(1132, 9, 'simple', 'WH07-XL-Gray', 0, 0, '2017-10-21 08:22:26', '2017-10-21 08:22:26'),
(1133, 9, 'simple', 'WH07-XL-Purple', 0, 0, '2017-10-21 08:22:26', '2017-10-21 08:22:26'),
(1134, 9, 'simple', 'WH07-XL-White', 0, 0, '2017-10-21 08:22:26', '2017-10-21 08:22:26'),
(1135, 9, 'configurable', 'WH07', 1, 0, '2017-10-21 08:22:26', '2017-10-21 08:22:26'),
(1136, 9, 'simple', 'WH08-XS-Orange', 0, 0, '2017-10-21 08:22:26', '2017-10-21 08:22:26'),
(1137, 9, 'simple', 'WH08-XS-Purple', 0, 0, '2017-10-21 08:22:26', '2017-10-21 08:22:26'),
(1138, 9, 'simple', 'WH08-XS-White', 0, 0, '2017-10-21 08:22:26', '2017-10-21 08:22:26'),
(1139, 9, 'simple', 'WH08-S-Orange', 0, 0, '2017-10-21 08:22:26', '2017-10-21 08:22:26'),
(1140, 9, 'simple', 'WH08-S-Purple', 0, 0, '2017-10-21 08:22:26', '2017-10-21 08:22:26'),
(1141, 9, 'simple', 'WH08-S-White', 0, 0, '2017-10-21 08:22:26', '2017-10-21 08:22:26'),
(1142, 9, 'simple', 'WH08-M-Orange', 0, 0, '2017-10-21 08:22:26', '2017-10-21 08:22:26'),
(1143, 9, 'simple', 'WH08-M-Purple', 0, 0, '2017-10-21 08:22:26', '2017-10-21 08:22:26'),
(1144, 9, 'simple', 'WH08-M-White', 0, 0, '2017-10-21 08:22:26', '2017-10-21 08:22:26'),
(1145, 9, 'simple', 'WH08-L-Orange', 0, 0, '2017-10-21 08:22:26', '2017-10-21 08:22:26'),
(1146, 9, 'simple', 'WH08-L-Purple', 0, 0, '2017-10-21 08:22:26', '2017-10-21 08:22:26'),
(1147, 9, 'simple', 'WH08-L-White', 0, 0, '2017-10-21 08:22:26', '2017-10-21 08:22:26'),
(1148, 9, 'simple', 'WH08-XL-Orange', 0, 0, '2017-10-21 08:22:26', '2017-10-21 08:22:26'),
(1149, 9, 'simple', 'WH08-XL-Purple', 0, 0, '2017-10-21 08:22:26', '2017-10-21 08:22:26'),
(1150, 9, 'simple', 'WH08-XL-White', 0, 0, '2017-10-21 08:22:26', '2017-10-21 08:22:26'),
(1151, 9, 'configurable', 'WH08', 1, 0, '2017-10-21 08:22:26', '2017-10-21 08:22:26'),
(1152, 9, 'simple', 'WH09-XS-Green', 0, 0, '2017-10-21 08:22:28', '2017-10-21 08:22:28'),
(1153, 9, 'simple', 'WH09-XS-Purple', 0, 0, '2017-10-21 08:22:28', '2017-10-21 08:22:28');
INSERT INTO `catalog_product_entity` (`entity_id`, `attribute_set_id`, `type_id`, `sku`, `has_options`, `required_options`, `created_at`, `updated_at`) VALUES
(1154, 9, 'simple', 'WH09-XS-Red', 0, 0, '2017-10-21 08:22:28', '2017-10-21 08:22:28'),
(1155, 9, 'simple', 'WH09-S-Green', 0, 0, '2017-10-21 08:22:28', '2017-10-21 08:22:28'),
(1156, 9, 'simple', 'WH09-S-Purple', 0, 0, '2017-10-21 08:22:28', '2017-10-21 08:22:28'),
(1157, 9, 'simple', 'WH09-S-Red', 0, 0, '2017-10-21 08:22:28', '2017-10-21 08:22:28'),
(1158, 9, 'simple', 'WH09-M-Green', 0, 0, '2017-10-21 08:22:28', '2017-10-21 08:22:28'),
(1159, 9, 'simple', 'WH09-M-Purple', 0, 0, '2017-10-21 08:22:28', '2017-10-21 08:22:28'),
(1160, 9, 'simple', 'WH09-M-Red', 0, 0, '2017-10-21 08:22:28', '2017-10-21 08:22:28'),
(1161, 9, 'simple', 'WH09-L-Green', 0, 0, '2017-10-21 08:22:28', '2017-10-21 08:22:28'),
(1162, 9, 'simple', 'WH09-L-Purple', 0, 0, '2017-10-21 08:22:28', '2017-10-21 08:22:28'),
(1163, 9, 'simple', 'WH09-L-Red', 0, 0, '2017-10-21 08:22:28', '2017-10-21 08:22:28'),
(1164, 9, 'simple', 'WH09-XL-Green', 0, 0, '2017-10-21 08:22:28', '2017-10-21 08:22:28'),
(1165, 9, 'simple', 'WH09-XL-Purple', 0, 0, '2017-10-21 08:22:28', '2017-10-21 08:22:28'),
(1166, 9, 'simple', 'WH09-XL-Red', 0, 0, '2017-10-21 08:22:28', '2017-10-21 08:22:28'),
(1167, 9, 'configurable', 'WH09', 1, 0, '2017-10-21 08:22:28', '2017-10-21 08:22:28'),
(1168, 9, 'simple', 'WH10-XS-Blue', 0, 0, '2017-10-21 08:22:28', '2017-10-21 08:22:28'),
(1169, 9, 'simple', 'WH10-XS-Gray', 0, 0, '2017-10-21 08:22:28', '2017-10-21 08:22:28'),
(1170, 9, 'simple', 'WH10-XS-Yellow', 0, 0, '2017-10-21 08:22:28', '2017-10-21 08:22:28'),
(1171, 9, 'simple', 'WH10-S-Blue', 0, 0, '2017-10-21 08:22:28', '2017-10-21 08:22:28'),
(1172, 9, 'simple', 'WH10-S-Gray', 0, 0, '2017-10-21 08:22:28', '2017-10-21 08:22:28'),
(1173, 9, 'simple', 'WH10-S-Yellow', 0, 0, '2017-10-21 08:22:28', '2017-10-21 08:22:28'),
(1174, 9, 'simple', 'WH10-M-Blue', 0, 0, '2017-10-21 08:22:28', '2017-10-21 08:22:28'),
(1175, 9, 'simple', 'WH10-M-Gray', 0, 0, '2017-10-21 08:22:28', '2017-10-21 08:22:28'),
(1176, 9, 'simple', 'WH10-M-Yellow', 0, 0, '2017-10-21 08:22:28', '2017-10-21 08:22:28'),
(1177, 9, 'simple', 'WH10-L-Blue', 0, 0, '2017-10-21 08:22:28', '2017-10-21 08:22:28'),
(1178, 9, 'simple', 'WH10-L-Gray', 0, 0, '2017-10-21 08:22:28', '2017-10-21 08:22:28'),
(1179, 9, 'simple', 'WH10-L-Yellow', 0, 0, '2017-10-21 08:22:28', '2017-10-21 08:22:28'),
(1180, 9, 'simple', 'WH10-XL-Blue', 0, 0, '2017-10-21 08:22:28', '2017-10-21 08:22:28'),
(1181, 9, 'simple', 'WH10-XL-Gray', 0, 0, '2017-10-21 08:22:28', '2017-10-21 08:22:28'),
(1182, 9, 'simple', 'WH10-XL-Yellow', 0, 0, '2017-10-21 08:22:28', '2017-10-21 08:22:28'),
(1183, 9, 'configurable', 'WH10', 1, 0, '2017-10-21 08:22:28', '2017-10-21 08:22:28'),
(1184, 9, 'simple', 'WH11-XS-Blue', 0, 0, '2017-10-21 08:22:28', '2017-10-21 08:22:28'),
(1185, 9, 'simple', 'WH11-XS-Green', 0, 0, '2017-10-21 08:22:28', '2017-10-21 08:22:28'),
(1186, 9, 'simple', 'WH11-XS-Orange', 0, 0, '2017-10-21 08:22:29', '2017-10-21 08:22:29'),
(1187, 9, 'simple', 'WH11-S-Blue', 0, 0, '2017-10-21 08:22:29', '2017-10-21 08:22:29'),
(1188, 9, 'simple', 'WH11-S-Green', 0, 0, '2017-10-21 08:22:29', '2017-10-21 08:22:29'),
(1189, 9, 'simple', 'WH11-S-Orange', 0, 0, '2017-10-21 08:22:29', '2017-10-21 08:22:29'),
(1190, 9, 'simple', 'WH11-M-Blue', 0, 0, '2017-10-21 08:22:29', '2017-10-21 08:22:29'),
(1191, 9, 'simple', 'WH11-M-Green', 0, 0, '2017-10-21 08:22:29', '2017-10-21 08:22:29'),
(1192, 9, 'simple', 'WH11-M-Orange', 0, 0, '2017-10-21 08:22:29', '2017-10-21 08:22:29'),
(1193, 9, 'simple', 'WH11-L-Blue', 0, 0, '2017-10-21 08:22:29', '2017-10-21 08:22:29'),
(1194, 9, 'simple', 'WH11-L-Green', 0, 0, '2017-10-21 08:22:29', '2017-10-21 08:22:29'),
(1195, 9, 'simple', 'WH11-L-Orange', 0, 0, '2017-10-21 08:22:29', '2017-10-21 08:22:29'),
(1196, 9, 'simple', 'WH11-XL-Blue', 0, 0, '2017-10-21 08:22:29', '2017-10-21 08:22:29'),
(1197, 9, 'simple', 'WH11-XL-Green', 0, 0, '2017-10-21 08:22:29', '2017-10-21 08:22:29'),
(1198, 9, 'simple', 'WH11-XL-Orange', 0, 0, '2017-10-21 08:22:29', '2017-10-21 08:22:29'),
(1199, 9, 'configurable', 'WH11', 1, 0, '2017-10-21 08:22:29', '2017-10-21 08:22:29'),
(1200, 9, 'simple', 'WH12-XS-Gray', 0, 0, '2017-10-21 08:22:29', '2017-10-21 08:22:29'),
(1201, 9, 'simple', 'WH12-XS-Green', 0, 0, '2017-10-21 08:22:29', '2017-10-21 08:22:29'),
(1202, 9, 'simple', 'WH12-XS-Purple', 0, 0, '2017-10-21 08:22:29', '2017-10-21 08:22:29'),
(1203, 9, 'simple', 'WH12-S-Gray', 0, 0, '2017-10-21 08:22:29', '2017-10-21 08:22:29'),
(1204, 9, 'simple', 'WH12-S-Green', 0, 0, '2017-10-21 08:22:29', '2017-10-21 08:22:29'),
(1205, 9, 'simple', 'WH12-S-Purple', 0, 0, '2017-10-21 08:22:29', '2017-10-21 08:22:29'),
(1206, 9, 'simple', 'WH12-M-Gray', 0, 0, '2017-10-21 08:22:29', '2017-10-21 08:22:29'),
(1207, 9, 'simple', 'WH12-M-Green', 0, 0, '2017-10-21 08:22:29', '2017-10-21 08:22:29'),
(1208, 9, 'simple', 'WH12-M-Purple', 0, 0, '2017-10-21 08:22:29', '2017-10-21 08:22:29'),
(1209, 9, 'simple', 'WH12-L-Gray', 0, 0, '2017-10-21 08:22:29', '2017-10-21 08:22:29'),
(1210, 9, 'simple', 'WH12-L-Green', 0, 0, '2017-10-21 08:22:29', '2017-10-21 08:22:29'),
(1211, 9, 'simple', 'WH12-L-Purple', 0, 0, '2017-10-21 08:22:29', '2017-10-21 08:22:29'),
(1212, 9, 'simple', 'WH12-XL-Gray', 0, 0, '2017-10-21 08:22:29', '2017-10-21 08:22:29'),
(1213, 9, 'simple', 'WH12-XL-Green', 0, 0, '2017-10-21 08:22:29', '2017-10-21 08:22:29'),
(1214, 9, 'simple', 'WH12-XL-Purple', 0, 0, '2017-10-21 08:22:29', '2017-10-21 08:22:29'),
(1215, 9, 'configurable', 'WH12', 1, 0, '2017-10-21 08:22:29', '2017-10-21 08:22:29'),
(1216, 9, 'simple', 'WJ01-S-Blue', 0, 0, '2017-10-21 08:22:29', '2017-10-21 08:22:29'),
(1217, 9, 'simple', 'WJ01-S-Red', 0, 0, '2017-10-21 08:22:29', '2017-10-21 08:22:29'),
(1218, 9, 'simple', 'WJ01-S-Yellow', 0, 0, '2017-10-21 08:22:29', '2017-10-21 08:22:29'),
(1219, 9, 'simple', 'WJ01-M-Blue', 0, 0, '2017-10-21 08:22:29', '2017-10-21 08:22:29'),
(1220, 9, 'simple', 'WJ01-M-Red', 0, 0, '2017-10-21 08:22:29', '2017-10-21 08:22:29'),
(1221, 9, 'simple', 'WJ01-M-Yellow', 0, 0, '2017-10-21 08:22:29', '2017-10-21 08:22:29'),
(1222, 9, 'simple', 'WJ01-L-Blue', 0, 0, '2017-10-21 08:22:29', '2017-10-21 08:22:29'),
(1223, 9, 'simple', 'WJ01-L-Red', 0, 0, '2017-10-21 08:22:29', '2017-10-21 08:22:29'),
(1224, 9, 'simple', 'WJ01-L-Yellow', 0, 0, '2017-10-21 08:22:29', '2017-10-21 08:22:29'),
(1225, 9, 'configurable', 'WJ01', 1, 0, '2017-10-21 08:22:29', '2017-10-21 08:22:29'),
(1226, 9, 'simple', 'WJ02-XS-Black', 0, 0, '2017-10-21 08:22:29', '2017-10-21 08:22:29'),
(1227, 9, 'simple', 'WJ02-XS-Blue', 0, 0, '2017-10-21 08:22:29', '2017-10-21 08:22:29'),
(1228, 9, 'simple', 'WJ02-XS-Gray', 0, 0, '2017-10-21 08:22:29', '2017-10-21 08:22:29'),
(1229, 9, 'simple', 'WJ02-S-Black', 0, 0, '2017-10-21 08:22:29', '2017-10-21 08:22:29'),
(1230, 9, 'simple', 'WJ02-S-Blue', 0, 0, '2017-10-21 08:22:29', '2017-10-21 08:22:29'),
(1231, 9, 'simple', 'WJ02-S-Gray', 0, 0, '2017-10-21 08:22:29', '2017-10-21 08:22:29'),
(1232, 9, 'simple', 'WJ02-M-Black', 0, 0, '2017-10-21 08:22:29', '2017-10-21 08:22:29'),
(1233, 9, 'simple', 'WJ02-M-Blue', 0, 0, '2017-10-21 08:22:29', '2017-10-21 08:22:29'),
(1234, 9, 'simple', 'WJ02-M-Gray', 0, 0, '2017-10-21 08:22:29', '2017-10-21 08:22:29'),
(1235, 9, 'simple', 'WJ02-L-Black', 0, 0, '2017-10-21 08:22:29', '2017-10-21 08:22:29'),
(1236, 9, 'simple', 'WJ02-L-Blue', 0, 0, '2017-10-21 08:22:29', '2017-10-21 08:22:29'),
(1237, 9, 'simple', 'WJ02-L-Gray', 0, 0, '2017-10-21 08:22:29', '2017-10-21 08:22:29'),
(1238, 9, 'simple', 'WJ02-XL-Black', 0, 0, '2017-10-21 08:22:29', '2017-10-21 08:22:29'),
(1239, 9, 'simple', 'WJ02-XL-Blue', 0, 0, '2017-10-21 08:22:29', '2017-10-21 08:22:29'),
(1240, 9, 'simple', 'WJ02-XL-Gray', 0, 0, '2017-10-21 08:22:29', '2017-10-21 08:22:29'),
(1241, 9, 'configurable', 'WJ02', 1, 0, '2017-10-21 08:22:29', '2017-10-21 08:22:29'),
(1242, 9, 'simple', 'WJ03-XS-Blue', 0, 0, '2017-10-21 08:22:29', '2017-10-21 08:22:29'),
(1243, 9, 'simple', 'WJ03-XS-Orange', 0, 0, '2017-10-21 08:22:29', '2017-10-21 08:22:29'),
(1244, 9, 'simple', 'WJ03-XS-Red', 0, 0, '2017-10-21 08:22:29', '2017-10-21 08:22:29'),
(1245, 9, 'simple', 'WJ03-S-Blue', 0, 0, '2017-10-21 08:22:29', '2017-10-21 08:22:29'),
(1246, 9, 'simple', 'WJ03-S-Orange', 0, 0, '2017-10-21 08:22:29', '2017-10-21 08:22:29'),
(1247, 9, 'simple', 'WJ03-S-Red', 0, 0, '2017-10-21 08:22:29', '2017-10-21 08:22:29'),
(1248, 9, 'simple', 'WJ03-M-Blue', 0, 0, '2017-10-21 08:22:29', '2017-10-21 08:22:29'),
(1249, 9, 'simple', 'WJ03-M-Orange', 0, 0, '2017-10-21 08:22:29', '2017-10-21 08:22:29'),
(1250, 9, 'simple', 'WJ03-M-Red', 0, 0, '2017-10-21 08:22:29', '2017-10-21 08:22:29'),
(1251, 9, 'simple', 'WJ03-L-Blue', 0, 0, '2017-10-21 08:22:29', '2017-10-21 08:22:29'),
(1252, 9, 'simple', 'WJ03-L-Orange', 0, 0, '2017-10-21 08:22:31', '2017-10-21 08:22:31'),
(1253, 9, 'simple', 'WJ03-L-Red', 0, 0, '2017-10-21 08:22:31', '2017-10-21 08:22:31'),
(1254, 9, 'simple', 'WJ03-XL-Blue', 0, 0, '2017-10-21 08:22:31', '2017-10-21 08:22:31'),
(1255, 9, 'simple', 'WJ03-XL-Orange', 0, 0, '2017-10-21 08:22:31', '2017-10-21 08:22:31'),
(1256, 9, 'simple', 'WJ03-XL-Red', 0, 0, '2017-10-21 08:22:31', '2017-10-21 08:22:31'),
(1257, 9, 'configurable', 'WJ03', 1, 0, '2017-10-21 08:22:31', '2017-10-21 08:22:31'),
(1258, 9, 'simple', 'WJ04-XS-Orange', 0, 0, '2017-10-21 08:22:31', '2017-10-21 08:22:31'),
(1259, 9, 'simple', 'WJ04-XS-Red', 0, 0, '2017-10-21 08:22:31', '2017-10-21 08:22:31'),
(1260, 9, 'simple', 'WJ04-XS-White', 0, 0, '2017-10-21 08:22:32', '2017-10-21 08:22:32'),
(1261, 9, 'simple', 'WJ04-S-Orange', 0, 0, '2017-10-21 08:22:32', '2017-10-21 08:22:32'),
(1262, 9, 'simple', 'WJ04-S-Red', 0, 0, '2017-10-21 08:22:32', '2017-10-21 08:22:32'),
(1263, 9, 'simple', 'WJ04-S-White', 0, 0, '2017-10-21 08:22:32', '2017-10-21 08:22:32'),
(1264, 9, 'simple', 'WJ04-M-Orange', 0, 0, '2017-10-21 08:22:32', '2017-10-21 08:22:32'),
(1265, 9, 'simple', 'WJ04-M-Red', 0, 0, '2017-10-21 08:22:32', '2017-10-21 08:22:32'),
(1266, 9, 'simple', 'WJ04-M-White', 0, 0, '2017-10-21 08:22:32', '2017-10-21 08:22:32'),
(1267, 9, 'simple', 'WJ04-L-Orange', 0, 0, '2017-10-21 08:22:32', '2017-10-21 08:22:32'),
(1268, 9, 'simple', 'WJ04-L-Red', 0, 0, '2017-10-21 08:22:32', '2017-10-21 08:22:32'),
(1269, 9, 'simple', 'WJ04-L-White', 0, 0, '2017-10-21 08:22:32', '2017-10-21 08:22:32'),
(1270, 9, 'simple', 'WJ04-XL-Orange', 0, 0, '2017-10-21 08:22:32', '2017-10-21 08:22:32'),
(1271, 9, 'simple', 'WJ04-XL-Red', 0, 0, '2017-10-21 08:22:32', '2017-10-21 08:22:32'),
(1272, 9, 'simple', 'WJ04-XL-White', 0, 0, '2017-10-21 08:22:32', '2017-10-21 08:22:32'),
(1273, 9, 'configurable', 'WJ04', 1, 0, '2017-10-21 08:22:32', '2017-10-21 08:22:32'),
(1274, 9, 'simple', 'WJ05-XS-Brown', 0, 0, '2017-10-21 08:22:32', '2017-10-21 08:22:32'),
(1275, 9, 'simple', 'WJ05-XS-Green', 0, 0, '2017-10-21 08:22:32', '2017-10-21 08:22:32'),
(1276, 9, 'simple', 'WJ05-XS-Red', 0, 0, '2017-10-21 08:22:32', '2017-10-21 08:22:32'),
(1277, 9, 'simple', 'WJ05-S-Brown', 0, 0, '2017-10-21 08:22:32', '2017-10-21 08:22:32'),
(1278, 9, 'simple', 'WJ05-S-Green', 0, 0, '2017-10-21 08:22:32', '2017-10-21 08:22:32'),
(1279, 9, 'simple', 'WJ05-S-Red', 0, 0, '2017-10-21 08:22:32', '2017-10-21 08:22:32'),
(1280, 9, 'simple', 'WJ05-M-Brown', 0, 0, '2017-10-21 08:22:32', '2017-10-21 08:22:32'),
(1281, 9, 'simple', 'WJ05-M-Green', 0, 0, '2017-10-21 08:22:32', '2017-10-21 08:22:32'),
(1282, 9, 'simple', 'WJ05-M-Red', 0, 0, '2017-10-21 08:22:32', '2017-10-21 08:22:32'),
(1283, 9, 'simple', 'WJ05-L-Brown', 0, 0, '2017-10-21 08:22:32', '2017-10-21 08:22:32'),
(1284, 9, 'simple', 'WJ05-L-Green', 0, 0, '2017-10-21 08:22:32', '2017-10-21 08:22:32'),
(1285, 9, 'simple', 'WJ05-L-Red', 0, 0, '2017-10-21 08:22:32', '2017-10-21 08:22:32'),
(1286, 9, 'simple', 'WJ05-XL-Brown', 0, 0, '2017-10-21 08:22:32', '2017-10-21 08:22:32'),
(1287, 9, 'simple', 'WJ05-XL-Green', 0, 0, '2017-10-21 08:22:32', '2017-10-21 08:22:32'),
(1288, 9, 'simple', 'WJ05-XL-Red', 0, 0, '2017-10-21 08:22:32', '2017-10-21 08:22:32'),
(1289, 9, 'configurable', 'WJ05', 1, 0, '2017-10-21 08:22:32', '2017-10-21 08:22:32'),
(1290, 9, 'simple', 'WJ07-XS-Orange', 0, 0, '2017-10-21 08:22:32', '2017-10-21 08:22:32'),
(1291, 9, 'simple', 'WJ07-XS-Purple', 0, 0, '2017-10-21 08:22:32', '2017-10-21 08:22:32'),
(1292, 9, 'simple', 'WJ07-XS-Red', 0, 0, '2017-10-21 08:22:32', '2017-10-21 08:22:32'),
(1293, 9, 'simple', 'WJ07-S-Orange', 0, 0, '2017-10-21 08:22:32', '2017-10-21 08:22:32'),
(1294, 9, 'simple', 'WJ07-S-Purple', 0, 0, '2017-10-21 08:22:32', '2017-10-21 08:22:32'),
(1295, 9, 'simple', 'WJ07-S-Red', 0, 0, '2017-10-21 08:22:32', '2017-10-21 08:22:32'),
(1296, 9, 'simple', 'WJ07-M-Orange', 0, 0, '2017-10-21 08:22:32', '2017-10-21 08:22:32'),
(1297, 9, 'simple', 'WJ07-M-Purple', 0, 0, '2017-10-21 08:22:32', '2017-10-21 08:22:32'),
(1298, 9, 'simple', 'WJ07-M-Red', 0, 0, '2017-10-21 08:22:32', '2017-10-21 08:22:32'),
(1299, 9, 'simple', 'WJ07-L-Orange', 0, 0, '2017-10-21 08:22:32', '2017-10-21 08:22:32'),
(1300, 9, 'simple', 'WJ07-L-Purple', 0, 0, '2017-10-21 08:22:32', '2017-10-21 08:22:32'),
(1301, 9, 'simple', 'WJ07-L-Red', 0, 0, '2017-10-21 08:22:32', '2017-10-21 08:22:32'),
(1302, 9, 'simple', 'WJ07-XL-Orange', 0, 0, '2017-10-21 08:22:32', '2017-10-21 08:22:32'),
(1303, 9, 'simple', 'WJ07-XL-Purple', 0, 0, '2017-10-21 08:22:32', '2017-10-21 08:22:32'),
(1304, 9, 'simple', 'WJ07-XL-Red', 0, 0, '2017-10-21 08:22:32', '2017-10-21 08:22:32'),
(1305, 9, 'configurable', 'WJ07', 1, 0, '2017-10-21 08:22:32', '2017-10-21 08:22:32'),
(1306, 9, 'simple', 'WJ08-XS-Gray', 0, 0, '2017-10-21 08:22:32', '2017-10-21 08:22:32'),
(1307, 9, 'simple', 'WJ08-XS-Orange', 0, 0, '2017-10-21 08:22:32', '2017-10-21 08:22:32'),
(1308, 9, 'simple', 'WJ08-XS-Purple', 0, 0, '2017-10-21 08:22:32', '2017-10-21 08:22:32'),
(1309, 9, 'simple', 'WJ08-S-Gray', 0, 0, '2017-10-21 08:22:32', '2017-10-21 08:22:32'),
(1310, 9, 'simple', 'WJ08-S-Orange', 0, 0, '2017-10-21 08:22:32', '2017-10-21 08:22:32'),
(1311, 9, 'simple', 'WJ08-S-Purple', 0, 0, '2017-10-21 08:22:32', '2017-10-21 08:22:32'),
(1312, 9, 'simple', 'WJ08-M-Gray', 0, 0, '2017-10-21 08:22:32', '2017-10-21 08:22:32'),
(1313, 9, 'simple', 'WJ08-M-Orange', 0, 0, '2017-10-21 08:22:32', '2017-10-21 08:22:32'),
(1314, 9, 'simple', 'WJ08-M-Purple', 0, 0, '2017-10-21 08:22:32', '2017-10-21 08:22:32'),
(1315, 9, 'simple', 'WJ08-L-Gray', 0, 0, '2017-10-21 08:22:32', '2017-10-21 08:22:32'),
(1316, 9, 'simple', 'WJ08-L-Orange', 0, 0, '2017-10-21 08:22:32', '2017-10-21 08:22:32'),
(1317, 9, 'simple', 'WJ08-L-Purple', 0, 0, '2017-10-21 08:22:32', '2017-10-21 08:22:32'),
(1318, 9, 'simple', 'WJ08-XL-Gray', 0, 0, '2017-10-21 08:22:32', '2017-10-21 08:22:32'),
(1319, 9, 'simple', 'WJ08-XL-Orange', 0, 0, '2017-10-21 08:22:32', '2017-10-21 08:22:32'),
(1320, 9, 'simple', 'WJ08-XL-Purple', 0, 0, '2017-10-21 08:22:32', '2017-10-21 08:22:32'),
(1321, 9, 'configurable', 'WJ08', 1, 0, '2017-10-21 08:22:32', '2017-10-21 08:22:32'),
(1322, 9, 'simple', 'WJ09-XS-Blue', 0, 0, '2017-10-21 08:22:32', '2017-10-21 08:22:32'),
(1323, 9, 'simple', 'WJ09-XS-Gray', 0, 0, '2017-10-21 08:22:32', '2017-10-21 08:22:32'),
(1324, 9, 'simple', 'WJ09-XS-Green', 0, 0, '2017-10-21 08:22:32', '2017-10-21 08:22:32'),
(1325, 9, 'simple', 'WJ09-S-Blue', 0, 0, '2017-10-21 08:22:32', '2017-10-21 08:22:32'),
(1326, 9, 'simple', 'WJ09-S-Gray', 0, 0, '2017-10-21 08:22:32', '2017-10-21 08:22:32'),
(1327, 9, 'simple', 'WJ09-S-Green', 0, 0, '2017-10-21 08:22:32', '2017-10-21 08:22:32'),
(1328, 9, 'simple', 'WJ09-M-Blue', 0, 0, '2017-10-21 08:22:32', '2017-10-21 08:22:32'),
(1329, 9, 'simple', 'WJ09-M-Gray', 0, 0, '2017-10-21 08:22:32', '2017-10-21 08:22:32'),
(1330, 9, 'simple', 'WJ09-M-Green', 0, 0, '2017-10-21 08:22:32', '2017-10-21 08:22:32'),
(1331, 9, 'simple', 'WJ09-L-Blue', 0, 0, '2017-10-21 08:22:32', '2017-10-21 08:22:32'),
(1332, 9, 'simple', 'WJ09-L-Gray', 0, 0, '2017-10-21 08:22:32', '2017-10-21 08:22:32'),
(1333, 9, 'simple', 'WJ09-L-Green', 0, 0, '2017-10-21 08:22:32', '2017-10-21 08:22:32'),
(1334, 9, 'simple', 'WJ09-XL-Blue', 0, 0, '2017-10-21 08:22:32', '2017-10-21 08:22:32'),
(1335, 9, 'simple', 'WJ09-XL-Gray', 0, 0, '2017-10-21 08:22:32', '2017-10-21 08:22:32'),
(1336, 9, 'simple', 'WJ09-XL-Green', 0, 0, '2017-10-21 08:22:32', '2017-10-21 08:22:32'),
(1337, 9, 'configurable', 'WJ09', 1, 0, '2017-10-21 08:22:32', '2017-10-21 08:22:32'),
(1338, 9, 'simple', 'WJ10-XS-Black', 0, 0, '2017-10-21 08:22:32', '2017-10-21 08:22:32'),
(1339, 9, 'simple', 'WJ10-XS-Orange', 0, 0, '2017-10-21 08:22:32', '2017-10-21 08:22:32'),
(1340, 9, 'simple', 'WJ10-XS-Yellow', 0, 0, '2017-10-21 08:22:32', '2017-10-21 08:22:32'),
(1341, 9, 'simple', 'WJ10-S-Black', 0, 0, '2017-10-21 08:22:33', '2017-10-21 08:22:33'),
(1342, 9, 'simple', 'WJ10-S-Orange', 0, 0, '2017-10-21 08:22:33', '2017-10-21 08:22:33'),
(1343, 9, 'simple', 'WJ10-S-Yellow', 0, 0, '2017-10-21 08:22:33', '2017-10-21 08:22:33'),
(1344, 9, 'simple', 'WJ10-M-Black', 0, 0, '2017-10-21 08:22:33', '2017-10-21 08:22:33'),
(1345, 9, 'simple', 'WJ10-M-Orange', 0, 0, '2017-10-21 08:22:33', '2017-10-21 08:22:33'),
(1346, 9, 'simple', 'WJ10-M-Yellow', 0, 0, '2017-10-21 08:22:33', '2017-10-21 08:22:33'),
(1347, 9, 'simple', 'WJ10-L-Black', 0, 0, '2017-10-21 08:22:33', '2017-10-21 08:22:33'),
(1348, 9, 'simple', 'WJ10-L-Orange', 0, 0, '2017-10-21 08:22:33', '2017-10-21 08:22:33'),
(1349, 9, 'simple', 'WJ10-L-Yellow', 0, 0, '2017-10-21 08:22:33', '2017-10-21 08:22:33'),
(1350, 9, 'simple', 'WJ10-XL-Black', 0, 0, '2017-10-21 08:22:33', '2017-10-21 08:22:33'),
(1351, 9, 'simple', 'WJ10-XL-Orange', 0, 0, '2017-10-21 08:22:33', '2017-10-21 08:22:33'),
(1352, 9, 'simple', 'WJ10-XL-Yellow', 0, 0, '2017-10-21 08:22:34', '2017-10-21 08:22:34'),
(1353, 9, 'configurable', 'WJ10', 1, 0, '2017-10-21 08:22:34', '2017-10-21 08:22:34'),
(1354, 9, 'simple', 'WJ11-XS-Black', 0, 0, '2017-10-21 08:22:34', '2017-10-21 08:22:34'),
(1355, 9, 'simple', 'WJ11-XS-Blue', 0, 0, '2017-10-21 08:22:34', '2017-10-21 08:22:34'),
(1356, 9, 'simple', 'WJ11-XS-Orange', 0, 0, '2017-10-21 08:22:35', '2017-10-21 08:22:35'),
(1357, 9, 'simple', 'WJ11-S-Black', 0, 0, '2017-10-21 08:22:35', '2017-10-21 08:22:35'),
(1358, 9, 'simple', 'WJ11-S-Blue', 0, 0, '2017-10-21 08:22:35', '2017-10-21 08:22:35'),
(1359, 9, 'simple', 'WJ11-S-Orange', 0, 0, '2017-10-21 08:22:35', '2017-10-21 08:22:35'),
(1360, 9, 'simple', 'WJ11-M-Black', 0, 0, '2017-10-21 08:22:35', '2017-10-21 08:22:35'),
(1361, 9, 'simple', 'WJ11-M-Blue', 0, 0, '2017-10-21 08:22:35', '2017-10-21 08:22:35'),
(1362, 9, 'simple', 'WJ11-M-Orange', 0, 0, '2017-10-21 08:22:35', '2017-10-21 08:22:35'),
(1363, 9, 'simple', 'WJ11-L-Black', 0, 0, '2017-10-21 08:22:35', '2017-10-21 08:22:35'),
(1364, 9, 'simple', 'WJ11-L-Blue', 0, 0, '2017-10-21 08:22:35', '2017-10-21 08:22:35'),
(1365, 9, 'simple', 'WJ11-L-Orange', 0, 0, '2017-10-21 08:22:35', '2017-10-21 08:22:35'),
(1366, 9, 'simple', 'WJ11-XL-Black', 0, 0, '2017-10-21 08:22:35', '2017-10-21 08:22:35'),
(1367, 9, 'simple', 'WJ11-XL-Blue', 0, 0, '2017-10-21 08:22:35', '2017-10-21 08:22:35'),
(1368, 9, 'simple', 'WJ11-XL-Orange', 0, 0, '2017-10-21 08:22:35', '2017-10-21 08:22:35'),
(1369, 9, 'configurable', 'WJ11', 1, 0, '2017-10-21 08:22:35', '2017-10-21 08:22:35'),
(1370, 9, 'simple', 'WJ06-XS-Blue', 0, 0, '2017-10-21 08:22:35', '2017-10-21 08:22:35'),
(1371, 9, 'simple', 'WJ06-XS-Green', 0, 0, '2017-10-21 08:22:35', '2017-10-21 08:22:35'),
(1372, 9, 'simple', 'WJ06-XS-Purple', 0, 0, '2017-10-21 08:22:35', '2017-10-21 08:22:35'),
(1373, 9, 'simple', 'WJ06-S-Blue', 0, 0, '2017-10-21 08:22:35', '2017-10-21 08:22:35'),
(1374, 9, 'simple', 'WJ06-S-Green', 0, 0, '2017-10-21 08:22:35', '2017-10-21 08:22:35'),
(1375, 9, 'simple', 'WJ06-S-Purple', 0, 0, '2017-10-21 08:22:35', '2017-10-21 08:22:35'),
(1376, 9, 'simple', 'WJ06-M-Blue', 0, 0, '2017-10-21 08:22:35', '2017-10-21 08:22:35'),
(1377, 9, 'simple', 'WJ06-M-Green', 0, 0, '2017-10-21 08:22:35', '2017-10-21 08:22:35'),
(1378, 9, 'simple', 'WJ06-M-Purple', 0, 0, '2017-10-21 08:22:35', '2017-10-21 08:22:35'),
(1379, 9, 'simple', 'WJ06-L-Blue', 0, 0, '2017-10-21 08:22:35', '2017-10-21 08:22:35'),
(1380, 9, 'simple', 'WJ06-L-Green', 0, 0, '2017-10-21 08:22:35', '2017-10-21 08:22:35'),
(1381, 9, 'simple', 'WJ06-L-Purple', 0, 0, '2017-10-21 08:22:35', '2017-10-21 08:22:35'),
(1382, 9, 'simple', 'WJ06-XL-Blue', 0, 0, '2017-10-21 08:22:35', '2017-10-21 08:22:35'),
(1383, 9, 'simple', 'WJ06-XL-Green', 0, 0, '2017-10-21 08:22:35', '2017-10-21 08:22:35'),
(1384, 9, 'simple', 'WJ06-XL-Purple', 0, 0, '2017-10-21 08:22:35', '2017-10-21 08:22:35'),
(1385, 9, 'configurable', 'WJ06', 1, 0, '2017-10-21 08:22:35', '2017-10-21 08:22:35'),
(1386, 9, 'simple', 'WJ12-XS-Black', 0, 0, '2017-10-21 08:22:35', '2017-10-21 08:22:35'),
(1387, 9, 'simple', 'WJ12-XS-Blue', 0, 0, '2017-10-21 08:22:35', '2017-10-21 08:22:35'),
(1388, 9, 'simple', 'WJ12-XS-Purple', 0, 0, '2017-10-21 08:22:35', '2017-10-21 08:22:35'),
(1389, 9, 'simple', 'WJ12-S-Black', 0, 0, '2017-10-21 08:22:35', '2017-10-21 08:22:35'),
(1390, 9, 'simple', 'WJ12-S-Blue', 0, 0, '2017-10-21 08:22:35', '2017-10-21 08:22:35'),
(1391, 9, 'simple', 'WJ12-S-Purple', 0, 0, '2017-10-21 08:22:35', '2017-10-21 08:22:35'),
(1392, 9, 'simple', 'WJ12-M-Black', 0, 0, '2017-10-21 08:22:35', '2017-10-21 08:22:35'),
(1393, 9, 'simple', 'WJ12-M-Blue', 0, 0, '2017-10-21 08:22:35', '2017-10-21 08:22:35'),
(1394, 9, 'simple', 'WJ12-M-Purple', 0, 0, '2017-10-21 08:22:35', '2017-10-21 08:22:35'),
(1395, 9, 'simple', 'WJ12-L-Black', 0, 0, '2017-10-21 08:22:35', '2017-10-21 08:22:35'),
(1396, 9, 'simple', 'WJ12-L-Blue', 0, 0, '2017-10-21 08:22:35', '2017-10-21 08:22:35'),
(1397, 9, 'simple', 'WJ12-L-Purple', 0, 0, '2017-10-21 08:22:35', '2017-10-21 08:22:35'),
(1398, 9, 'simple', 'WJ12-XL-Black', 0, 0, '2017-10-21 08:22:35', '2017-10-21 08:22:35'),
(1399, 9, 'simple', 'WJ12-XL-Blue', 0, 0, '2017-10-21 08:22:35', '2017-10-21 08:22:35'),
(1400, 9, 'simple', 'WJ12-XL-Purple', 0, 0, '2017-10-21 08:22:35', '2017-10-21 08:22:35'),
(1401, 9, 'configurable', 'WJ12', 1, 0, '2017-10-21 08:22:35', '2017-10-21 08:22:35'),
(1402, 9, 'simple', 'WS02-XS-Blue', 0, 0, '2017-10-21 08:22:35', '2017-10-21 08:22:35'),
(1403, 9, 'simple', 'WS02-XS-Green', 0, 0, '2017-10-21 08:22:35', '2017-10-21 08:22:35'),
(1404, 9, 'simple', 'WS02-XS-Red', 0, 0, '2017-10-21 08:22:35', '2017-10-21 08:22:35'),
(1405, 9, 'simple', 'WS02-S-Blue', 0, 0, '2017-10-21 08:22:35', '2017-10-21 08:22:35'),
(1406, 9, 'simple', 'WS02-S-Green', 0, 0, '2017-10-21 08:22:35', '2017-10-21 08:22:35'),
(1407, 9, 'simple', 'WS02-S-Red', 0, 0, '2017-10-21 08:22:35', '2017-10-21 08:22:35'),
(1408, 9, 'simple', 'WS02-M-Blue', 0, 0, '2017-10-21 08:22:35', '2017-10-21 08:22:35'),
(1409, 9, 'simple', 'WS02-M-Green', 0, 0, '2017-10-21 08:22:35', '2017-10-21 08:22:35'),
(1410, 9, 'simple', 'WS02-M-Red', 0, 0, '2017-10-21 08:22:35', '2017-10-21 08:22:35'),
(1411, 9, 'simple', 'WS02-L-Blue', 0, 0, '2017-10-21 08:22:35', '2017-10-21 08:22:35'),
(1412, 9, 'simple', 'WS02-L-Green', 0, 0, '2017-10-21 08:22:35', '2017-10-21 08:22:35'),
(1413, 9, 'simple', 'WS02-L-Red', 0, 0, '2017-10-21 08:22:35', '2017-10-21 08:22:35'),
(1414, 9, 'simple', 'WS02-XL-Blue', 0, 0, '2017-10-21 08:22:35', '2017-10-21 08:22:35'),
(1415, 9, 'simple', 'WS02-XL-Green', 0, 0, '2017-10-21 08:22:35', '2017-10-21 08:22:35'),
(1416, 9, 'simple', 'WS02-XL-Red', 0, 0, '2017-10-21 08:22:35', '2017-10-21 08:22:35'),
(1417, 9, 'configurable', 'WS02', 1, 0, '2017-10-21 08:22:35', '2017-10-21 08:22:35'),
(1418, 9, 'simple', 'WS03-XS-Blue', 0, 0, '2017-10-21 08:22:35', '2017-10-21 08:22:35'),
(1419, 9, 'simple', 'WS03-XS-Green', 0, 0, '2017-10-21 08:22:35', '2017-10-21 08:22:35'),
(1420, 9, 'simple', 'WS03-XS-Red', 0, 0, '2017-10-21 08:22:35', '2017-10-21 08:22:35'),
(1421, 9, 'simple', 'WS03-S-Blue', 0, 0, '2017-10-21 08:22:35', '2017-10-21 08:22:35'),
(1422, 9, 'simple', 'WS03-S-Green', 0, 0, '2017-10-21 08:22:35', '2017-10-21 08:22:35'),
(1423, 9, 'simple', 'WS03-S-Red', 0, 0, '2017-10-21 08:22:35', '2017-10-21 08:22:35'),
(1424, 9, 'simple', 'WS03-M-Blue', 0, 0, '2017-10-21 08:22:35', '2017-10-21 08:22:35'),
(1425, 9, 'simple', 'WS03-M-Green', 0, 0, '2017-10-21 08:22:35', '2017-10-21 08:22:35'),
(1426, 9, 'simple', 'WS03-M-Red', 0, 0, '2017-10-21 08:22:35', '2017-10-21 08:22:35'),
(1427, 9, 'simple', 'WS03-L-Blue', 0, 0, '2017-10-21 08:22:35', '2017-10-21 08:22:35'),
(1428, 9, 'simple', 'WS03-L-Green', 0, 0, '2017-10-21 08:22:35', '2017-10-21 08:22:35'),
(1429, 9, 'simple', 'WS03-L-Red', 0, 0, '2017-10-21 08:22:35', '2017-10-21 08:22:35'),
(1430, 9, 'simple', 'WS03-XL-Blue', 0, 0, '2017-10-21 08:22:35', '2017-10-21 08:22:35'),
(1431, 9, 'simple', 'WS03-XL-Green', 0, 0, '2017-10-21 08:22:35', '2017-10-21 08:22:35'),
(1432, 9, 'simple', 'WS03-XL-Red', 0, 0, '2017-10-21 08:22:35', '2017-10-21 08:22:35'),
(1433, 9, 'configurable', 'WS03', 1, 0, '2017-10-21 08:22:35', '2017-10-21 08:22:35'),
(1434, 9, 'simple', 'WS04-XS-Blue', 0, 0, '2017-10-21 08:22:35', '2017-10-21 08:22:35'),
(1435, 9, 'simple', 'WS04-XS-Green', 0, 0, '2017-10-21 08:22:35', '2017-10-21 08:22:35'),
(1436, 9, 'simple', 'WS04-XS-Red', 0, 0, '2017-10-21 08:22:35', '2017-10-21 08:22:35'),
(1437, 9, 'simple', 'WS04-S-Blue', 0, 0, '2017-10-21 08:22:36', '2017-10-21 08:22:36'),
(1438, 9, 'simple', 'WS04-S-Green', 0, 0, '2017-10-21 08:22:36', '2017-10-21 08:22:36'),
(1439, 9, 'simple', 'WS04-S-Red', 0, 0, '2017-10-21 08:22:36', '2017-10-21 08:22:36'),
(1440, 9, 'simple', 'WS04-M-Blue', 0, 0, '2017-10-21 08:22:36', '2017-10-21 08:22:36'),
(1441, 9, 'simple', 'WS04-M-Green', 0, 0, '2017-10-21 08:22:36', '2017-10-21 08:22:36'),
(1442, 9, 'simple', 'WS04-M-Red', 0, 0, '2017-10-21 08:22:36', '2017-10-21 08:22:36'),
(1443, 9, 'simple', 'WS04-L-Blue', 0, 0, '2017-10-21 08:22:36', '2017-10-21 08:22:36'),
(1444, 9, 'simple', 'WS04-L-Green', 0, 0, '2017-10-21 08:22:36', '2017-10-21 08:22:36'),
(1445, 9, 'simple', 'WS04-L-Red', 0, 0, '2017-10-21 08:22:36', '2017-10-21 08:22:36'),
(1446, 9, 'simple', 'WS04-XL-Blue', 0, 0, '2017-10-21 08:22:36', '2017-10-21 08:22:36'),
(1447, 9, 'simple', 'WS04-XL-Green', 0, 0, '2017-10-21 08:22:36', '2017-10-21 08:22:36'),
(1448, 9, 'simple', 'WS04-XL-Red', 0, 0, '2017-10-21 08:22:36', '2017-10-21 08:22:36'),
(1449, 9, 'configurable', 'WS04', 1, 0, '2017-10-21 08:22:36', '2017-10-21 08:22:36'),
(1450, 9, 'simple', 'WS06-XS-Gray', 0, 0, '2017-10-21 08:22:36', '2017-10-21 08:22:36'),
(1451, 9, 'simple', 'WS06-XS-Purple', 0, 0, '2017-10-21 08:22:36', '2017-10-21 08:22:36'),
(1452, 9, 'simple', 'WS06-XS-Red', 0, 0, '2017-10-21 08:22:37', '2017-10-21 08:22:37'),
(1453, 9, 'simple', 'WS06-S-Gray', 0, 0, '2017-10-21 08:22:37', '2017-10-21 08:22:37'),
(1454, 9, 'simple', 'WS06-S-Purple', 0, 0, '2017-10-21 08:22:37', '2017-10-21 08:22:37'),
(1455, 9, 'simple', 'WS06-S-Red', 0, 0, '2017-10-21 08:22:37', '2017-10-21 08:22:37'),
(1456, 9, 'simple', 'WS06-M-Gray', 0, 0, '2017-10-21 08:22:37', '2017-10-21 08:22:37'),
(1457, 9, 'simple', 'WS06-M-Purple', 0, 0, '2017-10-21 08:22:37', '2017-10-21 08:22:37'),
(1458, 9, 'simple', 'WS06-M-Red', 0, 0, '2017-10-21 08:22:37', '2017-10-21 08:22:37'),
(1459, 9, 'simple', 'WS06-L-Gray', 0, 0, '2017-10-21 08:22:37', '2017-10-21 08:22:37'),
(1460, 9, 'simple', 'WS06-L-Purple', 0, 0, '2017-10-21 08:22:37', '2017-10-21 08:22:37'),
(1461, 9, 'simple', 'WS06-L-Red', 0, 0, '2017-10-21 08:22:37', '2017-10-21 08:22:37'),
(1462, 9, 'simple', 'WS06-XL-Gray', 0, 0, '2017-10-21 08:22:37', '2017-10-21 08:22:37'),
(1463, 9, 'simple', 'WS06-XL-Purple', 0, 0, '2017-10-21 08:22:37', '2017-10-21 08:22:37'),
(1464, 9, 'simple', 'WS06-XL-Red', 0, 0, '2017-10-21 08:22:37', '2017-10-21 08:22:37'),
(1465, 9, 'configurable', 'WS06', 1, 0, '2017-10-21 08:22:37', '2017-10-21 08:22:37'),
(1466, 9, 'simple', 'WS07-XS-Black', 0, 0, '2017-10-21 08:22:37', '2017-10-21 08:22:37'),
(1467, 9, 'simple', 'WS07-XS-White', 0, 0, '2017-10-21 08:22:37', '2017-10-21 08:22:37'),
(1468, 9, 'simple', 'WS07-XS-Yellow', 0, 0, '2017-10-21 08:22:37', '2017-10-21 08:22:37'),
(1469, 9, 'simple', 'WS07-S-Black', 0, 0, '2017-10-21 08:22:38', '2017-10-21 08:22:38'),
(1470, 9, 'simple', 'WS07-S-White', 0, 0, '2017-10-21 08:22:38', '2017-10-21 08:22:38'),
(1471, 9, 'simple', 'WS07-S-Yellow', 0, 0, '2017-10-21 08:22:38', '2017-10-21 08:22:38'),
(1472, 9, 'simple', 'WS07-M-Black', 0, 0, '2017-10-21 08:22:38', '2017-10-21 08:22:38'),
(1473, 9, 'simple', 'WS07-M-White', 0, 0, '2017-10-21 08:22:38', '2017-10-21 08:22:38'),
(1474, 9, 'simple', 'WS07-M-Yellow', 0, 0, '2017-10-21 08:22:38', '2017-10-21 08:22:38'),
(1475, 9, 'simple', 'WS07-L-Black', 0, 0, '2017-10-21 08:22:38', '2017-10-21 08:22:38'),
(1476, 9, 'simple', 'WS07-L-White', 0, 0, '2017-10-21 08:22:38', '2017-10-21 08:22:38'),
(1477, 9, 'simple', 'WS07-L-Yellow', 0, 0, '2017-10-21 08:22:38', '2017-10-21 08:22:38'),
(1478, 9, 'simple', 'WS07-XL-Black', 0, 0, '2017-10-21 08:22:38', '2017-10-21 08:22:38'),
(1479, 9, 'simple', 'WS07-XL-White', 0, 0, '2017-10-21 08:22:38', '2017-10-21 08:22:38'),
(1480, 9, 'simple', 'WS07-XL-Yellow', 0, 0, '2017-10-21 08:22:38', '2017-10-21 08:22:38'),
(1481, 9, 'configurable', 'WS07', 1, 0, '2017-10-21 08:22:38', '2017-10-21 08:22:38'),
(1482, 9, 'simple', 'WS08-XS-Black', 0, 0, '2017-10-21 08:22:38', '2017-10-21 08:22:38'),
(1483, 9, 'simple', 'WS08-XS-Blue', 0, 0, '2017-10-21 08:22:38', '2017-10-21 08:22:38'),
(1484, 9, 'simple', 'WS08-XS-Red', 0, 0, '2017-10-21 08:22:38', '2017-10-21 08:22:38'),
(1485, 9, 'simple', 'WS08-S-Black', 0, 0, '2017-10-21 08:22:38', '2017-10-21 08:22:38'),
(1486, 9, 'simple', 'WS08-S-Blue', 0, 0, '2017-10-21 08:22:38', '2017-10-21 08:22:38'),
(1487, 9, 'simple', 'WS08-S-Red', 0, 0, '2017-10-21 08:22:38', '2017-10-21 08:22:38'),
(1488, 9, 'simple', 'WS08-M-Black', 0, 0, '2017-10-21 08:22:38', '2017-10-21 08:22:38'),
(1489, 9, 'simple', 'WS08-M-Blue', 0, 0, '2017-10-21 08:22:38', '2017-10-21 08:22:38'),
(1490, 9, 'simple', 'WS08-M-Red', 0, 0, '2017-10-21 08:22:38', '2017-10-21 08:22:38'),
(1491, 9, 'simple', 'WS08-L-Black', 0, 0, '2017-10-21 08:22:38', '2017-10-21 08:22:38'),
(1492, 9, 'simple', 'WS08-L-Blue', 0, 0, '2017-10-21 08:22:38', '2017-10-21 08:22:38'),
(1493, 9, 'simple', 'WS08-L-Red', 0, 0, '2017-10-21 08:22:38', '2017-10-21 08:22:38'),
(1494, 9, 'simple', 'WS08-XL-Black', 0, 0, '2017-10-21 08:22:38', '2017-10-21 08:22:38'),
(1495, 9, 'simple', 'WS08-XL-Blue', 0, 0, '2017-10-21 08:22:38', '2017-10-21 08:22:38'),
(1496, 9, 'simple', 'WS08-XL-Red', 0, 0, '2017-10-21 08:22:38', '2017-10-21 08:22:38'),
(1497, 9, 'configurable', 'WS08', 1, 0, '2017-10-21 08:22:38', '2017-10-21 08:22:38'),
(1498, 9, 'simple', 'WS09-XS-Blue', 0, 0, '2017-10-21 08:22:38', '2017-10-21 08:22:38'),
(1499, 9, 'simple', 'WS09-XS-Red', 0, 0, '2017-10-21 08:22:38', '2017-10-21 08:22:38'),
(1500, 9, 'simple', 'WS09-XS-White', 0, 0, '2017-10-21 08:22:38', '2017-10-21 08:22:38'),
(1501, 9, 'simple', 'WS09-S-Blue', 0, 0, '2017-10-21 08:22:38', '2017-10-21 08:22:38'),
(1502, 9, 'simple', 'WS09-S-Red', 0, 0, '2017-10-21 08:22:38', '2017-10-21 08:22:38'),
(1503, 9, 'simple', 'WS09-S-White', 0, 0, '2017-10-21 08:22:38', '2017-10-21 08:22:38'),
(1504, 9, 'simple', 'WS09-M-Blue', 0, 0, '2017-10-21 08:22:38', '2017-10-21 08:22:38'),
(1505, 9, 'simple', 'WS09-M-Red', 0, 0, '2017-10-21 08:22:38', '2017-10-21 08:22:38'),
(1506, 9, 'simple', 'WS09-M-White', 0, 0, '2017-10-21 08:22:38', '2017-10-21 08:22:38'),
(1507, 9, 'simple', 'WS09-L-Blue', 0, 0, '2017-10-21 08:22:38', '2017-10-21 08:22:38'),
(1508, 9, 'simple', 'WS09-L-Red', 0, 0, '2017-10-21 08:22:38', '2017-10-21 08:22:38'),
(1509, 9, 'simple', 'WS09-L-White', 0, 0, '2017-10-21 08:22:38', '2017-10-21 08:22:38'),
(1510, 9, 'simple', 'WS09-XL-Blue', 0, 0, '2017-10-21 08:22:38', '2017-10-21 08:22:38'),
(1511, 9, 'simple', 'WS09-XL-Red', 0, 0, '2017-10-21 08:22:38', '2017-10-21 08:22:38'),
(1512, 9, 'simple', 'WS09-XL-White', 0, 0, '2017-10-21 08:22:38', '2017-10-21 08:22:38'),
(1513, 9, 'configurable', 'WS09', 1, 0, '2017-10-21 08:22:38', '2017-10-21 08:22:38'),
(1514, 9, 'simple', 'WS10-XS-Green', 0, 0, '2017-10-21 08:22:38', '2017-10-21 08:22:38'),
(1515, 9, 'simple', 'WS10-XS-Red', 0, 0, '2017-10-21 08:22:38', '2017-10-21 08:22:38'),
(1516, 9, 'simple', 'WS10-XS-Yellow', 0, 0, '2017-10-21 08:22:38', '2017-10-21 08:22:38'),
(1517, 9, 'simple', 'WS10-S-Green', 0, 0, '2017-10-21 08:22:38', '2017-10-21 08:22:38'),
(1518, 9, 'simple', 'WS10-S-Red', 0, 0, '2017-10-21 08:22:38', '2017-10-21 08:22:38'),
(1519, 9, 'simple', 'WS10-S-Yellow', 0, 0, '2017-10-21 08:22:38', '2017-10-21 08:22:38'),
(1520, 9, 'simple', 'WS10-M-Green', 0, 0, '2017-10-21 08:22:38', '2017-10-21 08:22:38'),
(1521, 9, 'simple', 'WS10-M-Red', 0, 0, '2017-10-21 08:22:38', '2017-10-21 08:22:38'),
(1522, 9, 'simple', 'WS10-M-Yellow', 0, 0, '2017-10-21 08:22:38', '2017-10-21 08:22:38'),
(1523, 9, 'simple', 'WS10-L-Green', 0, 0, '2017-10-21 08:22:38', '2017-10-21 08:22:38'),
(1524, 9, 'simple', 'WS10-L-Red', 0, 0, '2017-10-21 08:22:38', '2017-10-21 08:22:38'),
(1525, 9, 'simple', 'WS10-L-Yellow', 0, 0, '2017-10-21 08:22:38', '2017-10-21 08:22:38'),
(1526, 9, 'simple', 'WS10-XL-Green', 0, 0, '2017-10-21 08:22:38', '2017-10-21 08:22:38'),
(1527, 9, 'simple', 'WS10-XL-Red', 0, 0, '2017-10-21 08:22:38', '2017-10-21 08:22:38'),
(1528, 9, 'simple', 'WS10-XL-Yellow', 0, 0, '2017-10-21 08:22:38', '2017-10-21 08:22:38'),
(1529, 9, 'configurable', 'WS10', 1, 0, '2017-10-21 08:22:38', '2017-10-21 08:22:38'),
(1530, 9, 'simple', 'WS11-XS-Green', 0, 0, '2017-10-21 08:22:38', '2017-10-21 08:22:38'),
(1531, 9, 'simple', 'WS11-XS-Orange', 0, 0, '2017-10-21 08:22:38', '2017-10-21 08:22:38'),
(1532, 9, 'simple', 'WS11-XS-Yellow', 0, 0, '2017-10-21 08:22:38', '2017-10-21 08:22:38'),
(1533, 9, 'simple', 'WS11-S-Green', 0, 0, '2017-10-21 08:22:38', '2017-10-21 08:22:38'),
(1534, 9, 'simple', 'WS11-S-Orange', 0, 0, '2017-10-21 08:22:38', '2017-10-21 08:22:38'),
(1535, 9, 'simple', 'WS11-S-Yellow', 0, 0, '2017-10-21 08:22:38', '2017-10-21 08:22:38'),
(1536, 9, 'simple', 'WS11-M-Green', 0, 0, '2017-10-21 08:22:38', '2017-10-21 08:22:38'),
(1537, 9, 'simple', 'WS11-M-Orange', 0, 0, '2017-10-21 08:22:38', '2017-10-21 08:22:38'),
(1538, 9, 'simple', 'WS11-M-Yellow', 0, 0, '2017-10-21 08:22:38', '2017-10-21 08:22:38'),
(1539, 9, 'simple', 'WS11-L-Green', 0, 0, '2017-10-21 08:22:38', '2017-10-21 08:22:38'),
(1540, 9, 'simple', 'WS11-L-Orange', 0, 0, '2017-10-21 08:22:38', '2017-10-21 08:22:38'),
(1541, 9, 'simple', 'WS11-L-Yellow', 0, 0, '2017-10-21 08:22:38', '2017-10-21 08:22:38'),
(1542, 9, 'simple', 'WS11-XL-Green', 0, 0, '2017-10-21 08:22:38', '2017-10-21 08:22:38'),
(1543, 9, 'simple', 'WS11-XL-Orange', 0, 0, '2017-10-21 08:22:38', '2017-10-21 08:22:38'),
(1544, 9, 'simple', 'WS11-XL-Yellow', 0, 0, '2017-10-21 08:22:38', '2017-10-21 08:22:38'),
(1545, 9, 'configurable', 'WS11', 1, 0, '2017-10-21 08:22:38', '2017-10-21 08:22:38'),
(1546, 9, 'simple', 'WS12-XS-Blue', 0, 0, '2017-10-21 08:22:38', '2017-10-21 08:22:38'),
(1547, 9, 'simple', 'WS12-XS-Orange', 0, 0, '2017-10-21 08:22:38', '2017-10-21 08:22:38'),
(1548, 9, 'simple', 'WS12-XS-Purple', 0, 0, '2017-10-21 08:22:38', '2017-10-21 08:22:38'),
(1549, 9, 'simple', 'WS12-S-Blue', 0, 0, '2017-10-21 08:22:38', '2017-10-21 08:22:38'),
(1550, 9, 'simple', 'WS12-S-Orange', 0, 0, '2017-10-21 08:22:38', '2017-10-21 08:22:38'),
(1551, 9, 'simple', 'WS12-S-Purple', 0, 0, '2017-10-21 08:22:38', '2017-10-21 08:22:38'),
(1552, 9, 'simple', 'WS12-M-Blue', 0, 0, '2017-10-21 08:22:41', '2017-10-21 08:22:41'),
(1553, 9, 'simple', 'WS12-M-Orange', 0, 0, '2017-10-21 08:22:41', '2017-10-21 08:22:41'),
(1554, 9, 'simple', 'WS12-M-Purple', 0, 0, '2017-10-21 08:22:41', '2017-10-21 08:22:41'),
(1555, 9, 'simple', 'WS12-L-Blue', 0, 0, '2017-10-21 08:22:41', '2017-10-21 08:22:41'),
(1556, 9, 'simple', 'WS12-L-Orange', 0, 0, '2017-10-21 08:22:41', '2017-10-21 08:22:41'),
(1557, 9, 'simple', 'WS12-L-Purple', 0, 0, '2017-10-21 08:22:41', '2017-10-21 08:22:41'),
(1558, 9, 'simple', 'WS12-XL-Blue', 0, 0, '2017-10-21 08:22:41', '2017-10-21 08:22:41'),
(1559, 9, 'simple', 'WS12-XL-Orange', 0, 0, '2017-10-21 08:22:41', '2017-10-21 08:22:41'),
(1560, 9, 'simple', 'WS12-XL-Purple', 0, 0, '2017-10-21 08:22:41', '2017-10-21 08:22:41'),
(1561, 9, 'configurable', 'WS12', 1, 0, '2017-10-21 08:22:41', '2017-10-21 08:22:41'),
(1562, 9, 'simple', 'WS01-XS-Black', 0, 0, '2017-10-21 08:22:41', '2017-10-21 08:22:41'),
(1563, 9, 'simple', 'WS01-XS-Green', 0, 0, '2017-10-21 08:22:41', '2017-10-21 08:22:41'),
(1564, 9, 'simple', 'WS01-XS-Yellow', 0, 0, '2017-10-21 08:22:41', '2017-10-21 08:22:41'),
(1565, 9, 'simple', 'WS01-S-Black', 0, 0, '2017-10-21 08:22:41', '2017-10-21 08:22:41'),
(1566, 9, 'simple', 'WS01-S-Green', 0, 0, '2017-10-21 08:22:41', '2017-10-21 08:22:41'),
(1567, 9, 'simple', 'WS01-S-Yellow', 0, 0, '2017-10-21 08:22:41', '2017-10-21 08:22:41'),
(1568, 9, 'simple', 'WS01-M-Black', 0, 0, '2017-10-21 08:22:41', '2017-10-21 08:22:41'),
(1569, 9, 'simple', 'WS01-M-Green', 0, 0, '2017-10-21 08:22:41', '2017-10-21 08:22:41'),
(1570, 9, 'simple', 'WS01-M-Yellow', 0, 0, '2017-10-21 08:22:41', '2017-10-21 08:22:41'),
(1571, 9, 'simple', 'WS01-L-Black', 0, 0, '2017-10-21 08:22:41', '2017-10-21 08:22:41'),
(1572, 9, 'simple', 'WS01-L-Green', 0, 0, '2017-10-21 08:22:41', '2017-10-21 08:22:41'),
(1573, 9, 'simple', 'WS01-L-Yellow', 0, 0, '2017-10-21 08:22:41', '2017-10-21 08:22:41'),
(1574, 9, 'simple', 'WS01-XL-Black', 0, 0, '2017-10-21 08:22:41', '2017-10-21 08:22:41'),
(1575, 9, 'simple', 'WS01-XL-Green', 0, 0, '2017-10-21 08:22:41', '2017-10-21 08:22:41'),
(1576, 9, 'simple', 'WS01-XL-Yellow', 0, 0, '2017-10-21 08:22:41', '2017-10-21 08:22:41'),
(1577, 9, 'configurable', 'WS01', 1, 0, '2017-10-21 08:22:41', '2017-10-21 08:22:41'),
(1578, 9, 'simple', 'WS05-XS-Black', 0, 0, '2017-10-21 08:22:41', '2017-10-21 08:22:41'),
(1579, 9, 'simple', 'WS05-XS-Orange', 0, 0, '2017-10-21 08:22:41', '2017-10-21 08:22:41'),
(1580, 9, 'simple', 'WS05-XS-Yellow', 0, 0, '2017-10-21 08:22:41', '2017-10-21 08:22:41'),
(1581, 9, 'simple', 'WS05-S-Black', 0, 0, '2017-10-21 08:22:41', '2017-10-21 08:22:41'),
(1582, 9, 'simple', 'WS05-S-Orange', 0, 0, '2017-10-21 08:22:41', '2017-10-21 08:22:41'),
(1583, 9, 'simple', 'WS05-S-Yellow', 0, 0, '2017-10-21 08:22:41', '2017-10-21 08:22:41'),
(1584, 9, 'simple', 'WS05-M-Black', 0, 0, '2017-10-21 08:22:41', '2017-10-21 08:22:41'),
(1585, 9, 'simple', 'WS05-M-Orange', 0, 0, '2017-10-21 08:22:41', '2017-10-21 08:22:41'),
(1586, 9, 'simple', 'WS05-M-Yellow', 0, 0, '2017-10-21 08:22:41', '2017-10-21 08:22:41'),
(1587, 9, 'simple', 'WS05-L-Black', 0, 0, '2017-10-21 08:22:41', '2017-10-21 08:22:41'),
(1588, 9, 'simple', 'WS05-L-Orange', 0, 0, '2017-10-21 08:22:41', '2017-10-21 08:22:41'),
(1589, 9, 'simple', 'WS05-L-Yellow', 0, 0, '2017-10-21 08:22:41', '2017-10-21 08:22:41'),
(1590, 9, 'simple', 'WS05-XL-Black', 0, 0, '2017-10-21 08:22:41', '2017-10-21 08:22:41'),
(1591, 9, 'simple', 'WS05-XL-Orange', 0, 0, '2017-10-21 08:22:41', '2017-10-21 08:22:41'),
(1592, 9, 'simple', 'WS05-XL-Yellow', 0, 0, '2017-10-21 08:22:41', '2017-10-21 08:22:41'),
(1593, 9, 'configurable', 'WS05', 1, 0, '2017-10-21 08:22:41', '2017-10-21 08:22:41'),
(1594, 9, 'simple', 'WB01-XS-Black', 0, 0, '2017-10-21 08:22:41', '2017-10-21 08:22:41'),
(1595, 9, 'simple', 'WB01-XS-Gray', 0, 0, '2017-10-21 08:22:41', '2017-10-21 08:22:41'),
(1596, 9, 'simple', 'WB01-XS-Purple', 0, 0, '2017-10-21 08:22:41', '2017-10-21 08:22:41'),
(1597, 9, 'simple', 'WB01-S-Black', 0, 0, '2017-10-21 08:22:41', '2017-10-21 08:22:41'),
(1598, 9, 'simple', 'WB01-S-Gray', 0, 0, '2017-10-21 08:22:41', '2017-10-21 08:22:41'),
(1599, 9, 'simple', 'WB01-S-Purple', 0, 0, '2017-10-21 08:22:41', '2017-10-21 08:22:41'),
(1600, 9, 'simple', 'WB01-M-Black', 0, 0, '2017-10-21 08:22:41', '2017-10-21 08:22:41'),
(1601, 9, 'simple', 'WB01-M-Gray', 0, 0, '2017-10-21 08:22:41', '2017-10-21 08:22:41'),
(1602, 9, 'simple', 'WB01-M-Purple', 0, 0, '2017-10-21 08:22:41', '2017-10-21 08:22:41'),
(1603, 9, 'simple', 'WB01-L-Black', 0, 0, '2017-10-21 08:22:41', '2017-10-21 08:22:41'),
(1604, 9, 'simple', 'WB01-L-Gray', 0, 0, '2017-10-21 08:22:41', '2017-10-21 08:22:41'),
(1605, 9, 'simple', 'WB01-L-Purple', 0, 0, '2017-10-21 08:22:41', '2017-10-21 08:22:41'),
(1606, 9, 'simple', 'WB01-XL-Black', 0, 0, '2017-10-21 08:22:41', '2017-10-21 08:22:41'),
(1607, 9, 'simple', 'WB01-XL-Gray', 0, 0, '2017-10-21 08:22:41', '2017-10-21 08:22:41'),
(1608, 9, 'simple', 'WB01-XL-Purple', 0, 0, '2017-10-21 08:22:41', '2017-10-21 08:22:41'),
(1609, 9, 'configurable', 'WB01', 1, 0, '2017-10-21 08:22:41', '2017-10-21 08:22:41'),
(1610, 9, 'simple', 'WB02-XS-Blue', 0, 0, '2017-10-21 08:22:41', '2017-10-21 08:22:41'),
(1611, 9, 'simple', 'WB02-XS-Orange', 0, 0, '2017-10-21 08:22:41', '2017-10-21 08:22:41'),
(1612, 9, 'simple', 'WB02-XS-Yellow', 0, 0, '2017-10-21 08:22:41', '2017-10-21 08:22:41'),
(1613, 9, 'simple', 'WB02-S-Blue', 0, 0, '2017-10-21 08:22:42', '2017-10-21 08:22:42'),
(1614, 9, 'simple', 'WB02-S-Orange', 0, 0, '2017-10-21 08:22:42', '2017-10-21 08:22:42'),
(1615, 9, 'simple', 'WB02-S-Yellow', 0, 0, '2017-10-21 08:22:42', '2017-10-21 08:22:42'),
(1616, 9, 'simple', 'WB02-M-Blue', 0, 0, '2017-10-21 08:22:42', '2017-10-21 08:22:42'),
(1617, 9, 'simple', 'WB02-M-Orange', 0, 0, '2017-10-21 08:22:42', '2017-10-21 08:22:42'),
(1618, 9, 'simple', 'WB02-M-Yellow', 0, 0, '2017-10-21 08:22:42', '2017-10-21 08:22:42'),
(1619, 9, 'simple', 'WB02-L-Blue', 0, 0, '2017-10-21 08:22:42', '2017-10-21 08:22:42'),
(1620, 9, 'simple', 'WB02-L-Orange', 0, 0, '2017-10-21 08:22:42', '2017-10-21 08:22:42'),
(1621, 9, 'simple', 'WB02-L-Yellow', 0, 0, '2017-10-21 08:22:42', '2017-10-21 08:22:42'),
(1622, 9, 'simple', 'WB02-XL-Blue', 0, 0, '2017-10-21 08:22:42', '2017-10-21 08:22:42'),
(1623, 9, 'simple', 'WB02-XL-Orange', 0, 0, '2017-10-21 08:22:42', '2017-10-21 08:22:42'),
(1624, 9, 'simple', 'WB02-XL-Yellow', 0, 0, '2017-10-21 08:22:42', '2017-10-21 08:22:42'),
(1625, 9, 'configurable', 'WB02', 1, 0, '2017-10-21 08:22:42', '2017-10-21 08:22:42'),
(1626, 9, 'simple', 'WB03-XS-Green', 0, 0, '2017-10-21 08:22:42', '2017-10-21 08:22:42'),
(1627, 9, 'simple', 'WB03-XS-Red', 0, 0, '2017-10-21 08:22:42', '2017-10-21 08:22:42'),
(1628, 9, 'simple', 'WB03-XS-Yellow', 0, 0, '2017-10-21 08:22:42', '2017-10-21 08:22:42'),
(1629, 9, 'simple', 'WB03-S-Green', 0, 0, '2017-10-21 08:22:42', '2017-10-21 08:22:42'),
(1630, 9, 'simple', 'WB03-S-Red', 0, 0, '2017-10-21 08:22:42', '2017-10-21 08:22:42'),
(1631, 9, 'simple', 'WB03-S-Yellow', 0, 0, '2017-10-21 08:22:42', '2017-10-21 08:22:42'),
(1632, 9, 'simple', 'WB03-M-Green', 0, 0, '2017-10-21 08:22:42', '2017-10-21 08:22:42'),
(1633, 9, 'simple', 'WB03-M-Red', 0, 0, '2017-10-21 08:22:42', '2017-10-21 08:22:42'),
(1634, 9, 'simple', 'WB03-M-Yellow', 0, 0, '2017-10-21 08:22:42', '2017-10-21 08:22:42'),
(1635, 9, 'simple', 'WB03-L-Green', 0, 0, '2017-10-21 08:22:42', '2017-10-21 08:22:42'),
(1636, 9, 'simple', 'WB03-L-Red', 0, 0, '2017-10-21 08:22:42', '2017-10-21 08:22:42'),
(1637, 9, 'simple', 'WB03-L-Yellow', 0, 0, '2017-10-21 08:22:42', '2017-10-21 08:22:42'),
(1638, 9, 'simple', 'WB03-XL-Green', 0, 0, '2017-10-21 08:22:42', '2017-10-21 08:22:42'),
(1639, 9, 'simple', 'WB03-XL-Red', 0, 0, '2017-10-21 08:22:42', '2017-10-21 08:22:42'),
(1640, 9, 'simple', 'WB03-XL-Yellow', 0, 0, '2017-10-21 08:22:42', '2017-10-21 08:22:42'),
(1641, 9, 'configurable', 'WB03', 1, 0, '2017-10-21 08:22:42', '2017-10-21 08:22:42'),
(1642, 9, 'simple', 'WB04-XS-Blue', 0, 0, '2017-10-21 08:22:42', '2017-10-21 08:22:42'),
(1643, 9, 'simple', 'WB04-XS-Purple', 0, 0, '2017-10-21 08:22:42', '2017-10-21 08:22:42'),
(1644, 9, 'simple', 'WB04-XS-Yellow', 0, 0, '2017-10-21 08:22:42', '2017-10-21 08:22:42'),
(1645, 9, 'simple', 'WB04-S-Blue', 0, 0, '2017-10-21 08:22:42', '2017-10-21 08:22:42'),
(1646, 9, 'simple', 'WB04-S-Purple', 0, 0, '2017-10-21 08:22:42', '2017-10-21 08:22:42'),
(1647, 9, 'simple', 'WB04-S-Yellow', 0, 0, '2017-10-21 08:22:42', '2017-10-21 08:22:42'),
(1648, 9, 'simple', 'WB04-M-Blue', 0, 0, '2017-10-21 08:22:42', '2017-10-21 08:22:42'),
(1649, 9, 'simple', 'WB04-M-Purple', 0, 0, '2017-10-21 08:22:42', '2017-10-21 08:22:42'),
(1650, 9, 'simple', 'WB04-M-Yellow', 0, 0, '2017-10-21 08:22:42', '2017-10-21 08:22:42'),
(1651, 9, 'simple', 'WB04-L-Blue', 0, 0, '2017-10-21 08:22:42', '2017-10-21 08:22:42'),
(1652, 9, 'simple', 'WB04-L-Purple', 0, 0, '2017-10-21 08:22:44', '2017-10-21 08:22:44'),
(1653, 9, 'simple', 'WB04-L-Yellow', 0, 0, '2017-10-21 08:22:44', '2017-10-21 08:22:44'),
(1654, 9, 'simple', 'WB04-XL-Blue', 0, 0, '2017-10-21 08:22:44', '2017-10-21 08:22:44'),
(1655, 9, 'simple', 'WB04-XL-Purple', 0, 0, '2017-10-21 08:22:44', '2017-10-21 08:22:44'),
(1656, 9, 'simple', 'WB04-XL-Yellow', 0, 0, '2017-10-21 08:22:44', '2017-10-21 08:22:44'),
(1657, 9, 'configurable', 'WB04', 1, 0, '2017-10-21 08:22:44', '2017-10-21 08:22:44'),
(1658, 9, 'simple', 'WB05-XS-Black', 0, 0, '2017-10-21 08:22:44', '2017-10-21 08:22:44'),
(1659, 9, 'simple', 'WB05-XS-Orange', 0, 0, '2017-10-21 08:22:44', '2017-10-21 08:22:44'),
(1660, 9, 'simple', 'WB05-XS-Purple', 0, 0, '2017-10-21 08:22:44', '2017-10-21 08:22:44'),
(1661, 9, 'simple', 'WB05-S-Black', 0, 0, '2017-10-21 08:22:44', '2017-10-21 08:22:44'),
(1662, 9, 'simple', 'WB05-S-Orange', 0, 0, '2017-10-21 08:22:44', '2017-10-21 08:22:44'),
(1663, 9, 'simple', 'WB05-S-Purple', 0, 0, '2017-10-21 08:22:44', '2017-10-21 08:22:44'),
(1664, 9, 'simple', 'WB05-M-Black', 0, 0, '2017-10-21 08:22:44', '2017-10-21 08:22:44'),
(1665, 9, 'simple', 'WB05-M-Orange', 0, 0, '2017-10-21 08:22:44', '2017-10-21 08:22:44'),
(1666, 9, 'simple', 'WB05-M-Purple', 0, 0, '2017-10-21 08:22:44', '2017-10-21 08:22:44'),
(1667, 9, 'simple', 'WB05-L-Black', 0, 0, '2017-10-21 08:22:44', '2017-10-21 08:22:44'),
(1668, 9, 'simple', 'WB05-L-Orange', 0, 0, '2017-10-21 08:22:44', '2017-10-21 08:22:44'),
(1669, 9, 'simple', 'WB05-L-Purple', 0, 0, '2017-10-21 08:22:44', '2017-10-21 08:22:44'),
(1670, 9, 'simple', 'WB05-XL-Black', 0, 0, '2017-10-21 08:22:44', '2017-10-21 08:22:44'),
(1671, 9, 'simple', 'WB05-XL-Orange', 0, 0, '2017-10-21 08:22:44', '2017-10-21 08:22:44'),
(1672, 9, 'simple', 'WB05-XL-Purple', 0, 0, '2017-10-21 08:22:44', '2017-10-21 08:22:44'),
(1673, 9, 'configurable', 'WB05', 1, 0, '2017-10-21 08:22:44', '2017-10-21 08:22:44'),
(1674, 9, 'simple', 'WT01-XS-Black', 0, 0, '2017-10-21 08:22:44', '2017-10-21 08:22:44'),
(1675, 9, 'simple', 'WT01-XS-Blue', 0, 0, '2017-10-21 08:22:44', '2017-10-21 08:22:44'),
(1676, 9, 'simple', 'WT01-XS-Orange', 0, 0, '2017-10-21 08:22:44', '2017-10-21 08:22:44'),
(1677, 9, 'simple', 'WT01-S-Black', 0, 0, '2017-10-21 08:22:44', '2017-10-21 08:22:44'),
(1678, 9, 'simple', 'WT01-S-Blue', 0, 0, '2017-10-21 08:22:44', '2017-10-21 08:22:44'),
(1679, 9, 'simple', 'WT01-S-Orange', 0, 0, '2017-10-21 08:22:44', '2017-10-21 08:22:44'),
(1680, 9, 'simple', 'WT01-M-Black', 0, 0, '2017-10-21 08:22:44', '2017-10-21 08:22:44'),
(1681, 9, 'simple', 'WT01-M-Blue', 0, 0, '2017-10-21 08:22:44', '2017-10-21 08:22:44'),
(1682, 9, 'simple', 'WT01-M-Orange', 0, 0, '2017-10-21 08:22:44', '2017-10-21 08:22:44'),
(1683, 9, 'simple', 'WT01-L-Black', 0, 0, '2017-10-21 08:22:44', '2017-10-21 08:22:44'),
(1684, 9, 'simple', 'WT01-L-Blue', 0, 0, '2017-10-21 08:22:44', '2017-10-21 08:22:44'),
(1685, 9, 'simple', 'WT01-L-Orange', 0, 0, '2017-10-21 08:22:44', '2017-10-21 08:22:44'),
(1686, 9, 'simple', 'WT01-XL-Black', 0, 0, '2017-10-21 08:22:44', '2017-10-21 08:22:44'),
(1687, 9, 'simple', 'WT01-XL-Blue', 0, 0, '2017-10-21 08:22:44', '2017-10-21 08:22:44'),
(1688, 9, 'simple', 'WT01-XL-Orange', 0, 0, '2017-10-21 08:22:44', '2017-10-21 08:22:44'),
(1689, 9, 'configurable', 'WT01', 1, 0, '2017-10-21 08:22:44', '2017-10-21 08:22:44'),
(1690, 9, 'simple', 'WT02-XS-Green', 0, 0, '2017-10-21 08:22:44', '2017-10-21 08:22:44'),
(1691, 9, 'simple', 'WT02-XS-Orange', 0, 0, '2017-10-21 08:22:44', '2017-10-21 08:22:44'),
(1692, 9, 'simple', 'WT02-XS-Yellow', 0, 0, '2017-10-21 08:22:44', '2017-10-21 08:22:44'),
(1693, 9, 'simple', 'WT02-S-Green', 0, 0, '2017-10-21 08:22:44', '2017-10-21 08:22:44'),
(1694, 9, 'simple', 'WT02-S-Orange', 0, 0, '2017-10-21 08:22:44', '2017-10-21 08:22:44'),
(1695, 9, 'simple', 'WT02-S-Yellow', 0, 0, '2017-10-21 08:22:44', '2017-10-21 08:22:44'),
(1696, 9, 'simple', 'WT02-M-Green', 0, 0, '2017-10-21 08:22:44', '2017-10-21 08:22:44'),
(1697, 9, 'simple', 'WT02-M-Orange', 0, 0, '2017-10-21 08:22:44', '2017-10-21 08:22:44'),
(1698, 9, 'simple', 'WT02-M-Yellow', 0, 0, '2017-10-21 08:22:44', '2017-10-21 08:22:44'),
(1699, 9, 'simple', 'WT02-L-Green', 0, 0, '2017-10-21 08:22:44', '2017-10-21 08:22:44'),
(1700, 9, 'simple', 'WT02-L-Orange', 0, 0, '2017-10-21 08:22:44', '2017-10-21 08:22:44'),
(1701, 9, 'simple', 'WT02-L-Yellow', 0, 0, '2017-10-21 08:22:44', '2017-10-21 08:22:44'),
(1702, 9, 'simple', 'WT02-XL-Green', 0, 0, '2017-10-21 08:22:44', '2017-10-21 08:22:44'),
(1703, 9, 'simple', 'WT02-XL-Orange', 0, 0, '2017-10-21 08:22:44', '2017-10-21 08:22:44'),
(1704, 9, 'simple', 'WT02-XL-Yellow', 0, 0, '2017-10-21 08:22:45', '2017-10-21 08:22:45'),
(1705, 9, 'configurable', 'WT02', 1, 0, '2017-10-21 08:22:45', '2017-10-21 08:22:45'),
(1706, 9, 'simple', 'WT03-XS-Orange', 0, 0, '2017-10-21 08:22:45', '2017-10-21 08:22:45'),
(1707, 9, 'simple', 'WT03-XS-Purple', 0, 0, '2017-10-21 08:22:45', '2017-10-21 08:22:45'),
(1708, 9, 'simple', 'WT03-XS-Red', 0, 0, '2017-10-21 08:22:45', '2017-10-21 08:22:45'),
(1709, 9, 'simple', 'WT03-S-Orange', 0, 0, '2017-10-21 08:22:45', '2017-10-21 08:22:45'),
(1710, 9, 'simple', 'WT03-S-Purple', 0, 0, '2017-10-21 08:22:45', '2017-10-21 08:22:45'),
(1711, 9, 'simple', 'WT03-S-Red', 0, 0, '2017-10-21 08:22:45', '2017-10-21 08:22:45'),
(1712, 9, 'simple', 'WT03-M-Orange', 0, 0, '2017-10-21 08:22:45', '2017-10-21 08:22:45'),
(1713, 9, 'simple', 'WT03-M-Purple', 0, 0, '2017-10-21 08:22:45', '2017-10-21 08:22:45'),
(1714, 9, 'simple', 'WT03-M-Red', 0, 0, '2017-10-21 08:22:45', '2017-10-21 08:22:45'),
(1715, 9, 'simple', 'WT03-L-Orange', 0, 0, '2017-10-21 08:22:45', '2017-10-21 08:22:45'),
(1716, 9, 'simple', 'WT03-L-Purple', 0, 0, '2017-10-21 08:22:45', '2017-10-21 08:22:45'),
(1717, 9, 'simple', 'WT03-L-Red', 0, 0, '2017-10-21 08:22:45', '2017-10-21 08:22:45'),
(1718, 9, 'simple', 'WT03-XL-Orange', 0, 0, '2017-10-21 08:22:45', '2017-10-21 08:22:45'),
(1719, 9, 'simple', 'WT03-XL-Purple', 0, 0, '2017-10-21 08:22:45', '2017-10-21 08:22:45'),
(1720, 9, 'simple', 'WT03-XL-Red', 0, 0, '2017-10-21 08:22:45', '2017-10-21 08:22:45'),
(1721, 9, 'configurable', 'WT03', 1, 0, '2017-10-21 08:22:45', '2017-10-21 08:22:45'),
(1722, 9, 'simple', 'WT04-XS-Blue', 0, 0, '2017-10-21 08:22:45', '2017-10-21 08:22:45'),
(1723, 9, 'simple', 'WT04-XS-Purple', 0, 0, '2017-10-21 08:22:45', '2017-10-21 08:22:45'),
(1724, 9, 'simple', 'WT04-XS-Red', 0, 0, '2017-10-21 08:22:45', '2017-10-21 08:22:45'),
(1725, 9, 'simple', 'WT04-S-Blue', 0, 0, '2017-10-21 08:22:45', '2017-10-21 08:22:45');
INSERT INTO `catalog_product_entity` (`entity_id`, `attribute_set_id`, `type_id`, `sku`, `has_options`, `required_options`, `created_at`, `updated_at`) VALUES
(1726, 9, 'simple', 'WT04-S-Purple', 0, 0, '2017-10-21 08:22:45', '2017-10-21 08:22:45'),
(1727, 9, 'simple', 'WT04-S-Red', 0, 0, '2017-10-21 08:22:45', '2017-10-21 08:22:45'),
(1728, 9, 'simple', 'WT04-M-Blue', 0, 0, '2017-10-21 08:22:45', '2017-10-21 08:22:45'),
(1729, 9, 'simple', 'WT04-M-Purple', 0, 0, '2017-10-21 08:22:45', '2017-10-21 08:22:45'),
(1730, 9, 'simple', 'WT04-M-Red', 0, 0, '2017-10-21 08:22:45', '2017-10-21 08:22:45'),
(1731, 9, 'simple', 'WT04-L-Blue', 0, 0, '2017-10-21 08:22:45', '2017-10-21 08:22:45'),
(1732, 9, 'simple', 'WT04-L-Purple', 0, 0, '2017-10-21 08:22:45', '2017-10-21 08:22:45'),
(1733, 9, 'simple', 'WT04-L-Red', 0, 0, '2017-10-21 08:22:45', '2017-10-21 08:22:45'),
(1734, 9, 'simple', 'WT04-XL-Blue', 0, 0, '2017-10-21 08:22:45', '2017-10-21 08:22:45'),
(1735, 9, 'simple', 'WT04-XL-Purple', 0, 0, '2017-10-21 08:22:45', '2017-10-21 08:22:45'),
(1736, 9, 'simple', 'WT04-XL-Red', 0, 0, '2017-10-21 08:22:45', '2017-10-21 08:22:45'),
(1737, 9, 'configurable', 'WT04', 1, 0, '2017-10-21 08:22:45', '2017-10-21 08:22:45'),
(1738, 9, 'simple', 'WT05-XS-Orange', 0, 0, '2017-10-21 08:22:45', '2017-10-21 08:22:45'),
(1739, 9, 'simple', 'WT05-XS-Purple', 0, 0, '2017-10-21 08:22:45', '2017-10-21 08:22:45'),
(1740, 9, 'simple', 'WT05-XS-White', 0, 0, '2017-10-21 08:22:45', '2017-10-21 08:22:45'),
(1741, 9, 'simple', 'WT05-S-Orange', 0, 0, '2017-10-21 08:22:45', '2017-10-21 08:22:45'),
(1742, 9, 'simple', 'WT05-S-Purple', 0, 0, '2017-10-21 08:22:45', '2017-10-21 08:22:45'),
(1743, 9, 'simple', 'WT05-S-White', 0, 0, '2017-10-21 08:22:45', '2017-10-21 08:22:45'),
(1744, 9, 'simple', 'WT05-M-Orange', 0, 0, '2017-10-21 08:22:45', '2017-10-21 08:22:45'),
(1745, 9, 'simple', 'WT05-M-Purple', 0, 0, '2017-10-21 08:22:45', '2017-10-21 08:22:45'),
(1746, 9, 'simple', 'WT05-M-White', 0, 0, '2017-10-21 08:22:45', '2017-10-21 08:22:45'),
(1747, 9, 'simple', 'WT05-L-Orange', 0, 0, '2017-10-21 08:22:45', '2017-10-21 08:22:45'),
(1748, 9, 'simple', 'WT05-L-Purple', 0, 0, '2017-10-21 08:22:45', '2017-10-21 08:22:45'),
(1749, 9, 'simple', 'WT05-L-White', 0, 0, '2017-10-21 08:22:45', '2017-10-21 08:22:45'),
(1750, 9, 'simple', 'WT05-XL-Orange', 0, 0, '2017-10-21 08:22:45', '2017-10-21 08:22:45'),
(1751, 9, 'simple', 'WT05-XL-Purple', 0, 0, '2017-10-21 08:22:45', '2017-10-21 08:22:45'),
(1752, 9, 'simple', 'WT05-XL-White', 0, 0, '2017-10-21 08:22:47', '2017-10-21 08:22:47'),
(1753, 9, 'configurable', 'WT05', 1, 0, '2017-10-21 08:22:47', '2017-10-21 08:22:47'),
(1754, 9, 'simple', 'WT06-XS-Blue', 0, 0, '2017-10-21 08:22:47', '2017-10-21 08:22:47'),
(1755, 9, 'simple', 'WT06-XS-Red', 0, 0, '2017-10-21 08:22:47', '2017-10-21 08:22:47'),
(1756, 9, 'simple', 'WT06-XS-Yellow', 0, 0, '2017-10-21 08:22:48', '2017-10-21 08:22:48'),
(1757, 9, 'simple', 'WT06-S-Blue', 0, 0, '2017-10-21 08:22:48', '2017-10-21 08:22:48'),
(1758, 9, 'simple', 'WT06-S-Red', 0, 0, '2017-10-21 08:22:48', '2017-10-21 08:22:48'),
(1759, 9, 'simple', 'WT06-S-Yellow', 0, 0, '2017-10-21 08:22:48', '2017-10-21 08:22:48'),
(1760, 9, 'simple', 'WT06-M-Blue', 0, 0, '2017-10-21 08:22:48', '2017-10-21 08:22:48'),
(1761, 9, 'simple', 'WT06-M-Red', 0, 0, '2017-10-21 08:22:48', '2017-10-21 08:22:48'),
(1762, 9, 'simple', 'WT06-M-Yellow', 0, 0, '2017-10-21 08:22:48', '2017-10-21 08:22:48'),
(1763, 9, 'simple', 'WT06-L-Blue', 0, 0, '2017-10-21 08:22:48', '2017-10-21 08:22:48'),
(1764, 9, 'simple', 'WT06-L-Red', 0, 0, '2017-10-21 08:22:48', '2017-10-21 08:22:48'),
(1765, 9, 'simple', 'WT06-L-Yellow', 0, 0, '2017-10-21 08:22:48', '2017-10-21 08:22:48'),
(1766, 9, 'simple', 'WT06-XL-Blue', 0, 0, '2017-10-21 08:22:48', '2017-10-21 08:22:48'),
(1767, 9, 'simple', 'WT06-XL-Red', 0, 0, '2017-10-21 08:22:48', '2017-10-21 08:22:48'),
(1768, 9, 'simple', 'WT06-XL-Yellow', 0, 0, '2017-10-21 08:22:48', '2017-10-21 08:22:48'),
(1769, 9, 'configurable', 'WT06', 1, 0, '2017-10-21 08:22:48', '2017-10-21 08:22:48'),
(1770, 9, 'simple', 'WT07-XS-Green', 0, 0, '2017-10-21 08:22:48', '2017-10-21 08:22:48'),
(1771, 9, 'simple', 'WT07-XS-White', 0, 0, '2017-10-21 08:22:48', '2017-10-21 08:22:48'),
(1772, 9, 'simple', 'WT07-XS-Yellow', 0, 0, '2017-10-21 08:22:48', '2017-10-21 08:22:48'),
(1773, 9, 'simple', 'WT07-S-Green', 0, 0, '2017-10-21 08:22:48', '2017-10-21 08:22:48'),
(1774, 9, 'simple', 'WT07-S-White', 0, 0, '2017-10-21 08:22:48', '2017-10-21 08:22:48'),
(1775, 9, 'simple', 'WT07-S-Yellow', 0, 0, '2017-10-21 08:22:48', '2017-10-21 08:22:48'),
(1776, 9, 'simple', 'WT07-M-Green', 0, 0, '2017-10-21 08:22:48', '2017-10-21 08:22:48'),
(1777, 9, 'simple', 'WT07-M-White', 0, 0, '2017-10-21 08:22:48', '2017-10-21 08:22:48'),
(1778, 9, 'simple', 'WT07-M-Yellow', 0, 0, '2017-10-21 08:22:48', '2017-10-21 08:22:48'),
(1779, 9, 'simple', 'WT07-L-Green', 0, 0, '2017-10-21 08:22:48', '2017-10-21 08:22:48'),
(1780, 9, 'simple', 'WT07-L-White', 0, 0, '2017-10-21 08:22:48', '2017-10-21 08:22:48'),
(1781, 9, 'simple', 'WT07-L-Yellow', 0, 0, '2017-10-21 08:22:48', '2017-10-21 08:22:48'),
(1782, 9, 'simple', 'WT07-XL-Green', 0, 0, '2017-10-21 08:22:48', '2017-10-21 08:22:48'),
(1783, 9, 'simple', 'WT07-XL-White', 0, 0, '2017-10-21 08:22:48', '2017-10-21 08:22:48'),
(1784, 9, 'simple', 'WT07-XL-Yellow', 0, 0, '2017-10-21 08:22:48', '2017-10-21 08:22:48'),
(1785, 9, 'configurable', 'WT07', 1, 0, '2017-10-21 08:22:48', '2017-10-21 08:22:48'),
(1786, 9, 'simple', 'WT08-XS-Black', 0, 0, '2017-10-21 08:22:48', '2017-10-21 08:22:48'),
(1787, 9, 'simple', 'WT08-XS-Purple', 0, 0, '2017-10-21 08:22:48', '2017-10-21 08:22:48'),
(1788, 9, 'simple', 'WT08-XS-Yellow', 0, 0, '2017-10-21 08:22:48', '2017-10-21 08:22:48'),
(1789, 9, 'simple', 'WT08-S-Black', 0, 0, '2017-10-21 08:22:48', '2017-10-21 08:22:48'),
(1790, 9, 'simple', 'WT08-S-Purple', 0, 0, '2017-10-21 08:22:48', '2017-10-21 08:22:48'),
(1791, 9, 'simple', 'WT08-S-Yellow', 0, 0, '2017-10-21 08:22:48', '2017-10-21 08:22:48'),
(1792, 9, 'simple', 'WT08-M-Black', 0, 0, '2017-10-21 08:22:48', '2017-10-21 08:22:48'),
(1793, 9, 'simple', 'WT08-M-Purple', 0, 0, '2017-10-21 08:22:48', '2017-10-21 08:22:48'),
(1794, 9, 'simple', 'WT08-M-Yellow', 0, 0, '2017-10-21 08:22:48', '2017-10-21 08:22:48'),
(1795, 9, 'simple', 'WT08-L-Black', 0, 0, '2017-10-21 08:22:48', '2017-10-21 08:22:48'),
(1796, 9, 'simple', 'WT08-L-Purple', 0, 0, '2017-10-21 08:22:48', '2017-10-21 08:22:48'),
(1797, 9, 'simple', 'WT08-L-Yellow', 0, 0, '2017-10-21 08:22:48', '2017-10-21 08:22:48'),
(1798, 9, 'simple', 'WT08-XL-Black', 0, 0, '2017-10-21 08:22:48', '2017-10-21 08:22:48'),
(1799, 9, 'simple', 'WT08-XL-Purple', 0, 0, '2017-10-21 08:22:48', '2017-10-21 08:22:48'),
(1800, 9, 'simple', 'WT08-XL-Yellow', 0, 0, '2017-10-21 08:22:48', '2017-10-21 08:22:48'),
(1801, 9, 'configurable', 'WT08', 1, 0, '2017-10-21 08:22:48', '2017-10-21 08:22:48'),
(1802, 9, 'simple', 'WT09-XS-Purple', 0, 0, '2017-10-21 08:22:48', '2017-10-21 08:22:48'),
(1803, 9, 'simple', 'WT09-XS-White', 0, 0, '2017-10-21 08:22:48', '2017-10-21 08:22:48'),
(1804, 9, 'simple', 'WT09-XS-Yellow', 0, 0, '2017-10-21 08:22:48', '2017-10-21 08:22:48'),
(1805, 9, 'simple', 'WT09-S-Purple', 0, 0, '2017-10-21 08:22:48', '2017-10-21 08:22:48'),
(1806, 9, 'simple', 'WT09-S-White', 0, 0, '2017-10-21 08:22:48', '2017-10-21 08:22:48'),
(1807, 9, 'simple', 'WT09-S-Yellow', 0, 0, '2017-10-21 08:22:48', '2017-10-21 08:22:48'),
(1808, 9, 'simple', 'WT09-M-Purple', 0, 0, '2017-10-21 08:22:48', '2017-10-21 08:22:48'),
(1809, 9, 'simple', 'WT09-M-White', 0, 0, '2017-10-21 08:22:48', '2017-10-21 08:22:48'),
(1810, 9, 'simple', 'WT09-M-Yellow', 0, 0, '2017-10-21 08:22:48', '2017-10-21 08:22:48'),
(1811, 9, 'simple', 'WT09-L-Purple', 0, 0, '2017-10-21 08:22:48', '2017-10-21 08:22:48'),
(1812, 9, 'simple', 'WT09-L-White', 0, 0, '2017-10-21 08:22:48', '2017-10-21 08:22:48'),
(1813, 9, 'simple', 'WT09-L-Yellow', 0, 0, '2017-10-21 08:22:48', '2017-10-21 08:22:48'),
(1814, 9, 'simple', 'WT09-XL-Purple', 0, 0, '2017-10-21 08:22:48', '2017-10-21 08:22:48'),
(1815, 9, 'simple', 'WT09-XL-White', 0, 0, '2017-10-21 08:22:48', '2017-10-21 08:22:48'),
(1816, 9, 'simple', 'WT09-XL-Yellow', 0, 0, '2017-10-21 08:22:48', '2017-10-21 08:22:48'),
(1817, 9, 'configurable', 'WT09', 1, 0, '2017-10-21 08:22:48', '2017-10-21 08:22:48'),
(1818, 10, 'simple', 'WP01-28-Black', 0, 0, '2017-10-21 08:22:48', '2017-10-21 08:22:48'),
(1819, 10, 'simple', 'WP01-28-Gray', 0, 0, '2017-10-21 08:22:48', '2017-10-21 08:22:48'),
(1820, 10, 'simple', 'WP01-28-White', 0, 0, '2017-10-21 08:22:48', '2017-10-21 08:22:48'),
(1821, 10, 'simple', 'WP01-29-Black', 0, 0, '2017-10-21 08:22:48', '2017-10-21 08:22:48'),
(1822, 10, 'simple', 'WP01-29-Gray', 0, 0, '2017-10-21 08:22:48', '2017-10-21 08:22:48'),
(1823, 10, 'simple', 'WP01-29-White', 0, 0, '2017-10-21 08:22:48', '2017-10-21 08:22:48'),
(1824, 10, 'configurable', 'WP01', 1, 0, '2017-10-21 08:22:48', '2017-10-21 08:22:48'),
(1825, 10, 'simple', 'WP02-28-Blue', 0, 0, '2017-10-21 08:22:48', '2017-10-21 08:22:48'),
(1826, 10, 'simple', 'WP02-28-Purple', 0, 0, '2017-10-21 08:22:48', '2017-10-21 08:22:48'),
(1827, 10, 'simple', 'WP02-28-Red', 0, 0, '2017-10-21 08:22:48', '2017-10-21 08:22:48'),
(1828, 10, 'simple', 'WP02-29-Blue', 0, 0, '2017-10-21 08:22:48', '2017-10-21 08:22:48'),
(1829, 10, 'simple', 'WP02-29-Purple', 0, 0, '2017-10-21 08:22:48', '2017-10-21 08:22:48'),
(1830, 10, 'simple', 'WP02-29-Red', 0, 0, '2017-10-21 08:22:48', '2017-10-21 08:22:48'),
(1831, 10, 'configurable', 'WP02', 1, 0, '2017-10-21 08:22:48', '2017-10-21 08:22:48'),
(1832, 10, 'simple', 'WP03-28-Black', 0, 0, '2017-10-21 08:22:48', '2017-10-21 08:22:48'),
(1833, 10, 'simple', 'WP03-28-Blue', 0, 0, '2017-10-21 08:22:48', '2017-10-21 08:22:48'),
(1834, 10, 'simple', 'WP03-28-Purple', 0, 0, '2017-10-21 08:22:48', '2017-10-21 08:22:48'),
(1835, 10, 'simple', 'WP03-29-Black', 0, 0, '2017-10-21 08:22:48', '2017-10-21 08:22:48'),
(1836, 10, 'simple', 'WP03-29-Blue', 0, 0, '2017-10-21 08:22:48', '2017-10-21 08:22:48'),
(1837, 10, 'simple', 'WP03-29-Purple', 0, 0, '2017-10-21 08:22:48', '2017-10-21 08:22:48'),
(1838, 10, 'configurable', 'WP03', 1, 0, '2017-10-21 08:22:48', '2017-10-21 08:22:48'),
(1839, 10, 'simple', 'WP04-28-Black', 0, 0, '2017-10-21 08:22:48', '2017-10-21 08:22:48'),
(1840, 10, 'simple', 'WP04-28-Blue', 0, 0, '2017-10-21 08:22:48', '2017-10-21 08:22:48'),
(1841, 10, 'simple', 'WP04-28-White', 0, 0, '2017-10-21 08:22:48', '2017-10-21 08:22:48'),
(1842, 10, 'simple', 'WP04-29-Black', 0, 0, '2017-10-21 08:22:48', '2017-10-21 08:22:48'),
(1843, 10, 'simple', 'WP04-29-Blue', 0, 0, '2017-10-21 08:22:48', '2017-10-21 08:22:48'),
(1844, 10, 'simple', 'WP04-29-White', 0, 0, '2017-10-21 08:22:48', '2017-10-21 08:22:48'),
(1845, 10, 'configurable', 'WP04', 1, 0, '2017-10-21 08:22:48', '2017-10-21 08:22:48'),
(1846, 10, 'simple', 'WP05-28-Blue', 0, 0, '2017-10-21 08:22:48', '2017-10-21 08:22:48'),
(1847, 10, 'simple', 'WP05-28-Gray', 0, 0, '2017-10-21 08:22:48', '2017-10-21 08:22:48'),
(1848, 10, 'simple', 'WP05-28-Red', 0, 0, '2017-10-21 08:22:49', '2017-10-21 08:22:49'),
(1849, 10, 'simple', 'WP05-29-Blue', 0, 0, '2017-10-21 08:22:49', '2017-10-21 08:22:49'),
(1850, 10, 'simple', 'WP05-29-Gray', 0, 0, '2017-10-21 08:22:49', '2017-10-21 08:22:49'),
(1851, 10, 'simple', 'WP05-29-Red', 0, 0, '2017-10-21 08:22:49', '2017-10-21 08:22:49'),
(1852, 10, 'configurable', 'WP05', 1, 0, '2017-10-21 08:22:50', '2017-10-21 08:22:50'),
(1853, 10, 'simple', 'WP06-28-Black', 0, 0, '2017-10-21 08:22:50', '2017-10-21 08:22:50'),
(1854, 10, 'simple', 'WP06-28-Blue', 0, 0, '2017-10-21 08:22:50', '2017-10-21 08:22:50'),
(1855, 10, 'simple', 'WP06-28-Orange', 0, 0, '2017-10-21 08:22:50', '2017-10-21 08:22:50'),
(1856, 10, 'simple', 'WP06-29-Black', 0, 0, '2017-10-21 08:22:50', '2017-10-21 08:22:50'),
(1857, 10, 'simple', 'WP06-29-Blue', 0, 0, '2017-10-21 08:22:50', '2017-10-21 08:22:50'),
(1858, 10, 'simple', 'WP06-29-Orange', 0, 0, '2017-10-21 08:22:50', '2017-10-21 08:22:50'),
(1859, 10, 'configurable', 'WP06', 1, 0, '2017-10-21 08:22:50', '2017-10-21 08:22:50'),
(1860, 10, 'simple', 'WP07-28-Black', 0, 0, '2017-10-21 08:22:50', '2017-10-21 08:22:50'),
(1861, 10, 'simple', 'WP07-28-Blue', 0, 0, '2017-10-21 08:22:50', '2017-10-21 08:22:50'),
(1862, 10, 'simple', 'WP07-28-Orange', 0, 0, '2017-10-21 08:22:50', '2017-10-21 08:22:50'),
(1863, 10, 'simple', 'WP07-29-Black', 0, 0, '2017-10-21 08:22:50', '2017-10-21 08:22:50'),
(1864, 10, 'simple', 'WP07-29-Blue', 0, 0, '2017-10-21 08:22:50', '2017-10-21 08:22:50'),
(1865, 10, 'simple', 'WP07-29-Orange', 0, 0, '2017-10-21 08:22:50', '2017-10-21 08:22:50'),
(1866, 10, 'configurable', 'WP07', 1, 0, '2017-10-21 08:22:50', '2017-10-21 08:22:50'),
(1867, 10, 'simple', 'WP08-28-Black', 0, 0, '2017-10-21 08:22:50', '2017-10-21 08:22:50'),
(1868, 10, 'simple', 'WP08-28-Green', 0, 0, '2017-10-21 08:22:50', '2017-10-21 08:22:50'),
(1869, 10, 'simple', 'WP08-28-Red', 0, 0, '2017-10-21 08:22:50', '2017-10-21 08:22:50'),
(1870, 10, 'simple', 'WP08-29-Black', 0, 0, '2017-10-21 08:22:50', '2017-10-21 08:22:50'),
(1871, 10, 'simple', 'WP08-29-Green', 0, 0, '2017-10-21 08:22:50', '2017-10-21 08:22:50'),
(1872, 10, 'simple', 'WP08-29-Red', 0, 0, '2017-10-21 08:22:50', '2017-10-21 08:22:50'),
(1873, 10, 'configurable', 'WP08', 1, 0, '2017-10-21 08:22:50', '2017-10-21 08:22:50'),
(1874, 10, 'simple', 'WP09-28-Black', 0, 0, '2017-10-21 08:22:50', '2017-10-21 08:22:50'),
(1875, 10, 'simple', 'WP09-28-Blue', 0, 0, '2017-10-21 08:22:50', '2017-10-21 08:22:50'),
(1876, 10, 'simple', 'WP09-28-Purple', 0, 0, '2017-10-21 08:22:50', '2017-10-21 08:22:50'),
(1877, 10, 'simple', 'WP09-29-Black', 0, 0, '2017-10-21 08:22:50', '2017-10-21 08:22:50'),
(1878, 10, 'simple', 'WP09-29-Blue', 0, 0, '2017-10-21 08:22:50', '2017-10-21 08:22:50'),
(1879, 10, 'simple', 'WP09-29-Purple', 0, 0, '2017-10-21 08:22:50', '2017-10-21 08:22:50'),
(1880, 10, 'configurable', 'WP09', 1, 0, '2017-10-21 08:22:50', '2017-10-21 08:22:50'),
(1881, 10, 'simple', 'WP10-28-Black', 0, 0, '2017-10-21 08:22:50', '2017-10-21 08:22:50'),
(1882, 10, 'simple', 'WP10-28-Gray', 0, 0, '2017-10-21 08:22:50', '2017-10-21 08:22:50'),
(1883, 10, 'simple', 'WP10-28-White', 0, 0, '2017-10-21 08:22:50', '2017-10-21 08:22:50'),
(1884, 10, 'simple', 'WP10-29-Black', 0, 0, '2017-10-21 08:22:50', '2017-10-21 08:22:50'),
(1885, 10, 'simple', 'WP10-29-Gray', 0, 0, '2017-10-21 08:22:50', '2017-10-21 08:22:50'),
(1886, 10, 'simple', 'WP10-29-White', 0, 0, '2017-10-21 08:22:50', '2017-10-21 08:22:50'),
(1887, 10, 'configurable', 'WP10', 1, 0, '2017-10-21 08:22:50', '2017-10-21 08:22:50'),
(1888, 10, 'simple', 'WP11-28-Blue', 0, 0, '2017-10-21 08:22:50', '2017-10-21 08:22:50'),
(1889, 10, 'simple', 'WP11-28-Green', 0, 0, '2017-10-21 08:22:50', '2017-10-21 08:22:50'),
(1890, 10, 'simple', 'WP11-28-Red', 0, 0, '2017-10-21 08:22:50', '2017-10-21 08:22:50'),
(1891, 10, 'simple', 'WP11-29-Blue', 0, 0, '2017-10-21 08:22:50', '2017-10-21 08:22:50'),
(1892, 10, 'simple', 'WP11-29-Green', 0, 0, '2017-10-21 08:22:50', '2017-10-21 08:22:50'),
(1893, 10, 'simple', 'WP11-29-Red', 0, 0, '2017-10-21 08:22:50', '2017-10-21 08:22:50'),
(1894, 10, 'configurable', 'WP11', 1, 0, '2017-10-21 08:22:50', '2017-10-21 08:22:50'),
(1895, 10, 'simple', 'WP12-28-Blue', 0, 0, '2017-10-21 08:22:50', '2017-10-21 08:22:50'),
(1896, 10, 'simple', 'WP12-28-Gray', 0, 0, '2017-10-21 08:22:50', '2017-10-21 08:22:50'),
(1897, 10, 'simple', 'WP12-28-Green', 0, 0, '2017-10-21 08:22:50', '2017-10-21 08:22:50'),
(1898, 10, 'simple', 'WP12-29-Blue', 0, 0, '2017-10-21 08:22:50', '2017-10-21 08:22:50'),
(1899, 10, 'simple', 'WP12-29-Gray', 0, 0, '2017-10-21 08:22:50', '2017-10-21 08:22:50'),
(1900, 10, 'simple', 'WP12-29-Green', 0, 0, '2017-10-21 08:22:50', '2017-10-21 08:22:50'),
(1901, 10, 'configurable', 'WP12', 1, 0, '2017-10-21 08:22:50', '2017-10-21 08:22:50'),
(1902, 10, 'simple', 'WP13-28-Blue', 0, 0, '2017-10-21 08:22:50', '2017-10-21 08:22:50'),
(1903, 10, 'simple', 'WP13-28-Green', 0, 0, '2017-10-21 08:22:50', '2017-10-21 08:22:50'),
(1904, 10, 'simple', 'WP13-28-Orange', 0, 0, '2017-10-21 08:22:50', '2017-10-21 08:22:50'),
(1905, 10, 'simple', 'WP13-29-Blue', 0, 0, '2017-10-21 08:22:51', '2017-10-21 08:22:51'),
(1906, 10, 'simple', 'WP13-29-Green', 0, 0, '2017-10-21 08:22:51', '2017-10-21 08:22:51'),
(1907, 10, 'simple', 'WP13-29-Orange', 0, 0, '2017-10-21 08:22:51', '2017-10-21 08:22:51'),
(1908, 10, 'configurable', 'WP13', 1, 0, '2017-10-21 08:22:51', '2017-10-21 08:22:51'),
(1909, 10, 'simple', 'WSH01-28-Black', 0, 0, '2017-10-21 08:22:51', '2017-10-21 08:22:51'),
(1910, 10, 'simple', 'WSH01-28-Green', 0, 0, '2017-10-21 08:22:51', '2017-10-21 08:22:51'),
(1911, 10, 'simple', 'WSH01-28-Red', 0, 0, '2017-10-21 08:22:51', '2017-10-21 08:22:51'),
(1912, 10, 'simple', 'WSH01-29-Black', 0, 0, '2017-10-21 08:22:51', '2017-10-21 08:22:51'),
(1913, 10, 'simple', 'WSH01-29-Green', 0, 0, '2017-10-21 08:22:51', '2017-10-21 08:22:51'),
(1914, 10, 'simple', 'WSH01-29-Red', 0, 0, '2017-10-21 08:22:51', '2017-10-21 08:22:51'),
(1915, 10, 'simple', 'WSH01-30-Black', 0, 0, '2017-10-21 08:22:51', '2017-10-21 08:22:51'),
(1916, 10, 'simple', 'WSH01-30-Green', 0, 0, '2017-10-21 08:22:51', '2017-10-21 08:22:51'),
(1917, 10, 'simple', 'WSH01-30-Red', 0, 0, '2017-10-21 08:22:51', '2017-10-21 08:22:51'),
(1918, 10, 'simple', 'WSH01-31-Black', 0, 0, '2017-10-21 08:22:51', '2017-10-21 08:22:51'),
(1919, 10, 'simple', 'WSH01-31-Green', 0, 0, '2017-10-21 08:22:51', '2017-10-21 08:22:51'),
(1920, 10, 'simple', 'WSH01-31-Red', 0, 0, '2017-10-21 08:22:51', '2017-10-21 08:22:51'),
(1921, 10, 'simple', 'WSH01-32-Black', 0, 0, '2017-10-21 08:22:51', '2017-10-21 08:22:51'),
(1922, 10, 'simple', 'WSH01-32-Green', 0, 0, '2017-10-21 08:22:51', '2017-10-21 08:22:51'),
(1923, 10, 'simple', 'WSH01-32-Red', 0, 0, '2017-10-21 08:22:51', '2017-10-21 08:22:51'),
(1924, 10, 'configurable', 'WSH01', 1, 0, '2017-10-21 08:22:51', '2017-10-21 08:22:51'),
(1925, 10, 'simple', 'WSH02-28-Gray', 0, 0, '2017-10-21 08:22:51', '2017-10-21 08:22:51'),
(1926, 10, 'simple', 'WSH02-28-Orange', 0, 0, '2017-10-21 08:22:51', '2017-10-21 08:22:51'),
(1927, 10, 'simple', 'WSH02-28-Yellow', 0, 0, '2017-10-21 08:22:51', '2017-10-21 08:22:51'),
(1928, 10, 'simple', 'WSH02-29-Gray', 0, 0, '2017-10-21 08:22:51', '2017-10-21 08:22:51'),
(1929, 10, 'simple', 'WSH02-29-Orange', 0, 0, '2017-10-21 08:22:51', '2017-10-21 08:22:51'),
(1930, 10, 'simple', 'WSH02-29-Yellow', 0, 0, '2017-10-21 08:22:51', '2017-10-21 08:22:51'),
(1931, 10, 'simple', 'WSH02-30-Gray', 0, 0, '2017-10-21 08:22:51', '2017-10-21 08:22:51'),
(1932, 10, 'simple', 'WSH02-30-Orange', 0, 0, '2017-10-21 08:22:51', '2017-10-21 08:22:51'),
(1933, 10, 'simple', 'WSH02-30-Yellow', 0, 0, '2017-10-21 08:22:51', '2017-10-21 08:22:51'),
(1934, 10, 'simple', 'WSH02-31-Gray', 0, 0, '2017-10-21 08:22:51', '2017-10-21 08:22:51'),
(1935, 10, 'simple', 'WSH02-31-Orange', 0, 0, '2017-10-21 08:22:51', '2017-10-21 08:22:51'),
(1936, 10, 'simple', 'WSH02-31-Yellow', 0, 0, '2017-10-21 08:22:51', '2017-10-21 08:22:51'),
(1937, 10, 'simple', 'WSH02-32-Gray', 0, 0, '2017-10-21 08:22:51', '2017-10-21 08:22:51'),
(1938, 10, 'simple', 'WSH02-32-Orange', 0, 0, '2017-10-21 08:22:51', '2017-10-21 08:22:51'),
(1939, 10, 'simple', 'WSH02-32-Yellow', 0, 0, '2017-10-21 08:22:51', '2017-10-21 08:22:51'),
(1940, 10, 'configurable', 'WSH02', 1, 0, '2017-10-21 08:22:51', '2017-10-21 08:22:51'),
(1941, 10, 'simple', 'WSH03-28-Blue', 0, 0, '2017-10-21 08:22:51', '2017-10-21 08:22:51'),
(1942, 10, 'simple', 'WSH03-28-Gray', 0, 0, '2017-10-21 08:22:51', '2017-10-21 08:22:51'),
(1943, 10, 'simple', 'WSH03-28-Orange', 0, 0, '2017-10-21 08:22:51', '2017-10-21 08:22:51'),
(1944, 10, 'simple', 'WSH03-29-Blue', 0, 0, '2017-10-21 08:22:51', '2017-10-21 08:22:51'),
(1945, 10, 'simple', 'WSH03-29-Gray', 0, 0, '2017-10-21 08:22:51', '2017-10-21 08:22:51'),
(1946, 10, 'simple', 'WSH03-29-Orange', 0, 0, '2017-10-21 08:22:51', '2017-10-21 08:22:51'),
(1947, 10, 'simple', 'WSH03-30-Blue', 0, 0, '2017-10-21 08:22:51', '2017-10-21 08:22:51'),
(1948, 10, 'simple', 'WSH03-30-Gray', 0, 0, '2017-10-21 08:22:51', '2017-10-21 08:22:51'),
(1949, 10, 'simple', 'WSH03-30-Orange', 0, 0, '2017-10-21 08:22:51', '2017-10-21 08:22:51'),
(1950, 10, 'simple', 'WSH03-31-Blue', 0, 0, '2017-10-21 08:22:51', '2017-10-21 08:22:51'),
(1951, 10, 'simple', 'WSH03-31-Gray', 0, 0, '2017-10-21 08:22:51', '2017-10-21 08:22:51'),
(1952, 10, 'simple', 'WSH03-31-Orange', 0, 0, '2017-10-21 08:22:53', '2017-10-21 08:22:53'),
(1953, 10, 'simple', 'WSH03-32-Blue', 0, 0, '2017-10-21 08:22:53', '2017-10-21 08:22:53'),
(1954, 10, 'simple', 'WSH03-32-Gray', 0, 0, '2017-10-21 08:22:53', '2017-10-21 08:22:53'),
(1955, 10, 'simple', 'WSH03-32-Orange', 0, 0, '2017-10-21 08:22:53', '2017-10-21 08:22:53'),
(1956, 10, 'configurable', 'WSH03', 1, 0, '2017-10-21 08:22:53', '2017-10-21 08:22:53'),
(1957, 10, 'simple', 'WSH04-28-Black', 0, 0, '2017-10-21 08:22:53', '2017-10-21 08:22:53'),
(1958, 10, 'simple', 'WSH04-28-Green', 0, 0, '2017-10-21 08:22:53', '2017-10-21 08:22:53'),
(1959, 10, 'simple', 'WSH04-28-Orange', 0, 0, '2017-10-21 08:22:53', '2017-10-21 08:22:53'),
(1960, 10, 'simple', 'WSH04-29-Black', 0, 0, '2017-10-21 08:22:53', '2017-10-21 08:22:53'),
(1961, 10, 'simple', 'WSH04-29-Green', 0, 0, '2017-10-21 08:22:53', '2017-10-21 08:22:53'),
(1962, 10, 'simple', 'WSH04-29-Orange', 0, 0, '2017-10-21 08:22:53', '2017-10-21 08:22:53'),
(1963, 10, 'simple', 'WSH04-30-Black', 0, 0, '2017-10-21 08:22:53', '2017-10-21 08:22:53'),
(1964, 10, 'simple', 'WSH04-30-Green', 0, 0, '2017-10-21 08:22:53', '2017-10-21 08:22:53'),
(1965, 10, 'simple', 'WSH04-30-Orange', 0, 0, '2017-10-21 08:22:53', '2017-10-21 08:22:53'),
(1966, 10, 'simple', 'WSH04-31-Black', 0, 0, '2017-10-21 08:22:53', '2017-10-21 08:22:53'),
(1967, 10, 'simple', 'WSH04-31-Green', 0, 0, '2017-10-21 08:22:53', '2017-10-21 08:22:53'),
(1968, 10, 'simple', 'WSH04-31-Orange', 0, 0, '2017-10-21 08:22:53', '2017-10-21 08:22:53'),
(1969, 10, 'simple', 'WSH04-32-Black', 0, 0, '2017-10-21 08:22:53', '2017-10-21 08:22:53'),
(1970, 10, 'simple', 'WSH04-32-Green', 0, 0, '2017-10-21 08:22:53', '2017-10-21 08:22:53'),
(1971, 10, 'simple', 'WSH04-32-Orange', 0, 0, '2017-10-21 08:22:53', '2017-10-21 08:22:53'),
(1972, 10, 'configurable', 'WSH04', 1, 0, '2017-10-21 08:22:53', '2017-10-21 08:22:53'),
(1973, 10, 'simple', 'WSH05-28-Blue', 0, 0, '2017-10-21 08:22:53', '2017-10-21 08:22:53'),
(1974, 10, 'simple', 'WSH05-28-Purple', 0, 0, '2017-10-21 08:22:53', '2017-10-21 08:22:53'),
(1975, 10, 'simple', 'WSH05-28-Yellow', 0, 0, '2017-10-21 08:22:53', '2017-10-21 08:22:53'),
(1976, 10, 'simple', 'WSH05-29-Blue', 0, 0, '2017-10-21 08:22:53', '2017-10-21 08:22:53'),
(1977, 10, 'simple', 'WSH05-29-Purple', 0, 0, '2017-10-21 08:22:53', '2017-10-21 08:22:53'),
(1978, 10, 'simple', 'WSH05-29-Yellow', 0, 0, '2017-10-21 08:22:53', '2017-10-21 08:22:53'),
(1979, 10, 'simple', 'WSH05-30-Blue', 0, 0, '2017-10-21 08:22:53', '2017-10-21 08:22:53'),
(1980, 10, 'simple', 'WSH05-30-Purple', 0, 0, '2017-10-21 08:22:53', '2017-10-21 08:22:53'),
(1981, 10, 'simple', 'WSH05-30-Yellow', 0, 0, '2017-10-21 08:22:53', '2017-10-21 08:22:53'),
(1982, 10, 'simple', 'WSH05-31-Blue', 0, 0, '2017-10-21 08:22:53', '2017-10-21 08:22:53'),
(1983, 10, 'simple', 'WSH05-31-Purple', 0, 0, '2017-10-21 08:22:53', '2017-10-21 08:22:53'),
(1984, 10, 'simple', 'WSH05-31-Yellow', 0, 0, '2017-10-21 08:22:53', '2017-10-21 08:22:53'),
(1985, 10, 'simple', 'WSH05-32-Blue', 0, 0, '2017-10-21 08:22:53', '2017-10-21 08:22:53'),
(1986, 10, 'simple', 'WSH05-32-Purple', 0, 0, '2017-10-21 08:22:53', '2017-10-21 08:22:53'),
(1987, 10, 'simple', 'WSH05-32-Yellow', 0, 0, '2017-10-21 08:22:53', '2017-10-21 08:22:53'),
(1988, 10, 'configurable', 'WSH05', 1, 0, '2017-10-21 08:22:53', '2017-10-21 08:22:53'),
(1989, 10, 'simple', 'WSH06-28-Gray', 0, 0, '2017-10-21 08:22:53', '2017-10-21 08:22:53'),
(1990, 10, 'simple', 'WSH06-28-Orange', 0, 0, '2017-10-21 08:22:53', '2017-10-21 08:22:53'),
(1991, 10, 'simple', 'WSH06-28-Purple', 0, 0, '2017-10-21 08:22:53', '2017-10-21 08:22:53'),
(1992, 10, 'simple', 'WSH06-29-Gray', 0, 0, '2017-10-21 08:22:53', '2017-10-21 08:22:53'),
(1993, 10, 'simple', 'WSH06-29-Orange', 0, 0, '2017-10-21 08:22:53', '2017-10-21 08:22:53'),
(1994, 10, 'simple', 'WSH06-29-Purple', 0, 0, '2017-10-21 08:22:53', '2017-10-21 08:22:53'),
(1995, 10, 'configurable', 'WSH06', 1, 0, '2017-10-21 08:22:53', '2017-10-21 08:22:53'),
(1996, 10, 'simple', 'WSH07-28-Black', 0, 0, '2017-10-21 08:22:53', '2017-10-21 08:22:53'),
(1997, 10, 'simple', 'WSH07-28-Blue', 0, 0, '2017-10-21 08:22:53', '2017-10-21 08:22:53'),
(1998, 10, 'simple', 'WSH07-28-Purple', 0, 0, '2017-10-21 08:22:53', '2017-10-21 08:22:53'),
(1999, 10, 'simple', 'WSH07-29-Black', 0, 0, '2017-10-21 08:22:53', '2017-10-21 08:22:53'),
(2000, 10, 'simple', 'WSH07-29-Blue', 0, 0, '2017-10-21 08:22:53', '2017-10-21 08:22:53'),
(2001, 10, 'simple', 'WSH07-29-Purple', 0, 0, '2017-10-21 08:22:53', '2017-10-21 08:22:53'),
(2002, 10, 'configurable', 'WSH07', 1, 0, '2017-10-21 08:22:53', '2017-10-21 08:22:53'),
(2003, 10, 'simple', 'WSH08-28-Purple', 0, 0, '2017-10-21 08:22:53', '2017-10-21 08:22:53'),
(2004, 10, 'simple', 'WSH08-29-Purple', 0, 0, '2017-10-21 08:22:53', '2017-10-21 08:22:53'),
(2005, 10, 'simple', 'WSH08-30-Purple', 0, 0, '2017-10-21 08:22:53', '2017-10-21 08:22:53'),
(2006, 10, 'simple', 'WSH08-31-Purple', 0, 0, '2017-10-21 08:22:53', '2017-10-21 08:22:53'),
(2007, 10, 'simple', 'WSH08-32-Purple', 0, 0, '2017-10-21 08:22:53', '2017-10-21 08:22:53'),
(2008, 10, 'configurable', 'WSH08', 1, 0, '2017-10-21 08:22:53', '2017-10-21 08:22:53'),
(2009, 10, 'simple', 'WSH09-28-Gray', 0, 0, '2017-10-21 08:22:53', '2017-10-21 08:22:53'),
(2010, 10, 'simple', 'WSH09-28-Green', 0, 0, '2017-10-21 08:22:53', '2017-10-21 08:22:53'),
(2011, 10, 'simple', 'WSH09-28-White', 0, 0, '2017-10-21 08:22:53', '2017-10-21 08:22:53'),
(2012, 10, 'simple', 'WSH09-29-Gray', 0, 0, '2017-10-21 08:22:53', '2017-10-21 08:22:53'),
(2013, 10, 'simple', 'WSH09-29-Green', 0, 0, '2017-10-21 08:22:53', '2017-10-21 08:22:53'),
(2014, 10, 'simple', 'WSH09-29-White', 0, 0, '2017-10-21 08:22:53', '2017-10-21 08:22:53'),
(2015, 10, 'configurable', 'WSH09', 1, 0, '2017-10-21 08:22:53', '2017-10-21 08:22:53'),
(2016, 10, 'simple', 'WSH10-28-Black', 0, 0, '2017-10-21 08:22:53', '2017-10-21 08:22:53'),
(2017, 10, 'simple', 'WSH10-28-Orange', 0, 0, '2017-10-21 08:22:53', '2017-10-21 08:22:53'),
(2018, 10, 'simple', 'WSH10-28-White', 0, 0, '2017-10-21 08:22:53', '2017-10-21 08:22:53'),
(2019, 10, 'simple', 'WSH10-29-Black', 0, 0, '2017-10-21 08:22:53', '2017-10-21 08:22:53'),
(2020, 10, 'simple', 'WSH10-29-Orange', 0, 0, '2017-10-21 08:22:53', '2017-10-21 08:22:53'),
(2021, 10, 'simple', 'WSH10-29-White', 0, 0, '2017-10-21 08:22:53', '2017-10-21 08:22:53'),
(2022, 10, 'configurable', 'WSH10', 1, 0, '2017-10-21 08:22:53', '2017-10-21 08:22:53'),
(2023, 10, 'simple', 'WSH11-28-Blue', 0, 0, '2017-10-21 08:22:53', '2017-10-21 08:22:53'),
(2024, 10, 'simple', 'WSH11-28-Orange', 0, 0, '2017-10-21 08:22:53', '2017-10-21 08:22:53'),
(2025, 10, 'simple', 'WSH11-28-Red', 0, 0, '2017-10-21 08:22:53', '2017-10-21 08:22:53'),
(2026, 10, 'simple', 'WSH11-29-Blue', 0, 0, '2017-10-21 08:22:53', '2017-10-21 08:22:53'),
(2027, 10, 'simple', 'WSH11-29-Orange', 0, 0, '2017-10-21 08:22:53', '2017-10-21 08:22:53'),
(2028, 10, 'simple', 'WSH11-29-Red', 0, 0, '2017-10-21 08:22:53', '2017-10-21 08:22:53'),
(2029, 10, 'configurable', 'WSH11', 1, 0, '2017-10-21 08:22:53', '2017-10-21 08:22:53'),
(2030, 10, 'simple', 'WSH12-28-Green', 0, 0, '2017-10-21 08:22:53', '2017-10-21 08:22:53'),
(2031, 10, 'simple', 'WSH12-28-Purple', 0, 0, '2017-10-21 08:22:53', '2017-10-21 08:22:53'),
(2032, 10, 'simple', 'WSH12-28-Red', 0, 0, '2017-10-21 08:22:54', '2017-10-21 08:22:54'),
(2033, 10, 'simple', 'WSH12-29-Green', 0, 0, '2017-10-21 08:22:54', '2017-10-21 08:22:54'),
(2034, 10, 'simple', 'WSH12-29-Purple', 0, 0, '2017-10-21 08:22:54', '2017-10-21 08:22:54'),
(2035, 10, 'simple', 'WSH12-29-Red', 0, 0, '2017-10-21 08:22:54', '2017-10-21 08:22:54'),
(2036, 10, 'simple', 'WSH12-30-Green', 0, 0, '2017-10-21 08:22:54', '2017-10-21 08:22:54'),
(2037, 10, 'simple', 'WSH12-30-Purple', 0, 0, '2017-10-21 08:22:54', '2017-10-21 08:22:54'),
(2038, 10, 'simple', 'WSH12-30-Red', 0, 0, '2017-10-21 08:22:54', '2017-10-21 08:22:54'),
(2039, 10, 'simple', 'WSH12-31-Green', 0, 0, '2017-10-21 08:22:54', '2017-10-21 08:22:54'),
(2040, 10, 'simple', 'WSH12-31-Purple', 0, 0, '2017-10-21 08:22:54', '2017-10-21 08:22:54'),
(2041, 10, 'simple', 'WSH12-31-Red', 0, 0, '2017-10-21 08:22:54', '2017-10-21 08:22:54'),
(2042, 10, 'simple', 'WSH12-32-Green', 0, 0, '2017-10-21 08:22:54', '2017-10-21 08:22:54'),
(2043, 10, 'simple', 'WSH12-32-Purple', 0, 0, '2017-10-21 08:22:54', '2017-10-21 08:22:54'),
(2044, 10, 'simple', 'WSH12-32-Red', 0, 0, '2017-10-21 08:22:54', '2017-10-21 08:22:54'),
(2045, 10, 'configurable', 'WSH12', 1, 0, '2017-10-21 08:22:54', '2017-10-21 08:22:54'),
(2046, 11, 'grouped', '24-WG085_Group', 0, 0, '2017-10-21 08:25:31', '2017-10-21 08:25:31'),
(2047, 16, 'configurable', 'K2010', 1, 1, '2017-10-25 07:00:38', '2017-10-25 07:21:02'),
(2048, 16, 'simple', 'K2010-15', 0, 0, '2017-10-25 07:20:54', '2017-10-25 07:20:54'),
(2049, 16, 'simple', 'K2010-19', 0, 0, '2017-10-25 07:20:58', '2017-10-25 07:20:58'),
(2050, 17, 'virtual', 'kpm2l-Black-6 3/4', 0, 0, '2017-11-17 05:41:37', '2017-11-17 05:41:37'),
(2051, 17, 'virtual', 'kpm2l-Black-6 7/8', 0, 0, '2017-11-17 05:41:40', '2017-11-17 05:41:40'),
(2052, 17, 'virtual', 'kpm2l-Black-7', 0, 0, '2017-11-17 05:41:43', '2017-11-17 05:41:43'),
(2053, 17, 'virtual', 'kpm2l-Black-7 1/8', 0, 0, '2017-11-17 05:41:45', '2017-11-17 05:41:45'),
(2054, 17, 'virtual', 'kpm2l-Black-7 1/4', 0, 0, '2017-11-17 05:41:47', '2017-11-17 05:41:47'),
(2055, 17, 'virtual', 'kpm2l-Black-7 3/8', 0, 0, '2017-11-17 05:41:50', '2017-11-17 05:41:50'),
(2056, 17, 'virtual', 'kpm2l-Black-7 1/2', 0, 0, '2017-11-17 05:41:52', '2017-11-17 05:41:52'),
(2057, 17, 'virtual', 'kpm2l-Black-7 3/4', 0, 0, '2017-11-17 05:41:54', '2017-11-17 05:41:54'),
(2058, 17, 'virtual', 'kpm2l-Black-8', 0, 0, '2017-11-17 05:41:57', '2017-11-17 05:41:57'),
(2059, 17, 'virtual', 'kpm2l-Navy-6 3/4', 0, 0, '2017-11-17 05:42:01', '2017-11-17 05:42:01'),
(2060, 17, 'virtual', 'kpm2l-Navy-6 7/8', 0, 0, '2017-11-17 05:42:04', '2017-11-17 05:42:04'),
(2061, 17, 'virtual', 'kpm2l-Navy-7', 0, 0, '2017-11-17 05:42:06', '2017-11-17 05:42:06'),
(2062, 17, 'virtual', 'kpm2l-Navy-7 1/8', 0, 0, '2017-11-17 05:42:08', '2017-11-17 05:42:08'),
(2063, 17, 'virtual', 'kpm2l-Navy-7 1/4', 0, 0, '2017-11-17 05:42:11', '2017-11-17 05:42:11'),
(2064, 17, 'virtual', 'kpm2l-Navy-7 3/8', 0, 0, '2017-11-17 05:42:14', '2017-11-17 05:42:14'),
(2065, 17, 'virtual', 'kpm2l-Navy-7 1/2', 0, 0, '2017-11-17 05:42:16', '2017-11-17 05:42:16'),
(2066, 17, 'virtual', 'kpm2l-Navy-7 3/4', 0, 0, '2017-11-17 05:42:18', '2017-11-17 05:42:18'),
(2067, 17, 'virtual', 'kpm2l-Navy-8', 0, 0, '2017-11-17 05:42:20', '2017-11-17 05:42:20'),
(2068, 17, 'configurable', 'kpm2l', 1, 1, '2017-11-17 05:42:23', '2017-11-17 05:42:23'),
(2069, 18, 'virtual', 'PSB19-L', 0, 0, '2017-11-18 05:51:32', '2017-11-18 05:51:32'),
(2070, 18, 'virtual', 'PSB19-XL', 0, 0, '2017-11-18 05:51:34', '2017-11-18 05:51:34'),
(2071, 18, 'configurable', 'PSB19', 1, 1, '2017-11-18 05:51:36', '2017-11-18 05:51:36'),
(2072, 4, 'simple', 'V2', 0, 0, '2017-11-18 06:20:47', '2017-11-18 06:20:47'),
(2074, 4, 'simple', 'WVLG', 0, 0, '2018-01-17 10:22:43', '2018-01-17 10:22:43'),
(2075, 4, 'simple', 'PBS3', 0, 0, '2018-01-17 10:24:05', '2018-01-17 10:24:05');

-- --------------------------------------------------------

--
